Nov 24 10:21:02 user devstack@c-api.service[75906]: /opt/stack/data/venv/lib/python3.10/site-packages/oslo_context/context.py:100: DeprecationWarning: Policy enforcement is depending on the value of is_admin. This key is deprecated. Please update your policy file to use the standard policy values.
Nov 24 10:21:02 user devstack@c-api.service[75906]: warnings.warn('Policy enforcement is depending on the value of '
Nov 24 10:21:02 user devstack@c-api.service[75906]: INFO cinder.volume.api [None req-f9581a6b-a94a-4968-90eb-86acfb291e32 tempest-TaggedBootDevicesTest-655101029 tempest-TaggedBootDevicesTest-655101029-project-member] Volume info retrieved successfully.
Nov 24 10:21:02 user devstack@c-api.service[75905]: INFO cinder.api.openstack.wsgi [None req-7512a83d-7f20-4b3c-a101-02fd5f01fd2c tempest-ServerActionsV293TestJSON-834413643 tempest-ServerActionsV293TestJSON-834413643-project-member] http://10.0.0.210/volume/v3/b0d54989ce7c43ed9591752dfca4b618/volumes/c219be38-d43f-46f2-b035-d18e8225d603 returned with HTTP 200
Nov 24 10:21:02 user devstack@c-api.service[75905]: [pid: 75905|app: 0|req: 68/217] 10.0.0.210 () {64 vars in 1443 bytes} [Fri Nov 24 10:21:02 2023] GET /volume/v3/b0d54989ce7c43ed9591752dfca4b618/volumes/c219be38-d43f-46f2-b035-d18e8225d603 => generated 1119 bytes in 49 msecs (HTTP/1.1 200) 7 headers in 287 bytes (2 switches on core 0)
Nov 24 10:21:02 user devstack@c-api.service[75906]: INFO cinder.api.openstack.wsgi [None req-f9581a6b-a94a-4968-90eb-86acfb291e32 tempest-TaggedBootDevicesTest-655101029 tempest-TaggedBootDevicesTest-655101029-project-member] http://10.0.0.210/volume/v3/e3ac30811c254692a7412ca51bea9436/volumes/13f77d9b-cddf-4ee9-a50e-9eed6b91d071 returned with HTTP 200
Nov 24 10:21:02 user devstack@c-api.service[75906]: [pid: 75906|app: 0|req: 75/218] 10.0.0.210 () {62 vars in 1402 bytes} [Fri Nov 24 10:21:02 2023] GET /volume/v3/e3ac30811c254692a7412ca51bea9436/volumes/13f77d9b-cddf-4ee9-a50e-9eed6b91d071 => generated 911 bytes in 72 msecs (HTTP/1.1 200) 7 headers in 285 bytes (1 switches on core 0)
Nov 24 10:21:02 user devstack@c-api.service[75907]: DEBUG cinder.api.middleware.request_id [None req-432de125-7161-4e94-b45f-f2af4a90551b None None] RequestId filter calling following filter/app {{(pid=75907) _context_setter /opt/stack/cinder/cinder/api/middleware/request_id.py:62}}
Nov 24 10:21:02 user devstack@c-api.service[75907]: INFO cinder.api.openstack.wsgi [None req-432de125-7161-4e94-b45f-f2af4a90551b tempest-GroupSnapshotsTest-1823064881 tempest-GroupSnapshotsTest-1823064881-project-member] GET http://10.0.0.210/volume/v3/3e5bff5e503943fca4adcfab480b55f8/snapshots/d3daeef7-46ac-4726-98c5-b3c4cc14e202
Nov 24 10:21:02 user devstack@c-api.service[75907]: DEBUG cinder.api.openstack.wsgi [None req-432de125-7161-4e94-b45f-f2af4a90551b tempest-GroupSnapshotsTest-1823064881 tempest-GroupSnapshotsTest-1823064881-project-member] Empty body provided in request {{(pid=75907) get_body /opt/stack/cinder/cinder/api/openstack/wsgi.py:715}}
Nov 24 10:21:02 user devstack@c-api.service[75907]: DEBUG cinder.api.openstack.wsgi [None req-432de125-7161-4e94-b45f-f2af4a90551b tempest-GroupSnapshotsTest-1823064881 tempest-GroupSnapshotsTest-1823064881-project-member] Calling method 'show' {{(pid=75907) _process_stack /opt/stack/cinder/cinder/api/openstack/wsgi.py:868}}
Nov 24 10:21:02 user devstack@c-api.service[75907]: /opt/stack/data/venv/lib/python3.10/site-packages/oslo_context/context.py:100: DeprecationWarning: Policy enforcement is depending on the value of is_admin. This key is deprecated. Please update your policy file to use the standard policy values.
Nov 24 10:21:02 user devstack@c-api.service[75907]: warnings.warn('Policy enforcement is depending on the value of '
Nov 24 10:21:02 user devstack@c-api.service[75907]: INFO cinder.volume.api [None req-432de125-7161-4e94-b45f-f2af4a90551b tempest-GroupSnapshotsTest-1823064881 tempest-GroupSnapshotsTest-1823064881-project-member] Snapshot retrieved successfully.
Nov 24 10:21:02 user devstack@c-api.service[75907]: INFO cinder.api.openstack.wsgi [None req-432de125-7161-4e94-b45f-f2af4a90551b tempest-GroupSnapshotsTest-1823064881 tempest-GroupSnapshotsTest-1823064881-project-member] http://10.0.0.210/volume/v3/3e5bff5e503943fca4adcfab480b55f8/snapshots/d3daeef7-46ac-4726-98c5-b3c4cc14e202 returned with HTTP 200
Nov 24 10:21:02 user devstack@c-api.service[75907]: [pid: 75907|app: 0|req: 76/219] 10.0.0.210 () {62 vars in 1408 bytes} [Fri Nov 24 10:21:02 2023] GET /volume/v3/3e5bff5e503943fca4adcfab480b55f8/snapshots/d3daeef7-46ac-4726-98c5-b3c4cc14e202 => generated 450 bytes in 73 msecs (HTTP/1.1 200) 7 headers in 285 bytes (1 switches on core 0)
Nov 24 10:21:02 user devstack@c-api.service[75905]: DEBUG cinder.api.middleware.request_id [None req-c7788cdb-4772-4ae5-8115-b9d5c42190f1 None None] RequestId filter calling following filter/app {{(pid=75905) _context_setter /opt/stack/cinder/cinder/api/middleware/request_id.py:62}}
Nov 24 10:21:02 user devstack@c-api.service[75905]: INFO cinder.api.openstack.wsgi [None req-c7788cdb-4772-4ae5-8115-b9d5c42190f1 tempest-TaggedAttachmentsTest-846416394 tempest-TaggedAttachmentsTest-846416394-project-member] POST http://10.0.0.210/volume/v3/bdeb11f3d47f45c7a467c206134af82f/volumes
Nov 24 10:21:02 user devstack@c-api.service[75905]: DEBUG cinder.api.openstack.wsgi [None req-c7788cdb-4772-4ae5-8115-b9d5c42190f1 tempest-TaggedAttachmentsTest-846416394 tempest-TaggedAttachmentsTest-846416394-project-member] Action: 'create', calling method: create, body: {"volume": {"size": 1, "display_name": "tempest-TaggedAttachmentsTest-volume-2140926521"}} {{(pid=75905) _process_stack /opt/stack/cinder/cinder/api/openstack/wsgi.py:866}}
Nov 24 10:21:02 user devstack@c-api.service[75905]: DEBUG cinder.api.v3.volumes [None req-c7788cdb-4772-4ae5-8115-b9d5c42190f1 tempest-TaggedAttachmentsTest-846416394 tempest-TaggedAttachmentsTest-846416394-project-member] Create volume request body: {'volume': {'size': 1, 'display_name': 'tempest-TaggedAttachmentsTest-volume-2140926521'}} {{(pid=75905) create /opt/stack/cinder/cinder/api/v3/volumes.py:297}}
Nov 24 10:21:02 user devstack@c-api.service[75905]: INFO cinder.api.v3.volumes [None req-c7788cdb-4772-4ae5-8115-b9d5c42190f1 tempest-TaggedAttachmentsTest-846416394 tempest-TaggedAttachmentsTest-846416394-project-member] Create volume of 1 GB
Nov 24 10:21:02 user devstack@c-api.service[75905]: INFO cinder.volume.api [None req-c7788cdb-4772-4ae5-8115-b9d5c42190f1 tempest-TaggedAttachmentsTest-846416394 tempest-TaggedAttachmentsTest-846416394-project-member] Availability Zones retrieved successfully.
Nov 24 10:21:02 user devstack@c-api.service[75905]: DEBUG cinder.volume.api [None req-c7788cdb-4772-4ae5-8115-b9d5c42190f1 tempest-TaggedAttachmentsTest-846416394 tempest-TaggedAttachmentsTest-846416394-project-member] Flow 'volume_create_api' (e7ef40a9-64f7-4b25-8ec6-c097de4f7bbb) transitioned into state 'RUNNING' from state 'PENDING' {{(pid=75905) _flow_receiver /opt/stack/data/venv/lib/python3.10/site-packages/taskflow/listeners/logging.py:141}}
Nov 24 10:21:02 user devstack@c-api.service[75905]: DEBUG cinder.volume.api [None req-c7788cdb-4772-4ae5-8115-b9d5c42190f1 tempest-TaggedAttachmentsTest-846416394 tempest-TaggedAttachmentsTest-846416394-project-member] Task 'cinder.volume.flows.api.create_volume.ExtractVolumeRequestTask;volume:create' (d495682a-cd44-4338-bcd5-d14f7e5628a0) transitioned into state 'RUNNING' from state 'PENDING' {{(pid=75905) _task_receiver /opt/stack/data/venv/lib/python3.10/site-packages/taskflow/listeners/logging.py:190}}
Nov 24 10:21:02 user devstack@c-api.service[75905]: DEBUG cinder.volume.flows.api.create_volume [None req-c7788cdb-4772-4ae5-8115-b9d5c42190f1 tempest-TaggedAttachmentsTest-846416394 tempest-TaggedAttachmentsTest-846416394-project-member] Validating volume size '1' using validate_int {{(pid=75905) _extract_size /opt/stack/cinder/cinder/volume/flows/api/create_volume.py:228}}
Nov 24 10:21:02 user devstack@c-api.service[75905]: DEBUG cinder.volume.api [None req-c7788cdb-4772-4ae5-8115-b9d5c42190f1 tempest-TaggedAttachmentsTest-846416394 tempest-TaggedAttachmentsTest-846416394-project-member] Task 'cinder.volume.flows.api.create_volume.ExtractVolumeRequestTask;volume:create' (d495682a-cd44-4338-bcd5-d14f7e5628a0) transitioned into state 'SUCCESS' from state 'RUNNING' with result '{'size': 1, 'snapshot_id': None, 'source_volid': None, 'volume_type': VolumeType(created_at=2023-11-24T10:16:44Z,deleted=False,deleted_at=None,description=None,extra_specs={volume_backend_name='joviandss-2'},id=66e7d6bf-7df0-4860-9f31-0b86d5a052fa,is_public=True,name='joviandss-2',projects=[],qos_specs=,qos_specs_id=None,updated_at=None), 'volume_type_id': '66e7d6bf-7df0-4860-9f31-0b86d5a052fa', 'encryption_key_id': None, 'qos_specs': None, 'consistencygroup_id': None, 'cgsnapshot_id': None, 'group_id': None, 'replication_status': 'disabled', 'refresh_az': False, 'backup_id': None, 'multiattach': False, 'availability_zones': ['nova']}' {{(pid=75905) _task_receiver /opt/stack/data/venv/lib/python3.10/site-packages/taskflow/listeners/logging.py:178}}
Nov 24 10:21:02 user devstack@c-api.service[75905]: DEBUG cinder.volume.api [None req-c7788cdb-4772-4ae5-8115-b9d5c42190f1 tempest-TaggedAttachmentsTest-846416394 tempest-TaggedAttachmentsTest-846416394-project-member] Task 'cinder.volume.flows.api.create_volume.QuotaReserveTask;volume:create' (61cf3aa9-58d7-4272-bb23-672cf95f85ba) transitioned into state 'RUNNING' from state 'PENDING' {{(pid=75905) _task_receiver /opt/stack/data/venv/lib/python3.10/site-packages/taskflow/listeners/logging.py:190}}
Nov 24 10:21:03 user devstack@c-api.service[75905]: DEBUG cinder.quota [None req-c7788cdb-4772-4ae5-8115-b9d5c42190f1 tempest-TaggedAttachmentsTest-846416394 tempest-TaggedAttachmentsTest-846416394-project-member] Created reservations ['ce611239-1211-442d-9051-4b893a689038', '21c96353-727e-46d4-9efc-d1b05d25cfd7', 'f942b695-25ff-4b5c-b2d1-32faac705d3b', 'f979f71c-fb3c-4028-a429-f13fb253a931'] {{(pid=75905) reserve /opt/stack/cinder/cinder/quota.py:755}}
Nov 24 10:21:03 user devstack@c-api.service[75905]: DEBUG cinder.volume.api [None req-c7788cdb-4772-4ae5-8115-b9d5c42190f1 tempest-TaggedAttachmentsTest-846416394 tempest-TaggedAttachmentsTest-846416394-project-member] Task 'cinder.volume.flows.api.create_volume.QuotaReserveTask;volume:create' (61cf3aa9-58d7-4272-bb23-672cf95f85ba) transitioned into state 'SUCCESS' from state 'RUNNING' with result '{'reservations': ['ce611239-1211-442d-9051-4b893a689038', '21c96353-727e-46d4-9efc-d1b05d25cfd7', 'f942b695-25ff-4b5c-b2d1-32faac705d3b', 'f979f71c-fb3c-4028-a429-f13fb253a931']}' {{(pid=75905) _task_receiver /opt/stack/data/venv/lib/python3.10/site-packages/taskflow/listeners/logging.py:178}}
Nov 24 10:21:03 user devstack@c-api.service[75905]: DEBUG cinder.volume.api [None req-c7788cdb-4772-4ae5-8115-b9d5c42190f1 tempest-TaggedAttachmentsTest-846416394 tempest-TaggedAttachmentsTest-846416394-project-member] Task 'cinder.volume.flows.api.create_volume.EntryCreateTask;volume:create' (045c7fb6-2298-4b84-8e0f-be4171b9b430) transitioned into state 'RUNNING' from state 'PENDING' {{(pid=75905) _task_receiver /opt/stack/data/venv/lib/python3.10/site-packages/taskflow/listeners/logging.py:190}}
Nov 24 10:21:03 user devstack@c-api.service[75906]: DEBUG cinder.api.middleware.request_id [None req-ad294428-3976-45bb-9a13-2acc74e46b53 None None] RequestId filter calling following filter/app {{(pid=75906) _context_setter /opt/stack/cinder/cinder/api/middleware/request_id.py:62}}
Nov 24 10:21:03 user devstack@c-api.service[75906]: INFO cinder.api.openstack.wsgi [None req-ad294428-3976-45bb-9a13-2acc74e46b53 tempest-VolumeRevertTests-592330762 tempest-VolumeRevertTests-592330762-project-member] GET http://10.0.0.210/volume/v3/3ac8fb9ded884d0bb06a9b87836f603d/volumes/a431b0e2-b0f2-4018-9250-7a61296d63a8
Nov 24 10:21:03 user devstack@c-api.service[75906]: DEBUG cinder.api.openstack.wsgi [None req-ad294428-3976-45bb-9a13-2acc74e46b53 tempest-VolumeRevertTests-592330762 tempest-VolumeRevertTests-592330762-project-member] Empty body provided in request {{(pid=75906) get_body /opt/stack/cinder/cinder/api/openstack/wsgi.py:715}}
Nov 24 10:21:03 user devstack@c-api.service[75906]: DEBUG cinder.api.openstack.wsgi [None req-ad294428-3976-45bb-9a13-2acc74e46b53 tempest-VolumeRevertTests-592330762 tempest-VolumeRevertTests-592330762-project-member] Calling method 'show' {{(pid=75906) _process_stack /opt/stack/cinder/cinder/api/openstack/wsgi.py:868}}
Nov 24 10:21:03 user devstack@c-api.service[75906]: /opt/stack/data/venv/lib/python3.10/site-packages/oslo_context/context.py:100: DeprecationWarning: Policy enforcement is depending on the value of is_admin. This key is deprecated. Please update your policy file to use the standard policy values.
Nov 24 10:21:03 user devstack@c-api.service[75906]: warnings.warn('Policy enforcement is depending on the value of '
Nov 24 10:21:03 user devstack@c-api.service[75906]: INFO cinder.volume.api [None req-ad294428-3976-45bb-9a13-2acc74e46b53 tempest-VolumeRevertTests-592330762 tempest-VolumeRevertTests-592330762-project-member] Volume info retrieved successfully.
Nov 24 10:21:03 user devstack@c-api.service[75905]: DEBUG cinder.volume.api [None req-c7788cdb-4772-4ae5-8115-b9d5c42190f1 tempest-TaggedAttachmentsTest-846416394 tempest-TaggedAttachmentsTest-846416394-project-member] Task 'cinder.volume.flows.api.create_volume.EntryCreateTask;volume:create' (045c7fb6-2298-4b84-8e0f-be4171b9b430) transitioned into state 'SUCCESS' from state 'RUNNING' with result '{'volume_id': 'e56e1dda-4b07-401a-9cfa-72e9b1908f9e', 'volume_properties': VolumeProperties(attach_status='detached',availability_zone='nova',cgsnapshot_id=None,consistencygroup_id=None,display_description=None,display_name='tempest-TaggedAttachmentsTest-volume-2140926521',encryption_key_id=None,group_id=None,group_type_id=,metadata={},multiattach=False,project_id='bdeb11f3d47f45c7a467c206134af82f',qos_specs=None,replication_status=,reservations=['ce611239-1211-442d-9051-4b893a689038','21c96353-727e-46d4-9efc-d1b05d25cfd7','f942b695-25ff-4b5c-b2d1-32faac705d3b','f979f71c-fb3c-4028-a429-f13fb253a931'],size=1,snapshot_id=None,source_replicaid=,source_volid=None,status='creating',user_id='eeb6e6c16c4c4638a91632bee60f3bd1',volume_type_id=66e7d6bf-7df0-4860-9f31-0b86d5a052fa), 'volume': Volume(_name_id=None,admin_metadata=,attach_status='detached',availability_zone='nova',bootable=False,cluster=,cluster_name=None,consistencygroup=,consistencygroup_id=None,created_at=2023-11-24T10:21:03Z,deleted=False,deleted_at=None,display_description=None,display_name='tempest-TaggedAttachmentsTest-volume-2140926521',ec2_id=None,encryption_key_id=None,glance_metadata=,group=,group_id=None,host=None,id=e56e1dda-4b07-401a-9cfa-72e9b1908f9e,launched_at=None,metadata={},migration_status=None,multiattach=False,previous_status=None,project_id='bdeb11f3d47f45c7a467c206134af82f',provider_auth=None,provider_geometry=None,provider_id=None,provider_location=None,replication_driver_data=None,replication_extended_status=None,replication_status=None,scheduled_at=None,service_uuid=None,shared_targets=True,size=1,snapshot_id=None,snapshots=,source_volid=None,status='creating',terminated_at=None,updated_at=None,use_quota=True,user_id='eeb6e6c16c4c4638a91632bee60f3bd1',volume_attachment=VolumeAttachmentList,volume_type=VolumeType(66e7d6bf-7df0-4860-9f31-0b86d5a052fa),volume_type_id=66e7d6bf-7df0-4860-9f31-0b86d5a052fa)}' {{(pid=75905) _task_receiver /opt/stack/data/venv/lib/python3.10/site-packages/taskflow/listeners/logging.py:178}}
Nov 24 10:21:03 user devstack@c-api.service[75905]: DEBUG cinder.volume.api [None req-c7788cdb-4772-4ae5-8115-b9d5c42190f1 tempest-TaggedAttachmentsTest-846416394 tempest-TaggedAttachmentsTest-846416394-project-member] Task 'cinder.volume.flows.api.create_volume.QuotaCommitTask;volume:create' (c2c2e595-d304-41a2-8a8b-5bda7c1f9a77) transitioned into state 'RUNNING' from state 'PENDING' {{(pid=75905) _task_receiver /opt/stack/data/venv/lib/python3.10/site-packages/taskflow/listeners/logging.py:190}}
Nov 24 10:21:03 user devstack@c-api.service[75906]: INFO cinder.api.openstack.wsgi [None req-ad294428-3976-45bb-9a13-2acc74e46b53 tempest-VolumeRevertTests-592330762 tempest-VolumeRevertTests-592330762-project-member] http://10.0.0.210/volume/v3/3ac8fb9ded884d0bb06a9b87836f603d/volumes/a431b0e2-b0f2-4018-9250-7a61296d63a8 returned with HTTP 200
Nov 24 10:21:03 user devstack@c-api.service[75906]: [pid: 75906|app: 0|req: 76/220] 10.0.0.210 () {64 vars in 1443 bytes} [Fri Nov 24 10:21:03 2023] GET /volume/v3/3ac8fb9ded884d0bb06a9b87836f603d/volumes/a431b0e2-b0f2-4018-9250-7a61296d63a8 => generated 925 bytes in 74 msecs (HTTP/1.1 200) 7 headers in 286 bytes (1 switches on core 0)
Nov 24 10:21:03 user devstack@c-api.service[75907]: DEBUG cinder.api.middleware.request_id [None req-ba738df2-e443-468e-9674-3fd3ca4c0c91 None None] RequestId filter calling following filter/app {{(pid=75907) _context_setter /opt/stack/cinder/cinder/api/middleware/request_id.py:62}}
Nov 24 10:21:03 user devstack@c-api.service[75907]: INFO cinder.api.openstack.wsgi [None req-ba738df2-e443-468e-9674-3fd3ca4c0c91 tempest-TaggedBootDevicesTest_v242-263582714 tempest-TaggedBootDevicesTest_v242-263582714-project-member] GET http://10.0.0.210/volume/v3/61bf1b653a4341c49a0b88456d6503e4/volumes/b1228142-a389-48f1-9a9d-0c340407741c
Nov 24 10:21:03 user devstack@c-api.service[75907]: DEBUG cinder.api.openstack.wsgi [None req-ba738df2-e443-468e-9674-3fd3ca4c0c91 tempest-TaggedBootDevicesTest_v242-263582714 tempest-TaggedBootDevicesTest_v242-263582714-project-member] Empty body provided in request {{(pid=75907) get_body /opt/stack/cinder/cinder/api/openstack/wsgi.py:715}}
Nov 24 10:21:03 user devstack@c-api.service[75907]: DEBUG cinder.api.openstack.wsgi [None req-ba738df2-e443-468e-9674-3fd3ca4c0c91 tempest-TaggedBootDevicesTest_v242-263582714 tempest-TaggedBootDevicesTest_v242-263582714-project-member] Calling method 'show' {{(pid=75907) _process_stack /opt/stack/cinder/cinder/api/openstack/wsgi.py:868}}
Nov 24 10:21:03 user devstack@c-api.service[75907]: /opt/stack/data/venv/lib/python3.10/site-packages/oslo_context/context.py:100: DeprecationWarning: Policy enforcement is depending on the value of is_admin. This key is deprecated. Please update your policy file to use the standard policy values.
Nov 24 10:21:03 user devstack@c-api.service[75907]: warnings.warn('Policy enforcement is depending on the value of '
Nov 24 10:21:03 user devstack@c-api.service[75905]: DEBUG cinder.volume.api [None req-c7788cdb-4772-4ae5-8115-b9d5c42190f1 tempest-TaggedAttachmentsTest-846416394 tempest-TaggedAttachmentsTest-846416394-project-member] Task 'cinder.volume.flows.api.create_volume.QuotaCommitTask;volume:create' (c2c2e595-d304-41a2-8a8b-5bda7c1f9a77) transitioned into state 'SUCCESS' from state 'RUNNING' with result '{'volume_properties': VolumeProperties(attach_status='detached',availability_zone='nova',cgsnapshot_id=None,consistencygroup_id=None,display_description=None,display_name='tempest-TaggedAttachmentsTest-volume-2140926521',encryption_key_id=None,group_id=None,group_type_id=,metadata={},multiattach=False,project_id='bdeb11f3d47f45c7a467c206134af82f',qos_specs=None,replication_status=,reservations=['ce611239-1211-442d-9051-4b893a689038','21c96353-727e-46d4-9efc-d1b05d25cfd7','f942b695-25ff-4b5c-b2d1-32faac705d3b','f979f71c-fb3c-4028-a429-f13fb253a931'],size=1,snapshot_id=None,source_replicaid=,source_volid=None,status='creating',user_id='eeb6e6c16c4c4638a91632bee60f3bd1',volume_type_id=66e7d6bf-7df0-4860-9f31-0b86d5a052fa)}' {{(pid=75905) _task_receiver /opt/stack/data/venv/lib/python3.10/site-packages/taskflow/listeners/logging.py:178}}
Nov 24 10:21:03 user devstack@c-api.service[75905]: DEBUG cinder.volume.api [None req-c7788cdb-4772-4ae5-8115-b9d5c42190f1 tempest-TaggedAttachmentsTest-846416394 tempest-TaggedAttachmentsTest-846416394-project-member] Task 'cinder.volume.flows.api.create_volume.VolumeCastTask;volume:create' (9e8026eb-9dfc-4c6b-a30e-98e3e4839931) transitioned into state 'RUNNING' from state 'PENDING' {{(pid=75905) _task_receiver /opt/stack/data/venv/lib/python3.10/site-packages/taskflow/listeners/logging.py:190}}
Nov 24 10:21:03 user devstack@c-api.service[75907]: INFO cinder.volume.api [None req-ba738df2-e443-468e-9674-3fd3ca4c0c91 tempest-TaggedBootDevicesTest_v242-263582714 tempest-TaggedBootDevicesTest_v242-263582714-project-member] Volume info retrieved successfully.
Nov 24 10:21:03 user devstack@c-api.service[75906]: DEBUG cinder.api.middleware.request_id [None req-f03f2287-ebb9-4606-9d3b-87a3825c7ee9 None None] RequestId filter calling following filter/app {{(pid=75906) _context_setter /opt/stack/cinder/cinder/api/middleware/request_id.py:62}}
Nov 24 10:21:03 user devstack@c-api.service[75905]: DEBUG cinder.volume.api [None req-c7788cdb-4772-4ae5-8115-b9d5c42190f1 tempest-TaggedAttachmentsTest-846416394 tempest-TaggedAttachmentsTest-846416394-project-member] Task 'cinder.volume.flows.api.create_volume.VolumeCastTask;volume:create' (9e8026eb-9dfc-4c6b-a30e-98e3e4839931) transitioned into state 'SUCCESS' from state 'RUNNING' with result 'None' {{(pid=75905) _task_receiver /opt/stack/data/venv/lib/python3.10/site-packages/taskflow/listeners/logging.py:178}}
Nov 24 10:21:03 user devstack@c-api.service[75906]: INFO cinder.api.openstack.wsgi [None req-f03f2287-ebb9-4606-9d3b-87a3825c7ee9 tempest-ServerActionsV293TestJSON-834413643 tempest-ServerActionsV293TestJSON-834413643-project-member] GET http://10.0.0.210/volume/v3/b0d54989ce7c43ed9591752dfca4b618/volumes/c219be38-d43f-46f2-b035-d18e8225d603
Nov 24 10:21:03 user devstack@c-api.service[75906]: DEBUG cinder.api.openstack.wsgi [None req-f03f2287-ebb9-4606-9d3b-87a3825c7ee9 tempest-ServerActionsV293TestJSON-834413643 tempest-ServerActionsV293TestJSON-834413643-project-member] Empty body provided in request {{(pid=75906) get_body /opt/stack/cinder/cinder/api/openstack/wsgi.py:715}}
Nov 24 10:21:03 user devstack@c-api.service[75906]: DEBUG cinder.api.openstack.wsgi [None req-f03f2287-ebb9-4606-9d3b-87a3825c7ee9 tempest-ServerActionsV293TestJSON-834413643 tempest-ServerActionsV293TestJSON-834413643-project-member] Calling method 'show' {{(pid=75906) _process_stack /opt/stack/cinder/cinder/api/openstack/wsgi.py:868}}
Nov 24 10:21:03 user devstack@c-api.service[75905]: DEBUG cinder.volume.api [None req-c7788cdb-4772-4ae5-8115-b9d5c42190f1 tempest-TaggedAttachmentsTest-846416394 tempest-TaggedAttachmentsTest-846416394-project-member] Flow 'volume_create_api' (e7ef40a9-64f7-4b25-8ec6-c097de4f7bbb) transitioned into state 'SUCCESS' from state 'RUNNING' {{(pid=75905) _flow_receiver /opt/stack/data/venv/lib/python3.10/site-packages/taskflow/listeners/logging.py:141}}
Nov 24 10:21:03 user devstack@c-api.service[75905]: INFO cinder.volume.api [None req-c7788cdb-4772-4ae5-8115-b9d5c42190f1 tempest-TaggedAttachmentsTest-846416394 tempest-TaggedAttachmentsTest-846416394-project-member] Create volume request issued successfully.
Nov 24 10:21:03 user devstack@c-api.service[75905]: INFO cinder.api.openstack.wsgi [None req-c7788cdb-4772-4ae5-8115-b9d5c42190f1 tempest-TaggedAttachmentsTest-846416394 tempest-TaggedAttachmentsTest-846416394-project-member] http://10.0.0.210/volume/v3/bdeb11f3d47f45c7a467c206134af82f/volumes returned with HTTP 202
Nov 24 10:21:03 user devstack@c-api.service[75905]: [pid: 75905|app: 0|req: 69/221] 10.0.0.210 () {64 vars in 1312 bytes} [Fri Nov 24 10:21:02 2023] POST /volume/v3/bdeb11f3d47f45c7a467c206134af82f/volumes => generated 819 bytes in 550 msecs (HTTP/1.1 202) 7 headers in 291 bytes (1 switches on core 0)
Nov 24 10:21:03 user devstack@c-api.service[75907]: INFO cinder.api.openstack.wsgi [None req-ba738df2-e443-468e-9674-3fd3ca4c0c91 tempest-TaggedBootDevicesTest_v242-263582714 tempest-TaggedBootDevicesTest_v242-263582714-project-member] http://10.0.0.210/volume/v3/61bf1b653a4341c49a0b88456d6503e4/volumes/b1228142-a389-48f1-9a9d-0c340407741c returned with HTTP 200
Nov 24 10:21:03 user devstack@c-api.service[75907]: [pid: 75907|app: 0|req: 77/222] 10.0.0.210 () {62 vars in 1402 bytes} [Fri Nov 24 10:21:03 2023] GET /volume/v3/61bf1b653a4341c49a0b88456d6503e4/volumes/b1228142-a389-48f1-9a9d-0c340407741c => generated 915 bytes in 87 msecs (HTTP/1.1 200) 7 headers in 285 bytes (1 switches on core 0)
Nov 24 10:21:03 user devstack@c-api.service[75905]: DEBUG cinder.api.middleware.request_id [None req-d0b86855-fd3d-4a5c-a8f0-ef6b5ad36f2e None None] RequestId filter calling following filter/app {{(pid=75905) _context_setter /opt/stack/cinder/cinder/api/middleware/request_id.py:62}}
Nov 24 10:21:03 user devstack@c-api.service[75907]: DEBUG cinder.api.middleware.request_id [None req-d270353b-7d7f-47ea-87ae-3f53ce3afa30 None None] RequestId filter calling following filter/app {{(pid=75907) _context_setter /opt/stack/cinder/cinder/api/middleware/request_id.py:62}}
Nov 24 10:21:03 user devstack@c-api.service[75907]: INFO cinder.api.openstack.wsgi [None req-d270353b-7d7f-47ea-87ae-3f53ce3afa30 tempest-TaggedBootDevicesTest-655101029 tempest-TaggedBootDevicesTest-655101029-project-member] GET http://10.0.0.210/volume/v3/e3ac30811c254692a7412ca51bea9436/volumes/13f77d9b-cddf-4ee9-a50e-9eed6b91d071
Nov 24 10:21:03 user devstack@c-api.service[75907]: DEBUG cinder.api.openstack.wsgi [None req-d270353b-7d7f-47ea-87ae-3f53ce3afa30 tempest-TaggedBootDevicesTest-655101029 tempest-TaggedBootDevicesTest-655101029-project-member] Empty body provided in request {{(pid=75907) get_body /opt/stack/cinder/cinder/api/openstack/wsgi.py:715}}
Nov 24 10:21:03 user devstack@c-api.service[75907]: DEBUG cinder.api.openstack.wsgi [None req-d270353b-7d7f-47ea-87ae-3f53ce3afa30 tempest-TaggedBootDevicesTest-655101029 tempest-TaggedBootDevicesTest-655101029-project-member] Calling method 'show' {{(pid=75907) _process_stack /opt/stack/cinder/cinder/api/openstack/wsgi.py:868}}
Nov 24 10:21:03 user devstack@c-api.service[75905]: INFO cinder.api.openstack.wsgi [None req-d0b86855-fd3d-4a5c-a8f0-ef6b5ad36f2e tempest-TaggedAttachmentsTest-846416394 tempest-TaggedAttachmentsTest-846416394-project-member] GET http://10.0.0.210/volume/v3/bdeb11f3d47f45c7a467c206134af82f/volumes/e56e1dda-4b07-401a-9cfa-72e9b1908f9e
Nov 24 10:21:03 user devstack@c-api.service[75905]: DEBUG cinder.api.openstack.wsgi [None req-d0b86855-fd3d-4a5c-a8f0-ef6b5ad36f2e tempest-TaggedAttachmentsTest-846416394 tempest-TaggedAttachmentsTest-846416394-project-member] Empty body provided in request {{(pid=75905) get_body /opt/stack/cinder/cinder/api/openstack/wsgi.py:715}}
Nov 24 10:21:03 user devstack@c-api.service[75905]: DEBUG cinder.api.openstack.wsgi [None req-d0b86855-fd3d-4a5c-a8f0-ef6b5ad36f2e tempest-TaggedAttachmentsTest-846416394 tempest-TaggedAttachmentsTest-846416394-project-member] Calling method 'show' {{(pid=75905) _process_stack /opt/stack/cinder/cinder/api/openstack/wsgi.py:868}}
Nov 24 10:21:03 user devstack@c-api.service[75907]: /opt/stack/data/venv/lib/python3.10/site-packages/oslo_context/context.py:100: DeprecationWarning: Policy enforcement is depending on the value of is_admin. This key is deprecated. Please update your policy file to use the standard policy values.
Nov 24 10:21:03 user devstack@c-api.service[75907]: warnings.warn('Policy enforcement is depending on the value of '
Nov 24 10:21:03 user devstack@c-api.service[75906]: /opt/stack/data/venv/lib/python3.10/site-packages/oslo_context/context.py:100: DeprecationWarning: Policy enforcement is depending on the value of is_admin. This key is deprecated. Please update your policy file to use the standard policy values.
Nov 24 10:21:03 user devstack@c-api.service[75906]: warnings.warn('Policy enforcement is depending on the value of '
Nov 24 10:21:03 user devstack@c-api.service[75907]: INFO cinder.volume.api [None req-d270353b-7d7f-47ea-87ae-3f53ce3afa30 tempest-TaggedBootDevicesTest-655101029 tempest-TaggedBootDevicesTest-655101029-project-member] Volume info retrieved successfully.
Nov 24 10:21:03 user devstack@c-api.service[75907]: INFO cinder.api.openstack.wsgi [None req-d270353b-7d7f-47ea-87ae-3f53ce3afa30 tempest-TaggedBootDevicesTest-655101029 tempest-TaggedBootDevicesTest-655101029-project-member] http://10.0.0.210/volume/v3/e3ac30811c254692a7412ca51bea9436/volumes/13f77d9b-cddf-4ee9-a50e-9eed6b91d071 returned with HTTP 200
Nov 24 10:21:03 user devstack@c-api.service[75907]: [pid: 75907|app: 0|req: 78/223] 10.0.0.210 () {62 vars in 1402 bytes} [Fri Nov 24 10:21:03 2023] GET /volume/v3/e3ac30811c254692a7412ca51bea9436/volumes/13f77d9b-cddf-4ee9-a50e-9eed6b91d071 => generated 911 bytes in 61 msecs (HTTP/1.1 200) 7 headers in 285 bytes (2 switches on core 0)
Nov 24 10:21:03 user devstack@c-api.service[75906]: INFO cinder.volume.api [None req-f03f2287-ebb9-4606-9d3b-87a3825c7ee9 tempest-ServerActionsV293TestJSON-834413643 tempest-ServerActionsV293TestJSON-834413643-project-member] Volume info retrieved successfully.
Nov 24 10:21:03 user devstack@c-api.service[75905]: /opt/stack/data/venv/lib/python3.10/site-packages/oslo_context/context.py:100: DeprecationWarning: Policy enforcement is depending on the value of is_admin. This key is deprecated. Please update your policy file to use the standard policy values.
Nov 24 10:21:03 user devstack@c-api.service[75905]: warnings.warn('Policy enforcement is depending on the value of '
Nov 24 10:21:03 user devstack@c-api.service[75906]: INFO cinder.api.openstack.wsgi [None req-f03f2287-ebb9-4606-9d3b-87a3825c7ee9 tempest-ServerActionsV293TestJSON-834413643 tempest-ServerActionsV293TestJSON-834413643-project-member] http://10.0.0.210/volume/v3/b0d54989ce7c43ed9591752dfca4b618/volumes/c219be38-d43f-46f2-b035-d18e8225d603 returned with HTTP 200
Nov 24 10:21:03 user devstack@c-api.service[75906]: [pid: 75906|app: 0|req: 77/224] 10.0.0.210 () {64 vars in 1443 bytes} [Fri Nov 24 10:21:03 2023] GET /volume/v3/b0d54989ce7c43ed9591752dfca4b618/volumes/c219be38-d43f-46f2-b035-d18e8225d603 => generated 1119 bytes in 123 msecs (HTTP/1.1 200) 7 headers in 287 bytes (2 switches on core 0)
Nov 24 10:21:03 user devstack@c-api.service[75905]: INFO cinder.volume.api [None req-d0b86855-fd3d-4a5c-a8f0-ef6b5ad36f2e tempest-TaggedAttachmentsTest-846416394 tempest-TaggedAttachmentsTest-846416394-project-member] Volume info retrieved successfully.
Nov 24 10:21:03 user devstack@c-api.service[75905]: INFO cinder.api.openstack.wsgi [None req-d0b86855-fd3d-4a5c-a8f0-ef6b5ad36f2e tempest-TaggedAttachmentsTest-846416394 tempest-TaggedAttachmentsTest-846416394-project-member] http://10.0.0.210/volume/v3/bdeb11f3d47f45c7a467c206134af82f/volumes/e56e1dda-4b07-401a-9cfa-72e9b1908f9e returned with HTTP 200
Nov 24 10:21:03 user devstack@c-api.service[75905]: [pid: 75905|app: 0|req: 70/225] 10.0.0.210 () {62 vars in 1402 bytes} [Fri Nov 24 10:21:03 2023] GET /volume/v3/bdeb11f3d47f45c7a467c206134af82f/volumes/e56e1dda-4b07-401a-9cfa-72e9b1908f9e => generated 887 bytes in 104 msecs (HTTP/1.1 200) 7 headers in 285 bytes (1 switches on core 0)
Nov 24 10:21:03 user devstack@c-api.service[75907]: DEBUG cinder.api.middleware.request_id [None req-9f413434-6105-4d59-8709-6f3e5b2f5cc4 None None] RequestId filter calling following filter/app {{(pid=75907) _context_setter /opt/stack/cinder/cinder/api/middleware/request_id.py:62}}
Nov 24 10:21:03 user devstack@c-api.service[75907]: INFO cinder.api.openstack.wsgi [None req-9f413434-6105-4d59-8709-6f3e5b2f5cc4 tempest-GroupSnapshotsTest-1823064881 tempest-GroupSnapshotsTest-1823064881-project-member] GET http://10.0.0.210/volume/v3/3e5bff5e503943fca4adcfab480b55f8/snapshots/d3daeef7-46ac-4726-98c5-b3c4cc14e202
Nov 24 10:21:03 user devstack@c-api.service[75907]: DEBUG cinder.api.openstack.wsgi [None req-9f413434-6105-4d59-8709-6f3e5b2f5cc4 tempest-GroupSnapshotsTest-1823064881 tempest-GroupSnapshotsTest-1823064881-project-member] Empty body provided in request {{(pid=75907) get_body /opt/stack/cinder/cinder/api/openstack/wsgi.py:715}}
Nov 24 10:21:03 user devstack@c-api.service[75907]: DEBUG cinder.api.openstack.wsgi [None req-9f413434-6105-4d59-8709-6f3e5b2f5cc4 tempest-GroupSnapshotsTest-1823064881 tempest-GroupSnapshotsTest-1823064881-project-member] Calling method 'show' {{(pid=75907) _process_stack /opt/stack/cinder/cinder/api/openstack/wsgi.py:868}}
Nov 24 10:21:03 user devstack@c-api.service[75907]: /opt/stack/data/venv/lib/python3.10/site-packages/oslo_context/context.py:100: DeprecationWarning: Policy enforcement is depending on the value of is_admin. This key is deprecated. Please update your policy file to use the standard policy values.
Nov 24 10:21:03 user devstack@c-api.service[75907]: warnings.warn('Policy enforcement is depending on the value of '
Nov 24 10:21:03 user devstack@c-api.service[75907]: INFO cinder.volume.api [None req-9f413434-6105-4d59-8709-6f3e5b2f5cc4 tempest-GroupSnapshotsTest-1823064881 tempest-GroupSnapshotsTest-1823064881-project-member] Snapshot retrieved successfully.
Nov 24 10:21:03 user devstack@c-api.service[75907]: INFO cinder.api.openstack.wsgi [None req-9f413434-6105-4d59-8709-6f3e5b2f5cc4 tempest-GroupSnapshotsTest-1823064881 tempest-GroupSnapshotsTest-1823064881-project-member] http://10.0.0.210/volume/v3/3e5bff5e503943fca4adcfab480b55f8/snapshots/d3daeef7-46ac-4726-98c5-b3c4cc14e202 returned with HTTP 200
Nov 24 10:21:03 user devstack@c-api.service[75907]: [pid: 75907|app: 0|req: 79/226] 10.0.0.210 () {62 vars in 1408 bytes} [Fri Nov 24 10:21:03 2023] GET /volume/v3/3e5bff5e503943fca4adcfab480b55f8/snapshots/d3daeef7-46ac-4726-98c5-b3c4cc14e202 => generated 450 bytes in 27 msecs (HTTP/1.1 200) 7 headers in 285 bytes (1 switches on core 0)
Nov 24 10:21:04 user devstack@c-api.service[75906]: DEBUG cinder.api.middleware.request_id [None req-4f2d3171-f1e9-47c7-9d97-ce26d682fd3b None None] RequestId filter calling following filter/app {{(pid=75906) _context_setter /opt/stack/cinder/cinder/api/middleware/request_id.py:62}}
Nov 24 10:21:04 user devstack@c-api.service[75906]: INFO cinder.api.openstack.wsgi [None req-4f2d3171-f1e9-47c7-9d97-ce26d682fd3b tempest-VolumeRevertTests-592330762 tempest-VolumeRevertTests-592330762-project-member] GET http://10.0.0.210/volume/v3/3ac8fb9ded884d0bb06a9b87836f603d/volumes/a431b0e2-b0f2-4018-9250-7a61296d63a8
Nov 24 10:21:04 user devstack@c-api.service[75906]: DEBUG cinder.api.openstack.wsgi [None req-4f2d3171-f1e9-47c7-9d97-ce26d682fd3b tempest-VolumeRevertTests-592330762 tempest-VolumeRevertTests-592330762-project-member] Empty body provided in request {{(pid=75906) get_body /opt/stack/cinder/cinder/api/openstack/wsgi.py:715}}
Nov 24 10:21:04 user devstack@c-api.service[75906]: DEBUG cinder.api.openstack.wsgi [None req-4f2d3171-f1e9-47c7-9d97-ce26d682fd3b tempest-VolumeRevertTests-592330762 tempest-VolumeRevertTests-592330762-project-member] Calling method 'show' {{(pid=75906) _process_stack /opt/stack/cinder/cinder/api/openstack/wsgi.py:868}}
Nov 24 10:21:04 user devstack@c-api.service[75906]: /opt/stack/data/venv/lib/python3.10/site-packages/oslo_context/context.py:100: DeprecationWarning: Policy enforcement is depending on the value of is_admin. This key is deprecated. Please update your policy file to use the standard policy values.
Nov 24 10:21:04 user devstack@c-api.service[75906]: warnings.warn('Policy enforcement is depending on the value of '
Nov 24 10:21:04 user devstack@c-api.service[75906]: INFO cinder.volume.api [None req-4f2d3171-f1e9-47c7-9d97-ce26d682fd3b tempest-VolumeRevertTests-592330762 tempest-VolumeRevertTests-592330762-project-member] Volume info retrieved successfully.
Nov 24 10:21:04 user devstack@c-api.service[75905]: DEBUG cinder.api.middleware.request_id [None req-00522e4b-441d-46e7-b4d3-728bf9c3076c None None] RequestId filter calling following filter/app {{(pid=75905) _context_setter /opt/stack/cinder/cinder/api/middleware/request_id.py:62}}
Nov 24 10:21:04 user devstack@c-api.service[75906]: INFO cinder.api.openstack.wsgi [None req-4f2d3171-f1e9-47c7-9d97-ce26d682fd3b tempest-VolumeRevertTests-592330762 tempest-VolumeRevertTests-592330762-project-member] http://10.0.0.210/volume/v3/3ac8fb9ded884d0bb06a9b87836f603d/volumes/a431b0e2-b0f2-4018-9250-7a61296d63a8 returned with HTTP 200
Nov 24 10:21:04 user devstack@c-api.service[75906]: [pid: 75906|app: 0|req: 78/227] 10.0.0.210 () {64 vars in 1443 bytes} [Fri Nov 24 10:21:04 2023] GET /volume/v3/3ac8fb9ded884d0bb06a9b87836f603d/volumes/a431b0e2-b0f2-4018-9250-7a61296d63a8 => generated 925 bytes in 125 msecs (HTTP/1.1 200) 7 headers in 286 bytes (1 switches on core 0)
Nov 24 10:21:04 user devstack@c-api.service[75905]: INFO cinder.api.openstack.wsgi [None req-00522e4b-441d-46e7-b4d3-728bf9c3076c tempest-TaggedBootDevicesTest_v242-263582714 tempest-TaggedBootDevicesTest_v242-263582714-project-member] GET http://10.0.0.210/volume/v3/61bf1b653a4341c49a0b88456d6503e4/volumes/b1228142-a389-48f1-9a9d-0c340407741c
Nov 24 10:21:04 user devstack@c-api.service[75905]: DEBUG cinder.api.openstack.wsgi [None req-00522e4b-441d-46e7-b4d3-728bf9c3076c tempest-TaggedBootDevicesTest_v242-263582714 tempest-TaggedBootDevicesTest_v242-263582714-project-member] Empty body provided in request {{(pid=75905) get_body /opt/stack/cinder/cinder/api/openstack/wsgi.py:715}}
Nov 24 10:21:04 user devstack@c-api.service[75905]: DEBUG cinder.api.openstack.wsgi [None req-00522e4b-441d-46e7-b4d3-728bf9c3076c tempest-TaggedBootDevicesTest_v242-263582714 tempest-TaggedBootDevicesTest_v242-263582714-project-member] Calling method 'show' {{(pid=75905) _process_stack /opt/stack/cinder/cinder/api/openstack/wsgi.py:868}}
Nov 24 10:21:04 user devstack@c-api.service[75905]: /opt/stack/data/venv/lib/python3.10/site-packages/oslo_context/context.py:100: DeprecationWarning: Policy enforcement is depending on the value of is_admin. This key is deprecated. Please update your policy file to use the standard policy values.
Nov 24 10:21:04 user devstack@c-api.service[75905]: warnings.warn('Policy enforcement is depending on the value of '
Nov 24 10:21:04 user devstack@c-api.service[75907]: DEBUG cinder.api.middleware.request_id [None req-bc49cd8b-7c33-4c9a-a5fc-140402a36126 None None] RequestId filter calling following filter/app {{(pid=75907) _context_setter /opt/stack/cinder/cinder/api/middleware/request_id.py:62}}
Nov 24 10:21:04 user devstack@c-api.service[75907]: INFO cinder.api.openstack.wsgi [None req-bc49cd8b-7c33-4c9a-a5fc-140402a36126 tempest-TaggedBootDevicesTest-655101029 tempest-TaggedBootDevicesTest-655101029-project-member] GET http://10.0.0.210/volume/v3/e3ac30811c254692a7412ca51bea9436/volumes/13f77d9b-cddf-4ee9-a50e-9eed6b91d071
Nov 24 10:21:04 user devstack@c-api.service[75905]: INFO cinder.volume.api [None req-00522e4b-441d-46e7-b4d3-728bf9c3076c tempest-TaggedBootDevicesTest_v242-263582714 tempest-TaggedBootDevicesTest_v242-263582714-project-member] Volume info retrieved successfully.
Nov 24 10:21:04 user devstack@c-api.service[75907]: DEBUG cinder.api.openstack.wsgi [None req-bc49cd8b-7c33-4c9a-a5fc-140402a36126 tempest-TaggedBootDevicesTest-655101029 tempest-TaggedBootDevicesTest-655101029-project-member] Empty body provided in request {{(pid=75907) get_body /opt/stack/cinder/cinder/api/openstack/wsgi.py:715}}
Nov 24 10:21:04 user devstack@c-api.service[75907]: DEBUG cinder.api.openstack.wsgi [None req-bc49cd8b-7c33-4c9a-a5fc-140402a36126 tempest-TaggedBootDevicesTest-655101029 tempest-TaggedBootDevicesTest-655101029-project-member] Calling method 'show' {{(pid=75907) _process_stack /opt/stack/cinder/cinder/api/openstack/wsgi.py:868}}
Nov 24 10:21:04 user devstack@c-api.service[75905]: INFO cinder.api.openstack.wsgi [None req-00522e4b-441d-46e7-b4d3-728bf9c3076c tempest-TaggedBootDevicesTest_v242-263582714 tempest-TaggedBootDevicesTest_v242-263582714-project-member] http://10.0.0.210/volume/v3/61bf1b653a4341c49a0b88456d6503e4/volumes/b1228142-a389-48f1-9a9d-0c340407741c returned with HTTP 200
Nov 24 10:21:04 user devstack@c-api.service[75907]: /opt/stack/data/venv/lib/python3.10/site-packages/oslo_context/context.py:100: DeprecationWarning: Policy enforcement is depending on the value of is_admin. This key is deprecated. Please update your policy file to use the standard policy values.
Nov 24 10:21:04 user devstack@c-api.service[75907]: warnings.warn('Policy enforcement is depending on the value of '
Nov 24 10:21:04 user devstack@c-api.service[75907]: INFO cinder.volume.api [None req-bc49cd8b-7c33-4c9a-a5fc-140402a36126 tempest-TaggedBootDevicesTest-655101029 tempest-TaggedBootDevicesTest-655101029-project-member] Volume info retrieved successfully.
Nov 24 10:21:04 user devstack@c-api.service[75905]: [pid: 75905|app: 0|req: 71/228] 10.0.0.210 () {62 vars in 1402 bytes} [Fri Nov 24 10:21:04 2023] GET /volume/v3/61bf1b653a4341c49a0b88456d6503e4/volumes/b1228142-a389-48f1-9a9d-0c340407741c => generated 915 bytes in 133 msecs (HTTP/1.1 200) 7 headers in 285 bytes (2 switches on core 0)
Nov 24 10:21:04 user devstack@c-api.service[75907]: INFO cinder.api.openstack.wsgi [None req-bc49cd8b-7c33-4c9a-a5fc-140402a36126 tempest-TaggedBootDevicesTest-655101029 tempest-TaggedBootDevicesTest-655101029-project-member] http://10.0.0.210/volume/v3/e3ac30811c254692a7412ca51bea9436/volumes/13f77d9b-cddf-4ee9-a50e-9eed6b91d071 returned with HTTP 200
Nov 24 10:21:04 user devstack@c-api.service[75907]: [pid: 75907|app: 0|req: 80/229] 10.0.0.210 () {62 vars in 1402 bytes} [Fri Nov 24 10:21:04 2023] GET /volume/v3/e3ac30811c254692a7412ca51bea9436/volumes/13f77d9b-cddf-4ee9-a50e-9eed6b91d071 => generated 911 bytes in 56 msecs (HTTP/1.1 200) 7 headers in 285 bytes (1 switches on core 0)
Nov 24 10:21:04 user devstack@c-api.service[75906]: DEBUG cinder.api.middleware.request_id [None req-83abc796-7148-414c-a454-fbdc3de609c1 None None] RequestId filter calling following filter/app {{(pid=75906) _context_setter /opt/stack/cinder/cinder/api/middleware/request_id.py:62}}
Nov 24 10:21:04 user devstack@c-api.service[75905]: DEBUG cinder.api.middleware.request_id [None req-ac94642c-add7-47dc-878f-2b8b608d13ff None None] RequestId filter calling following filter/app {{(pid=75905) _context_setter /opt/stack/cinder/cinder/api/middleware/request_id.py:62}}
Nov 24 10:21:04 user devstack@c-api.service[75906]: INFO cinder.api.openstack.wsgi [None req-83abc796-7148-414c-a454-fbdc3de609c1 tempest-ServerActionsV293TestJSON-834413643 tempest-ServerActionsV293TestJSON-834413643-project-member] GET http://10.0.0.210/volume/v3/b0d54989ce7c43ed9591752dfca4b618/volumes/c219be38-d43f-46f2-b035-d18e8225d603
Nov 24 10:21:04 user devstack@c-api.service[75906]: DEBUG cinder.api.openstack.wsgi [None req-83abc796-7148-414c-a454-fbdc3de609c1 tempest-ServerActionsV293TestJSON-834413643 tempest-ServerActionsV293TestJSON-834413643-project-member] Empty body provided in request {{(pid=75906) get_body /opt/stack/cinder/cinder/api/openstack/wsgi.py:715}}
Nov 24 10:21:04 user devstack@c-api.service[75906]: DEBUG cinder.api.openstack.wsgi [None req-83abc796-7148-414c-a454-fbdc3de609c1 tempest-ServerActionsV293TestJSON-834413643 tempest-ServerActionsV293TestJSON-834413643-project-member] Calling method 'show' {{(pid=75906) _process_stack /opt/stack/cinder/cinder/api/openstack/wsgi.py:868}}
Nov 24 10:21:04 user devstack@c-api.service[75905]: INFO cinder.api.openstack.wsgi [None req-ac94642c-add7-47dc-878f-2b8b608d13ff tempest-TaggedAttachmentsTest-846416394 tempest-TaggedAttachmentsTest-846416394-project-member] GET http://10.0.0.210/volume/v3/bdeb11f3d47f45c7a467c206134af82f/volumes/e56e1dda-4b07-401a-9cfa-72e9b1908f9e
Nov 24 10:21:04 user devstack@c-api.service[75905]: DEBUG cinder.api.openstack.wsgi [None req-ac94642c-add7-47dc-878f-2b8b608d13ff tempest-TaggedAttachmentsTest-846416394 tempest-TaggedAttachmentsTest-846416394-project-member] Empty body provided in request {{(pid=75905) get_body /opt/stack/cinder/cinder/api/openstack/wsgi.py:715}}
Nov 24 10:21:04 user devstack@c-api.service[75905]: DEBUG cinder.api.openstack.wsgi [None req-ac94642c-add7-47dc-878f-2b8b608d13ff tempest-TaggedAttachmentsTest-846416394 tempest-TaggedAttachmentsTest-846416394-project-member] Calling method 'show' {{(pid=75905) _process_stack /opt/stack/cinder/cinder/api/openstack/wsgi.py:868}}
Nov 24 10:21:04 user devstack@c-api.service[75907]: DEBUG cinder.api.middleware.request_id [None req-8b1f6563-1633-41a4-8202-7a36dce6a382 None None] RequestId filter calling following filter/app {{(pid=75907) _context_setter /opt/stack/cinder/cinder/api/middleware/request_id.py:62}}
Nov 24 10:21:04 user devstack@c-api.service[75906]: /opt/stack/data/venv/lib/python3.10/site-packages/oslo_context/context.py:100: DeprecationWarning: Policy enforcement is depending on the value of is_admin. This key is deprecated. Please update your policy file to use the standard policy values.
Nov 24 10:21:04 user devstack@c-api.service[75906]: warnings.warn('Policy enforcement is depending on the value of '
Nov 24 10:21:04 user devstack@c-api.service[75907]: INFO cinder.api.openstack.wsgi [None req-8b1f6563-1633-41a4-8202-7a36dce6a382 tempest-GroupSnapshotsTest-1823064881 tempest-GroupSnapshotsTest-1823064881-project-member] GET http://10.0.0.210/volume/v3/3e5bff5e503943fca4adcfab480b55f8/snapshots/d3daeef7-46ac-4726-98c5-b3c4cc14e202
Nov 24 10:21:04 user devstack@c-api.service[75907]: DEBUG cinder.api.openstack.wsgi [None req-8b1f6563-1633-41a4-8202-7a36dce6a382 tempest-GroupSnapshotsTest-1823064881 tempest-GroupSnapshotsTest-1823064881-project-member] Empty body provided in request {{(pid=75907) get_body /opt/stack/cinder/cinder/api/openstack/wsgi.py:715}}
Nov 24 10:21:04 user devstack@c-api.service[75907]: DEBUG cinder.api.openstack.wsgi [None req-8b1f6563-1633-41a4-8202-7a36dce6a382 tempest-GroupSnapshotsTest-1823064881 tempest-GroupSnapshotsTest-1823064881-project-member] Calling method 'show' {{(pid=75907) _process_stack /opt/stack/cinder/cinder/api/openstack/wsgi.py:868}}
Nov 24 10:21:04 user devstack@c-api.service[75906]: INFO cinder.volume.api [None req-83abc796-7148-414c-a454-fbdc3de609c1 tempest-ServerActionsV293TestJSON-834413643 tempest-ServerActionsV293TestJSON-834413643-project-member] Volume info retrieved successfully.
Nov 24 10:21:04 user devstack@c-api.service[75905]: /opt/stack/data/venv/lib/python3.10/site-packages/oslo_context/context.py:100: DeprecationWarning: Policy enforcement is depending on the value of is_admin. This key is deprecated. Please update your policy file to use the standard policy values.
Nov 24 10:21:04 user devstack@c-api.service[75905]: warnings.warn('Policy enforcement is depending on the value of '
Nov 24 10:21:04 user devstack@c-api.service[75905]: INFO cinder.volume.api [None req-ac94642c-add7-47dc-878f-2b8b608d13ff tempest-TaggedAttachmentsTest-846416394 tempest-TaggedAttachmentsTest-846416394-project-member] Volume info retrieved successfully.
Nov 24 10:21:04 user devstack@c-api.service[75906]: INFO cinder.api.openstack.wsgi [None req-83abc796-7148-414c-a454-fbdc3de609c1 tempest-ServerActionsV293TestJSON-834413643 tempest-ServerActionsV293TestJSON-834413643-project-member] http://10.0.0.210/volume/v3/b0d54989ce7c43ed9591752dfca4b618/volumes/c219be38-d43f-46f2-b035-d18e8225d603 returned with HTTP 200
Nov 24 10:21:04 user devstack@c-api.service[75906]: [pid: 75906|app: 0|req: 79/230] 10.0.0.210 () {64 vars in 1443 bytes} [Fri Nov 24 10:21:04 2023] GET /volume/v3/b0d54989ce7c43ed9591752dfca4b618/volumes/c219be38-d43f-46f2-b035-d18e8225d603 => generated 1119 bytes in 81 msecs (HTTP/1.1 200) 7 headers in 287 bytes (1 switches on core 0)
Nov 24 10:21:04 user devstack@c-api.service[75907]: /opt/stack/data/venv/lib/python3.10/site-packages/oslo_context/context.py:100: DeprecationWarning: Policy enforcement is depending on the value of is_admin. This key is deprecated. Please update your policy file to use the standard policy values.
Nov 24 10:21:04 user devstack@c-api.service[75907]: warnings.warn('Policy enforcement is depending on the value of '
Nov 24 10:21:04 user devstack@c-api.service[75907]: INFO cinder.volume.api [None req-8b1f6563-1633-41a4-8202-7a36dce6a382 tempest-GroupSnapshotsTest-1823064881 tempest-GroupSnapshotsTest-1823064881-project-member] Snapshot retrieved successfully.
Nov 24 10:21:04 user devstack@c-api.service[75907]: INFO cinder.api.openstack.wsgi [None req-8b1f6563-1633-41a4-8202-7a36dce6a382 tempest-GroupSnapshotsTest-1823064881 tempest-GroupSnapshotsTest-1823064881-project-member] http://10.0.0.210/volume/v3/3e5bff5e503943fca4adcfab480b55f8/snapshots/d3daeef7-46ac-4726-98c5-b3c4cc14e202 returned with HTTP 200
Nov 24 10:21:04 user devstack@c-api.service[75907]: [pid: 75907|app: 0|req: 81/231] 10.0.0.210 () {62 vars in 1408 bytes} [Fri Nov 24 10:21:04 2023] GET /volume/v3/3e5bff5e503943fca4adcfab480b55f8/snapshots/d3daeef7-46ac-4726-98c5-b3c4cc14e202 => generated 450 bytes in 58 msecs (HTTP/1.1 200) 7 headers in 285 bytes (1 switches on core 0)
Nov 24 10:21:04 user devstack@c-api.service[75905]: INFO cinder.api.openstack.wsgi [None req-ac94642c-add7-47dc-878f-2b8b608d13ff tempest-TaggedAttachmentsTest-846416394 tempest-TaggedAttachmentsTest-846416394-project-member] http://10.0.0.210/volume/v3/bdeb11f3d47f45c7a467c206134af82f/volumes/e56e1dda-4b07-401a-9cfa-72e9b1908f9e returned with HTTP 200
Nov 24 10:21:04 user devstack@c-api.service[75905]: [pid: 75905|app: 0|req: 72/232] 10.0.0.210 () {62 vars in 1402 bytes} [Fri Nov 24 10:21:04 2023] GET /volume/v3/bdeb11f3d47f45c7a467c206134af82f/volumes/e56e1dda-4b07-401a-9cfa-72e9b1908f9e => generated 911 bytes in 89 msecs (HTTP/1.1 200) 7 headers in 285 bytes (1 switches on core 0)
Nov 24 10:21:05 user devstack@c-api.service[75906]: DEBUG cinder.api.middleware.request_id [None req-b638b107-256e-43be-ab0a-ce9b66e2c193 None None] RequestId filter calling following filter/app {{(pid=75906) _context_setter /opt/stack/cinder/cinder/api/middleware/request_id.py:62}}
