Nov 24 10:20:47 user devstack@c-api.service[75907]: /opt/stack/data/venv/lib/python3.10/site-packages/oslo_context/context.py:100: DeprecationWarning: Policy enforcement is depending on the value of is_admin. This key is deprecated. Please update your policy file to use the standard policy values.
Nov 24 10:20:47 user devstack@c-api.service[75907]: warnings.warn('Policy enforcement is depending on the value of '
Nov 24 10:20:47 user devstack@c-api.service[75906]: DEBUG cinder.volume.api [None req-bae80949-beb0-4111-9c1a-2b8e5e539272 tempest-GroupSnapshotsTest-1823064881 tempest-GroupSnapshotsTest-1823064881-project-member] Flow 'volume_create_api' (34bbc7b3-d1bb-41ae-87ab-884b976f1826) transitioned into state 'SUCCESS' from state 'RUNNING' {{(pid=75906) _flow_receiver /opt/stack/data/venv/lib/python3.10/site-packages/taskflow/listeners/logging.py:141}}
Nov 24 10:20:47 user devstack@c-api.service[75906]: INFO cinder.volume.api [None req-bae80949-beb0-4111-9c1a-2b8e5e539272 tempest-GroupSnapshotsTest-1823064881 tempest-GroupSnapshotsTest-1823064881-project-member] Create volume request issued successfully.
Nov 24 10:20:47 user devstack@c-api.service[75907]: INFO cinder.volume.api [None req-9d233211-aff5-498b-ab4c-6c7e2bc59b03 tempest-VolumeRetypeWithoutMigrationTest-646894847 tempest-VolumeRetypeWithoutMigrationTest-646894847-project-member] Volume info retrieved successfully.
Nov 24 10:20:47 user devstack@c-api.service[75907]: INFO cinder.api.openstack.wsgi [None req-9d233211-aff5-498b-ab4c-6c7e2bc59b03 tempest-VolumeRetypeWithoutMigrationTest-646894847 tempest-VolumeRetypeWithoutMigrationTest-646894847-project-member] http://10.0.0.210/volume/v3/b78d7ad1806e4b229ca64d42c276259b/volumes/056e1198-d7ca-4a1a-ac0e-5e494f97abbd returned with HTTP 200
Nov 24 10:20:47 user devstack@c-api.service[75907]: [pid: 75907|app: 0|req: 43/117] 10.0.0.210 () {62 vars in 1402 bytes} [Fri Nov 24 10:20:47 2023] GET /volume/v3/b78d7ad1806e4b229ca64d42c276259b/volumes/056e1198-d7ca-4a1a-ac0e-5e494f97abbd => generated 924 bytes in 36 msecs (HTTP/1.1 200) 7 headers in 285 bytes (1 switches on core 0)
Nov 24 10:20:47 user devstack@c-api.service[75906]: WARNING stevedore.named [None req-bae80949-beb0-4111-9c1a-2b8e5e539272 tempest-GroupSnapshotsTest-1823064881 tempest-GroupSnapshotsTest-1823064881-project-member] Could not load cinder.keymgr.conf_key_mgr.ConfKeyManager
Nov 24 10:20:47 user devstack@c-api.service[75906]: WARNING castellan.key_manager [None req-bae80949-beb0-4111-9c1a-2b8e5e539272 tempest-GroupSnapshotsTest-1823064881 tempest-GroupSnapshotsTest-1823064881-project-member] Deprecation Warning : cinder.keymgr.conf_key_mgr.ConfKeyManager is not a stevedore based driver, trying to load it as a class: stevedore.exception.NoMatches: No 'castellan.drivers' driver found, looking for 'cinder.keymgr.conf_key_mgr.ConfKeyManager'
Nov 24 10:20:47 user devstack@c-api.service[75906]: DEBUG oslo_db.sqlalchemy.engines [None req-bae80949-beb0-4111-9c1a-2b8e5e539272 tempest-GroupSnapshotsTest-1823064881 tempest-GroupSnapshotsTest-1823064881-project-member] MySQL server mode set to STRICT_TRANS_TABLES,STRICT_ALL_TABLES,NO_ZERO_IN_DATE,NO_ZERO_DATE,ERROR_FOR_DIVISION_BY_ZERO,TRADITIONAL,NO_ENGINE_SUBSTITUTION {{(pid=75906) _check_effective_sql_mode /opt/stack/data/venv/lib/python3.10/site-packages/oslo_db/sqlalchemy/engines.py:342}}
Nov 24 10:20:47 user devstack@c-api.service[75906]: /opt/stack/data/venv/lib/python3.10/site-packages/oslo_context/context.py:100: DeprecationWarning: Policy enforcement is depending on the value of is_admin. This key is deprecated. Please update your policy file to use the standard policy values.
Nov 24 10:20:47 user devstack@c-api.service[75906]: warnings.warn('Policy enforcement is depending on the value of '
Nov 24 10:20:47 user devstack@c-api.service[75906]: INFO cinder.api.openstack.wsgi [None req-bae80949-beb0-4111-9c1a-2b8e5e539272 tempest-GroupSnapshotsTest-1823064881 tempest-GroupSnapshotsTest-1823064881-project-member] http://10.0.0.210/volume/v3/3e5bff5e503943fca4adcfab480b55f8/volumes returned with HTTP 202
Nov 24 10:20:47 user devstack@c-api.service[75905]: DEBUG cinder.api.middleware.request_id [None req-f70c36f2-2de3-40a0-a129-7e0f81801cb8 None None] RequestId filter calling following filter/app {{(pid=75905) _context_setter /opt/stack/cinder/cinder/api/middleware/request_id.py:62}}
Nov 24 10:20:47 user devstack@c-api.service[75906]: [pid: 75906|app: 0|req: 37/118] 10.0.0.210 () {66 vars in 1354 bytes} [Fri Nov 24 10:20:47 2023] POST /volume/v3/3e5bff5e503943fca4adcfab480b55f8/volumes => generated 886 bytes in 481 msecs (HTTP/1.1 202) 7 headers in 292 bytes (1 switches on core 0)
Nov 24 10:20:47 user devstack@c-api.service[75905]: INFO cinder.api.openstack.wsgi [None req-f70c36f2-2de3-40a0-a129-7e0f81801cb8 tempest-ServerActionsV293TestJSON-834413643 tempest-ServerActionsV293TestJSON-834413643-project-member] GET http://10.0.0.210/volume/v3/b0d54989ce7c43ed9591752dfca4b618/volumes/c219be38-d43f-46f2-b035-d18e8225d603
Nov 24 10:20:47 user devstack@c-api.service[75905]: DEBUG cinder.api.openstack.wsgi [None req-f70c36f2-2de3-40a0-a129-7e0f81801cb8 tempest-ServerActionsV293TestJSON-834413643 tempest-ServerActionsV293TestJSON-834413643-project-member] Empty body provided in request {{(pid=75905) get_body /opt/stack/cinder/cinder/api/openstack/wsgi.py:715}}
Nov 24 10:20:47 user devstack@c-api.service[75905]: DEBUG cinder.api.openstack.wsgi [None req-f70c36f2-2de3-40a0-a129-7e0f81801cb8 tempest-ServerActionsV293TestJSON-834413643 tempest-ServerActionsV293TestJSON-834413643-project-member] Calling method 'show' {{(pid=75905) _process_stack /opt/stack/cinder/cinder/api/openstack/wsgi.py:868}}
Nov 24 10:20:47 user devstack@c-api.service[75907]: DEBUG cinder.api.middleware.request_id [None req-c58641bf-83c6-4a16-9228-d0870e8ef4e7 None None] RequestId filter calling following filter/app {{(pid=75907) _context_setter /opt/stack/cinder/cinder/api/middleware/request_id.py:62}}
Nov 24 10:20:47 user devstack@c-api.service[75907]: INFO cinder.api.openstack.wsgi [None req-c58641bf-83c6-4a16-9228-d0870e8ef4e7 tempest-GroupSnapshotsTest-1823064881 tempest-GroupSnapshotsTest-1823064881-project-member] GET http://10.0.0.210/volume/v3/3e5bff5e503943fca4adcfab480b55f8/volumes/3b7fd700-55c0-44ec-a725-301d061e87a0
Nov 24 10:20:47 user devstack@c-api.service[75907]: DEBUG cinder.api.openstack.wsgi [None req-c58641bf-83c6-4a16-9228-d0870e8ef4e7 tempest-GroupSnapshotsTest-1823064881 tempest-GroupSnapshotsTest-1823064881-project-member] Empty body provided in request {{(pid=75907) get_body /opt/stack/cinder/cinder/api/openstack/wsgi.py:715}}
Nov 24 10:20:47 user devstack@c-api.service[75905]: /opt/stack/data/venv/lib/python3.10/site-packages/oslo_context/context.py:100: DeprecationWarning: Policy enforcement is depending on the value of is_admin. This key is deprecated. Please update your policy file to use the standard policy values.
Nov 24 10:20:47 user devstack@c-api.service[75905]: warnings.warn('Policy enforcement is depending on the value of '
Nov 24 10:20:47 user devstack@c-api.service[75907]: DEBUG cinder.api.openstack.wsgi [None req-c58641bf-83c6-4a16-9228-d0870e8ef4e7 tempest-GroupSnapshotsTest-1823064881 tempest-GroupSnapshotsTest-1823064881-project-member] Calling method 'show' {{(pid=75907) _process_stack /opt/stack/cinder/cinder/api/openstack/wsgi.py:868}}
Nov 24 10:20:47 user devstack@c-api.service[75905]: INFO cinder.volume.api [None req-f70c36f2-2de3-40a0-a129-7e0f81801cb8 tempest-ServerActionsV293TestJSON-834413643 tempest-ServerActionsV293TestJSON-834413643-project-member] Volume info retrieved successfully.
Nov 24 10:20:47 user devstack@c-api.service[75907]: /opt/stack/data/venv/lib/python3.10/site-packages/oslo_context/context.py:100: DeprecationWarning: Policy enforcement is depending on the value of is_admin. This key is deprecated. Please update your policy file to use the standard policy values.
Nov 24 10:20:47 user devstack@c-api.service[75907]: warnings.warn('Policy enforcement is depending on the value of '
Nov 24 10:20:47 user devstack@c-api.service[75907]: INFO cinder.volume.api [None req-c58641bf-83c6-4a16-9228-d0870e8ef4e7 tempest-GroupSnapshotsTest-1823064881 tempest-GroupSnapshotsTest-1823064881-project-member] Volume info retrieved successfully.
Nov 24 10:20:47 user devstack@c-api.service[75907]: WARNING stevedore.named [None req-c58641bf-83c6-4a16-9228-d0870e8ef4e7 tempest-GroupSnapshotsTest-1823064881 tempest-GroupSnapshotsTest-1823064881-project-member] Could not load cinder.keymgr.conf_key_mgr.ConfKeyManager
Nov 24 10:20:47 user devstack@c-api.service[75907]: WARNING castellan.key_manager [None req-c58641bf-83c6-4a16-9228-d0870e8ef4e7 tempest-GroupSnapshotsTest-1823064881 tempest-GroupSnapshotsTest-1823064881-project-member] Deprecation Warning : cinder.keymgr.conf_key_mgr.ConfKeyManager is not a stevedore based driver, trying to load it as a class: stevedore.exception.NoMatches: No 'castellan.drivers' driver found, looking for 'cinder.keymgr.conf_key_mgr.ConfKeyManager'
Nov 24 10:20:47 user devstack@c-api.service[75905]: INFO cinder.api.openstack.wsgi [None req-f70c36f2-2de3-40a0-a129-7e0f81801cb8 tempest-ServerActionsV293TestJSON-834413643 tempest-ServerActionsV293TestJSON-834413643-project-member] http://10.0.0.210/volume/v3/b0d54989ce7c43ed9591752dfca4b618/volumes/c219be38-d43f-46f2-b035-d18e8225d603 returned with HTTP 200
Nov 24 10:20:47 user devstack@c-api.service[75905]: [pid: 75905|app: 0|req: 39/119] 10.0.0.210 () {64 vars in 1443 bytes} [Fri Nov 24 10:20:47 2023] GET /volume/v3/b0d54989ce7c43ed9591752dfca4b618/volumes/c219be38-d43f-46f2-b035-d18e8225d603 => generated 1119 bytes in 60 msecs (HTTP/1.1 200) 7 headers in 287 bytes (1 switches on core 0)
Nov 24 10:20:47 user devstack@c-api.service[75907]: DEBUG oslo_db.sqlalchemy.engines [None req-c58641bf-83c6-4a16-9228-d0870e8ef4e7 tempest-GroupSnapshotsTest-1823064881 tempest-GroupSnapshotsTest-1823064881-project-member] MySQL server mode set to STRICT_TRANS_TABLES,STRICT_ALL_TABLES,NO_ZERO_IN_DATE,NO_ZERO_DATE,ERROR_FOR_DIVISION_BY_ZERO,TRADITIONAL,NO_ENGINE_SUBSTITUTION {{(pid=75907) _check_effective_sql_mode /opt/stack/data/venv/lib/python3.10/site-packages/oslo_db/sqlalchemy/engines.py:342}}
Nov 24 10:20:47 user devstack@c-api.service[75907]: /opt/stack/data/venv/lib/python3.10/site-packages/oslo_context/context.py:100: DeprecationWarning: Policy enforcement is depending on the value of is_admin. This key is deprecated. Please update your policy file to use the standard policy values.
Nov 24 10:20:47 user devstack@c-api.service[75907]: warnings.warn('Policy enforcement is depending on the value of '
Nov 24 10:20:47 user devstack@c-api.service[75907]: INFO cinder.api.openstack.wsgi [None req-c58641bf-83c6-4a16-9228-d0870e8ef4e7 tempest-GroupSnapshotsTest-1823064881 tempest-GroupSnapshotsTest-1823064881-project-member] http://10.0.0.210/volume/v3/3e5bff5e503943fca4adcfab480b55f8/volumes/3b7fd700-55c0-44ec-a725-301d061e87a0 returned with HTTP 200
Nov 24 10:20:47 user devstack@c-api.service[75907]: [pid: 75907|app: 0|req: 44/120] 10.0.0.210 () {64 vars in 1443 bytes} [Fri Nov 24 10:20:47 2023] GET /volume/v3/3e5bff5e503943fca4adcfab480b55f8/volumes/3b7fd700-55c0-44ec-a725-301d061e87a0 => generated 954 bytes in 96 msecs (HTTP/1.1 200) 7 headers in 286 bytes (1 switches on core 0)
Nov 24 10:20:48 user devstack@c-api.service[75906]: DEBUG cinder.api.middleware.request_id [None req-a58208de-ad38-4b15-bc4b-2af4fc4f88c8 None None] RequestId filter calling following filter/app {{(pid=75906) _context_setter /opt/stack/cinder/cinder/api/middleware/request_id.py:62}}
Nov 24 10:20:48 user devstack@c-api.service[75906]: INFO cinder.api.openstack.wsgi [None req-a58208de-ad38-4b15-bc4b-2af4fc4f88c8 tempest-VolumesServicesTestJSON-706800954 tempest-VolumesServicesTestJSON-706800954-project-member] GET http://10.0.0.210/volume/v3/f593d968b9b24af1bc6e78d31c462244/volumes/a895c507-80b9-42c7-8855-461c7bf00f98
Nov 24 10:20:48 user devstack@c-api.service[75906]: DEBUG cinder.api.openstack.wsgi [None req-a58208de-ad38-4b15-bc4b-2af4fc4f88c8 tempest-VolumesServicesTestJSON-706800954 tempest-VolumesServicesTestJSON-706800954-project-member] Empty body provided in request {{(pid=75906) get_body /opt/stack/cinder/cinder/api/openstack/wsgi.py:715}}
Nov 24 10:20:48 user devstack@c-api.service[75906]: DEBUG cinder.api.openstack.wsgi [None req-a58208de-ad38-4b15-bc4b-2af4fc4f88c8 tempest-VolumesServicesTestJSON-706800954 tempest-VolumesServicesTestJSON-706800954-project-member] Calling method 'show' {{(pid=75906) _process_stack /opt/stack/cinder/cinder/api/openstack/wsgi.py:868}}
Nov 24 10:20:48 user devstack@c-api.service[75906]: /opt/stack/data/venv/lib/python3.10/site-packages/oslo_context/context.py:100: DeprecationWarning: Policy enforcement is depending on the value of is_admin. This key is deprecated. Please update your policy file to use the standard policy values.
Nov 24 10:20:48 user devstack@c-api.service[75906]: warnings.warn('Policy enforcement is depending on the value of '
Nov 24 10:20:48 user devstack@c-api.service[75906]: INFO cinder.volume.api [None req-a58208de-ad38-4b15-bc4b-2af4fc4f88c8 tempest-VolumesServicesTestJSON-706800954 tempest-VolumesServicesTestJSON-706800954-project-member] Volume info retrieved successfully.
Nov 24 10:20:48 user devstack@c-api.service[75906]: INFO cinder.api.openstack.wsgi [None req-a58208de-ad38-4b15-bc4b-2af4fc4f88c8 tempest-VolumesServicesTestJSON-706800954 tempest-VolumesServicesTestJSON-706800954-project-member] http://10.0.0.210/volume/v3/f593d968b9b24af1bc6e78d31c462244/volumes/a895c507-80b9-42c7-8855-461c7bf00f98 returned with HTTP 200
Nov 24 10:20:48 user devstack@c-api.service[75906]: [pid: 75906|app: 0|req: 38/121] 10.0.0.210 () {62 vars in 1402 bytes} [Fri Nov 24 10:20:48 2023] GET /volume/v3/f593d968b9b24af1bc6e78d31c462244/volumes/a895c507-80b9-42c7-8855-461c7bf00f98 => generated 912 bytes in 78 msecs (HTTP/1.1 200) 7 headers in 285 bytes (1 switches on core 0)
Nov 24 10:20:48 user devstack@c-api.service[75905]: DEBUG cinder.api.middleware.request_id [None req-b4dcd6fa-1391-47c7-9e06-4641a8f2eddf None None] RequestId filter calling following filter/app {{(pid=75905) _context_setter /opt/stack/cinder/cinder/api/middleware/request_id.py:62}}
Nov 24 10:20:48 user devstack@c-api.service[75907]: DEBUG cinder.api.middleware.request_id [None req-6c2d2a45-91c0-4898-9563-af058627a669 None None] RequestId filter calling following filter/app {{(pid=75907) _context_setter /opt/stack/cinder/cinder/api/middleware/request_id.py:62}}
Nov 24 10:20:48 user devstack@c-api.service[75907]: INFO cinder.api.openstack.wsgi [None req-6c2d2a45-91c0-4898-9563-af058627a669 tempest-VolumeRetypeWithoutMigrationTest-646894847 tempest-VolumeRetypeWithoutMigrationTest-646894847-project-member] GET http://10.0.0.210/volume/v3/b78d7ad1806e4b229ca64d42c276259b/volumes/056e1198-d7ca-4a1a-ac0e-5e494f97abbd
Nov 24 10:20:48 user devstack@c-api.service[75907]: DEBUG cinder.api.openstack.wsgi [None req-6c2d2a45-91c0-4898-9563-af058627a669 tempest-VolumeRetypeWithoutMigrationTest-646894847 tempest-VolumeRetypeWithoutMigrationTest-646894847-project-member] Empty body provided in request {{(pid=75907) get_body /opt/stack/cinder/cinder/api/openstack/wsgi.py:715}}
Nov 24 10:20:48 user devstack@c-api.service[75907]: DEBUG cinder.api.openstack.wsgi [None req-6c2d2a45-91c0-4898-9563-af058627a669 tempest-VolumeRetypeWithoutMigrationTest-646894847 tempest-VolumeRetypeWithoutMigrationTest-646894847-project-member] Calling method 'show' {{(pid=75907) _process_stack /opt/stack/cinder/cinder/api/openstack/wsgi.py:868}}
Nov 24 10:20:48 user devstack@c-api.service[75907]: INFO cinder.api.openstack.wsgi [None req-6c2d2a45-91c0-4898-9563-af058627a669 tempest-VolumeRetypeWithoutMigrationTest-646894847 tempest-VolumeRetypeWithoutMigrationTest-646894847-project-member] http://10.0.0.210/volume/v3/b78d7ad1806e4b229ca64d42c276259b/volumes/056e1198-d7ca-4a1a-ac0e-5e494f97abbd returned with HTTP 404
Nov 24 10:20:48 user devstack@c-api.service[75907]: [pid: 75907|app: 0|req: 45/122] 10.0.0.210 () {62 vars in 1402 bytes} [Fri Nov 24 10:20:48 2023] GET /volume/v3/b78d7ad1806e4b229ca64d42c276259b/volumes/056e1198-d7ca-4a1a-ac0e-5e494f97abbd => generated 109 bytes in 31 msecs (HTTP/1.1 404) 7 headers in 292 bytes (1 switches on core 0)
Nov 24 10:20:48 user devstack@c-api.service[75906]: DEBUG cinder.api.middleware.request_id [None req-eab8fb74-da9a-4e86-9e51-2f4fb3f6cd97 None None] RequestId filter calling following filter/app {{(pid=75906) _context_setter /opt/stack/cinder/cinder/api/middleware/request_id.py:62}}
Nov 24 10:20:48 user devstack@c-api.service[75906]: INFO cinder.api.openstack.wsgi [None req-eab8fb74-da9a-4e86-9e51-2f4fb3f6cd97 tempest-VolumeRetypeWithoutMigrationTest-387686455 tempest-VolumeRetypeWithoutMigrationTest-387686455-project-admin] DELETE http://10.0.0.210/volume/v3/844dfeeaa56a4cf08d5c9ebe0fa91a5d/types/e49484c1-2706-4125-8085-139f6687a436
Nov 24 10:20:48 user devstack@c-api.service[75906]: DEBUG cinder.api.openstack.wsgi [None req-eab8fb74-da9a-4e86-9e51-2f4fb3f6cd97 tempest-VolumeRetypeWithoutMigrationTest-387686455 tempest-VolumeRetypeWithoutMigrationTest-387686455-project-admin] Empty body provided in request {{(pid=75906) get_body /opt/stack/cinder/cinder/api/openstack/wsgi.py:715}}
Nov 24 10:20:48 user devstack@c-api.service[75906]: DEBUG cinder.api.openstack.wsgi [None req-eab8fb74-da9a-4e86-9e51-2f4fb3f6cd97 tempest-VolumeRetypeWithoutMigrationTest-387686455 tempest-VolumeRetypeWithoutMigrationTest-387686455-project-admin] Calling method '_delete' {{(pid=75906) _process_stack /opt/stack/cinder/cinder/api/openstack/wsgi.py:868}}
Nov 24 10:20:48 user devstack@c-api.service[75905]: INFO cinder.api.openstack.wsgi [None req-b4dcd6fa-1391-47c7-9e06-4641a8f2eddf tempest-TestVolumeSwap-810790799 tempest-TestVolumeSwap-810790799-project-member] POST http://10.0.0.210/volume/v3/e1d9ba5f495d45e183eb356e1d5313f6/volumes
Nov 24 10:20:48 user devstack@c-api.service[75905]: DEBUG cinder.api.openstack.wsgi [None req-b4dcd6fa-1391-47c7-9e06-4641a8f2eddf tempest-TestVolumeSwap-810790799 tempest-TestVolumeSwap-810790799-project-member] Action: 'create', calling method: create, body: {"volume": {"size": 1, "display_name": "tempest-TestVolumeSwap-volume-305943071"}} {{(pid=75905) _process_stack /opt/stack/cinder/cinder/api/openstack/wsgi.py:866}}
Nov 24 10:20:48 user devstack@c-api.service[75905]: DEBUG cinder.api.v3.volumes [None req-b4dcd6fa-1391-47c7-9e06-4641a8f2eddf tempest-TestVolumeSwap-810790799 tempest-TestVolumeSwap-810790799-project-member] Create volume request body: {'volume': {'size': 1, 'display_name': 'tempest-TestVolumeSwap-volume-305943071'}} {{(pid=75905) create /opt/stack/cinder/cinder/api/v3/volumes.py:297}}
Nov 24 10:20:48 user devstack@c-api.service[75905]: INFO cinder.api.v3.volumes [None req-b4dcd6fa-1391-47c7-9e06-4641a8f2eddf tempest-TestVolumeSwap-810790799 tempest-TestVolumeSwap-810790799-project-member] Create volume of 1 GB
Nov 24 10:20:48 user devstack@c-api.service[75905]: INFO cinder.volume.api [None req-b4dcd6fa-1391-47c7-9e06-4641a8f2eddf tempest-TestVolumeSwap-810790799 tempest-TestVolumeSwap-810790799-project-member] Availability Zones retrieved successfully.
Nov 24 10:20:48 user devstack@c-api.service[75906]: INFO cinder.api.openstack.wsgi [None req-eab8fb74-da9a-4e86-9e51-2f4fb3f6cd97 tempest-VolumeRetypeWithoutMigrationTest-387686455 tempest-VolumeRetypeWithoutMigrationTest-387686455-project-admin] http://10.0.0.210/volume/v3/844dfeeaa56a4cf08d5c9ebe0fa91a5d/types/e49484c1-2706-4125-8085-139f6687a436 returned with HTTP 202
Nov 24 10:20:48 user devstack@c-api.service[75906]: [pid: 75906|app: 0|req: 39/123] 10.0.0.210 () {62 vars in 1399 bytes} [Fri Nov 24 10:20:48 2023] DELETE /volume/v3/844dfeeaa56a4cf08d5c9ebe0fa91a5d/types/e49484c1-2706-4125-8085-139f6687a436 => generated 0 bytes in 78 msecs (HTTP/1.1 202) 6 headers in 233 bytes (1 switches on core 0)
Nov 24 10:20:48 user devstack@c-api.service[75907]: DEBUG cinder.api.middleware.request_id [None req-ee998f0c-4f0a-4302-8246-8ca5aca30b6b None None] RequestId filter calling following filter/app {{(pid=75907) _context_setter /opt/stack/cinder/cinder/api/middleware/request_id.py:62}}
Nov 24 10:20:48 user devstack@c-api.service[75907]: INFO cinder.api.openstack.wsgi [None req-ee998f0c-4f0a-4302-8246-8ca5aca30b6b tempest-VolumeRetypeWithoutMigrationTest-387686455 tempest-VolumeRetypeWithoutMigrationTest-387686455-project-admin] GET http://10.0.0.210/volume/v3/844dfeeaa56a4cf08d5c9ebe0fa91a5d/types/e49484c1-2706-4125-8085-139f6687a436
Nov 24 10:20:48 user devstack@c-api.service[75907]: DEBUG cinder.api.openstack.wsgi [None req-ee998f0c-4f0a-4302-8246-8ca5aca30b6b tempest-VolumeRetypeWithoutMigrationTest-387686455 tempest-VolumeRetypeWithoutMigrationTest-387686455-project-admin] Empty body provided in request {{(pid=75907) get_body /opt/stack/cinder/cinder/api/openstack/wsgi.py:715}}
Nov 24 10:20:48 user devstack@c-api.service[75906]: DEBUG cinder.api.middleware.request_id [None req-da59154f-d02e-4aff-a651-5c2db55e7860 None None] RequestId filter calling following filter/app {{(pid=75906) _context_setter /opt/stack/cinder/cinder/api/middleware/request_id.py:62}}
Nov 24 10:20:48 user devstack@c-api.service[75907]: DEBUG cinder.api.openstack.wsgi [None req-ee998f0c-4f0a-4302-8246-8ca5aca30b6b tempest-VolumeRetypeWithoutMigrationTest-387686455 tempest-VolumeRetypeWithoutMigrationTest-387686455-project-admin] Calling method 'show' {{(pid=75907) _process_stack /opt/stack/cinder/cinder/api/openstack/wsgi.py:868}}
Nov 24 10:20:48 user devstack@c-api.service[75905]: DEBUG cinder.volume.api [None req-b4dcd6fa-1391-47c7-9e06-4641a8f2eddf tempest-TestVolumeSwap-810790799 tempest-TestVolumeSwap-810790799-project-member] Flow 'volume_create_api' (97eee9a4-885f-43ec-87ac-2d53965e2fda) transitioned into state 'RUNNING' from state 'PENDING' {{(pid=75905) _flow_receiver /opt/stack/data/venv/lib/python3.10/site-packages/taskflow/listeners/logging.py:141}}
Nov 24 10:20:48 user devstack@c-api.service[75905]: DEBUG cinder.volume.api [None req-b4dcd6fa-1391-47c7-9e06-4641a8f2eddf tempest-TestVolumeSwap-810790799 tempest-TestVolumeSwap-810790799-project-member] Task 'cinder.volume.flows.api.create_volume.ExtractVolumeRequestTask;volume:create' (2da8660a-76a6-4e5a-85eb-a3d7f95877bc) transitioned into state 'RUNNING' from state 'PENDING' {{(pid=75905) _task_receiver /opt/stack/data/venv/lib/python3.10/site-packages/taskflow/listeners/logging.py:190}}
Nov 24 10:20:48 user devstack@c-api.service[75906]: INFO cinder.api.openstack.wsgi [None req-da59154f-d02e-4aff-a651-5c2db55e7860 tempest-ServerActionsV293TestJSON-834413643 tempest-ServerActionsV293TestJSON-834413643-project-member] GET http://10.0.0.210/volume/v3/b0d54989ce7c43ed9591752dfca4b618/volumes/c219be38-d43f-46f2-b035-d18e8225d603
Nov 24 10:20:48 user devstack@c-api.service[75906]: DEBUG cinder.api.openstack.wsgi [None req-da59154f-d02e-4aff-a651-5c2db55e7860 tempest-ServerActionsV293TestJSON-834413643 tempest-ServerActionsV293TestJSON-834413643-project-member] Empty body provided in request {{(pid=75906) get_body /opt/stack/cinder/cinder/api/openstack/wsgi.py:715}}
Nov 24 10:20:48 user devstack@c-api.service[75907]: INFO cinder.api.openstack.wsgi [None req-ee998f0c-4f0a-4302-8246-8ca5aca30b6b tempest-VolumeRetypeWithoutMigrationTest-387686455 tempest-VolumeRetypeWithoutMigrationTest-387686455-project-admin] http://10.0.0.210/volume/v3/844dfeeaa56a4cf08d5c9ebe0fa91a5d/types/e49484c1-2706-4125-8085-139f6687a436 returned with HTTP 404
Nov 24 10:20:48 user devstack@c-api.service[75905]: DEBUG cinder.volume.flows.api.create_volume [None req-b4dcd6fa-1391-47c7-9e06-4641a8f2eddf tempest-TestVolumeSwap-810790799 tempest-TestVolumeSwap-810790799-project-member] Validating volume size '1' using validate_int {{(pid=75905) _extract_size /opt/stack/cinder/cinder/volume/flows/api/create_volume.py:228}}
Nov 24 10:20:48 user devstack@c-api.service[75906]: DEBUG cinder.api.openstack.wsgi [None req-da59154f-d02e-4aff-a651-5c2db55e7860 tempest-ServerActionsV293TestJSON-834413643 tempest-ServerActionsV293TestJSON-834413643-project-member] Calling method 'show' {{(pid=75906) _process_stack /opt/stack/cinder/cinder/api/openstack/wsgi.py:868}}
Nov 24 10:20:48 user devstack@c-api.service[75907]: [pid: 75907|app: 0|req: 46/124] 10.0.0.210 () {62 vars in 1396 bytes} [Fri Nov 24 10:20:48 2023] GET /volume/v3/844dfeeaa56a4cf08d5c9ebe0fa91a5d/types/e49484c1-2706-4125-8085-139f6687a436 => generated 114 bytes in 17 msecs (HTTP/1.1 404) 7 headers in 292 bytes (1 switches on core 0)
Nov 24 10:20:48 user devstack@c-api.service[75907]: DEBUG cinder.api.middleware.request_id [None req-f128a73f-eb91-4163-8b77-eb3c2f22596e None None] RequestId filter calling following filter/app {{(pid=75907) _context_setter /opt/stack/cinder/cinder/api/middleware/request_id.py:62}}
Nov 24 10:20:48 user devstack@c-api.service[75907]: INFO cinder.api.openstack.wsgi [None req-f128a73f-eb91-4163-8b77-eb3c2f22596e tempest-VolumeRetypeWithoutMigrationTest-387686455 tempest-VolumeRetypeWithoutMigrationTest-387686455-project-admin] DELETE http://10.0.0.210/volume/v3/844dfeeaa56a4cf08d5c9ebe0fa91a5d/types/91902ca2-a42c-452f-a30d-cac226d2184f
Nov 24 10:20:48 user devstack@c-api.service[75907]: DEBUG cinder.api.openstack.wsgi [None req-f128a73f-eb91-4163-8b77-eb3c2f22596e tempest-VolumeRetypeWithoutMigrationTest-387686455 tempest-VolumeRetypeWithoutMigrationTest-387686455-project-admin] Empty body provided in request {{(pid=75907) get_body /opt/stack/cinder/cinder/api/openstack/wsgi.py:715}}
Nov 24 10:20:48 user devstack@c-api.service[75907]: DEBUG cinder.api.openstack.wsgi [None req-f128a73f-eb91-4163-8b77-eb3c2f22596e tempest-VolumeRetypeWithoutMigrationTest-387686455 tempest-VolumeRetypeWithoutMigrationTest-387686455-project-admin] Calling method '_delete' {{(pid=75907) _process_stack /opt/stack/cinder/cinder/api/openstack/wsgi.py:868}}
Nov 24 10:20:48 user devstack@c-api.service[75906]: /opt/stack/data/venv/lib/python3.10/site-packages/oslo_context/context.py:100: DeprecationWarning: Policy enforcement is depending on the value of is_admin. This key is deprecated. Please update your policy file to use the standard policy values.
Nov 24 10:20:48 user devstack@c-api.service[75906]: warnings.warn('Policy enforcement is depending on the value of '
Nov 24 10:20:48 user devstack@c-api.service[75906]: INFO cinder.volume.api [None req-da59154f-d02e-4aff-a651-5c2db55e7860 tempest-ServerActionsV293TestJSON-834413643 tempest-ServerActionsV293TestJSON-834413643-project-member] Volume info retrieved successfully.
Nov 24 10:20:48 user devstack@c-api.service[75906]: INFO cinder.api.openstack.wsgi [None req-da59154f-d02e-4aff-a651-5c2db55e7860 tempest-ServerActionsV293TestJSON-834413643 tempest-ServerActionsV293TestJSON-834413643-project-member] http://10.0.0.210/volume/v3/b0d54989ce7c43ed9591752dfca4b618/volumes/c219be38-d43f-46f2-b035-d18e8225d603 returned with HTTP 200
Nov 24 10:20:48 user devstack@c-api.service[75906]: [pid: 75906|app: 0|req: 40/125] 10.0.0.210 () {64 vars in 1443 bytes} [Fri Nov 24 10:20:48 2023] GET /volume/v3/b0d54989ce7c43ed9591752dfca4b618/volumes/c219be38-d43f-46f2-b035-d18e8225d603 => generated 1119 bytes in 47 msecs (HTTP/1.1 200) 7 headers in 287 bytes (2 switches on core 0)
Nov 24 10:20:48 user devstack@c-api.service[75905]: DEBUG cinder.volume.api [None req-b4dcd6fa-1391-47c7-9e06-4641a8f2eddf tempest-TestVolumeSwap-810790799 tempest-TestVolumeSwap-810790799-project-member] Task 'cinder.volume.flows.api.create_volume.ExtractVolumeRequestTask;volume:create' (2da8660a-76a6-4e5a-85eb-a3d7f95877bc) transitioned into state 'SUCCESS' from state 'RUNNING' with result '{'size': 1, 'snapshot_id': None, 'source_volid': None, 'volume_type': VolumeType(created_at=2023-11-24T10:16:44Z,deleted=False,deleted_at=None,description=None,extra_specs={volume_backend_name='joviandss-2'},id=66e7d6bf-7df0-4860-9f31-0b86d5a052fa,is_public=True,name='joviandss-2',projects=[],qos_specs=,qos_specs_id=None,updated_at=None), 'volume_type_id': '66e7d6bf-7df0-4860-9f31-0b86d5a052fa', 'encryption_key_id': None, 'qos_specs': None, 'consistencygroup_id': None, 'cgsnapshot_id': None, 'group_id': None, 'replication_status': 'disabled', 'refresh_az': False, 'backup_id': None, 'multiattach': False, 'availability_zones': ['nova']}' {{(pid=75905) _task_receiver /opt/stack/data/venv/lib/python3.10/site-packages/taskflow/listeners/logging.py:178}}
Nov 24 10:20:48 user devstack@c-api.service[75905]: DEBUG cinder.volume.api [None req-b4dcd6fa-1391-47c7-9e06-4641a8f2eddf tempest-TestVolumeSwap-810790799 tempest-TestVolumeSwap-810790799-project-member] Task 'cinder.volume.flows.api.create_volume.QuotaReserveTask;volume:create' (dbeea44d-a931-40b0-a109-42e6c1e9797a) transitioned into state 'RUNNING' from state 'PENDING' {{(pid=75905) _task_receiver /opt/stack/data/venv/lib/python3.10/site-packages/taskflow/listeners/logging.py:190}}
Nov 24 10:20:48 user devstack@c-api.service[75906]: DEBUG cinder.api.middleware.request_id [None req-67b08f9e-735d-46ce-8264-8cb97df97619 None None] RequestId filter calling following filter/app {{(pid=75906) _context_setter /opt/stack/cinder/cinder/api/middleware/request_id.py:62}}
Nov 24 10:20:48 user devstack@c-api.service[75906]: INFO cinder.api.openstack.wsgi [None req-67b08f9e-735d-46ce-8264-8cb97df97619 tempest-GroupSnapshotsTest-1823064881 tempest-GroupSnapshotsTest-1823064881-project-member] GET http://10.0.0.210/volume/v3/3e5bff5e503943fca4adcfab480b55f8/volumes/3b7fd700-55c0-44ec-a725-301d061e87a0
Nov 24 10:20:48 user devstack@c-api.service[75906]: DEBUG cinder.api.openstack.wsgi [None req-67b08f9e-735d-46ce-8264-8cb97df97619 tempest-GroupSnapshotsTest-1823064881 tempest-GroupSnapshotsTest-1823064881-project-member] Empty body provided in request {{(pid=75906) get_body /opt/stack/cinder/cinder/api/openstack/wsgi.py:715}}
Nov 24 10:20:48 user devstack@c-api.service[75906]: DEBUG cinder.api.openstack.wsgi [None req-67b08f9e-735d-46ce-8264-8cb97df97619 tempest-GroupSnapshotsTest-1823064881 tempest-GroupSnapshotsTest-1823064881-project-member] Calling method 'show' {{(pid=75906) _process_stack /opt/stack/cinder/cinder/api/openstack/wsgi.py:868}}
Nov 24 10:20:49 user devstack@c-api.service[75906]: /opt/stack/data/venv/lib/python3.10/site-packages/oslo_context/context.py:100: DeprecationWarning: Policy enforcement is depending on the value of is_admin. This key is deprecated. Please update your policy file to use the standard policy values.
Nov 24 10:20:49 user devstack@c-api.service[75906]: warnings.warn('Policy enforcement is depending on the value of '
Nov 24 10:20:49 user devstack@c-api.service[75906]: INFO cinder.volume.api [None req-67b08f9e-735d-46ce-8264-8cb97df97619 tempest-GroupSnapshotsTest-1823064881 tempest-GroupSnapshotsTest-1823064881-project-member] Volume info retrieved successfully.
Nov 24 10:20:49 user devstack@c-api.service[75906]: WARNING stevedore.named [None req-67b08f9e-735d-46ce-8264-8cb97df97619 tempest-GroupSnapshotsTest-1823064881 tempest-GroupSnapshotsTest-1823064881-project-member] Could not load cinder.keymgr.conf_key_mgr.ConfKeyManager
Nov 24 10:20:49 user devstack@c-api.service[75906]: WARNING castellan.key_manager [None req-67b08f9e-735d-46ce-8264-8cb97df97619 tempest-GroupSnapshotsTest-1823064881 tempest-GroupSnapshotsTest-1823064881-project-member] Deprecation Warning : cinder.keymgr.conf_key_mgr.ConfKeyManager is not a stevedore based driver, trying to load it as a class: stevedore.exception.NoMatches: No 'castellan.drivers' driver found, looking for 'cinder.keymgr.conf_key_mgr.ConfKeyManager'
Nov 24 10:20:49 user devstack@c-api.service[75906]: DEBUG oslo_db.sqlalchemy.engines [None req-67b08f9e-735d-46ce-8264-8cb97df97619 tempest-GroupSnapshotsTest-1823064881 tempest-GroupSnapshotsTest-1823064881-project-member] MySQL server mode set to STRICT_TRANS_TABLES,STRICT_ALL_TABLES,NO_ZERO_IN_DATE,NO_ZERO_DATE,ERROR_FOR_DIVISION_BY_ZERO,TRADITIONAL,NO_ENGINE_SUBSTITUTION {{(pid=75906) _check_effective_sql_mode /opt/stack/data/venv/lib/python3.10/site-packages/oslo_db/sqlalchemy/engines.py:342}}
Nov 24 10:20:49 user devstack@c-api.service[75906]: /opt/stack/data/venv/lib/python3.10/site-packages/oslo_context/context.py:100: DeprecationWarning: Policy enforcement is depending on the value of is_admin. This key is deprecated. Please update your policy file to use the standard policy values.
Nov 24 10:20:49 user devstack@c-api.service[75906]: warnings.warn('Policy enforcement is depending on the value of '
Nov 24 10:20:49 user devstack@c-api.service[75906]: INFO cinder.api.openstack.wsgi [None req-67b08f9e-735d-46ce-8264-8cb97df97619 tempest-GroupSnapshotsTest-1823064881 tempest-GroupSnapshotsTest-1823064881-project-member] http://10.0.0.210/volume/v3/3e5bff5e503943fca4adcfab480b55f8/volumes/3b7fd700-55c0-44ec-a725-301d061e87a0 returned with HTTP 200
Nov 24 10:20:49 user devstack@c-api.service[75906]: [pid: 75906|app: 0|req: 41/126] 10.0.0.210 () {64 vars in 1443 bytes} [Fri Nov 24 10:20:48 2023] GET /volume/v3/3e5bff5e503943fca4adcfab480b55f8/volumes/3b7fd700-55c0-44ec-a725-301d061e87a0 => generated 978 bytes in 68 msecs (HTTP/1.1 200) 7 headers in 286 bytes (1 switches on core 0)
Nov 24 10:20:49 user devstack@c-api.service[75907]: INFO cinder.api.openstack.wsgi [None req-f128a73f-eb91-4163-8b77-eb3c2f22596e tempest-VolumeRetypeWithoutMigrationTest-387686455 tempest-VolumeRetypeWithoutMigrationTest-387686455-project-admin] http://10.0.0.210/volume/v3/844dfeeaa56a4cf08d5c9ebe0fa91a5d/types/91902ca2-a42c-452f-a30d-cac226d2184f returned with HTTP 202
Nov 24 10:20:49 user devstack@c-api.service[75907]: [pid: 75907|app: 0|req: 47/127] 10.0.0.210 () {62 vars in 1399 bytes} [Fri Nov 24 10:20:48 2023] DELETE /volume/v3/844dfeeaa56a4cf08d5c9ebe0fa91a5d/types/91902ca2-a42c-452f-a30d-cac226d2184f => generated 0 bytes in 121 msecs (HTTP/1.1 202) 6 headers in 233 bytes (1 switches on core 0)
Nov 24 10:20:49 user devstack@c-api.service[75905]: DEBUG cinder.quota [None req-b4dcd6fa-1391-47c7-9e06-4641a8f2eddf tempest-TestVolumeSwap-810790799 tempest-TestVolumeSwap-810790799-project-member] Created reservations ['e0e619f4-56b8-4bc7-8e61-084de8310986', '30dd26e1-3bfc-4e07-9791-83f307da4a26', '9def15ec-ffaa-46e9-bd7d-0c2154daab77', '379df74e-8525-418d-ade0-b2a0c43a8d2c'] {{(pid=75905) reserve /opt/stack/cinder/cinder/quota.py:755}}
Nov 24 10:20:49 user devstack@c-api.service[75905]: DEBUG cinder.volume.api [None req-b4dcd6fa-1391-47c7-9e06-4641a8f2eddf tempest-TestVolumeSwap-810790799 tempest-TestVolumeSwap-810790799-project-member] Task 'cinder.volume.flows.api.create_volume.QuotaReserveTask;volume:create' (dbeea44d-a931-40b0-a109-42e6c1e9797a) transitioned into state 'SUCCESS' from state 'RUNNING' with result '{'reservations': ['e0e619f4-56b8-4bc7-8e61-084de8310986', '30dd26e1-3bfc-4e07-9791-83f307da4a26', '9def15ec-ffaa-46e9-bd7d-0c2154daab77', '379df74e-8525-418d-ade0-b2a0c43a8d2c']}' {{(pid=75905) _task_receiver /opt/stack/data/venv/lib/python3.10/site-packages/taskflow/listeners/logging.py:178}}
Nov 24 10:20:49 user devstack@c-api.service[75905]: DEBUG cinder.volume.api [None req-b4dcd6fa-1391-47c7-9e06-4641a8f2eddf tempest-TestVolumeSwap-810790799 tempest-TestVolumeSwap-810790799-project-member] Task 'cinder.volume.flows.api.create_volume.EntryCreateTask;volume:create' (13f55af8-ff6a-4885-bfad-2ef4df9006d2) transitioned into state 'RUNNING' from state 'PENDING' {{(pid=75905) _task_receiver /opt/stack/data/venv/lib/python3.10/site-packages/taskflow/listeners/logging.py:190}}
Nov 24 10:20:49 user devstack@c-api.service[75906]: DEBUG cinder.api.middleware.request_id [None req-3fe55c16-9e78-4511-ba69-15f73222fb59 None None] RequestId filter calling following filter/app {{(pid=75906) _context_setter /opt/stack/cinder/cinder/api/middleware/request_id.py:62}}
Nov 24 10:20:49 user devstack@c-api.service[75906]: INFO cinder.api.openstack.wsgi [None req-3fe55c16-9e78-4511-ba69-15f73222fb59 tempest-VolumeRetypeWithoutMigrationTest-387686455 tempest-VolumeRetypeWithoutMigrationTest-387686455-project-admin] GET http://10.0.0.210/volume/v3/844dfeeaa56a4cf08d5c9ebe0fa91a5d/types/91902ca2-a42c-452f-a30d-cac226d2184f
Nov 24 10:20:49 user devstack@c-api.service[75906]: DEBUG cinder.api.openstack.wsgi [None req-3fe55c16-9e78-4511-ba69-15f73222fb59 tempest-VolumeRetypeWithoutMigrationTest-387686455 tempest-VolumeRetypeWithoutMigrationTest-387686455-project-admin] Empty body provided in request {{(pid=75906) get_body /opt/stack/cinder/cinder/api/openstack/wsgi.py:715}}
Nov 24 10:20:49 user devstack@c-api.service[75906]: DEBUG cinder.api.openstack.wsgi [None req-3fe55c16-9e78-4511-ba69-15f73222fb59 tempest-VolumeRetypeWithoutMigrationTest-387686455 tempest-VolumeRetypeWithoutMigrationTest-387686455-project-admin] Calling method 'show' {{(pid=75906) _process_stack /opt/stack/cinder/cinder/api/openstack/wsgi.py:868}}
Nov 24 10:20:49 user devstack@c-api.service[75906]: INFO cinder.api.openstack.wsgi [None req-3fe55c16-9e78-4511-ba69-15f73222fb59 tempest-VolumeRetypeWithoutMigrationTest-387686455 tempest-VolumeRetypeWithoutMigrationTest-387686455-project-admin] http://10.0.0.210/volume/v3/844dfeeaa56a4cf08d5c9ebe0fa91a5d/types/91902ca2-a42c-452f-a30d-cac226d2184f returned with HTTP 404
Nov 24 10:20:49 user devstack@c-api.service[75906]: [pid: 75906|app: 0|req: 42/128] 10.0.0.210 () {62 vars in 1396 bytes} [Fri Nov 24 10:20:49 2023] GET /volume/v3/844dfeeaa56a4cf08d5c9ebe0fa91a5d/types/91902ca2-a42c-452f-a30d-cac226d2184f => generated 114 bytes in 15 msecs (HTTP/1.1 404) 7 headers in 292 bytes (1 switches on core 0)
Nov 24 10:20:49 user devstack@c-api.service[75905]: DEBUG cinder.volume.api [None req-b4dcd6fa-1391-47c7-9e06-4641a8f2eddf tempest-TestVolumeSwap-810790799 tempest-TestVolumeSwap-810790799-project-member] Task 'cinder.volume.flows.api.create_volume.EntryCreateTask;volume:create' (13f55af8-ff6a-4885-bfad-2ef4df9006d2) transitioned into state 'SUCCESS' from state 'RUNNING' with result '{'volume_id': '2064dc83-8441-4f54-bc65-3d63b47f23f1', 'volume_properties': VolumeProperties(attach_status='detached',availability_zone='nova',cgsnapshot_id=None,consistencygroup_id=None,display_description=None,display_name='tempest-TestVolumeSwap-volume-305943071',encryption_key_id=None,group_id=None,group_type_id=,metadata={},multiattach=False,project_id='e1d9ba5f495d45e183eb356e1d5313f6',qos_specs=None,replication_status=,reservations=['e0e619f4-56b8-4bc7-8e61-084de8310986','30dd26e1-3bfc-4e07-9791-83f307da4a26','9def15ec-ffaa-46e9-bd7d-0c2154daab77','379df74e-8525-418d-ade0-b2a0c43a8d2c'],size=1,snapshot_id=None,source_replicaid=,source_volid=None,status='creating',user_id='ad3d4968c7254d35b546543de4205ae9',volume_type_id=66e7d6bf-7df0-4860-9f31-0b86d5a052fa), 'volume': Volume(_name_id=None,admin_metadata=,attach_status='detached',availability_zone='nova',bootable=False,cluster=,cluster_name=None,consistencygroup=,consistencygroup_id=None,created_at=2023-11-24T10:20:49Z,deleted=False,deleted_at=None,display_description=None,display_name='tempest-TestVolumeSwap-volume-305943071',ec2_id=None,encryption_key_id=None,glance_metadata=,group=,group_id=None,host=None,id=2064dc83-8441-4f54-bc65-3d63b47f23f1,launched_at=None,metadata={},migration_status=None,multiattach=False,previous_status=None,project_id='e1d9ba5f495d45e183eb356e1d5313f6',provider_auth=None,provider_geometry=None,provider_id=None,provider_location=None,replication_driver_data=None,replication_extended_status=None,replication_status=None,scheduled_at=None,service_uuid=None,shared_targets=True,size=1,snapshot_id=None,snapshots=,source_volid=None,status='creating',terminated_at=None,updated_at=None,use_quota=True,user_id='ad3d4968c7254d35b546543de4205ae9',volume_attachment=VolumeAttachmentList,volume_type=VolumeType(66e7d6bf-7df0-4860-9f31-0b86d5a052fa),volume_type_id=66e7d6bf-7df0-4860-9f31-0b86d5a052fa)}' {{(pid=75905) _task_receiver /opt/stack/data/venv/lib/python3.10/site-packages/taskflow/listeners/logging.py:178}}
Nov 24 10:20:49 user devstack@c-api.service[75905]: DEBUG cinder.volume.api [None req-b4dcd6fa-1391-47c7-9e06-4641a8f2eddf tempest-TestVolumeSwap-810790799 tempest-TestVolumeSwap-810790799-project-member] Task 'cinder.volume.flows.api.create_volume.QuotaCommitTask;volume:create' (4ad3dccb-dd37-4bad-ab48-a8fe224f586e) transitioned into state 'RUNNING' from state 'PENDING' {{(pid=75905) _task_receiver /opt/stack/data/venv/lib/python3.10/site-packages/taskflow/listeners/logging.py:190}}
Nov 24 10:20:49 user devstack@c-api.service[75905]: DEBUG cinder.volume.api [None req-b4dcd6fa-1391-47c7-9e06-4641a8f2eddf tempest-TestVolumeSwap-810790799 tempest-TestVolumeSwap-810790799-project-member] Task 'cinder.volume.flows.api.create_volume.QuotaCommitTask;volume:create' (4ad3dccb-dd37-4bad-ab48-a8fe224f586e) transitioned into state 'SUCCESS' from state 'RUNNING' with result '{'volume_properties': VolumeProperties(attach_status='detached',availability_zone='nova',cgsnapshot_id=None,consistencygroup_id=None,display_description=None,display_name='tempest-TestVolumeSwap-volume-305943071',encryption_key_id=None,group_id=None,group_type_id=,metadata={},multiattach=False,project_id='e1d9ba5f495d45e183eb356e1d5313f6',qos_specs=None,replication_status=,reservations=['e0e619f4-56b8-4bc7-8e61-084de8310986','30dd26e1-3bfc-4e07-9791-83f307da4a26','9def15ec-ffaa-46e9-bd7d-0c2154daab77','379df74e-8525-418d-ade0-b2a0c43a8d2c'],size=1,snapshot_id=None,source_replicaid=,source_volid=None,status='creating',user_id='ad3d4968c7254d35b546543de4205ae9',volume_type_id=66e7d6bf-7df0-4860-9f31-0b86d5a052fa)}' {{(pid=75905) _task_receiver /opt/stack/data/venv/lib/python3.10/site-packages/taskflow/listeners/logging.py:178}}
Nov 24 10:20:49 user devstack@c-api.service[75905]: DEBUG cinder.volume.api [None req-b4dcd6fa-1391-47c7-9e06-4641a8f2eddf tempest-TestVolumeSwap-810790799 tempest-TestVolumeSwap-810790799-project-member] Task 'cinder.volume.flows.api.create_volume.VolumeCastTask;volume:create' (81b28288-ad59-48c0-9cc8-c29df97bfdca) transitioned into state 'RUNNING' from state 'PENDING' {{(pid=75905) _task_receiver /opt/stack/data/venv/lib/python3.10/site-packages/taskflow/listeners/logging.py:190}}
Nov 24 10:20:49 user devstack@c-api.service[75905]: DEBUG cinder.volume.api [None req-b4dcd6fa-1391-47c7-9e06-4641a8f2eddf tempest-TestVolumeSwap-810790799 tempest-TestVolumeSwap-810790799-project-member] Task 'cinder.volume.flows.api.create_volume.VolumeCastTask;volume:create' (81b28288-ad59-48c0-9cc8-c29df97bfdca) transitioned into state 'SUCCESS' from state 'RUNNING' with result 'None' {{(pid=75905) _task_receiver /opt/stack/data/venv/lib/python3.10/site-packages/taskflow/listeners/logging.py:178}}
Nov 24 10:20:49 user devstack@c-api.service[75905]: DEBUG cinder.volume.api [None req-b4dcd6fa-1391-47c7-9e06-4641a8f2eddf tempest-TestVolumeSwap-810790799 tempest-TestVolumeSwap-810790799-project-member] Flow 'volume_create_api' (97eee9a4-885f-43ec-87ac-2d53965e2fda) transitioned into state 'SUCCESS' from state 'RUNNING' {{(pid=75905) _flow_receiver /opt/stack/data/venv/lib/python3.10/site-packages/taskflow/listeners/logging.py:141}}
Nov 24 10:20:49 user devstack@c-api.service[75905]: INFO cinder.volume.api [None req-b4dcd6fa-1391-47c7-9e06-4641a8f2eddf tempest-TestVolumeSwap-810790799 tempest-TestVolumeSwap-810790799-project-member] Create volume request issued successfully.
Nov 24 10:20:49 user devstack@c-api.service[75905]: INFO cinder.api.openstack.wsgi [None req-b4dcd6fa-1391-47c7-9e06-4641a8f2eddf tempest-TestVolumeSwap-810790799 tempest-TestVolumeSwap-810790799-project-member] http://10.0.0.210/volume/v3/e1d9ba5f495d45e183eb356e1d5313f6/volumes returned with HTTP 202
Nov 24 10:20:49 user devstack@c-api.service[75905]: [pid: 75905|app: 0|req: 40/129] 10.0.0.210 () {64 vars in 1312 bytes} [Fri Nov 24 10:20:48 2023] POST /volume/v3/e1d9ba5f495d45e183eb356e1d5313f6/volumes => generated 811 bytes in 406 msecs (HTTP/1.1 202) 7 headers in 291 bytes (1 switches on core 0)
Nov 24 10:20:49 user devstack@c-api.service[75907]: DEBUG cinder.api.middleware.request_id [None req-0c50e472-3c4a-48e0-9a86-10042b983dfe None None] RequestId filter calling following filter/app {{(pid=75907) _context_setter /opt/stack/cinder/cinder/api/middleware/request_id.py:62}}
Nov 24 10:20:49 user devstack@c-api.service[75907]: INFO cinder.api.openstack.wsgi [None req-0c50e472-3c4a-48e0-9a86-10042b983dfe tempest-TestVolumeSwap-810790799 tempest-TestVolumeSwap-810790799-project-member] GET http://10.0.0.210/volume/v3/e1d9ba5f495d45e183eb356e1d5313f6/volumes/2064dc83-8441-4f54-bc65-3d63b47f23f1
Nov 24 10:20:49 user devstack@c-api.service[75907]: DEBUG cinder.api.openstack.wsgi [None req-0c50e472-3c4a-48e0-9a86-10042b983dfe tempest-TestVolumeSwap-810790799 tempest-TestVolumeSwap-810790799-project-member] Empty body provided in request {{(pid=75907) get_body /opt/stack/cinder/cinder/api/openstack/wsgi.py:715}}
Nov 24 10:20:49 user devstack@c-api.service[75907]: DEBUG cinder.api.openstack.wsgi [None req-0c50e472-3c4a-48e0-9a86-10042b983dfe tempest-TestVolumeSwap-810790799 tempest-TestVolumeSwap-810790799-project-member] Calling method 'show' {{(pid=75907) _process_stack /opt/stack/cinder/cinder/api/openstack/wsgi.py:868}}
Nov 24 10:20:49 user devstack@c-api.service[75907]: /opt/stack/data/venv/lib/python3.10/site-packages/oslo_context/context.py:100: DeprecationWarning: Policy enforcement is depending on the value of is_admin. This key is deprecated. Please update your policy file to use the standard policy values.
Nov 24 10:20:49 user devstack@c-api.service[75907]: warnings.warn('Policy enforcement is depending on the value of '
Nov 24 10:20:49 user devstack@c-api.service[75907]: INFO cinder.volume.api [None req-0c50e472-3c4a-48e0-9a86-10042b983dfe tempest-TestVolumeSwap-810790799 tempest-TestVolumeSwap-810790799-project-member] Volume info retrieved successfully.
Nov 24 10:20:49 user devstack@c-api.service[75907]: INFO cinder.api.openstack.wsgi [None req-0c50e472-3c4a-48e0-9a86-10042b983dfe tempest-TestVolumeSwap-810790799 tempest-TestVolumeSwap-810790799-project-member] http://10.0.0.210/volume/v3/e1d9ba5f495d45e183eb356e1d5313f6/volumes/2064dc83-8441-4f54-bc65-3d63b47f23f1 returned with HTTP 200
Nov 24 10:20:49 user devstack@c-api.service[75907]: [pid: 75907|app: 0|req: 48/130] 10.0.0.210 () {62 vars in 1402 bytes} [Fri Nov 24 10:20:49 2023] GET /volume/v3/e1d9ba5f495d45e183eb356e1d5313f6/volumes/2064dc83-8441-4f54-bc65-3d63b47f23f1 => generated 879 bytes in 42 msecs (HTTP/1.1 200) 7 headers in 285 bytes (1 switches on core 0)
Nov 24 10:20:49 user devstack@c-api.service[75906]: DEBUG cinder.api.middleware.request_id [None req-7d1e1f97-138a-48e7-8aa5-5d315997611f None None] RequestId filter calling following filter/app {{(pid=75906) _context_setter /opt/stack/cinder/cinder/api/middleware/request_id.py:62}}
Nov 24 10:20:49 user devstack@c-api.service[75906]: INFO cinder.api.openstack.wsgi [None req-7d1e1f97-138a-48e7-8aa5-5d315997611f tempest-VolumesServicesTestJSON-706800954 tempest-VolumesServicesTestJSON-706800954-project-member] GET http://10.0.0.210/volume/v3/f593d968b9b24af1bc6e78d31c462244/volumes/a895c507-80b9-42c7-8855-461c7bf00f98
Nov 24 10:20:49 user devstack@c-api.service[75906]: DEBUG cinder.api.openstack.wsgi [None req-7d1e1f97-138a-48e7-8aa5-5d315997611f tempest-VolumesServicesTestJSON-706800954 tempest-VolumesServicesTestJSON-706800954-project-member] Empty body provided in request {{(pid=75906) get_body /opt/stack/cinder/cinder/api/openstack/wsgi.py:715}}
Nov 24 10:20:49 user devstack@c-api.service[75906]: DEBUG cinder.api.openstack.wsgi [None req-7d1e1f97-138a-48e7-8aa5-5d315997611f tempest-VolumesServicesTestJSON-706800954 tempest-VolumesServicesTestJSON-706800954-project-member] Calling method 'show' {{(pid=75906) _process_stack /opt/stack/cinder/cinder/api/openstack/wsgi.py:868}}
Nov 24 10:20:49 user devstack@c-api.service[75906]: INFO cinder.api.openstack.wsgi [None req-7d1e1f97-138a-48e7-8aa5-5d315997611f tempest-VolumesServicesTestJSON-706800954 tempest-VolumesServicesTestJSON-706800954-project-member] http://10.0.0.210/volume/v3/f593d968b9b24af1bc6e78d31c462244/volumes/a895c507-80b9-42c7-8855-461c7bf00f98 returned with HTTP 404
Nov 24 10:20:49 user devstack@c-api.service[75906]: [pid: 75906|app: 0|req: 43/131] 10.0.0.210 () {62 vars in 1402 bytes} [Fri Nov 24 10:20:49 2023] GET /volume/v3/f593d968b9b24af1bc6e78d31c462244/volumes/a895c507-80b9-42c7-8855-461c7bf00f98 => generated 109 bytes in 24 msecs (HTTP/1.1 404) 7 headers in 292 bytes (1 switches on core 0)
Nov 24 10:20:49 user devstack@c-api.service[75905]: DEBUG cinder.api.middleware.request_id [None req-c900fc6c-f1bd-4333-8fcf-87e3ef5bdbe7 None None] RequestId filter calling following filter/app {{(pid=75905) _context_setter /opt/stack/cinder/cinder/api/middleware/request_id.py:62}}
Nov 24 10:20:49 user devstack@c-api.service[75905]: INFO cinder.api.openstack.wsgi [None req-c900fc6c-f1bd-4333-8fcf-87e3ef5bdbe7 tempest-VolumesServicesTestJSON-25254380 tempest-VolumesServicesTestJSON-25254380-project-admin] GET http://10.0.0.210/volume/v3/fe49d4625148473c8c4952fb0e0e8956/os-services
Nov 24 10:20:49 user devstack@c-api.service[75905]: DEBUG cinder.api.openstack.wsgi [None req-c900fc6c-f1bd-4333-8fcf-87e3ef5bdbe7 tempest-VolumesServicesTestJSON-25254380 tempest-VolumesServicesTestJSON-25254380-project-admin] Empty body provided in request {{(pid=75905) get_body /opt/stack/cinder/cinder/api/openstack/wsgi.py:715}}
Nov 24 10:20:49 user devstack@c-api.service[75905]: DEBUG cinder.api.openstack.wsgi [None req-c900fc6c-f1bd-4333-8fcf-87e3ef5bdbe7 tempest-VolumesServicesTestJSON-25254380 tempest-VolumesServicesTestJSON-25254380-project-admin] Calling method 'index' {{(pid=75905) _process_stack /opt/stack/cinder/cinder/api/openstack/wsgi.py:868}}
