Nov 29 11:51:23 user devstack@c-api.service[75802]: INFO cinder.volume.api [None req-3075ecd4-51da-4a65-82d8-d5c76fdaaf69 tempest-VolumesGetTest-1998415302 tempest-VolumesGetTest-1998415302-project-member] Volume info retrieved successfully.
Nov 29 11:51:23 user devstack@c-api.service[75802]: INFO cinder.api.openstack.wsgi [None req-3075ecd4-51da-4a65-82d8-d5c76fdaaf69 tempest-VolumesGetTest-1998415302 tempest-VolumesGetTest-1998415302-project-member] http://10.0.0.210/volume/v3/6791527f395147c3837918da929d128c/volumes/476c6336-1890-429c-b377-0deabb45f793 returned with HTTP 200
Nov 29 11:51:23 user devstack@c-api.service[75802]: [pid: 75802|app: 0|req: 132/385] 10.0.0.210 () {62 vars in 1402 bytes} [Wed Nov 29 11:51:23 2023] GET /volume/v3/6791527f395147c3837918da929d128c/volumes/476c6336-1890-429c-b377-0deabb45f793 => generated 877 bytes in 54 msecs (HTTP/1.1 200) 7 headers in 285 bytes (1 switches on core 0)
Nov 29 11:51:24 user devstack@c-api.service[75801]: DEBUG cinder.api.middleware.request_id [None req-e3e95d98-2d50-4e67-9711-84f5b12b5dc0 None None] RequestId filter calling following filter/app {{(pid=75801) _context_setter /opt/stack/cinder/cinder/api/middleware/request_id.py:62}}
Nov 29 11:51:24 user devstack@c-api.service[75801]: INFO cinder.api.openstack.wsgi [None req-e3e95d98-2d50-4e67-9711-84f5b12b5dc0 None None] GET http://10.0.0.210/volume//
Nov 29 11:51:24 user devstack@c-api.service[75801]: DEBUG cinder.api.openstack.wsgi [None req-e3e95d98-2d50-4e67-9711-84f5b12b5dc0 None None] Empty body provided in request {{(pid=75801) get_body /opt/stack/cinder/cinder/api/openstack/wsgi.py:715}}
Nov 29 11:51:24 user devstack@c-api.service[75801]: DEBUG cinder.api.openstack.wsgi [None req-e3e95d98-2d50-4e67-9711-84f5b12b5dc0 None None] Calling method 'all' {{(pid=75801) _process_stack /opt/stack/cinder/cinder/api/openstack/wsgi.py:868}}
Nov 29 11:51:24 user devstack@c-api.service[75801]: INFO cinder.api.openstack.wsgi [None req-e3e95d98-2d50-4e67-9711-84f5b12b5dc0 None None] http://10.0.0.210/volume// returned with HTTP 300
Nov 29 11:51:24 user devstack@c-api.service[75801]: [pid: 75801|app: 0|req: 129/386] 10.0.0.210 () {62 vars in 1384 bytes} [Wed Nov 29 11:51:24 2023] GET /volume/ => generated 385 bytes in 8 msecs (HTTP/1.1 300) 7 headers in 299 bytes (1 switches on core 0)
Nov 29 11:51:24 user devstack@c-api.service[75803]: DEBUG cinder.api.middleware.request_id [req-9390e164-a3aa-49fe-bbb3-73ef679c1164 req-f38a822a-ded6-4780-afc5-fce3f7367ff7 None None] RequestId filter calling following filter/app {{(pid=75803) _context_setter /opt/stack/cinder/cinder/api/middleware/request_id.py:62}}
Nov 29 11:51:24 user devstack@c-api.service[75803]: INFO cinder.api.openstack.wsgi [req-9390e164-a3aa-49fe-bbb3-73ef679c1164 req-f38a822a-ded6-4780-afc5-fce3f7367ff7 tempest-ServerActionsV293TestJSON-1007905033 tempest-ServerActionsV293TestJSON-1007905033-project-member] GET http://10.0.0.210/volume/v3/4fe7f1c5d3fd4c5a81d2b9a66467e24b/volumes/7aa21c24-38c6-4491-a70c-0511a7507afb
Nov 29 11:51:24 user devstack@c-api.service[75803]: DEBUG cinder.api.openstack.wsgi [req-9390e164-a3aa-49fe-bbb3-73ef679c1164 req-f38a822a-ded6-4780-afc5-fce3f7367ff7 tempest-ServerActionsV293TestJSON-1007905033 tempest-ServerActionsV293TestJSON-1007905033-project-member] Empty body provided in request {{(pid=75803) get_body /opt/stack/cinder/cinder/api/openstack/wsgi.py:715}}
Nov 29 11:51:24 user devstack@c-api.service[75803]: DEBUG cinder.api.openstack.wsgi [req-9390e164-a3aa-49fe-bbb3-73ef679c1164 req-f38a822a-ded6-4780-afc5-fce3f7367ff7 tempest-ServerActionsV293TestJSON-1007905033 tempest-ServerActionsV293TestJSON-1007905033-project-member] Calling method 'show' {{(pid=75803) _process_stack /opt/stack/cinder/cinder/api/openstack/wsgi.py:868}}
Nov 29 11:51:24 user devstack@c-api.service[75803]: /opt/stack/data/venv/lib/python3.10/site-packages/oslo_context/context.py:100: DeprecationWarning: Policy enforcement is depending on the value of is_admin. This key is deprecated. Please update your policy file to use the standard policy values.
Nov 29 11:51:24 user devstack@c-api.service[75803]: warnings.warn('Policy enforcement is depending on the value of '
Nov 29 11:51:24 user devstack@c-api.service[75803]: INFO cinder.volume.api [req-9390e164-a3aa-49fe-bbb3-73ef679c1164 req-f38a822a-ded6-4780-afc5-fce3f7367ff7 tempest-ServerActionsV293TestJSON-1007905033 tempest-ServerActionsV293TestJSON-1007905033-project-member] Volume info retrieved successfully.
Nov 29 11:51:24 user devstack@c-api.service[75803]: INFO cinder.api.openstack.wsgi [req-9390e164-a3aa-49fe-bbb3-73ef679c1164 req-f38a822a-ded6-4780-afc5-fce3f7367ff7 tempest-ServerActionsV293TestJSON-1007905033 tempest-ServerActionsV293TestJSON-1007905033-project-member] http://10.0.0.210/volume/v3/4fe7f1c5d3fd4c5a81d2b9a66467e24b/volumes/7aa21c24-38c6-4491-a70c-0511a7507afb returned with HTTP 200
Nov 29 11:51:24 user devstack@c-api.service[75803]: [pid: 75803|app: 0|req: 126/387] 10.0.0.210 () {66 vars in 1696 bytes} [Wed Nov 29 11:51:24 2023] GET /volume/v3/4fe7f1c5d3fd4c5a81d2b9a66467e24b/volumes/7aa21c24-38c6-4491-a70c-0511a7507afb => generated 1488 bytes in 129 msecs (HTTP/1.1 200) 7 headers in 287 bytes (1 switches on core 0)
Nov 29 11:51:24 user devstack@c-api.service[75802]: DEBUG cinder.api.middleware.request_id [None req-da3f36ae-7495-4c00-ac0d-9ed5a386bd5a None None] RequestId filter calling following filter/app {{(pid=75802) _context_setter /opt/stack/cinder/cinder/api/middleware/request_id.py:62}}
Nov 29 11:51:24 user devstack@c-api.service[75802]: INFO cinder.api.openstack.wsgi [None req-da3f36ae-7495-4c00-ac0d-9ed5a386bd5a tempest-VolumesGetTest-1998415302 tempest-VolumesGetTest-1998415302-project-member] GET http://10.0.0.210/volume/v3/6791527f395147c3837918da929d128c/volumes/476c6336-1890-429c-b377-0deabb45f793
Nov 29 11:51:24 user devstack@c-api.service[75802]: DEBUG cinder.api.openstack.wsgi [None req-da3f36ae-7495-4c00-ac0d-9ed5a386bd5a tempest-VolumesGetTest-1998415302 tempest-VolumesGetTest-1998415302-project-member] Empty body provided in request {{(pid=75802) get_body /opt/stack/cinder/cinder/api/openstack/wsgi.py:715}}
Nov 29 11:51:24 user devstack@c-api.service[75802]: DEBUG cinder.api.openstack.wsgi [None req-da3f36ae-7495-4c00-ac0d-9ed5a386bd5a tempest-VolumesGetTest-1998415302 tempest-VolumesGetTest-1998415302-project-member] Calling method 'show' {{(pid=75802) _process_stack /opt/stack/cinder/cinder/api/openstack/wsgi.py:868}}
Nov 29 11:51:24 user devstack@c-api.service[75802]: /opt/stack/data/venv/lib/python3.10/site-packages/oslo_context/context.py:100: DeprecationWarning: Policy enforcement is depending on the value of is_admin. This key is deprecated. Please update your policy file to use the standard policy values.
Nov 29 11:51:24 user devstack@c-api.service[75802]: warnings.warn('Policy enforcement is depending on the value of '
Nov 29 11:51:24 user devstack@c-api.service[75802]: INFO cinder.volume.api [None req-da3f36ae-7495-4c00-ac0d-9ed5a386bd5a tempest-VolumesGetTest-1998415302 tempest-VolumesGetTest-1998415302-project-member] Volume info retrieved successfully.
Nov 29 11:51:24 user devstack@c-api.service[75802]: INFO cinder.api.openstack.wsgi [None req-da3f36ae-7495-4c00-ac0d-9ed5a386bd5a tempest-VolumesGetTest-1998415302 tempest-VolumesGetTest-1998415302-project-member] http://10.0.0.210/volume/v3/6791527f395147c3837918da929d128c/volumes/476c6336-1890-429c-b377-0deabb45f793 returned with HTTP 200
Nov 29 11:51:24 user devstack@c-api.service[75802]: [pid: 75802|app: 0|req: 133/388] 10.0.0.210 () {62 vars in 1402 bytes} [Wed Nov 29 11:51:24 2023] GET /volume/v3/6791527f395147c3837918da929d128c/volumes/476c6336-1890-429c-b377-0deabb45f793 => generated 901 bytes in 78 msecs (HTTP/1.1 200) 7 headers in 285 bytes (1 switches on core 0)
Nov 29 11:51:25 user devstack@c-api.service[75801]: DEBUG cinder.api.middleware.request_id [None req-679e9a15-fd46-401e-843a-2b403da4e6db None None] RequestId filter calling following filter/app {{(pid=75801) _context_setter /opt/stack/cinder/cinder/api/middleware/request_id.py:62}}
Nov 29 11:51:25 user devstack@c-api.service[75801]: INFO cinder.api.openstack.wsgi [None req-679e9a15-fd46-401e-843a-2b403da4e6db tempest-VolumesGetTest-1998415302 tempest-VolumesGetTest-1998415302-project-member] GET http://10.0.0.210/volume/v3/6791527f395147c3837918da929d128c/volumes/476c6336-1890-429c-b377-0deabb45f793
Nov 29 11:51:25 user devstack@c-api.service[75801]: DEBUG cinder.api.openstack.wsgi [None req-679e9a15-fd46-401e-843a-2b403da4e6db tempest-VolumesGetTest-1998415302 tempest-VolumesGetTest-1998415302-project-member] Empty body provided in request {{(pid=75801) get_body /opt/stack/cinder/cinder/api/openstack/wsgi.py:715}}
Nov 29 11:51:25 user devstack@c-api.service[75801]: DEBUG cinder.api.openstack.wsgi [None req-679e9a15-fd46-401e-843a-2b403da4e6db tempest-VolumesGetTest-1998415302 tempest-VolumesGetTest-1998415302-project-member] Calling method 'show' {{(pid=75801) _process_stack /opt/stack/cinder/cinder/api/openstack/wsgi.py:868}}
Nov 29 11:51:25 user devstack@c-api.service[75801]: /opt/stack/data/venv/lib/python3.10/site-packages/oslo_context/context.py:100: DeprecationWarning: Policy enforcement is depending on the value of is_admin. This key is deprecated. Please update your policy file to use the standard policy values.
Nov 29 11:51:25 user devstack@c-api.service[75801]: warnings.warn('Policy enforcement is depending on the value of '
Nov 29 11:51:25 user devstack@c-api.service[75801]: INFO cinder.volume.api [None req-679e9a15-fd46-401e-843a-2b403da4e6db tempest-VolumesGetTest-1998415302 tempest-VolumesGetTest-1998415302-project-member] Volume info retrieved successfully.
Nov 29 11:51:25 user devstack@c-api.service[75801]: INFO cinder.api.openstack.wsgi [None req-679e9a15-fd46-401e-843a-2b403da4e6db tempest-VolumesGetTest-1998415302 tempest-VolumesGetTest-1998415302-project-member] http://10.0.0.210/volume/v3/6791527f395147c3837918da929d128c/volumes/476c6336-1890-429c-b377-0deabb45f793 returned with HTTP 200
Nov 29 11:51:25 user devstack@c-api.service[75801]: [pid: 75801|app: 0|req: 130/389] 10.0.0.210 () {62 vars in 1402 bytes} [Wed Nov 29 11:51:25 2023] GET /volume/v3/6791527f395147c3837918da929d128c/volumes/476c6336-1890-429c-b377-0deabb45f793 => generated 902 bytes in 61 msecs (HTTP/1.1 200) 7 headers in 285 bytes (1 switches on core 0)
Nov 29 11:51:25 user devstack@c-api.service[75803]: DEBUG cinder.api.middleware.request_id [None req-777bd010-fe50-4db2-a643-792887dd58bd None None] RequestId filter calling following filter/app {{(pid=75803) _context_setter /opt/stack/cinder/cinder/api/middleware/request_id.py:62}}
Nov 29 11:51:25 user devstack@c-api.service[75803]: INFO cinder.api.openstack.wsgi [None req-777bd010-fe50-4db2-a643-792887dd58bd tempest-VolumesGetTest-1998415302 tempest-VolumesGetTest-1998415302-project-member] PUT http://10.0.0.210/volume/v3/6791527f395147c3837918da929d128c/volumes/476c6336-1890-429c-b377-0deabb45f793
Nov 29 11:51:25 user devstack@c-api.service[75803]: DEBUG cinder.api.openstack.wsgi [None req-777bd010-fe50-4db2-a643-792887dd58bd tempest-VolumesGetTest-1998415302 tempest-VolumesGetTest-1998415302-project-member] Action: 'update', calling method: update, body: {"volume": {"name": "tempest-VolumesGetTest-Volume-635740662", "description": null}} {{(pid=75803) _process_stack /opt/stack/cinder/cinder/api/openstack/wsgi.py:866}}
Nov 29 11:51:25 user devstack@c-api.service[75803]: /opt/stack/data/venv/lib/python3.10/site-packages/oslo_context/context.py:100: DeprecationWarning: Policy enforcement is depending on the value of is_admin. This key is deprecated. Please update your policy file to use the standard policy values.
Nov 29 11:51:25 user devstack@c-api.service[75803]: warnings.warn('Policy enforcement is depending on the value of '
Nov 29 11:51:25 user devstack@c-api.service[75803]: INFO cinder.volume.api [None req-777bd010-fe50-4db2-a643-792887dd58bd tempest-VolumesGetTest-1998415302 tempest-VolumesGetTest-1998415302-project-member] Volume info retrieved successfully.
Nov 29 11:51:25 user devstack@c-api.service[75803]: INFO cinder.volume.api [None req-777bd010-fe50-4db2-a643-792887dd58bd tempest-VolumesGetTest-1998415302 tempest-VolumesGetTest-1998415302-project-member] Volume updated successfully.
Nov 29 11:51:25 user devstack@c-api.service[75803]: INFO cinder.api.openstack.wsgi [None req-777bd010-fe50-4db2-a643-792887dd58bd tempest-VolumesGetTest-1998415302 tempest-VolumesGetTest-1998415302-project-member] http://10.0.0.210/volume/v3/6791527f395147c3837918da929d128c/volumes/476c6336-1890-429c-b377-0deabb45f793 returned with HTTP 200
Nov 29 11:51:25 user devstack@c-api.service[75803]: [pid: 75803|app: 0|req: 127/390] 10.0.0.210 () {64 vars in 1422 bytes} [Wed Nov 29 11:51:25 2023] PUT /volume/v3/6791527f395147c3837918da929d128c/volumes/476c6336-1890-429c-b377-0deabb45f793 => generated 836 bytes in 68 msecs (HTTP/1.1 200) 7 headers in 285 bytes (1 switches on core 0)
Nov 29 11:51:25 user devstack@c-api.service[75802]: DEBUG cinder.api.middleware.request_id [None req-f7884f65-e147-4290-b328-145ea8f8b194 None None] RequestId filter calling following filter/app {{(pid=75802) _context_setter /opt/stack/cinder/cinder/api/middleware/request_id.py:62}}
Nov 29 11:51:25 user devstack@c-api.service[75802]: INFO cinder.api.openstack.wsgi [None req-f7884f65-e147-4290-b328-145ea8f8b194 tempest-VolumesGetTest-1998415302 tempest-VolumesGetTest-1998415302-project-member] DELETE http://10.0.0.210/volume/v3/6791527f395147c3837918da929d128c/volumes/476c6336-1890-429c-b377-0deabb45f793
Nov 29 11:51:25 user devstack@c-api.service[75802]: DEBUG cinder.api.openstack.wsgi [None req-f7884f65-e147-4290-b328-145ea8f8b194 tempest-VolumesGetTest-1998415302 tempest-VolumesGetTest-1998415302-project-member] Empty body provided in request {{(pid=75802) get_body /opt/stack/cinder/cinder/api/openstack/wsgi.py:715}}
Nov 29 11:51:25 user devstack@c-api.service[75802]: DEBUG cinder.api.openstack.wsgi [None req-f7884f65-e147-4290-b328-145ea8f8b194 tempest-VolumesGetTest-1998415302 tempest-VolumesGetTest-1998415302-project-member] Calling method 'delete' {{(pid=75802) _process_stack /opt/stack/cinder/cinder/api/openstack/wsgi.py:868}}
Nov 29 11:51:25 user devstack@c-api.service[75802]: INFO cinder.api.v3.volumes [None req-f7884f65-e147-4290-b328-145ea8f8b194 tempest-VolumesGetTest-1998415302 tempest-VolumesGetTest-1998415302-project-member] Delete volume with id: 476c6336-1890-429c-b377-0deabb45f793
Nov 29 11:51:25 user devstack@c-api.service[75802]: /opt/stack/data/venv/lib/python3.10/site-packages/oslo_context/context.py:100: DeprecationWarning: Policy enforcement is depending on the value of is_admin. This key is deprecated. Please update your policy file to use the standard policy values.
Nov 29 11:51:25 user devstack@c-api.service[75802]: warnings.warn('Policy enforcement is depending on the value of '
Nov 29 11:51:25 user devstack@c-api.service[75802]: INFO cinder.volume.api [None req-f7884f65-e147-4290-b328-145ea8f8b194 tempest-VolumesGetTest-1998415302 tempest-VolumesGetTest-1998415302-project-member] Volume info retrieved successfully.
Nov 29 11:51:25 user devstack@c-api.service[75802]: INFO cinder.volume.api [None req-f7884f65-e147-4290-b328-145ea8f8b194 tempest-VolumesGetTest-1998415302 tempest-VolumesGetTest-1998415302-project-member] Delete volume request issued successfully.
Nov 29 11:51:25 user devstack@c-api.service[75802]: INFO cinder.api.openstack.wsgi [None req-f7884f65-e147-4290-b328-145ea8f8b194 tempest-VolumesGetTest-1998415302 tempest-VolumesGetTest-1998415302-project-member] http://10.0.0.210/volume/v3/6791527f395147c3837918da929d128c/volumes/476c6336-1890-429c-b377-0deabb45f793 returned with HTTP 202
Nov 29 11:51:25 user devstack@c-api.service[75802]: [pid: 75802|app: 0|req: 134/391] 10.0.0.210 () {62 vars in 1405 bytes} [Wed Nov 29 11:51:25 2023] DELETE /volume/v3/6791527f395147c3837918da929d128c/volumes/476c6336-1890-429c-b377-0deabb45f793 => generated 0 bytes in 98 msecs (HTTP/1.1 202) 6 headers in 233 bytes (1 switches on core 0)
Nov 29 11:51:25 user devstack@c-api.service[75801]: DEBUG cinder.api.middleware.request_id [None req-53f2e1d0-d3ce-4527-8a41-f177d8b78d16 None None] RequestId filter calling following filter/app {{(pid=75801) _context_setter /opt/stack/cinder/cinder/api/middleware/request_id.py:62}}
Nov 29 11:51:25 user devstack@c-api.service[75801]: INFO cinder.api.openstack.wsgi [None req-53f2e1d0-d3ce-4527-8a41-f177d8b78d16 tempest-VolumesGetTest-1998415302 tempest-VolumesGetTest-1998415302-project-member] GET http://10.0.0.210/volume/v3/6791527f395147c3837918da929d128c/volumes/476c6336-1890-429c-b377-0deabb45f793
Nov 29 11:51:25 user devstack@c-api.service[75801]: DEBUG cinder.api.openstack.wsgi [None req-53f2e1d0-d3ce-4527-8a41-f177d8b78d16 tempest-VolumesGetTest-1998415302 tempest-VolumesGetTest-1998415302-project-member] Empty body provided in request {{(pid=75801) get_body /opt/stack/cinder/cinder/api/openstack/wsgi.py:715}}
Nov 29 11:51:25 user devstack@c-api.service[75801]: DEBUG cinder.api.openstack.wsgi [None req-53f2e1d0-d3ce-4527-8a41-f177d8b78d16 tempest-VolumesGetTest-1998415302 tempest-VolumesGetTest-1998415302-project-member] Calling method 'show' {{(pid=75801) _process_stack /opt/stack/cinder/cinder/api/openstack/wsgi.py:868}}
Nov 29 11:51:25 user devstack@c-api.service[75801]: /opt/stack/data/venv/lib/python3.10/site-packages/oslo_context/context.py:100: DeprecationWarning: Policy enforcement is depending on the value of is_admin. This key is deprecated. Please update your policy file to use the standard policy values.
Nov 29 11:51:25 user devstack@c-api.service[75801]: warnings.warn('Policy enforcement is depending on the value of '
Nov 29 11:51:25 user devstack@c-api.service[75801]: INFO cinder.volume.api [None req-53f2e1d0-d3ce-4527-8a41-f177d8b78d16 tempest-VolumesGetTest-1998415302 tempest-VolumesGetTest-1998415302-project-member] Volume info retrieved successfully.
Nov 29 11:51:25 user devstack@c-api.service[75801]: INFO cinder.api.openstack.wsgi [None req-53f2e1d0-d3ce-4527-8a41-f177d8b78d16 tempest-VolumesGetTest-1998415302 tempest-VolumesGetTest-1998415302-project-member] http://10.0.0.210/volume/v3/6791527f395147c3837918da929d128c/volumes/476c6336-1890-429c-b377-0deabb45f793 returned with HTTP 200
Nov 29 11:51:25 user devstack@c-api.service[75801]: [pid: 75801|app: 0|req: 131/392] 10.0.0.210 () {62 vars in 1402 bytes} [Wed Nov 29 11:51:25 2023] GET /volume/v3/6791527f395147c3837918da929d128c/volumes/476c6336-1890-429c-b377-0deabb45f793 => generated 903 bytes in 69 msecs (HTTP/1.1 200) 7 headers in 285 bytes (2 switches on core 0)
Nov 29 11:51:26 user devstack@c-api.service[75803]: DEBUG cinder.api.middleware.request_id [None req-45e27b27-7e04-470e-9dad-6bead2d9b5b4 None None] RequestId filter calling following filter/app {{(pid=75803) _context_setter /opt/stack/cinder/cinder/api/middleware/request_id.py:62}}
Nov 29 11:51:26 user devstack@c-api.service[75803]: INFO cinder.api.openstack.wsgi [None req-45e27b27-7e04-470e-9dad-6bead2d9b5b4 tempest-VolumeTypesNegativeTest-1851482667 tempest-VolumeTypesNegativeTest-1851482667-project-admin] POST http://10.0.0.210/volume/v3/766735828ef14d8aab2aed6ea21cfd51/types/327189a3-2513-4787-8758-c7ba736e17bd/encryption
Nov 29 11:51:26 user devstack@c-api.service[75803]: DEBUG cinder.api.openstack.wsgi [None req-45e27b27-7e04-470e-9dad-6bead2d9b5b4 tempest-VolumeTypesNegativeTest-1851482667 tempest-VolumeTypesNegativeTest-1851482667-project-admin] Action: 'create', calling method: create, body: {"encryption": {"provider": "LuksEncryptor", "key_size": 256, "cipher": "aes-xts-plain64", "control_location": "front-end"}} {{(pid=75803) _process_stack /opt/stack/cinder/cinder/api/openstack/wsgi.py:866}}
Nov 29 11:51:26 user devstack@c-api.service[75803]: INFO cinder.api.openstack.wsgi [None req-45e27b27-7e04-470e-9dad-6bead2d9b5b4 tempest-VolumeTypesNegativeTest-1851482667 tempest-VolumeTypesNegativeTest-1851482667-project-admin] http://10.0.0.210/volume/v3/766735828ef14d8aab2aed6ea21cfd51/types/327189a3-2513-4787-8758-c7ba736e17bd/encryption returned with HTTP 404
Nov 29 11:51:26 user devstack@c-api.service[75803]: [pid: 75803|app: 0|req: 128/393] 10.0.0.210 () {64 vars in 1451 bytes} [Wed Nov 29 11:51:26 2023] POST /volume/v3/766735828ef14d8aab2aed6ea21cfd51/types/327189a3-2513-4787-8758-c7ba736e17bd/encryption => generated 114 bytes in 615 msecs (HTTP/1.1 404) 7 headers in 292 bytes (1 switches on core 0)
Nov 29 11:51:26 user devstack@c-api.service[75802]: DEBUG cinder.api.middleware.request_id [None req-b12aa6df-760c-49a6-9de2-84e51f791618 None None] RequestId filter calling following filter/app {{(pid=75802) _context_setter /opt/stack/cinder/cinder/api/middleware/request_id.py:62}}
Nov 29 11:51:26 user devstack@c-api.service[75802]: INFO cinder.api.openstack.wsgi [None req-b12aa6df-760c-49a6-9de2-84e51f791618 tempest-VolumeTypesNegativeTest-1851482667 tempest-VolumeTypesNegativeTest-1851482667-project-admin] POST http://10.0.0.210/volume/v3/766735828ef14d8aab2aed6ea21cfd51/types
Nov 29 11:51:26 user devstack@c-api.service[75802]: DEBUG cinder.api.openstack.wsgi [None req-b12aa6df-760c-49a6-9de2-84e51f791618 tempest-VolumeTypesNegativeTest-1851482667 tempest-VolumeTypesNegativeTest-1851482667-project-admin] Action: 'create', calling method: _create, body: {"volume_type": {"name": "tempest-VolumeTypesNegativeTest-volume-type-361978668", "os-volume-type-access:is_public": false}} {{(pid=75802) _process_stack /opt/stack/cinder/cinder/api/openstack/wsgi.py:866}}
Nov 29 11:51:27 user devstack@c-api.service[75801]: DEBUG cinder.api.middleware.request_id [None req-c6a93247-e751-4c56-886b-e3b4131ef287 None None] RequestId filter calling following filter/app {{(pid=75801) _context_setter /opt/stack/cinder/cinder/api/middleware/request_id.py:62}}
Nov 29 11:51:27 user devstack@c-api.service[75801]: INFO cinder.api.openstack.wsgi [None req-c6a93247-e751-4c56-886b-e3b4131ef287 tempest-VolumesGetTest-1998415302 tempest-VolumesGetTest-1998415302-project-member] GET http://10.0.0.210/volume/v3/6791527f395147c3837918da929d128c/volumes/476c6336-1890-429c-b377-0deabb45f793
Nov 29 11:51:27 user devstack@c-api.service[75801]: DEBUG cinder.api.openstack.wsgi [None req-c6a93247-e751-4c56-886b-e3b4131ef287 tempest-VolumesGetTest-1998415302 tempest-VolumesGetTest-1998415302-project-member] Empty body provided in request {{(pid=75801) get_body /opt/stack/cinder/cinder/api/openstack/wsgi.py:715}}
Nov 29 11:51:27 user devstack@c-api.service[75801]: DEBUG cinder.api.openstack.wsgi [None req-c6a93247-e751-4c56-886b-e3b4131ef287 tempest-VolumesGetTest-1998415302 tempest-VolumesGetTest-1998415302-project-member] Calling method 'show' {{(pid=75801) _process_stack /opt/stack/cinder/cinder/api/openstack/wsgi.py:868}}
Nov 29 11:51:27 user devstack@c-api.service[75801]: /opt/stack/data/venv/lib/python3.10/site-packages/oslo_context/context.py:100: DeprecationWarning: Policy enforcement is depending on the value of is_admin. This key is deprecated. Please update your policy file to use the standard policy values.
Nov 29 11:51:27 user devstack@c-api.service[75801]: warnings.warn('Policy enforcement is depending on the value of '
Nov 29 11:51:27 user devstack@c-api.service[75801]: INFO cinder.volume.api [None req-c6a93247-e751-4c56-886b-e3b4131ef287 tempest-VolumesGetTest-1998415302 tempest-VolumesGetTest-1998415302-project-member] Volume info retrieved successfully.
Nov 29 11:51:27 user devstack@c-api.service[75802]: INFO cinder.api.openstack.wsgi [None req-b12aa6df-760c-49a6-9de2-84e51f791618 tempest-VolumeTypesNegativeTest-1851482667 tempest-VolumeTypesNegativeTest-1851482667-project-admin] http://10.0.0.210/volume/v3/766735828ef14d8aab2aed6ea21cfd51/types returned with HTTP 200
Nov 29 11:51:27 user devstack@c-api.service[75802]: [pid: 75802|app: 0|req: 135/394] 10.0.0.210 () {64 vars in 1307 bytes} [Wed Nov 29 11:51:26 2023] POST /volume/v3/766735828ef14d8aab2aed6ea21cfd51/types => generated 230 bytes in 172 msecs (HTTP/1.1 200) 7 headers in 285 bytes (1 switches on core 0)
Nov 29 11:51:27 user devstack@c-api.service[75803]: DEBUG cinder.api.middleware.request_id [req-9390e164-a3aa-49fe-bbb3-73ef679c1164 req-1e059cf1-61f5-4302-b286-f05399cbb1bf None None] RequestId filter calling following filter/app {{(pid=75803) _context_setter /opt/stack/cinder/cinder/api/middleware/request_id.py:62}}
Nov 29 11:51:27 user devstack@c-api.service[75802]: DEBUG cinder.api.middleware.request_id [None req-5d47803d-f85f-42da-848e-3d892d58df40 None None] RequestId filter calling following filter/app {{(pid=75802) _context_setter /opt/stack/cinder/cinder/api/middleware/request_id.py:62}}
Nov 29 11:51:27 user devstack@c-api.service[75801]: INFO cinder.api.openstack.wsgi [None req-c6a93247-e751-4c56-886b-e3b4131ef287 tempest-VolumesGetTest-1998415302 tempest-VolumesGetTest-1998415302-project-member] http://10.0.0.210/volume/v3/6791527f395147c3837918da929d128c/volumes/476c6336-1890-429c-b377-0deabb45f793 returned with HTTP 200
Nov 29 11:51:27 user devstack@c-api.service[75801]: [pid: 75801|app: 0|req: 132/395] 10.0.0.210 () {62 vars in 1402 bytes} [Wed Nov 29 11:51:26 2023] GET /volume/v3/6791527f395147c3837918da929d128c/volumes/476c6336-1890-429c-b377-0deabb45f793 => generated 903 bytes in 60 msecs (HTTP/1.1 200) 7 headers in 285 bytes (2 switches on core 0)
Nov 29 11:51:27 user devstack@c-api.service[75803]: INFO cinder.api.openstack.wsgi [req-9390e164-a3aa-49fe-bbb3-73ef679c1164 req-1e059cf1-61f5-4302-b286-f05399cbb1bf tempest-ServerActionsV293TestJSON-1007905033 tempest-ServerActionsV293TestJSON-1007905033-project-member] PUT http://10.0.0.210/volume/v3/4fe7f1c5d3fd4c5a81d2b9a66467e24b/attachments/032f5a2c-a91f-427b-adcf-84e54c05850e
Nov 29 11:51:27 user devstack@c-api.service[75803]: DEBUG cinder.api.openstack.wsgi [req-9390e164-a3aa-49fe-bbb3-73ef679c1164 req-1e059cf1-61f5-4302-b286-f05399cbb1bf tempest-ServerActionsV293TestJSON-1007905033 tempest-ServerActionsV293TestJSON-1007905033-project-member] Action: 'update', calling method: version_select, body: {"attachment": {"connector": {"platform": "x86_64", "os_type": "linux", "ip": "10.0.0.210", "host": "user", "multipath": false, "initiator": "iqn.2016-04.com.open-iscsi:21b06dc430a8", "do_local_attach": false, "uuid": "e95b3b51-542d-42ca-ac40-f83360608668", "system uuid": "e20c3142-5af9-7467-ecd8-70b2e4a210d6", "nvme_native_multipath": false, "mountpoint": "/dev/vda"}}} {{(pid=75803) _process_stack /opt/stack/cinder/cinder/api/openstack/wsgi.py:866}}
Nov 29 11:51:27 user devstack@c-api.service[75803]: DEBUG cinder.coordination [req-9390e164-a3aa-49fe-bbb3-73ef679c1164 req-1e059cf1-61f5-4302-b286-f05399cbb1bf tempest-ServerActionsV293TestJSON-1007905033 tempest-ServerActionsV293TestJSON-1007905033-project-member] Acquiring lock "cinder-attachment_update-7aa21c24-38c6-4491-a70c-0511a7507afb-user" by "attachment_update" {{(pid=75803) __acquire /opt/stack/cinder/cinder/coordination.py:142}}
Nov 29 11:51:27 user devstack@c-api.service[75803]: DEBUG cinder.coordination [req-9390e164-a3aa-49fe-bbb3-73ef679c1164 req-1e059cf1-61f5-4302-b286-f05399cbb1bf tempest-ServerActionsV293TestJSON-1007905033 tempest-ServerActionsV293TestJSON-1007905033-project-member] Lock "cinder-attachment_update-7aa21c24-38c6-4491-a70c-0511a7507afb-user" acquired by "attachment_update" :: waited 0.022s {{(pid=75803) __acquire /opt/stack/cinder/cinder/coordination.py:145}}
Nov 29 11:51:27 user devstack@c-api.service[75803]: /opt/stack/data/venv/lib/python3.10/site-packages/oslo_context/context.py:100: DeprecationWarning: Policy enforcement is depending on the value of is_admin. This key is deprecated. Please update your policy file to use the standard policy values.
Nov 29 11:51:27 user devstack@c-api.service[75803]: warnings.warn('Policy enforcement is depending on the value of '
Nov 29 11:51:27 user devstack@c-api.service[75801]: DEBUG cinder.api.middleware.request_id [None req-cac5d617-6980-4e5b-a7f4-a116c83e6199 None None] RequestId filter calling following filter/app {{(pid=75801) _context_setter /opt/stack/cinder/cinder/api/middleware/request_id.py:62}}
Nov 29 11:51:27 user devstack@c-api.service[75802]: INFO cinder.api.openstack.wsgi [None req-5d47803d-f85f-42da-848e-3d892d58df40 tempest-VolumeTypesNegativeTest-1305064845 tempest-VolumeTypesNegativeTest-1305064845-project-member] POST http://10.0.0.210/volume/v3/3e6e6f81d77847bcb9c944ef330fd440/volumes
Nov 29 11:51:27 user devstack@c-api.service[75802]: DEBUG cinder.api.openstack.wsgi [None req-5d47803d-f85f-42da-848e-3d892d58df40 tempest-VolumeTypesNegativeTest-1305064845 tempest-VolumeTypesNegativeTest-1305064845-project-member] Action: 'create', calling method: create, body: {"volume": {"volume_type": "a5e740ff-11f0-44c4-8459-2637ab37531a", "size": 1, "name": "tempest-VolumeTypesNegativeTest-Volume-2115920339"}} {{(pid=75802) _process_stack /opt/stack/cinder/cinder/api/openstack/wsgi.py:866}}
Nov 29 11:51:27 user devstack@c-api.service[75802]: DEBUG cinder.api.v3.volumes [None req-5d47803d-f85f-42da-848e-3d892d58df40 tempest-VolumeTypesNegativeTest-1305064845 tempest-VolumeTypesNegativeTest-1305064845-project-member] Create volume request body: {'volume': {'volume_type': 'a5e740ff-11f0-44c4-8459-2637ab37531a', 'size': 1, 'name': 'tempest-VolumeTypesNegativeTest-Volume-2115920339'}} {{(pid=75802) create /opt/stack/cinder/cinder/api/v3/volumes.py:297}}
Nov 29 11:51:27 user devstack@c-api.service[75801]: INFO cinder.api.openstack.wsgi [None req-cac5d617-6980-4e5b-a7f4-a116c83e6199 tempest-AbsoluteLimitsTests-1374667675 tempest-AbsoluteLimitsTests-1374667675-project-member] POST http://10.0.0.210/volume/v3/3a8a0a47fe8340b7b0c9b1de22ed3843/volumes
Nov 29 11:51:27 user devstack@c-api.service[75801]: DEBUG cinder.api.openstack.wsgi [None req-cac5d617-6980-4e5b-a7f4-a116c83e6199 tempest-AbsoluteLimitsTests-1374667675 tempest-AbsoluteLimitsTests-1374667675-project-member] Action: 'create', calling method: create, body: {"volume": {"size": 1, "name": "tempest-AbsoluteLimitsTests-Volume-1567668894"}} {{(pid=75801) _process_stack /opt/stack/cinder/cinder/api/openstack/wsgi.py:866}}
Nov 29 11:51:27 user devstack@c-api.service[75802]: INFO cinder.api.openstack.wsgi [None req-5d47803d-f85f-42da-848e-3d892d58df40 tempest-VolumeTypesNegativeTest-1305064845 tempest-VolumeTypesNegativeTest-1305064845-project-member] http://10.0.0.210/volume/v3/3e6e6f81d77847bcb9c944ef330fd440/volumes returned with HTTP 404
Nov 29 11:51:27 user devstack@c-api.service[75802]: [pid: 75802|app: 0|req: 136/396] 10.0.0.210 () {64 vars in 1313 bytes} [Wed Nov 29 11:51:27 2023] POST /volume/v3/3e6e6f81d77847bcb9c944ef330fd440/volumes => generated 114 bytes in 404 msecs (HTTP/1.1 404) 7 headers in 292 bytes (1 switches on core 0)
Nov 29 11:51:27 user devstack@c-api.service[75802]: DEBUG cinder.api.middleware.request_id [None req-3428cf80-29ac-4d67-ade3-9c99f50b29d1 None None] RequestId filter calling following filter/app {{(pid=75802) _context_setter /opt/stack/cinder/cinder/api/middleware/request_id.py:62}}
Nov 29 11:51:27 user devstack@c-api.service[75801]: DEBUG cinder.api.v3.volumes [None req-cac5d617-6980-4e5b-a7f4-a116c83e6199 tempest-AbsoluteLimitsTests-1374667675 tempest-AbsoluteLimitsTests-1374667675-project-member] Create volume request body: {'volume': {'size': 1, 'name': 'tempest-AbsoluteLimitsTests-Volume-1567668894'}} {{(pid=75801) create /opt/stack/cinder/cinder/api/v3/volumes.py:297}}
Nov 29 11:51:27 user devstack@c-api.service[75801]: INFO cinder.api.v3.volumes [None req-cac5d617-6980-4e5b-a7f4-a116c83e6199 tempest-AbsoluteLimitsTests-1374667675 tempest-AbsoluteLimitsTests-1374667675-project-member] Create volume of 1 GB
Nov 29 11:51:27 user devstack@c-api.service[75802]: INFO cinder.api.openstack.wsgi [None req-3428cf80-29ac-4d67-ade3-9c99f50b29d1 tempest-VolumeTypesNegativeTest-1851482667 tempest-VolumeTypesNegativeTest-1851482667-project-admin] DELETE http://10.0.0.210/volume/v3/766735828ef14d8aab2aed6ea21cfd51/types/a5e740ff-11f0-44c4-8459-2637ab37531a
Nov 29 11:51:27 user devstack@c-api.service[75802]: DEBUG cinder.api.openstack.wsgi [None req-3428cf80-29ac-4d67-ade3-9c99f50b29d1 tempest-VolumeTypesNegativeTest-1851482667 tempest-VolumeTypesNegativeTest-1851482667-project-admin] Empty body provided in request {{(pid=75802) get_body /opt/stack/cinder/cinder/api/openstack/wsgi.py:715}}
Nov 29 11:51:27 user devstack@c-api.service[75802]: DEBUG cinder.api.openstack.wsgi [None req-3428cf80-29ac-4d67-ade3-9c99f50b29d1 tempest-VolumeTypesNegativeTest-1851482667 tempest-VolumeTypesNegativeTest-1851482667-project-admin] Calling method '_delete' {{(pid=75802) _process_stack /opt/stack/cinder/cinder/api/openstack/wsgi.py:868}}
Nov 29 11:51:27 user devstack@c-api.service[75801]: INFO cinder.volume.api [None req-cac5d617-6980-4e5b-a7f4-a116c83e6199 tempest-AbsoluteLimitsTests-1374667675 tempest-AbsoluteLimitsTests-1374667675-project-member] Availability Zones retrieved successfully.
Nov 29 11:51:27 user devstack@c-api.service[75802]: INFO cinder.api.openstack.wsgi [None req-3428cf80-29ac-4d67-ade3-9c99f50b29d1 tempest-VolumeTypesNegativeTest-1851482667 tempest-VolumeTypesNegativeTest-1851482667-project-admin] http://10.0.0.210/volume/v3/766735828ef14d8aab2aed6ea21cfd51/types/a5e740ff-11f0-44c4-8459-2637ab37531a returned with HTTP 202
Nov 29 11:51:27 user devstack@c-api.service[75802]: [pid: 75802|app: 0|req: 137/397] 10.0.0.210 () {62 vars in 1399 bytes} [Wed Nov 29 11:51:27 2023] DELETE /volume/v3/766735828ef14d8aab2aed6ea21cfd51/types/a5e740ff-11f0-44c4-8459-2637ab37531a => generated 0 bytes in 73 msecs (HTTP/1.1 202) 6 headers in 233 bytes (1 switches on core 0)
Nov 29 11:51:27 user devstack@c-api.service[75802]: DEBUG cinder.api.middleware.request_id [None req-ec3fee0a-1f33-4c24-8b6a-a0cb490e5f6d None None] RequestId filter calling following filter/app {{(pid=75802) _context_setter /opt/stack/cinder/cinder/api/middleware/request_id.py:62}}
Nov 29 11:51:27 user devstack@c-api.service[75802]: INFO cinder.api.openstack.wsgi [None req-ec3fee0a-1f33-4c24-8b6a-a0cb490e5f6d tempest-VolumeTypesNegativeTest-1851482667 tempest-VolumeTypesNegativeTest-1851482667-project-admin] GET http://10.0.0.210/volume/v3/766735828ef14d8aab2aed6ea21cfd51/types/a5e740ff-11f0-44c4-8459-2637ab37531a
Nov 29 11:51:27 user devstack@c-api.service[75802]: DEBUG cinder.api.openstack.wsgi [None req-ec3fee0a-1f33-4c24-8b6a-a0cb490e5f6d tempest-VolumeTypesNegativeTest-1851482667 tempest-VolumeTypesNegativeTest-1851482667-project-admin] Empty body provided in request {{(pid=75802) get_body /opt/stack/cinder/cinder/api/openstack/wsgi.py:715}}
Nov 29 11:51:27 user devstack@c-api.service[75802]: DEBUG cinder.api.openstack.wsgi [None req-ec3fee0a-1f33-4c24-8b6a-a0cb490e5f6d tempest-VolumeTypesNegativeTest-1851482667 tempest-VolumeTypesNegativeTest-1851482667-project-admin] Calling method 'show' {{(pid=75802) _process_stack /opt/stack/cinder/cinder/api/openstack/wsgi.py:868}}
Nov 29 11:51:27 user devstack@c-api.service[75801]: DEBUG cinder.volume.api [None req-cac5d617-6980-4e5b-a7f4-a116c83e6199 tempest-AbsoluteLimitsTests-1374667675 tempest-AbsoluteLimitsTests-1374667675-project-member] Flow 'volume_create_api' (430d868d-253f-43d1-8927-75e663dce9cb) transitioned into state 'RUNNING' from state 'PENDING' {{(pid=75801) _flow_receiver /opt/stack/data/venv/lib/python3.10/site-packages/taskflow/listeners/logging.py:141}}
Nov 29 11:51:27 user devstack@c-api.service[75802]: INFO cinder.api.openstack.wsgi [None req-ec3fee0a-1f33-4c24-8b6a-a0cb490e5f6d tempest-VolumeTypesNegativeTest-1851482667 tempest-VolumeTypesNegativeTest-1851482667-project-admin] http://10.0.0.210/volume/v3/766735828ef14d8aab2aed6ea21cfd51/types/a5e740ff-11f0-44c4-8459-2637ab37531a returned with HTTP 404
Nov 29 11:51:27 user devstack@c-api.service[75802]: [pid: 75802|app: 0|req: 138/398] 10.0.0.210 () {62 vars in 1396 bytes} [Wed Nov 29 11:51:27 2023] GET /volume/v3/766735828ef14d8aab2aed6ea21cfd51/types/a5e740ff-11f0-44c4-8459-2637ab37531a => generated 114 bytes in 18 msecs (HTTP/1.1 404) 7 headers in 292 bytes (2 switches on core 0)
Nov 29 11:51:27 user devstack@c-api.service[75801]: DEBUG cinder.volume.api [None req-cac5d617-6980-4e5b-a7f4-a116c83e6199 tempest-AbsoluteLimitsTests-1374667675 tempest-AbsoluteLimitsTests-1374667675-project-member] Task 'cinder.volume.flows.api.create_volume.ExtractVolumeRequestTask;volume:create' (f8a96eaa-c313-46fb-99a7-ae965180174f) transitioned into state 'RUNNING' from state 'PENDING' {{(pid=75801) _task_receiver /opt/stack/data/venv/lib/python3.10/site-packages/taskflow/listeners/logging.py:190}}
Nov 29 11:51:27 user devstack@c-api.service[75802]: DEBUG cinder.api.middleware.request_id [None req-57f80dd8-9a06-4bcf-b5ae-07368504e539 None None] RequestId filter calling following filter/app {{(pid=75802) _context_setter /opt/stack/cinder/cinder/api/middleware/request_id.py:62}}
Nov 29 11:51:27 user devstack@c-api.service[75801]: DEBUG cinder.volume.flows.api.create_volume [None req-cac5d617-6980-4e5b-a7f4-a116c83e6199 tempest-AbsoluteLimitsTests-1374667675 tempest-AbsoluteLimitsTests-1374667675-project-member] Validating volume size '1' using validate_int {{(pid=75801) _extract_size /opt/stack/cinder/cinder/volume/flows/api/create_volume.py:228}}
Nov 29 11:51:27 user devstack@c-api.service[75802]: INFO cinder.api.openstack.wsgi [None req-57f80dd8-9a06-4bcf-b5ae-07368504e539 tempest-VolumeTypesNegativeTest-1851482667 tempest-VolumeTypesNegativeTest-1851482667-project-admin] POST http://10.0.0.210/volume/v3/766735828ef14d8aab2aed6ea21cfd51/types
Nov 29 11:51:27 user devstack@c-api.service[75802]: DEBUG cinder.api.openstack.wsgi [None req-57f80dd8-9a06-4bcf-b5ae-07368504e539 tempest-VolumeTypesNegativeTest-1851482667 tempest-VolumeTypesNegativeTest-1851482667-project-admin] Action: 'create', calling method: _create, body: {"volume_type": {"name": ""}} {{(pid=75802) _process_stack /opt/stack/cinder/cinder/api/openstack/wsgi.py:866}}
Nov 29 11:51:27 user devstack@c-api.service[75802]: INFO cinder.api.openstack.wsgi [None req-57f80dd8-9a06-4bcf-b5ae-07368504e539 tempest-VolumeTypesNegativeTest-1851482667 tempest-VolumeTypesNegativeTest-1851482667-project-admin] http://10.0.0.210/volume/v3/766735828ef14d8aab2aed6ea21cfd51/types returned with HTTP 400
Nov 29 11:51:27 user devstack@c-api.service[75802]: [pid: 75802|app: 0|req: 139/399] 10.0.0.210 () {64 vars in 1306 bytes} [Wed Nov 29 11:51:27 2023] POST /volume/v3/766735828ef14d8aab2aed6ea21cfd51/types => generated 108 bytes in 10 msecs (HTTP/1.1 400) 7 headers in 294 bytes (2 switches on core 0)
Nov 29 11:51:27 user devstack@c-api.service[75802]: DEBUG cinder.api.middleware.request_id [None req-47b7d1d5-3d95-4f7e-a1bb-defe8373f44f None None] RequestId filter calling following filter/app {{(pid=75802) _context_setter /opt/stack/cinder/cinder/api/middleware/request_id.py:62}}
Nov 29 11:51:27 user devstack@c-api.service[75802]: INFO cinder.api.openstack.wsgi [None req-47b7d1d5-3d95-4f7e-a1bb-defe8373f44f tempest-VolumeTypesNegativeTest-1851482667 tempest-VolumeTypesNegativeTest-1851482667-project-admin] POST http://10.0.0.210/volume/v3/766735828ef14d8aab2aed6ea21cfd51/types
Nov 29 11:51:27 user devstack@c-api.service[75802]: DEBUG cinder.api.openstack.wsgi [None req-47b7d1d5-3d95-4f7e-a1bb-defe8373f44f tempest-VolumeTypesNegativeTest-1851482667 tempest-VolumeTypesNegativeTest-1851482667-project-admin] Action: 'create', calling method: _create, body: {"volume_type": {"name": "tempest-VolumeTypesNegativeTest-volume-type-126189091"}} {{(pid=75802) _process_stack /opt/stack/cinder/cinder/api/openstack/wsgi.py:866}}
Nov 29 11:51:27 user devstack@c-api.service[75801]: DEBUG cinder.volume.api [None req-cac5d617-6980-4e5b-a7f4-a116c83e6199 tempest-AbsoluteLimitsTests-1374667675 tempest-AbsoluteLimitsTests-1374667675-project-member] Task 'cinder.volume.flows.api.create_volume.ExtractVolumeRequestTask;volume:create' (f8a96eaa-c313-46fb-99a7-ae965180174f) transitioned into state 'SUCCESS' from state 'RUNNING' with result '{'size': 1, 'snapshot_id': None, 'source_volid': None, 'volume_type': VolumeType(created_at=2023-11-29T11:46:49Z,deleted=False,deleted_at=None,description=None,extra_specs={volume_backend_name='joviandss-2'},id=cfe95e40-905a-467e-ac18-1d0b5dba561c,is_public=True,name='joviandss-2',projects=[],qos_specs=,qos_specs_id=None,updated_at=None), 'volume_type_id': 'cfe95e40-905a-467e-ac18-1d0b5dba561c', 'encryption_key_id': None, 'qos_specs': None, 'consistencygroup_id': None, 'cgsnapshot_id': None, 'group_id': None, 'replication_status': 'disabled', 'refresh_az': False, 'backup_id': None, 'multiattach': False, 'availability_zones': ['nova']}' {{(pid=75801) _task_receiver /opt/stack/data/venv/lib/python3.10/site-packages/taskflow/listeners/logging.py:178}}
Nov 29 11:51:27 user devstack@c-api.service[75801]: DEBUG cinder.volume.api [None req-cac5d617-6980-4e5b-a7f4-a116c83e6199 tempest-AbsoluteLimitsTests-1374667675 tempest-AbsoluteLimitsTests-1374667675-project-member] Task 'cinder.volume.flows.api.create_volume.QuotaReserveTask;volume:create' (bb9ca574-4ff9-4383-a1a5-59ab28853ee0) transitioned into state 'RUNNING' from state 'PENDING' {{(pid=75801) _task_receiver /opt/stack/data/venv/lib/python3.10/site-packages/taskflow/listeners/logging.py:190}}
Nov 29 11:51:27 user devstack@c-api.service[75802]: INFO cinder.api.openstack.wsgi [None req-47b7d1d5-3d95-4f7e-a1bb-defe8373f44f tempest-VolumeTypesNegativeTest-1851482667 tempest-VolumeTypesNegativeTest-1851482667-project-admin] http://10.0.0.210/volume/v3/766735828ef14d8aab2aed6ea21cfd51/types returned with HTTP 200
Nov 29 11:51:27 user devstack@c-api.service[75802]: [pid: 75802|app: 0|req: 140/400] 10.0.0.210 () {64 vars in 1306 bytes} [Wed Nov 29 11:51:27 2023] POST /volume/v3/766735828ef14d8aab2aed6ea21cfd51/types => generated 228 bytes in 77 msecs (HTTP/1.1 200) 7 headers in 285 bytes (2 switches on core 0)
Nov 29 11:51:27 user devstack@c-api.service[75802]: DEBUG cinder.api.middleware.request_id [None req-7fa29d5b-fdec-487e-9a9e-64994cf69722 None None] RequestId filter calling following filter/app {{(pid=75802) _context_setter /opt/stack/cinder/cinder/api/middleware/request_id.py:62}}
Nov 29 11:51:27 user devstack@c-api.service[75802]: INFO cinder.api.openstack.wsgi [None req-7fa29d5b-fdec-487e-9a9e-64994cf69722 tempest-VolumeTypesNegativeTest-1851482667 tempest-VolumeTypesNegativeTest-1851482667-project-admin] POST http://10.0.0.210/volume/v3/766735828ef14d8aab2aed6ea21cfd51/types
Nov 29 11:51:27 user devstack@c-api.service[75802]: DEBUG cinder.api.openstack.wsgi [None req-7fa29d5b-fdec-487e-9a9e-64994cf69722 tempest-VolumeTypesNegativeTest-1851482667 tempest-VolumeTypesNegativeTest-1851482667-project-admin] Action: 'create', calling method: _create, body: {"volume_type": {"name": "tempest-VolumeTypesNegativeTest-volume-type-126189091"}} {{(pid=75802) _process_stack /opt/stack/cinder/cinder/api/openstack/wsgi.py:866}}
Nov 29 11:51:27 user devstack@c-api.service[75802]: INFO cinder.api.openstack.wsgi [None req-7fa29d5b-fdec-487e-9a9e-64994cf69722 tempest-VolumeTypesNegativeTest-1851482667 tempest-VolumeTypesNegativeTest-1851482667-project-admin] HTTP exception thrown: Volume Type tempest-VolumeTypesNegativeTest-volume-type-126189091 already exists.
Nov 29 11:51:27 user devstack@c-api.service[75802]: INFO cinder.api.openstack.wsgi [None req-7fa29d5b-fdec-487e-9a9e-64994cf69722 tempest-VolumeTypesNegativeTest-1851482667 tempest-VolumeTypesNegativeTest-1851482667-project-admin] http://10.0.0.210/volume/v3/766735828ef14d8aab2aed6ea21cfd51/types returned with HTTP 409
Nov 29 11:51:27 user devstack@c-api.service[75802]: [pid: 75802|app: 0|req: 141/401] 10.0.0.210 () {64 vars in 1306 bytes} [Wed Nov 29 11:51:27 2023] POST /volume/v3/766735828ef14d8aab2aed6ea21cfd51/types => generated 133 bytes in 20 msecs (HTTP/1.1 409) 7 headers in 291 bytes (1 switches on core 0)
Nov 29 11:51:27 user devstack@c-api.service[75802]: DEBUG cinder.api.middleware.request_id [None req-636c5a95-634b-48d2-bc98-5e8aa49030d8 None None] RequestId filter calling following filter/app {{(pid=75802) _context_setter /opt/stack/cinder/cinder/api/middleware/request_id.py:62}}
Nov 29 11:51:27 user devstack@c-api.service[75802]: INFO cinder.api.openstack.wsgi [None req-636c5a95-634b-48d2-bc98-5e8aa49030d8 tempest-VolumeTypesNegativeTest-1851482667 tempest-VolumeTypesNegativeTest-1851482667-project-admin] DELETE http://10.0.0.210/volume/v3/766735828ef14d8aab2aed6ea21cfd51/types/e5a56833-d904-4628-a94f-19bac9944268
Nov 29 11:51:27 user devstack@c-api.service[75802]: DEBUG cinder.api.openstack.wsgi [None req-636c5a95-634b-48d2-bc98-5e8aa49030d8 tempest-VolumeTypesNegativeTest-1851482667 tempest-VolumeTypesNegativeTest-1851482667-project-admin] Empty body provided in request {{(pid=75802) get_body /opt/stack/cinder/cinder/api/openstack/wsgi.py:715}}
Nov 29 11:51:27 user devstack@c-api.service[75802]: DEBUG cinder.api.openstack.wsgi [None req-636c5a95-634b-48d2-bc98-5e8aa49030d8 tempest-VolumeTypesNegativeTest-1851482667 tempest-VolumeTypesNegativeTest-1851482667-project-admin] Calling method '_delete' {{(pid=75802) _process_stack /opt/stack/cinder/cinder/api/openstack/wsgi.py:868}}
Nov 29 11:51:27 user devstack@c-api.service[75802]: INFO cinder.api.openstack.wsgi [None req-636c5a95-634b-48d2-bc98-5e8aa49030d8 tempest-VolumeTypesNegativeTest-1851482667 tempest-VolumeTypesNegativeTest-1851482667-project-admin] http://10.0.0.210/volume/v3/766735828ef14d8aab2aed6ea21cfd51/types/e5a56833-d904-4628-a94f-19bac9944268 returned with HTTP 202
Nov 29 11:51:27 user devstack@c-api.service[75802]: [pid: 75802|app: 0|req: 142/402] 10.0.0.210 () {62 vars in 1399 bytes} [Wed Nov 29 11:51:27 2023] DELETE /volume/v3/766735828ef14d8aab2aed6ea21cfd51/types/e5a56833-d904-4628-a94f-19bac9944268 => generated 0 bytes in 54 msecs (HTTP/1.1 202) 6 headers in 233 bytes (2 switches on core 0)
Nov 29 11:51:27 user devstack@c-api.service[75802]: DEBUG cinder.api.middleware.request_id [None req-4b013af2-4efb-4cae-9a5b-3aa9cb7d8c8a None None] RequestId filter calling following filter/app {{(pid=75802) _context_setter /opt/stack/cinder/cinder/api/middleware/request_id.py:62}}
Nov 29 11:51:27 user devstack@c-api.service[75802]: INFO cinder.api.openstack.wsgi [None req-4b013af2-4efb-4cae-9a5b-3aa9cb7d8c8a tempest-VolumeTypesNegativeTest-1851482667 tempest-VolumeTypesNegativeTest-1851482667-project-admin] GET http://10.0.0.210/volume/v3/766735828ef14d8aab2aed6ea21cfd51/types/e5a56833-d904-4628-a94f-19bac9944268
Nov 29 11:51:27 user devstack@c-api.service[75802]: DEBUG cinder.api.openstack.wsgi [None req-4b013af2-4efb-4cae-9a5b-3aa9cb7d8c8a tempest-VolumeTypesNegativeTest-1851482667 tempest-VolumeTypesNegativeTest-1851482667-project-admin] Empty body provided in request {{(pid=75802) get_body /opt/stack/cinder/cinder/api/openstack/wsgi.py:715}}
Nov 29 11:51:27 user devstack@c-api.service[75802]: DEBUG cinder.api.openstack.wsgi [None req-4b013af2-4efb-4cae-9a5b-3aa9cb7d8c8a tempest-VolumeTypesNegativeTest-1851482667 tempest-VolumeTypesNegativeTest-1851482667-project-admin] Calling method 'show' {{(pid=75802) _process_stack /opt/stack/cinder/cinder/api/openstack/wsgi.py:868}}
Nov 29 11:51:27 user devstack@c-api.service[75801]: DEBUG cinder.quota [None req-cac5d617-6980-4e5b-a7f4-a116c83e6199 tempest-AbsoluteLimitsTests-1374667675 tempest-AbsoluteLimitsTests-1374667675-project-member] Created reservations ['a31af48b-04fe-4d14-a7d7-3a0ef74504e9', 'ddcd3ddf-ae00-4b47-b9e7-7e5f0afdd3e9', 'e4b093b0-f7a1-4be5-83c1-771cf75a2ca9', 'b8c05d53-9445-41e1-9b68-83f2cfb99a4c'] {{(pid=75801) reserve /opt/stack/cinder/cinder/quota.py:755}}
Nov 29 11:51:27 user devstack@c-api.service[75801]: DEBUG cinder.volume.api [None req-cac5d617-6980-4e5b-a7f4-a116c83e6199 tempest-AbsoluteLimitsTests-1374667675 tempest-AbsoluteLimitsTests-1374667675-project-member] Task 'cinder.volume.flows.api.create_volume.QuotaReserveTask;volume:create' (bb9ca574-4ff9-4383-a1a5-59ab28853ee0) transitioned into state 'SUCCESS' from state 'RUNNING' with result '{'reservations': ['a31af48b-04fe-4d14-a7d7-3a0ef74504e9', 'ddcd3ddf-ae00-4b47-b9e7-7e5f0afdd3e9', 'e4b093b0-f7a1-4be5-83c1-771cf75a2ca9', 'b8c05d53-9445-41e1-9b68-83f2cfb99a4c']}' {{(pid=75801) _task_receiver /opt/stack/data/venv/lib/python3.10/site-packages/taskflow/listeners/logging.py:178}}
Nov 29 11:51:27 user devstack@c-api.service[75801]: DEBUG cinder.volume.api [None req-cac5d617-6980-4e5b-a7f4-a116c83e6199 tempest-AbsoluteLimitsTests-1374667675 tempest-AbsoluteLimitsTests-1374667675-project-member] Task 'cinder.volume.flows.api.create_volume.EntryCreateTask;volume:create' (5f754a25-b683-4148-a976-d6dcaee59aa9) transitioned into state 'RUNNING' from state 'PENDING' {{(pid=75801) _task_receiver /opt/stack/data/venv/lib/python3.10/site-packages/taskflow/listeners/logging.py:190}}
Nov 29 11:51:27 user devstack@c-api.service[75802]: INFO cinder.api.openstack.wsgi [None req-4b013af2-4efb-4cae-9a5b-3aa9cb7d8c8a tempest-VolumeTypesNegativeTest-1851482667 tempest-VolumeTypesNegativeTest-1851482667-project-admin] http://10.0.0.210/volume/v3/766735828ef14d8aab2aed6ea21cfd51/types/e5a56833-d904-4628-a94f-19bac9944268 returned with HTTP 404
Nov 29 11:51:27 user devstack@c-api.service[75802]: [pid: 75802|app: 0|req: 143/403] 10.0.0.210 () {62 vars in 1396 bytes} [Wed Nov 29 11:51:27 2023] GET /volume/v3/766735828ef14d8aab2aed6ea21cfd51/types/e5a56833-d904-4628-a94f-19bac9944268 => generated 114 bytes in 17 msecs (HTTP/1.1 404) 7 headers in 292 bytes (2 switches on core 0)
Nov 29 11:51:27 user devstack@c-api.service[75802]: DEBUG cinder.api.middleware.request_id [None req-2c691ab8-3230-4c21-9ea2-82bb1379f15b None None] RequestId filter calling following filter/app {{(pid=75802) _context_setter /opt/stack/cinder/cinder/api/middleware/request_id.py:62}}
