Nov 29 12:08:52 user devstack@placement-api.service[69533]: DEBUG placement.objects.allocation_candidate [req-7d011d3e-844d-4049-b345-9387897eae9c req-d15b2741-f428-4e58-8f6c-f4ff2172a664 service placement] Merging candidates yields 1 allocation requests and 1 provider summaries {{(pid=69533) _merge_candidates /opt/stack/placement/placement/objects/allocation_candidate.py:809}}
Nov 29 12:08:52 user devstack@placement-api.service[69533]: INFO placement.requestlog [req-7d011d3e-844d-4049-b345-9387897eae9c req-d15b2741-f428-4e58-8f6c-f4ff2172a664 service placement] 10.0.0.210 "GET /placement/allocation_candidates?limit=1000&resources=DISK_GB%3A1%2CMEMORY_MB%3A512%2CVCPU%3A1&root_required=%21COMPUTE_STATUS_DISABLED" status: 200 len: 1846 microversion: 1.36
Nov 29 12:08:52 user devstack@placement-api.service[69533]: [pid: 69533|app: 0|req: 426/1276] 10.0.0.210 () {64 vars in 1582 bytes} [Wed Nov 29 12:08:52 2023] GET /placement/allocation_candidates?limit=1000&resources=DISK_GB%3A1%2CMEMORY_MB%3A512%2CVCPU%3A1&root_required=%21COMPUTE_STATUS_DISABLED => generated 1846 bytes in 111 msecs (HTTP/1.1 200) 8 headers in 297 bytes (1 switches on core 0)
Nov 29 12:08:52 user devstack@placement-api.service[69532]: DEBUG placement.requestlog [req-7d011d3e-844d-4049-b345-9387897eae9c req-04cfe6f9-4620-4ef8-9d94-550d9590c90b None None] Starting request: 10.0.0.210 "GET /placement/allocations/e5d265e1-f85e-4056-9e76-be24a7a3d62c" {{(pid=69532) __call__ /opt/stack/placement/placement/requestlog.py:55}}
Nov 29 12:08:52 user devstack@placement-api.service[69532]: INFO placement.requestlog [req-7d011d3e-844d-4049-b345-9387897eae9c req-04cfe6f9-4620-4ef8-9d94-550d9590c90b service placement] 10.0.0.210 "GET /placement/allocations/e5d265e1-f85e-4056-9e76-be24a7a3d62c" status: 200 len: 19 microversion: 1.28
Nov 29 12:08:52 user devstack@placement-api.service[69532]: [pid: 69532|app: 0|req: 425/1277] 10.0.0.210 () {64 vars in 1458 bytes} [Wed Nov 29 12:08:52 2023] GET /placement/allocations/e5d265e1-f85e-4056-9e76-be24a7a3d62c => generated 19 bytes in 19 msecs (HTTP/1.1 200) 8 headers in 295 bytes (1 switches on core 0)
Nov 29 12:08:52 user devstack@placement-api.service[69531]: DEBUG placement.requestlog [req-7d011d3e-844d-4049-b345-9387897eae9c req-1eacea3b-5783-4da0-b7f2-739cdb34a6bb None None] Starting request: 10.0.0.210 "PUT /placement/allocations/e5d265e1-f85e-4056-9e76-be24a7a3d62c" {{(pid=69531) __call__ /opt/stack/placement/placement/requestlog.py:55}}
Nov 29 12:08:52 user devstack@placement-api.service[69531]: DEBUG placement.handlers.allocation [req-7d011d3e-844d-4049-b345-9387897eae9c req-1eacea3b-5783-4da0-b7f2-739cdb34a6bb service placement] Successfully wrote allocations [, , ] {{(pid=69531) _update_consumers_and_create_allocations /opt/stack/placement/placement/handlers/allocation.py:462}}
Nov 29 12:08:52 user devstack@placement-api.service[69531]: INFO placement.requestlog [req-7d011d3e-844d-4049-b345-9387897eae9c req-1eacea3b-5783-4da0-b7f2-739cdb34a6bb service placement] 10.0.0.210 "PUT /placement/allocations/e5d265e1-f85e-4056-9e76-be24a7a3d62c" status: 204 len: 0 microversion: 1.36
Nov 29 12:08:52 user devstack@placement-api.service[69531]: [pid: 69531|app: 0|req: 427/1278] 10.0.0.210 () {68 vars in 1511 bytes} [Wed Nov 29 12:08:52 2023] PUT /placement/allocations/e5d265e1-f85e-4056-9e76-be24a7a3d62c => generated 0 bytes in 89 msecs (HTTP/1.1 204) 5 headers in 199 bytes (1 switches on core 0)
Nov 29 12:08:52 user devstack@placement-api.service[69533]: DEBUG placement.requestlog [req-7d011d3e-844d-4049-b345-9387897eae9c req-0abdcbc3-72f6-403b-bc18-9c3db1c2d4c7 None None] Starting request: 10.0.0.210 "GET /placement/allocations/e5d265e1-f85e-4056-9e76-be24a7a3d62c" {{(pid=69533) __call__ /opt/stack/placement/placement/requestlog.py:55}}
Nov 29 12:08:52 user devstack@placement-api.service[69533]: INFO placement.requestlog [req-7d011d3e-844d-4049-b345-9387897eae9c req-0abdcbc3-72f6-403b-bc18-9c3db1c2d4c7 service placement] 10.0.0.210 "GET /placement/allocations/e5d265e1-f85e-4056-9e76-be24a7a3d62c" status: 200 len: 258 microversion: 1.28
Nov 29 12:08:52 user devstack@placement-api.service[69533]: [pid: 69533|app: 0|req: 427/1279] 10.0.0.210 () {64 vars in 1456 bytes} [Wed Nov 29 12:08:52 2023] GET /placement/allocations/e5d265e1-f85e-4056-9e76-be24a7a3d62c => generated 258 bytes in 18 msecs (HTTP/1.1 200) 8 headers in 296 bytes (1 switches on core 0)
Nov 29 12:08:52 user devstack@placement-api.service[69532]: DEBUG placement.requestlog [req-7d011d3e-844d-4049-b345-9387897eae9c req-d6421d2a-2bdf-4900-8c18-2cb6909dca70 None None] Starting request: 10.0.0.210 "GET /placement/resource_providers/acbc7b17-f018-42b8-afd4-030057f87dc2/allocations" {{(pid=69532) __call__ /opt/stack/placement/placement/requestlog.py:55}}
Nov 29 12:08:52 user devstack@placement-api.service[69532]: INFO placement.requestlog [req-7d011d3e-844d-4049-b345-9387897eae9c req-d6421d2a-2bdf-4900-8c18-2cb6909dca70 service placement] 10.0.0.210 "GET /placement/resource_providers/acbc7b17-f018-42b8-afd4-030057f87dc2/allocations" status: 200 len: 1384 microversion: 1.0
Nov 29 12:08:52 user devstack@placement-api.service[69532]: [pid: 69532|app: 0|req: 426/1280] 10.0.0.210 () {62 vars in 1469 bytes} [Wed Nov 29 12:08:52 2023] GET /placement/resource_providers/acbc7b17-f018-42b8-afd4-030057f87dc2/allocations => generated 1384 bytes in 28 msecs (HTTP/1.1 200) 6 headers in 225 bytes (1 switches on core 0)
Nov 29 12:08:52 user devstack@placement-api.service[69531]: DEBUG placement.requestlog [req-7d011d3e-844d-4049-b345-9387897eae9c req-2ce0685b-75b4-40d9-ab99-bf1e7507e0f1 None None] Starting request: 10.0.0.210 "GET /placement/allocations/e0cb8e50-6436-4a97-b50c-23f5ad505d68" {{(pid=69531) __call__ /opt/stack/placement/placement/requestlog.py:55}}
Nov 29 12:08:52 user devstack@placement-api.service[69531]: INFO placement.requestlog [req-7d011d3e-844d-4049-b345-9387897eae9c req-2ce0685b-75b4-40d9-ab99-bf1e7507e0f1 service placement] 10.0.0.210 "GET /placement/allocations/e0cb8e50-6436-4a97-b50c-23f5ad505d68" status: 200 len: 244 microversion: 1.28
Nov 29 12:08:52 user devstack@placement-api.service[69531]: [pid: 69531|app: 0|req: 428/1281] 10.0.0.210 () {64 vars in 1456 bytes} [Wed Nov 29 12:08:52 2023] GET /placement/allocations/e0cb8e50-6436-4a97-b50c-23f5ad505d68 => generated 244 bytes in 24 msecs (HTTP/1.1 200) 8 headers in 296 bytes (1 switches on core 0)
Nov 29 12:08:52 user devstack@placement-api.service[69533]: DEBUG placement.requestlog [req-7d011d3e-844d-4049-b345-9387897eae9c req-a3bc76f7-47ec-40fe-bd7b-2085030fd51e None None] Starting request: 10.0.0.210 "GET /placement/allocations/05b4e1a0-022c-4332-9f20-0217cb1a2290" {{(pid=69533) __call__ /opt/stack/placement/placement/requestlog.py:55}}
Nov 29 12:08:52 user devstack@placement-api.service[69533]: INFO placement.requestlog [req-7d011d3e-844d-4049-b345-9387897eae9c req-a3bc76f7-47ec-40fe-bd7b-2085030fd51e service placement] 10.0.0.210 "GET /placement/allocations/05b4e1a0-022c-4332-9f20-0217cb1a2290" status: 200 len: 258 microversion: 1.28
Nov 29 12:08:52 user devstack@placement-api.service[69533]: [pid: 69533|app: 0|req: 428/1282] 10.0.0.210 () {64 vars in 1456 bytes} [Wed Nov 29 12:08:52 2023] GET /placement/allocations/05b4e1a0-022c-4332-9f20-0217cb1a2290 => generated 258 bytes in 16 msecs (HTTP/1.1 200) 8 headers in 296 bytes (1 switches on core 0)
Nov 29 12:08:52 user devstack@placement-api.service[69532]: DEBUG placement.requestlog [req-7d011d3e-844d-4049-b345-9387897eae9c req-b76ff3b7-136d-40f3-8354-82f0e0fb2f52 None None] Starting request: 10.0.0.210 "GET /placement/allocations/4fb68db4-adfb-4dfd-a58a-b64ed0ad8b2e" {{(pid=69532) __call__ /opt/stack/placement/placement/requestlog.py:55}}
Nov 29 12:08:52 user devstack@placement-api.service[69532]: INFO placement.requestlog [req-7d011d3e-844d-4049-b345-9387897eae9c req-b76ff3b7-136d-40f3-8354-82f0e0fb2f52 service placement] 10.0.0.210 "GET /placement/allocations/4fb68db4-adfb-4dfd-a58a-b64ed0ad8b2e" status: 200 len: 244 microversion: 1.28
Nov 29 12:08:52 user devstack@placement-api.service[69532]: [pid: 69532|app: 0|req: 427/1283] 10.0.0.210 () {64 vars in 1456 bytes} [Wed Nov 29 12:08:52 2023] GET /placement/allocations/4fb68db4-adfb-4dfd-a58a-b64ed0ad8b2e => generated 244 bytes in 22 msecs (HTTP/1.1 200) 8 headers in 296 bytes (1 switches on core 0)
Nov 29 12:08:52 user devstack@placement-api.service[69531]: DEBUG placement.requestlog [req-7d011d3e-844d-4049-b345-9387897eae9c req-4a4e012b-f862-4a15-8a28-9f5499e6d007 None None] Starting request: 10.0.0.210 "GET /placement/allocations/ee78d0d8-0125-46d8-b1e1-2b38eaabeedb" {{(pid=69531) __call__ /opt/stack/placement/placement/requestlog.py:55}}
Nov 29 12:08:53 user devstack@placement-api.service[69531]: INFO placement.requestlog [req-7d011d3e-844d-4049-b345-9387897eae9c req-4a4e012b-f862-4a15-8a28-9f5499e6d007 service placement] 10.0.0.210 "GET /placement/allocations/ee78d0d8-0125-46d8-b1e1-2b38eaabeedb" status: 200 len: 258 microversion: 1.28
Nov 29 12:08:53 user devstack@placement-api.service[69531]: [pid: 69531|app: 0|req: 429/1284] 10.0.0.210 () {64 vars in 1456 bytes} [Wed Nov 29 12:08:52 2023] GET /placement/allocations/ee78d0d8-0125-46d8-b1e1-2b38eaabeedb => generated 258 bytes in 15 msecs (HTTP/1.1 200) 8 headers in 296 bytes (1 switches on core 0)
Nov 29 12:08:53 user devstack@placement-api.service[69533]: DEBUG placement.requestlog [req-7d011d3e-844d-4049-b345-9387897eae9c req-91f7bec1-26a6-46dc-bf7f-d0a75963b76e None None] Starting request: 10.0.0.210 "GET /placement/allocations/e4219657-0bf5-4781-9960-490c7b1d97ef" {{(pid=69533) __call__ /opt/stack/placement/placement/requestlog.py:55}}
Nov 29 12:08:53 user devstack@placement-api.service[69533]: INFO placement.requestlog [req-7d011d3e-844d-4049-b345-9387897eae9c req-91f7bec1-26a6-46dc-bf7f-d0a75963b76e service placement] 10.0.0.210 "GET /placement/allocations/e4219657-0bf5-4781-9960-490c7b1d97ef" status: 200 len: 258 microversion: 1.28
Nov 29 12:08:53 user devstack@placement-api.service[69533]: [pid: 69533|app: 0|req: 429/1285] 10.0.0.210 () {64 vars in 1456 bytes} [Wed Nov 29 12:08:53 2023] GET /placement/allocations/e4219657-0bf5-4781-9960-490c7b1d97ef => generated 258 bytes in 20 msecs (HTTP/1.1 200) 8 headers in 296 bytes (1 switches on core 0)
Nov 29 12:08:53 user devstack@placement-api.service[69532]: DEBUG placement.requestlog [req-7d011d3e-844d-4049-b345-9387897eae9c req-1513ebe0-213e-49a0-a637-8eff40598cc0 None None] Starting request: 10.0.0.210 "GET /placement/allocations/49d0eb31-dd34-4661-9acf-3440ba7fdf21" {{(pid=69532) __call__ /opt/stack/placement/placement/requestlog.py:55}}
Nov 29 12:08:53 user devstack@placement-api.service[69532]: INFO placement.requestlog [req-7d011d3e-844d-4049-b345-9387897eae9c req-1513ebe0-213e-49a0-a637-8eff40598cc0 service placement] 10.0.0.210 "GET /placement/allocations/49d0eb31-dd34-4661-9acf-3440ba7fdf21" status: 200 len: 258 microversion: 1.28
Nov 29 12:08:53 user devstack@placement-api.service[69532]: [pid: 69532|app: 0|req: 428/1286] 10.0.0.210 () {64 vars in 1456 bytes} [Wed Nov 29 12:08:53 2023] GET /placement/allocations/49d0eb31-dd34-4661-9acf-3440ba7fdf21 => generated 258 bytes in 16 msecs (HTTP/1.1 200) 8 headers in 296 bytes (1 switches on core 0)
Nov 29 12:08:53 user devstack@placement-api.service[69531]: DEBUG placement.requestlog [req-7d011d3e-844d-4049-b345-9387897eae9c req-e054b8ad-be73-4168-8fb9-68d3b28401f4 None None] Starting request: 10.0.0.210 "GET /placement/allocations/c353a48a-de13-4416-891a-869e9967866b" {{(pid=69531) __call__ /opt/stack/placement/placement/requestlog.py:55}}
Nov 29 12:08:53 user devstack@placement-api.service[69531]: INFO placement.requestlog [req-7d011d3e-844d-4049-b345-9387897eae9c req-e054b8ad-be73-4168-8fb9-68d3b28401f4 service placement] 10.0.0.210 "GET /placement/allocations/c353a48a-de13-4416-891a-869e9967866b" status: 200 len: 244 microversion: 1.28
Nov 29 12:08:53 user devstack@placement-api.service[69531]: [pid: 69531|app: 0|req: 430/1287] 10.0.0.210 () {64 vars in 1456 bytes} [Wed Nov 29 12:08:53 2023] GET /placement/allocations/c353a48a-de13-4416-891a-869e9967866b => generated 244 bytes in 20 msecs (HTTP/1.1 200) 8 headers in 296 bytes (1 switches on core 0)
Nov 29 12:08:53 user devstack@placement-api.service[69533]: DEBUG placement.requestlog [req-fa92a003-d954-4620-a6b3-a3b91bfea636 req-aeb42516-38a5-41f1-86a6-698a8ac7e6c2 None None] Starting request: 10.0.0.210 "GET /placement/allocation_candidates?limit=1000&resources=DISK_GB%3A1%2CMEMORY_MB%3A512%2CVCPU%3A1&root_required=%21COMPUTE_STATUS_DISABLED" {{(pid=69533) __call__ /opt/stack/placement/placement/requestlog.py:55}}
Nov 29 12:08:53 user devstack@placement-api.service[69532]: DEBUG placement.requestlog [req-7d011d3e-844d-4049-b345-9387897eae9c req-d06ef254-cb13-4173-8631-54a6550e4f15 None None] Starting request: 10.0.0.210 "GET /placement/allocations/722d2a93-e947-4da9-b9d6-c3dfded22c46" {{(pid=69532) __call__ /opt/stack/placement/placement/requestlog.py:55}}
Nov 29 12:08:53 user devstack@placement-api.service[69532]: INFO placement.requestlog [req-7d011d3e-844d-4049-b345-9387897eae9c req-d06ef254-cb13-4173-8631-54a6550e4f15 service placement] 10.0.0.210 "GET /placement/allocations/722d2a93-e947-4da9-b9d6-c3dfded22c46" status: 200 len: 258 microversion: 1.28
Nov 29 12:08:53 user devstack@placement-api.service[69532]: [pid: 69532|app: 0|req: 429/1288] 10.0.0.210 () {64 vars in 1456 bytes} [Wed Nov 29 12:08:53 2023] GET /placement/allocations/722d2a93-e947-4da9-b9d6-c3dfded22c46 => generated 258 bytes in 18 msecs (HTTP/1.1 200) 8 headers in 296 bytes (2 switches on core 0)
Nov 29 12:08:53 user devstack@placement-api.service[69531]: DEBUG placement.requestlog [req-7d011d3e-844d-4049-b345-9387897eae9c req-b28e724e-575b-4022-a27f-c4854bfbfb72 None None] Starting request: 10.0.0.210 "GET /placement/allocations/7d06d20e-3a9b-4aee-babb-216573cc1f8e" {{(pid=69531) __call__ /opt/stack/placement/placement/requestlog.py:55}}
Nov 29 12:08:53 user devstack@placement-api.service[69533]: DEBUG placement.objects.research_context [req-fa92a003-d954-4620-a6b3-a3b91bfea636 req-aeb42516-38a5-41f1-86a6-698a8ac7e6c2 service placement] getting providers with 1 DISK_GB {{(pid=69533) __init__ /opt/stack/placement/placement/objects/research_context.py:136}}
Nov 29 12:08:53 user devstack@placement-api.service[69531]: INFO placement.requestlog [req-7d011d3e-844d-4049-b345-9387897eae9c req-b28e724e-575b-4022-a27f-c4854bfbfb72 service placement] 10.0.0.210 "GET /placement/allocations/7d06d20e-3a9b-4aee-babb-216573cc1f8e" status: 200 len: 244 microversion: 1.28
Nov 29 12:08:53 user devstack@placement-api.service[69531]: [pid: 69531|app: 0|req: 431/1289] 10.0.0.210 () {64 vars in 1456 bytes} [Wed Nov 29 12:08:53 2023] GET /placement/allocations/7d06d20e-3a9b-4aee-babb-216573cc1f8e => generated 244 bytes in 17 msecs (HTTP/1.1 200) 8 headers in 296 bytes (1 switches on core 0)
Nov 29 12:08:53 user devstack@placement-api.service[69533]: DEBUG placement.objects.research_context [req-fa92a003-d954-4620-a6b3-a3b91bfea636 req-aeb42516-38a5-41f1-86a6-698a8ac7e6c2 service placement] getting providers with 512 MEMORY_MB {{(pid=69533) __init__ /opt/stack/placement/placement/objects/research_context.py:136}}
Nov 29 12:08:53 user devstack@placement-api.service[69532]: DEBUG placement.requestlog [req-7d011d3e-844d-4049-b345-9387897eae9c req-080f2892-90e5-4da6-97d2-5e5d6a2f6b5e None None] Starting request: 10.0.0.210 "GET /placement/allocations/2ed3a206-5fd0-4782-b47a-20497a7df7f9" {{(pid=69532) __call__ /opt/stack/placement/placement/requestlog.py:55}}
Nov 29 12:08:53 user devstack@placement-api.service[69533]: DEBUG placement.objects.research_context [req-fa92a003-d954-4620-a6b3-a3b91bfea636 req-aeb42516-38a5-41f1-86a6-698a8ac7e6c2 service placement] getting providers with 1 VCPU {{(pid=69533) __init__ /opt/stack/placement/placement/objects/research_context.py:136}}
Nov 29 12:08:53 user devstack@placement-api.service[69533]: DEBUG placement.objects.research_context [req-fa92a003-d954-4620-a6b3-a3b91bfea636 req-aeb42516-38a5-41f1-86a6-698a8ac7e6c2 service placement] found 1 providers with available 1 DISK_GB {{(pid=69533) get_provider_ids_matching /opt/stack/placement/placement/objects/research_context.py:563}}
Nov 29 12:08:53 user devstack@placement-api.service[69533]: DEBUG placement.objects.research_context [req-fa92a003-d954-4620-a6b3-a3b91bfea636 req-aeb42516-38a5-41f1-86a6-698a8ac7e6c2 service placement] found 1 providers with available 512 MEMORY_MB {{(pid=69533) get_provider_ids_matching /opt/stack/placement/placement/objects/research_context.py:563}}
Nov 29 12:08:53 user devstack@placement-api.service[69533]: DEBUG placement.objects.research_context [req-fa92a003-d954-4620-a6b3-a3b91bfea636 req-aeb42516-38a5-41f1-86a6-698a8ac7e6c2 service placement] found 1 providers after filtering by previous result {{(pid=69533) get_provider_ids_matching /opt/stack/placement/placement/objects/research_context.py:594}}
Nov 29 12:08:53 user devstack@placement-api.service[69533]: DEBUG placement.objects.research_context [req-fa92a003-d954-4620-a6b3-a3b91bfea636 req-aeb42516-38a5-41f1-86a6-698a8ac7e6c2 service placement] found 1 providers with available 1 VCPU {{(pid=69533) get_provider_ids_matching /opt/stack/placement/placement/objects/research_context.py:563}}
Nov 29 12:08:53 user devstack@placement-api.service[69533]: DEBUG placement.objects.research_context [req-fa92a003-d954-4620-a6b3-a3b91bfea636 req-aeb42516-38a5-41f1-86a6-698a8ac7e6c2 service placement] found 1 providers after filtering by previous result {{(pid=69533) get_provider_ids_matching /opt/stack/placement/placement/objects/research_context.py:594}}
Nov 29 12:08:53 user devstack@placement-api.service[69532]: INFO placement.requestlog [req-7d011d3e-844d-4049-b345-9387897eae9c req-080f2892-90e5-4da6-97d2-5e5d6a2f6b5e service placement] 10.0.0.210 "GET /placement/allocations/2ed3a206-5fd0-4782-b47a-20497a7df7f9" status: 200 len: 258 microversion: 1.28
Nov 29 12:08:53 user devstack@placement-api.service[69532]: [pid: 69532|app: 0|req: 430/1290] 10.0.0.210 () {64 vars in 1456 bytes} [Wed Nov 29 12:08:53 2023] GET /placement/allocations/2ed3a206-5fd0-4782-b47a-20497a7df7f9 => generated 258 bytes in 17 msecs (HTTP/1.1 200) 8 headers in 296 bytes (1 switches on core 0)
Nov 29 12:08:53 user devstack@placement-api.service[69533]: DEBUG placement.objects.allocation_candidate [req-fa92a003-d954-4620-a6b3-a3b91bfea636 req-aeb42516-38a5-41f1-86a6-698a8ac7e6c2 service placement] RequestGroup(use_same_provider=False, resources={DISK_GB:1, MEMORY_MB:512, VCPU:1}, traits=(), aggregates=[]) (suffix '') returned 1 matches {{(pid=69533) _get_by_requests /opt/stack/placement/placement/objects/allocation_candidate.py:156}}
Nov 29 12:08:53 user devstack@placement-api.service[69533]: DEBUG placement.objects.allocation_candidate [req-fa92a003-d954-4620-a6b3-a3b91bfea636 req-aeb42516-38a5-41f1-86a6-698a8ac7e6c2 service placement] Merging candidates yields 1 allocation requests and 1 provider summaries {{(pid=69533) _merge_candidates /opt/stack/placement/placement/objects/allocation_candidate.py:809}}
Nov 29 12:08:53 user devstack@placement-api.service[69531]: DEBUG placement.requestlog [req-7d011d3e-844d-4049-b345-9387897eae9c req-8ef86c58-3e30-458e-af12-435dac94fe6b None None] Starting request: 10.0.0.210 "GET /placement/allocations/1eec9744-62c2-4e74-bd3b-c36c0caa1ee4" {{(pid=69531) __call__ /opt/stack/placement/placement/requestlog.py:55}}
Nov 29 12:08:53 user devstack@placement-api.service[69533]: INFO placement.requestlog [req-fa92a003-d954-4620-a6b3-a3b91bfea636 req-aeb42516-38a5-41f1-86a6-698a8ac7e6c2 service placement] 10.0.0.210 "GET /placement/allocation_candidates?limit=1000&resources=DISK_GB%3A1%2CMEMORY_MB%3A512%2CVCPU%3A1&root_required=%21COMPUTE_STATUS_DISABLED" status: 200 len: 1846 microversion: 1.36
Nov 29 12:08:53 user devstack@placement-api.service[69533]: [pid: 69533|app: 0|req: 430/1291] 10.0.0.210 () {64 vars in 1582 bytes} [Wed Nov 29 12:08:53 2023] GET /placement/allocation_candidates?limit=1000&resources=DISK_GB%3A1%2CMEMORY_MB%3A512%2CVCPU%3A1&root_required=%21COMPUTE_STATUS_DISABLED => generated 1846 bytes in 76 msecs (HTTP/1.1 200) 8 headers in 297 bytes (1 switches on core 0)
Nov 29 12:08:53 user devstack@placement-api.service[69531]: INFO placement.requestlog [req-7d011d3e-844d-4049-b345-9387897eae9c req-8ef86c58-3e30-458e-af12-435dac94fe6b service placement] 10.0.0.210 "GET /placement/allocations/1eec9744-62c2-4e74-bd3b-c36c0caa1ee4" status: 200 len: 258 microversion: 1.28
Nov 29 12:08:53 user devstack@placement-api.service[69531]: [pid: 69531|app: 0|req: 432/1292] 10.0.0.210 () {64 vars in 1456 bytes} [Wed Nov 29 12:08:53 2023] GET /placement/allocations/1eec9744-62c2-4e74-bd3b-c36c0caa1ee4 => generated 258 bytes in 17 msecs (HTTP/1.1 200) 8 headers in 296 bytes (1 switches on core 0)
Nov 29 12:08:53 user devstack@placement-api.service[69532]: DEBUG placement.requestlog [req-7d011d3e-844d-4049-b345-9387897eae9c req-88f374c0-53d7-4ebc-9fd9-f3e9a98921e0 None None] Starting request: 10.0.0.210 "GET /placement/allocations/08f04de5-0f3e-4809-8355-552206f14d14" {{(pid=69532) __call__ /opt/stack/placement/placement/requestlog.py:55}}
Nov 29 12:08:53 user devstack@placement-api.service[69532]: INFO placement.requestlog [req-7d011d3e-844d-4049-b345-9387897eae9c req-88f374c0-53d7-4ebc-9fd9-f3e9a98921e0 service placement] 10.0.0.210 "GET /placement/allocations/08f04de5-0f3e-4809-8355-552206f14d14" status: 200 len: 245 microversion: 1.28
Nov 29 12:08:53 user devstack@placement-api.service[69532]: [pid: 69532|app: 0|req: 431/1293] 10.0.0.210 () {64 vars in 1456 bytes} [Wed Nov 29 12:08:53 2023] GET /placement/allocations/08f04de5-0f3e-4809-8355-552206f14d14 => generated 245 bytes in 21 msecs (HTTP/1.1 200) 8 headers in 296 bytes (1 switches on core 0)
Nov 29 12:08:53 user devstack@placement-api.service[69533]: DEBUG placement.requestlog [req-fa92a003-d954-4620-a6b3-a3b91bfea636 req-2f61bc5e-22cf-4b02-831a-1c8686741bae None None] Starting request: 10.0.0.210 "GET /placement/allocations/ebe839a3-214e-41aa-9906-2a9c96adfa7f" {{(pid=69533) __call__ /opt/stack/placement/placement/requestlog.py:55}}
Nov 29 12:08:53 user devstack@placement-api.service[69531]: DEBUG placement.requestlog [req-7d011d3e-844d-4049-b345-9387897eae9c req-df298dd0-bb32-40c1-bab6-89bf4f543fe4 None None] Starting request: 10.0.0.210 "GET /placement/allocations/501bf9d6-c605-4de3-8cfa-86557b9e387e" {{(pid=69531) __call__ /opt/stack/placement/placement/requestlog.py:55}}
Nov 29 12:08:53 user devstack@placement-api.service[69533]: INFO placement.requestlog [req-fa92a003-d954-4620-a6b3-a3b91bfea636 req-2f61bc5e-22cf-4b02-831a-1c8686741bae service placement] 10.0.0.210 "GET /placement/allocations/ebe839a3-214e-41aa-9906-2a9c96adfa7f" status: 200 len: 19 microversion: 1.28
Nov 29 12:08:53 user devstack@placement-api.service[69533]: [pid: 69533|app: 0|req: 431/1294] 10.0.0.210 () {64 vars in 1458 bytes} [Wed Nov 29 12:08:53 2023] GET /placement/allocations/ebe839a3-214e-41aa-9906-2a9c96adfa7f => generated 19 bytes in 13 msecs (HTTP/1.1 200) 8 headers in 295 bytes (1 switches on core 0)
Nov 29 12:08:53 user devstack@placement-api.service[69532]: DEBUG placement.requestlog [req-fa92a003-d954-4620-a6b3-a3b91bfea636 req-6d64ef1f-4888-4270-b070-37fa0b2da74b None None] Starting request: 10.0.0.210 "PUT /placement/allocations/ebe839a3-214e-41aa-9906-2a9c96adfa7f" {{(pid=69532) __call__ /opt/stack/placement/placement/requestlog.py:55}}
Nov 29 12:08:53 user devstack@placement-api.service[69531]: INFO placement.requestlog [req-7d011d3e-844d-4049-b345-9387897eae9c req-df298dd0-bb32-40c1-bab6-89bf4f543fe4 service placement] 10.0.0.210 "GET /placement/allocations/501bf9d6-c605-4de3-8cfa-86557b9e387e" status: 200 len: 258 microversion: 1.28
Nov 29 12:08:53 user devstack@placement-api.service[69531]: [pid: 69531|app: 0|req: 433/1295] 10.0.0.210 () {64 vars in 1456 bytes} [Wed Nov 29 12:08:53 2023] GET /placement/allocations/501bf9d6-c605-4de3-8cfa-86557b9e387e => generated 258 bytes in 15 msecs (HTTP/1.1 200) 8 headers in 296 bytes (1 switches on core 0)
Nov 29 12:08:53 user devstack@placement-api.service[69533]: DEBUG placement.requestlog [req-7d011d3e-844d-4049-b345-9387897eae9c req-a9833689-60dc-4823-9008-42ba6dd4683b None None] Starting request: 10.0.0.210 "GET /placement/allocations/e5d265e1-f85e-4056-9e76-be24a7a3d62c" {{(pid=69533) __call__ /opt/stack/placement/placement/requestlog.py:55}}
Nov 29 12:08:53 user devstack@placement-api.service[69533]: INFO placement.requestlog [req-7d011d3e-844d-4049-b345-9387897eae9c req-a9833689-60dc-4823-9008-42ba6dd4683b service placement] 10.0.0.210 "GET /placement/allocations/e5d265e1-f85e-4056-9e76-be24a7a3d62c" status: 200 len: 258 microversion: 1.28
Nov 29 12:08:53 user devstack@placement-api.service[69533]: [pid: 69533|app: 0|req: 432/1296] 10.0.0.210 () {64 vars in 1456 bytes} [Wed Nov 29 12:08:53 2023] GET /placement/allocations/e5d265e1-f85e-4056-9e76-be24a7a3d62c => generated 258 bytes in 16 msecs (HTTP/1.1 200) 8 headers in 296 bytes (1 switches on core 0)
Nov 29 12:08:53 user devstack@placement-api.service[69532]: DEBUG placement.handlers.allocation [req-fa92a003-d954-4620-a6b3-a3b91bfea636 req-6d64ef1f-4888-4270-b070-37fa0b2da74b service placement] Successfully wrote allocations [, , ] {{(pid=69532) _update_consumers_and_create_allocations /opt/stack/placement/placement/handlers/allocation.py:462}}
Nov 29 12:08:53 user devstack@placement-api.service[69532]: INFO placement.requestlog [req-fa92a003-d954-4620-a6b3-a3b91bfea636 req-6d64ef1f-4888-4270-b070-37fa0b2da74b service placement] 10.0.0.210 "PUT /placement/allocations/ebe839a3-214e-41aa-9906-2a9c96adfa7f" status: 204 len: 0 microversion: 1.36
Nov 29 12:08:53 user devstack@placement-api.service[69532]: [pid: 69532|app: 0|req: 432/1297] 10.0.0.210 () {68 vars in 1511 bytes} [Wed Nov 29 12:08:53 2023] PUT /placement/allocations/ebe839a3-214e-41aa-9906-2a9c96adfa7f => generated 0 bytes in 89 msecs (HTTP/1.1 204) 5 headers in 199 bytes (1 switches on core 0)
Nov 29 12:08:53 user devstack@placement-api.service[69531]: DEBUG placement.requestlog [req-fa92a003-d954-4620-a6b3-a3b91bfea636 req-598f4275-7e93-4451-b96c-f9739272553f None None] Starting request: 10.0.0.210 "GET /placement/allocations/ebe839a3-214e-41aa-9906-2a9c96adfa7f" {{(pid=69531) __call__ /opt/stack/placement/placement/requestlog.py:55}}
Nov 29 12:08:53 user devstack@placement-api.service[69531]: INFO placement.requestlog [req-fa92a003-d954-4620-a6b3-a3b91bfea636 req-598f4275-7e93-4451-b96c-f9739272553f service placement] 10.0.0.210 "GET /placement/allocations/ebe839a3-214e-41aa-9906-2a9c96adfa7f" status: 200 len: 258 microversion: 1.28
Nov 29 12:08:53 user devstack@placement-api.service[69531]: [pid: 69531|app: 0|req: 434/1298] 10.0.0.210 () {64 vars in 1456 bytes} [Wed Nov 29 12:08:53 2023] GET /placement/allocations/ebe839a3-214e-41aa-9906-2a9c96adfa7f => generated 258 bytes in 16 msecs (HTTP/1.1 200) 8 headers in 296 bytes (1 switches on core 0)
Nov 29 12:08:54 user devstack@placement-api.service[69533]: DEBUG placement.requestlog [req-fa92a003-d954-4620-a6b3-a3b91bfea636 req-7fd9cbf6-059e-4f2d-be4b-aa6eb7a907b8 None None] Starting request: 10.0.0.210 "GET /placement/resource_providers/acbc7b17-f018-42b8-afd4-030057f87dc2/allocations" {{(pid=69533) __call__ /opt/stack/placement/placement/requestlog.py:55}}
Nov 29 12:08:54 user devstack@placement-api.service[69533]: INFO placement.requestlog [req-fa92a003-d954-4620-a6b3-a3b91bfea636 req-7fd9cbf6-059e-4f2d-be4b-aa6eb7a907b8 service placement] 10.0.0.210 "GET /placement/resource_providers/acbc7b17-f018-42b8-afd4-030057f87dc2/allocations" status: 200 len: 1484 microversion: 1.0
Nov 29 12:08:54 user devstack@placement-api.service[69533]: [pid: 69533|app: 0|req: 433/1299] 10.0.0.210 () {62 vars in 1469 bytes} [Wed Nov 29 12:08:54 2023] GET /placement/resource_providers/acbc7b17-f018-42b8-afd4-030057f87dc2/allocations => generated 1484 bytes in 25 msecs (HTTP/1.1 200) 6 headers in 225 bytes (1 switches on core 0)
Nov 29 12:08:54 user devstack@placement-api.service[69532]: DEBUG placement.requestlog [req-fa92a003-d954-4620-a6b3-a3b91bfea636 req-903a6373-048b-4a7c-8403-d4d2c829a8f0 None None] Starting request: 10.0.0.210 "GET /placement/allocations/e0cb8e50-6436-4a97-b50c-23f5ad505d68" {{(pid=69532) __call__ /opt/stack/placement/placement/requestlog.py:55}}
Nov 29 12:08:54 user devstack@placement-api.service[69532]: INFO placement.requestlog [req-fa92a003-d954-4620-a6b3-a3b91bfea636 req-903a6373-048b-4a7c-8403-d4d2c829a8f0 service placement] 10.0.0.210 "GET /placement/allocations/e0cb8e50-6436-4a97-b50c-23f5ad505d68" status: 200 len: 244 microversion: 1.28
Nov 29 12:08:54 user devstack@placement-api.service[69532]: [pid: 69532|app: 0|req: 433/1300] 10.0.0.210 () {64 vars in 1456 bytes} [Wed Nov 29 12:08:54 2023] GET /placement/allocations/e0cb8e50-6436-4a97-b50c-23f5ad505d68 => generated 244 bytes in 20 msecs (HTTP/1.1 200) 8 headers in 296 bytes (1 switches on core 0)
Nov 29 12:08:54 user devstack@placement-api.service[69531]: DEBUG placement.requestlog [req-fa92a003-d954-4620-a6b3-a3b91bfea636 req-3144be23-4aa4-4272-b6dd-95e7e562703a None None] Starting request: 10.0.0.210 "GET /placement/allocations/05b4e1a0-022c-4332-9f20-0217cb1a2290" {{(pid=69531) __call__ /opt/stack/placement/placement/requestlog.py:55}}
Nov 29 12:08:54 user devstack@placement-api.service[69531]: INFO placement.requestlog [req-fa92a003-d954-4620-a6b3-a3b91bfea636 req-3144be23-4aa4-4272-b6dd-95e7e562703a service placement] 10.0.0.210 "GET /placement/allocations/05b4e1a0-022c-4332-9f20-0217cb1a2290" status: 200 len: 258 microversion: 1.28
Nov 29 12:08:54 user devstack@placement-api.service[69531]: [pid: 69531|app: 0|req: 435/1301] 10.0.0.210 () {64 vars in 1456 bytes} [Wed Nov 29 12:08:54 2023] GET /placement/allocations/05b4e1a0-022c-4332-9f20-0217cb1a2290 => generated 258 bytes in 15 msecs (HTTP/1.1 200) 8 headers in 296 bytes (1 switches on core 0)
Nov 29 12:08:54 user devstack@placement-api.service[69533]: DEBUG placement.requestlog [req-fa92a003-d954-4620-a6b3-a3b91bfea636 req-2c0c8cca-bfb4-4f09-a10f-489977748052 None None] Starting request: 10.0.0.210 "GET /placement/allocations/4fb68db4-adfb-4dfd-a58a-b64ed0ad8b2e" {{(pid=69533) __call__ /opt/stack/placement/placement/requestlog.py:55}}
Nov 29 12:08:54 user devstack@placement-api.service[69533]: INFO placement.requestlog [req-fa92a003-d954-4620-a6b3-a3b91bfea636 req-2c0c8cca-bfb4-4f09-a10f-489977748052 service placement] 10.0.0.210 "GET /placement/allocations/4fb68db4-adfb-4dfd-a58a-b64ed0ad8b2e" status: 200 len: 244 microversion: 1.28
Nov 29 12:08:54 user devstack@placement-api.service[69533]: [pid: 69533|app: 0|req: 434/1302] 10.0.0.210 () {64 vars in 1456 bytes} [Wed Nov 29 12:08:54 2023] GET /placement/allocations/4fb68db4-adfb-4dfd-a58a-b64ed0ad8b2e => generated 244 bytes in 15 msecs (HTTP/1.1 200) 8 headers in 296 bytes (1 switches on core 0)
Nov 29 12:08:54 user devstack@placement-api.service[69532]: DEBUG placement.requestlog [req-fa92a003-d954-4620-a6b3-a3b91bfea636 req-f66ee8e2-1771-452f-b413-d97b0f0c35c0 None None] Starting request: 10.0.0.210 "GET /placement/allocations/ee78d0d8-0125-46d8-b1e1-2b38eaabeedb" {{(pid=69532) __call__ /opt/stack/placement/placement/requestlog.py:55}}
Nov 29 12:08:54 user devstack@placement-api.service[69532]: INFO placement.requestlog [req-fa92a003-d954-4620-a6b3-a3b91bfea636 req-f66ee8e2-1771-452f-b413-d97b0f0c35c0 service placement] 10.0.0.210 "GET /placement/allocations/ee78d0d8-0125-46d8-b1e1-2b38eaabeedb" status: 200 len: 258 microversion: 1.28
Nov 29 12:08:54 user devstack@placement-api.service[69532]: [pid: 69532|app: 0|req: 434/1303] 10.0.0.210 () {64 vars in 1456 bytes} [Wed Nov 29 12:08:54 2023] GET /placement/allocations/ee78d0d8-0125-46d8-b1e1-2b38eaabeedb => generated 258 bytes in 24 msecs (HTTP/1.1 200) 8 headers in 296 bytes (1 switches on core 0)
Nov 29 12:08:54 user devstack@placement-api.service[69531]: DEBUG placement.requestlog [req-fa92a003-d954-4620-a6b3-a3b91bfea636 req-3b05f446-58ee-45e2-8203-9f9d3d80316f None None] Starting request: 10.0.0.210 "GET /placement/allocations/e4219657-0bf5-4781-9960-490c7b1d97ef" {{(pid=69531) __call__ /opt/stack/placement/placement/requestlog.py:55}}
Nov 29 12:08:54 user devstack@placement-api.service[69531]: INFO placement.requestlog [req-fa92a003-d954-4620-a6b3-a3b91bfea636 req-3b05f446-58ee-45e2-8203-9f9d3d80316f service placement] 10.0.0.210 "GET /placement/allocations/e4219657-0bf5-4781-9960-490c7b1d97ef" status: 200 len: 258 microversion: 1.28
Nov 29 12:08:54 user devstack@placement-api.service[69531]: [pid: 69531|app: 0|req: 436/1304] 10.0.0.210 () {64 vars in 1456 bytes} [Wed Nov 29 12:08:54 2023] GET /placement/allocations/e4219657-0bf5-4781-9960-490c7b1d97ef => generated 258 bytes in 15 msecs (HTTP/1.1 200) 8 headers in 296 bytes (1 switches on core 0)
Nov 29 12:08:54 user devstack@placement-api.service[69533]: DEBUG placement.requestlog [req-fa92a003-d954-4620-a6b3-a3b91bfea636 req-2427b0bb-5dfb-48de-8aff-04733bbe13ac None None] Starting request: 10.0.0.210 "GET /placement/allocations/49d0eb31-dd34-4661-9acf-3440ba7fdf21" {{(pid=69533) __call__ /opt/stack/placement/placement/requestlog.py:55}}
Nov 29 12:08:54 user devstack@placement-api.service[69533]: INFO placement.requestlog [req-fa92a003-d954-4620-a6b3-a3b91bfea636 req-2427b0bb-5dfb-48de-8aff-04733bbe13ac service placement] 10.0.0.210 "GET /placement/allocations/49d0eb31-dd34-4661-9acf-3440ba7fdf21" status: 200 len: 258 microversion: 1.28
Nov 29 12:08:54 user devstack@placement-api.service[69533]: [pid: 69533|app: 0|req: 435/1305] 10.0.0.210 () {64 vars in 1456 bytes} [Wed Nov 29 12:08:54 2023] GET /placement/allocations/49d0eb31-dd34-4661-9acf-3440ba7fdf21 => generated 258 bytes in 17 msecs (HTTP/1.1 200) 8 headers in 296 bytes (1 switches on core 0)
Nov 29 12:08:54 user devstack@placement-api.service[69532]: DEBUG placement.requestlog [req-fa92a003-d954-4620-a6b3-a3b91bfea636 req-d2c54f1c-f12a-4120-a9e2-47a4093257f0 None None] Starting request: 10.0.0.210 "GET /placement/allocations/c353a48a-de13-4416-891a-869e9967866b" {{(pid=69532) __call__ /opt/stack/placement/placement/requestlog.py:55}}
Nov 29 12:08:54 user devstack@placement-api.service[69532]: INFO placement.requestlog [req-fa92a003-d954-4620-a6b3-a3b91bfea636 req-d2c54f1c-f12a-4120-a9e2-47a4093257f0 service placement] 10.0.0.210 "GET /placement/allocations/c353a48a-de13-4416-891a-869e9967866b" status: 200 len: 244 microversion: 1.28
Nov 29 12:08:54 user devstack@placement-api.service[69532]: [pid: 69532|app: 0|req: 435/1306] 10.0.0.210 () {64 vars in 1456 bytes} [Wed Nov 29 12:08:54 2023] GET /placement/allocations/c353a48a-de13-4416-891a-869e9967866b => generated 244 bytes in 20 msecs (HTTP/1.1 200) 8 headers in 296 bytes (1 switches on core 0)
Nov 29 12:08:54 user devstack@placement-api.service[69531]: DEBUG placement.requestlog [req-fa92a003-d954-4620-a6b3-a3b91bfea636 req-75f7f9da-24c5-47a9-b06e-287989db5cab None None] Starting request: 10.0.0.210 "GET /placement/allocations/722d2a93-e947-4da9-b9d6-c3dfded22c46" {{(pid=69531) __call__ /opt/stack/placement/placement/requestlog.py:55}}
Nov 29 12:08:54 user devstack@placement-api.service[69531]: INFO placement.requestlog [req-fa92a003-d954-4620-a6b3-a3b91bfea636 req-75f7f9da-24c5-47a9-b06e-287989db5cab service placement] 10.0.0.210 "GET /placement/allocations/722d2a93-e947-4da9-b9d6-c3dfded22c46" status: 200 len: 258 microversion: 1.28
Nov 29 12:08:54 user devstack@placement-api.service[69531]: [pid: 69531|app: 0|req: 437/1307] 10.0.0.210 () {64 vars in 1456 bytes} [Wed Nov 29 12:08:54 2023] GET /placement/allocations/722d2a93-e947-4da9-b9d6-c3dfded22c46 => generated 258 bytes in 14 msecs (HTTP/1.1 200) 8 headers in 296 bytes (1 switches on core 0)
Nov 29 12:08:54 user devstack@placement-api.service[69533]: DEBUG placement.requestlog [req-fa92a003-d954-4620-a6b3-a3b91bfea636 req-e4913ea2-40d9-4f77-be3f-b516f8b81b1a None None] Starting request: 10.0.0.210 "GET /placement/allocations/7d06d20e-3a9b-4aee-babb-216573cc1f8e" {{(pid=69533) __call__ /opt/stack/placement/placement/requestlog.py:55}}
Nov 29 12:08:54 user devstack@placement-api.service[69533]: INFO placement.requestlog [req-fa92a003-d954-4620-a6b3-a3b91bfea636 req-e4913ea2-40d9-4f77-be3f-b516f8b81b1a service placement] 10.0.0.210 "GET /placement/allocations/7d06d20e-3a9b-4aee-babb-216573cc1f8e" status: 200 len: 244 microversion: 1.28
Nov 29 12:08:54 user devstack@placement-api.service[69533]: [pid: 69533|app: 0|req: 436/1308] 10.0.0.210 () {64 vars in 1456 bytes} [Wed Nov 29 12:08:54 2023] GET /placement/allocations/7d06d20e-3a9b-4aee-babb-216573cc1f8e => generated 244 bytes in 24 msecs (HTTP/1.1 200) 8 headers in 296 bytes (1 switches on core 0)
Nov 29 12:08:54 user devstack@placement-api.service[69532]: DEBUG placement.requestlog [req-fa92a003-d954-4620-a6b3-a3b91bfea636 req-4f031ccc-636a-4e2d-9504-6cec85d93f98 None None] Starting request: 10.0.0.210 "GET /placement/allocations/2ed3a206-5fd0-4782-b47a-20497a7df7f9" {{(pid=69532) __call__ /opt/stack/placement/placement/requestlog.py:55}}
Nov 29 12:08:54 user devstack@placement-api.service[69532]: INFO placement.requestlog [req-fa92a003-d954-4620-a6b3-a3b91bfea636 req-4f031ccc-636a-4e2d-9504-6cec85d93f98 service placement] 10.0.0.210 "GET /placement/allocations/2ed3a206-5fd0-4782-b47a-20497a7df7f9" status: 200 len: 258 microversion: 1.28
Nov 29 12:08:54 user devstack@placement-api.service[69532]: [pid: 69532|app: 0|req: 436/1309] 10.0.0.210 () {64 vars in 1456 bytes} [Wed Nov 29 12:08:54 2023] GET /placement/allocations/2ed3a206-5fd0-4782-b47a-20497a7df7f9 => generated 258 bytes in 27 msecs (HTTP/1.1 200) 8 headers in 296 bytes (1 switches on core 0)
Nov 29 12:08:54 user devstack@placement-api.service[69531]: DEBUG placement.requestlog [req-fa92a003-d954-4620-a6b3-a3b91bfea636 req-b17ea675-3fff-4784-915c-fb7dc29486af None None] Starting request: 10.0.0.210 "GET /placement/allocations/1eec9744-62c2-4e74-bd3b-c36c0caa1ee4" {{(pid=69531) __call__ /opt/stack/placement/placement/requestlog.py:55}}
Nov 29 12:08:54 user devstack@placement-api.service[69531]: INFO placement.requestlog [req-fa92a003-d954-4620-a6b3-a3b91bfea636 req-b17ea675-3fff-4784-915c-fb7dc29486af service placement] 10.0.0.210 "GET /placement/allocations/1eec9744-62c2-4e74-bd3b-c36c0caa1ee4" status: 200 len: 258 microversion: 1.28
Nov 29 12:08:54 user devstack@placement-api.service[69531]: [pid: 69531|app: 0|req: 438/1310] 10.0.0.210 () {64 vars in 1456 bytes} [Wed Nov 29 12:08:54 2023] GET /placement/allocations/1eec9744-62c2-4e74-bd3b-c36c0caa1ee4 => generated 258 bytes in 18 msecs (HTTP/1.1 200) 8 headers in 296 bytes (1 switches on core 0)
Nov 29 12:08:54 user devstack@placement-api.service[69533]: DEBUG placement.requestlog [req-fa92a003-d954-4620-a6b3-a3b91bfea636 req-f57e42e6-7374-4b50-9f13-1ecf10b84852 None None] Starting request: 10.0.0.210 "GET /placement/allocations/08f04de5-0f3e-4809-8355-552206f14d14" {{(pid=69533) __call__ /opt/stack/placement/placement/requestlog.py:55}}
Nov 29 12:08:54 user devstack@placement-api.service[69533]: INFO placement.requestlog [req-fa92a003-d954-4620-a6b3-a3b91bfea636 req-f57e42e6-7374-4b50-9f13-1ecf10b84852 service placement] 10.0.0.210 "GET /placement/allocations/08f04de5-0f3e-4809-8355-552206f14d14" status: 200 len: 245 microversion: 1.28
Nov 29 12:08:54 user devstack@placement-api.service[69533]: [pid: 69533|app: 0|req: 437/1311] 10.0.0.210 () {64 vars in 1456 bytes} [Wed Nov 29 12:08:54 2023] GET /placement/allocations/08f04de5-0f3e-4809-8355-552206f14d14 => generated 245 bytes in 35 msecs (HTTP/1.1 200) 8 headers in 296 bytes (1 switches on core 0)
Nov 29 12:08:54 user devstack@placement-api.service[69532]: DEBUG placement.requestlog [req-fa92a003-d954-4620-a6b3-a3b91bfea636 req-dbad2bfa-f8ab-476d-929f-0a17c09657e1 None None] Starting request: 10.0.0.210 "GET /placement/allocations/ebe839a3-214e-41aa-9906-2a9c96adfa7f" {{(pid=69532) __call__ /opt/stack/placement/placement/requestlog.py:55}}
Nov 29 12:08:54 user devstack@placement-api.service[69532]: INFO placement.requestlog [req-fa92a003-d954-4620-a6b3-a3b91bfea636 req-dbad2bfa-f8ab-476d-929f-0a17c09657e1 service placement] 10.0.0.210 "GET /placement/allocations/ebe839a3-214e-41aa-9906-2a9c96adfa7f" status: 200 len: 258 microversion: 1.28
Nov 29 12:08:54 user devstack@placement-api.service[69532]: [pid: 69532|app: 0|req: 437/1312] 10.0.0.210 () {64 vars in 1456 bytes} [Wed Nov 29 12:08:54 2023] GET /placement/allocations/ebe839a3-214e-41aa-9906-2a9c96adfa7f => generated 258 bytes in 78 msecs (HTTP/1.1 200) 8 headers in 296 bytes (1 switches on core 0)
Nov 29 12:08:54 user devstack@placement-api.service[69531]: DEBUG placement.requestlog [req-fa92a003-d954-4620-a6b3-a3b91bfea636 req-49b2d498-802a-4862-91df-d3b33474ec6f None None] Starting request: 10.0.0.210 "GET /placement/allocations/501bf9d6-c605-4de3-8cfa-86557b9e387e" {{(pid=69531) __call__ /opt/stack/placement/placement/requestlog.py:55}}
Nov 29 12:08:54 user devstack@placement-api.service[69531]: INFO placement.requestlog [req-fa92a003-d954-4620-a6b3-a3b91bfea636 req-49b2d498-802a-4862-91df-d3b33474ec6f service placement] 10.0.0.210 "GET /placement/allocations/501bf9d6-c605-4de3-8cfa-86557b9e387e" status: 200 len: 258 microversion: 1.28
Nov 29 12:08:54 user devstack@placement-api.service[69531]: [pid: 69531|app: 0|req: 439/1313] 10.0.0.210 () {64 vars in 1456 bytes} [Wed Nov 29 12:08:54 2023] GET /placement/allocations/501bf9d6-c605-4de3-8cfa-86557b9e387e => generated 258 bytes in 16 msecs (HTTP/1.1 200) 8 headers in 296 bytes (1 switches on core 0)
Nov 29 12:08:54 user devstack@placement-api.service[69533]: DEBUG placement.requestlog [req-fa92a003-d954-4620-a6b3-a3b91bfea636 req-766bd144-7b09-4d8c-91a3-0dd62bfa44c8 None None] Starting request: 10.0.0.210 "GET /placement/allocations/e5d265e1-f85e-4056-9e76-be24a7a3d62c" {{(pid=69533) __call__ /opt/stack/placement/placement/requestlog.py:55}}
Nov 29 12:08:54 user devstack@placement-api.service[69533]: INFO placement.requestlog [req-fa92a003-d954-4620-a6b3-a3b91bfea636 req-766bd144-7b09-4d8c-91a3-0dd62bfa44c8 service placement] 10.0.0.210 "GET /placement/allocations/e5d265e1-f85e-4056-9e76-be24a7a3d62c" status: 200 len: 258 microversion: 1.28
Nov 29 12:08:54 user devstack@placement-api.service[69533]: [pid: 69533|app: 0|req: 438/1314] 10.0.0.210 () {64 vars in 1456 bytes} [Wed Nov 29 12:08:54 2023] GET /placement/allocations/e5d265e1-f85e-4056-9e76-be24a7a3d62c => generated 258 bytes in 22 msecs (HTTP/1.1 200) 8 headers in 296 bytes (1 switches on core 0)
Nov 29 12:09:03 user devstack@placement-api.service[69532]: DEBUG placement.requestlog [req-2444555d-2bb3-43ec-aeab-ca48850cdbff req-52218058-252d-4691-82c9-dbad1d250662 None None] Starting request: 10.0.0.210 "GET /placement/resource_providers/acbc7b17-f018-42b8-afd4-030057f87dc2/allocations" {{(pid=69532) __call__ /opt/stack/placement/placement/requestlog.py:55}}
Nov 29 12:09:03 user devstack@placement-api.service[69532]: INFO placement.requestlog [req-2444555d-2bb3-43ec-aeab-ca48850cdbff req-52218058-252d-4691-82c9-dbad1d250662 service placement] 10.0.0.210 "GET /placement/resource_providers/acbc7b17-f018-42b8-afd4-030057f87dc2/allocations" status: 200 len: 1484 microversion: 1.0
Nov 29 12:09:03 user devstack@placement-api.service[69532]: [pid: 69532|app: 0|req: 438/1315] 10.0.0.210 () {62 vars in 1469 bytes} [Wed Nov 29 12:09:03 2023] GET /placement/resource_providers/acbc7b17-f018-42b8-afd4-030057f87dc2/allocations => generated 1484 bytes in 51 msecs (HTTP/1.1 200) 6 headers in 225 bytes (1 switches on core 0)
Nov 29 12:09:03 user devstack@placement-api.service[69531]: DEBUG placement.requestlog [req-2444555d-2bb3-43ec-aeab-ca48850cdbff req-75a79159-9fc3-43fb-a008-93bb60e57f66 None None] Starting request: 10.0.0.210 "GET /placement/resource_providers/acbc7b17-f018-42b8-afd4-030057f87dc2/allocations" {{(pid=69531) __call__ /opt/stack/placement/placement/requestlog.py:55}}
Nov 29 12:09:03 user devstack@placement-api.service[69531]: INFO placement.requestlog [req-2444555d-2bb3-43ec-aeab-ca48850cdbff req-75a79159-9fc3-43fb-a008-93bb60e57f66 service placement] 10.0.0.210 "GET /placement/resource_providers/acbc7b17-f018-42b8-afd4-030057f87dc2/allocations" status: 200 len: 1484 microversion: 1.0
Nov 29 12:09:03 user devstack@placement-api.service[69531]: [pid: 69531|app: 0|req: 440/1316] 10.0.0.210 () {62 vars in 1469 bytes} [Wed Nov 29 12:09:03 2023] GET /placement/resource_providers/acbc7b17-f018-42b8-afd4-030057f87dc2/allocations => generated 1484 bytes in 62 msecs (HTTP/1.1 200) 6 headers in 225 bytes (1 switches on core 0)
Nov 29 12:09:03 user devstack@placement-api.service[69533]: DEBUG placement.requestlog [req-2444555d-2bb3-43ec-aeab-ca48850cdbff req-fc227ac9-dead-45f1-b1e1-dff92971632e None None] Starting request: 10.0.0.210 "GET /placement/allocations/e0cb8e50-6436-4a97-b50c-23f5ad505d68" {{(pid=69533) __call__ /opt/stack/placement/placement/requestlog.py:55}}
Nov 29 12:09:03 user devstack@placement-api.service[69533]: INFO placement.requestlog [req-2444555d-2bb3-43ec-aeab-ca48850cdbff req-fc227ac9-dead-45f1-b1e1-dff92971632e service placement] 10.0.0.210 "GET /placement/allocations/e0cb8e50-6436-4a97-b50c-23f5ad505d68" status: 200 len: 244 microversion: 1.28
Nov 29 12:09:03 user devstack@placement-api.service[69533]: [pid: 69533|app: 0|req: 439/1317] 10.0.0.210 () {64 vars in 1456 bytes} [Wed Nov 29 12:09:03 2023] GET /placement/allocations/e0cb8e50-6436-4a97-b50c-23f5ad505d68 => generated 244 bytes in 45 msecs (HTTP/1.1 200) 8 headers in 296 bytes (1 switches on core 0)
Nov 29 12:09:03 user devstack@placement-api.service[69532]: DEBUG placement.requestlog [req-2444555d-2bb3-43ec-aeab-ca48850cdbff req-944b4883-3232-4b82-9798-20daa86336c4 None None] Starting request: 10.0.0.210 "GET /placement/allocations/05b4e1a0-022c-4332-9f20-0217cb1a2290" {{(pid=69532) __call__ /opt/stack/placement/placement/requestlog.py:55}}
Nov 29 12:09:03 user devstack@placement-api.service[69532]: INFO placement.requestlog [req-2444555d-2bb3-43ec-aeab-ca48850cdbff req-944b4883-3232-4b82-9798-20daa86336c4 service placement] 10.0.0.210 "GET /placement/allocations/05b4e1a0-022c-4332-9f20-0217cb1a2290" status: 200 len: 258 microversion: 1.28
Nov 29 12:09:03 user devstack@placement-api.service[69532]: [pid: 69532|app: 0|req: 439/1318] 10.0.0.210 () {64 vars in 1456 bytes} [Wed Nov 29 12:09:03 2023] GET /placement/allocations/05b4e1a0-022c-4332-9f20-0217cb1a2290 => generated 258 bytes in 17 msecs (HTTP/1.1 200) 8 headers in 296 bytes (1 switches on core 0)
Nov 29 12:09:03 user devstack@placement-api.service[69531]: DEBUG placement.requestlog [req-2444555d-2bb3-43ec-aeab-ca48850cdbff req-0722fb75-b0fc-424f-bbb8-c695fcd27d72 None None] Starting request: 10.0.0.210 "GET /placement/allocations/4fb68db4-adfb-4dfd-a58a-b64ed0ad8b2e" {{(pid=69531) __call__ /opt/stack/placement/placement/requestlog.py:55}}
Nov 29 12:09:03 user devstack@placement-api.service[69531]: INFO placement.requestlog [req-2444555d-2bb3-43ec-aeab-ca48850cdbff req-0722fb75-b0fc-424f-bbb8-c695fcd27d72 service placement] 10.0.0.210 "GET /placement/allocations/4fb68db4-adfb-4dfd-a58a-b64ed0ad8b2e" status: 200 len: 244 microversion: 1.28
Nov 29 12:09:03 user devstack@placement-api.service[69531]: [pid: 69531|app: 0|req: 441/1319] 10.0.0.210 () {64 vars in 1456 bytes} [Wed Nov 29 12:09:03 2023] GET /placement/allocations/4fb68db4-adfb-4dfd-a58a-b64ed0ad8b2e => generated 244 bytes in 15 msecs (HTTP/1.1 200) 8 headers in 296 bytes (1 switches on core 0)
Nov 29 12:09:03 user devstack@placement-api.service[69533]: DEBUG placement.requestlog [req-2444555d-2bb3-43ec-aeab-ca48850cdbff req-5be15d38-928a-42c3-b5c3-d1a069248282 None None] Starting request: 10.0.0.210 "GET /placement/allocations/ee78d0d8-0125-46d8-b1e1-2b38eaabeedb" {{(pid=69533) __call__ /opt/stack/placement/placement/requestlog.py:55}}
Nov 29 12:09:03 user devstack@placement-api.service[69533]: INFO placement.requestlog [req-2444555d-2bb3-43ec-aeab-ca48850cdbff req-5be15d38-928a-42c3-b5c3-d1a069248282 service placement] 10.0.0.210 "GET /placement/allocations/ee78d0d8-0125-46d8-b1e1-2b38eaabeedb" status: 200 len: 258 microversion: 1.28
Nov 29 12:09:03 user devstack@placement-api.service[69533]: [pid: 69533|app: 0|req: 440/1320] 10.0.0.210 () {64 vars in 1456 bytes} [Wed Nov 29 12:09:03 2023] GET /placement/allocations/ee78d0d8-0125-46d8-b1e1-2b38eaabeedb => generated 258 bytes in 15 msecs (HTTP/1.1 200) 8 headers in 296 bytes (1 switches on core 0)
Nov 29 12:09:03 user devstack@placement-api.service[69532]: DEBUG placement.requestlog [req-2444555d-2bb3-43ec-aeab-ca48850cdbff req-b7c0d297-da82-47d7-bbb9-f3d901ca249f None None] Starting request: 10.0.0.210 "GET /placement/allocations/e4219657-0bf5-4781-9960-490c7b1d97ef" {{(pid=69532) __call__ /opt/stack/placement/placement/requestlog.py:55}}
Nov 29 12:09:03 user devstack@placement-api.service[69532]: INFO placement.requestlog [req-2444555d-2bb3-43ec-aeab-ca48850cdbff req-b7c0d297-da82-47d7-bbb9-f3d901ca249f service placement] 10.0.0.210 "GET /placement/allocations/e4219657-0bf5-4781-9960-490c7b1d97ef" status: 200 len: 258 microversion: 1.28
Nov 29 12:09:03 user devstack@placement-api.service[69532]: [pid: 69532|app: 0|req: 440/1321] 10.0.0.210 () {64 vars in 1456 bytes} [Wed Nov 29 12:09:03 2023] GET /placement/allocations/e4219657-0bf5-4781-9960-490c7b1d97ef => generated 258 bytes in 34 msecs (HTTP/1.1 200) 8 headers in 296 bytes (1 switches on core 0)
