Nov 08 15:12:02 user devstack@c-api.service[75630]: DEBUG cinder.api.openstack.wsgi [None req-ae575875-e046-4423-8076-7f6f670b5f82 tempest-TaggedBootDevicesTest_v242-76015565 tempest-TaggedBootDevicesTest_v242-76015565-project-member] Empty body provided in request {{(pid=75630) get_body /opt/stack/cinder/cinder/api/openstack/wsgi.py:715}}
Nov 08 15:12:02 user devstack@c-api.service[75630]: DEBUG cinder.api.openstack.wsgi [None req-ae575875-e046-4423-8076-7f6f670b5f82 tempest-TaggedBootDevicesTest_v242-76015565 tempest-TaggedBootDevicesTest_v242-76015565-project-member] Calling method 'show' {{(pid=75630) _process_stack /opt/stack/cinder/cinder/api/openstack/wsgi.py:868}}
Nov 08 15:12:02 user devstack@c-api.service[75630]: /opt/stack/data/venv/lib/python3.10/site-packages/oslo_context/context.py:100: DeprecationWarning: Policy enforcement is depending on the value of is_admin. This key is deprecated. Please update your policy file to use the standard policy values.
Nov 08 15:12:02 user devstack@c-api.service[75630]: warnings.warn('Policy enforcement is depending on the value of '
Nov 08 15:12:02 user devstack@c-api.service[75629]: DEBUG cinder.api.middleware.request_id [None req-8bd1a25e-152e-4250-9bd9-e142a814105e None None] RequestId filter calling following filter/app {{(pid=75629) _context_setter /opt/stack/cinder/cinder/api/middleware/request_id.py:62}}
Nov 08 15:12:02 user devstack@c-api.service[75630]: INFO cinder.volume.api [None req-ae575875-e046-4423-8076-7f6f670b5f82 tempest-TaggedBootDevicesTest_v242-76015565 tempest-TaggedBootDevicesTest_v242-76015565-project-member] Volume info retrieved successfully.
Nov 08 15:12:02 user devstack@c-api.service[75629]: INFO cinder.api.openstack.wsgi [None req-8bd1a25e-152e-4250-9bd9-e142a814105e tempest-TaggedBootDevicesTest-1143317820 tempest-TaggedBootDevicesTest-1143317820-project-member] GET http://10.0.0.210/volume/v3/ab888621e1234bd480d99e82e1725ee3/volumes/0c500d05-0bfc-42e7-9c57-0507d9e4ece4
Nov 08 15:12:02 user devstack@c-api.service[75629]: DEBUG cinder.api.openstack.wsgi [None req-8bd1a25e-152e-4250-9bd9-e142a814105e tempest-TaggedBootDevicesTest-1143317820 tempest-TaggedBootDevicesTest-1143317820-project-member] Empty body provided in request {{(pid=75629) get_body /opt/stack/cinder/cinder/api/openstack/wsgi.py:715}}
Nov 08 15:12:02 user devstack@c-api.service[75629]: DEBUG cinder.api.openstack.wsgi [None req-8bd1a25e-152e-4250-9bd9-e142a814105e tempest-TaggedBootDevicesTest-1143317820 tempest-TaggedBootDevicesTest-1143317820-project-member] Calling method 'show' {{(pid=75629) _process_stack /opt/stack/cinder/cinder/api/openstack/wsgi.py:868}}
Nov 08 15:12:02 user devstack@c-api.service[75630]: INFO cinder.api.openstack.wsgi [None req-ae575875-e046-4423-8076-7f6f670b5f82 tempest-TaggedBootDevicesTest_v242-76015565 tempest-TaggedBootDevicesTest_v242-76015565-project-member] http://10.0.0.210/volume/v3/267e279227b64367abe0b6f3d039de11/volumes/fb450b81-c61c-4b4f-be45-59cbfd0760cc returned with HTTP 200
Nov 08 15:12:02 user devstack@c-api.service[75630]: [pid: 75630|app: 0|req: 87/255] 10.0.0.210 () {62 vars in 1402 bytes} [Wed Nov 8 15:12:02 2023] GET /volume/v3/267e279227b64367abe0b6f3d039de11/volumes/fb450b81-c61c-4b4f-be45-59cbfd0760cc => generated 915 bytes in 67 msecs (HTTP/1.1 200) 7 headers in 285 bytes (1 switches on core 0)
Nov 08 15:12:02 user devstack@c-api.service[75629]: /opt/stack/data/venv/lib/python3.10/site-packages/oslo_context/context.py:100: DeprecationWarning: Policy enforcement is depending on the value of is_admin. This key is deprecated. Please update your policy file to use the standard policy values.
Nov 08 15:12:02 user devstack@c-api.service[75629]: warnings.warn('Policy enforcement is depending on the value of '
Nov 08 15:12:02 user devstack@c-api.service[75629]: INFO cinder.volume.api [None req-8bd1a25e-152e-4250-9bd9-e142a814105e tempest-TaggedBootDevicesTest-1143317820 tempest-TaggedBootDevicesTest-1143317820-project-member] Volume info retrieved successfully.
Nov 08 15:12:02 user devstack@c-api.service[75631]: DEBUG cinder.api.middleware.request_id [None req-95791519-e69f-4237-b2f7-beb10a996691 None None] RequestId filter calling following filter/app {{(pid=75631) _context_setter /opt/stack/cinder/cinder/api/middleware/request_id.py:62}}
Nov 08 15:12:02 user devstack@c-api.service[75629]: INFO cinder.api.openstack.wsgi [None req-8bd1a25e-152e-4250-9bd9-e142a814105e tempest-TaggedBootDevicesTest-1143317820 tempest-TaggedBootDevicesTest-1143317820-project-member] http://10.0.0.210/volume/v3/ab888621e1234bd480d99e82e1725ee3/volumes/0c500d05-0bfc-42e7-9c57-0507d9e4ece4 returned with HTTP 200
Nov 08 15:12:02 user devstack@c-api.service[75629]: [pid: 75629|app: 0|req: 87/256] 10.0.0.210 () {62 vars in 1402 bytes} [Wed Nov 8 15:12:02 2023] GET /volume/v3/ab888621e1234bd480d99e82e1725ee3/volumes/0c500d05-0bfc-42e7-9c57-0507d9e4ece4 => generated 911 bytes in 92 msecs (HTTP/1.1 200) 7 headers in 285 bytes (1 switches on core 0)
Nov 08 15:12:02 user devstack@c-api.service[75630]: DEBUG cinder.api.middleware.request_id [None req-b415b937-caf8-4fca-a7c2-db2ceee0a543 None None] RequestId filter calling following filter/app {{(pid=75630) _context_setter /opt/stack/cinder/cinder/api/middleware/request_id.py:62}}
Nov 08 15:12:02 user devstack@c-api.service[75630]: INFO cinder.api.openstack.wsgi [None req-b415b937-caf8-4fca-a7c2-db2ceee0a543 tempest-GroupsTest-1753316462 tempest-GroupsTest-1753316462-project-member] GET http://10.0.0.210/volume/v3/0ad75ba9a95647abb345214c91632f37/volumes/4ecf1009-27ed-4212-a062-7e152ae3dcd6
Nov 08 15:12:02 user devstack@c-api.service[75630]: DEBUG cinder.api.openstack.wsgi [None req-b415b937-caf8-4fca-a7c2-db2ceee0a543 tempest-GroupsTest-1753316462 tempest-GroupsTest-1753316462-project-member] Empty body provided in request {{(pid=75630) get_body /opt/stack/cinder/cinder/api/openstack/wsgi.py:715}}
Nov 08 15:12:02 user devstack@c-api.service[75630]: DEBUG cinder.api.openstack.wsgi [None req-b415b937-caf8-4fca-a7c2-db2ceee0a543 tempest-GroupsTest-1753316462 tempest-GroupsTest-1753316462-project-member] Calling method 'show' {{(pid=75630) _process_stack /opt/stack/cinder/cinder/api/openstack/wsgi.py:868}}
Nov 08 15:12:02 user devstack@c-api.service[75630]: /opt/stack/data/venv/lib/python3.10/site-packages/oslo_context/context.py:100: DeprecationWarning: Policy enforcement is depending on the value of is_admin. This key is deprecated. Please update your policy file to use the standard policy values.
Nov 08 15:12:02 user devstack@c-api.service[75630]: warnings.warn('Policy enforcement is depending on the value of '
Nov 08 15:12:02 user devstack@c-api.service[75631]: INFO cinder.api.openstack.wsgi [None req-95791519-e69f-4237-b2f7-beb10a996691 tempest-VolumesAssistedSnapshotsTest-1958280288 tempest-VolumesAssistedSnapshotsTest-1958280288-project-admin] POST http://10.0.0.210/volume/v3/ac5e778b9a734cd391d7ab13857c8971/volumes
Nov 08 15:12:02 user devstack@c-api.service[75630]: INFO cinder.volume.api [None req-b415b937-caf8-4fca-a7c2-db2ceee0a543 tempest-GroupsTest-1753316462 tempest-GroupsTest-1753316462-project-member] Volume info retrieved successfully.
Nov 08 15:12:02 user devstack@c-api.service[75631]: DEBUG cinder.api.openstack.wsgi [None req-95791519-e69f-4237-b2f7-beb10a996691 tempest-VolumesAssistedSnapshotsTest-1958280288 tempest-VolumesAssistedSnapshotsTest-1958280288-project-admin] Action: 'create', calling method: create, body: {"volume": {"size": 1, "display_name": "tempest-VolumesAssistedSnapshotsTest-volume-187932507"}} {{(pid=75631) _process_stack /opt/stack/cinder/cinder/api/openstack/wsgi.py:866}}
Nov 08 15:12:02 user devstack@c-api.service[75630]: WARNING stevedore.named [None req-b415b937-caf8-4fca-a7c2-db2ceee0a543 tempest-GroupsTest-1753316462 tempest-GroupsTest-1753316462-project-member] Could not load cinder.keymgr.conf_key_mgr.ConfKeyManager
Nov 08 15:12:02 user devstack@c-api.service[75630]: WARNING castellan.key_manager [None req-b415b937-caf8-4fca-a7c2-db2ceee0a543 tempest-GroupsTest-1753316462 tempest-GroupsTest-1753316462-project-member] Deprecation Warning : cinder.keymgr.conf_key_mgr.ConfKeyManager is not a stevedore based driver, trying to load it as a class: stevedore.exception.NoMatches: No 'castellan.drivers' driver found, looking for 'cinder.keymgr.conf_key_mgr.ConfKeyManager'
Nov 08 15:12:02 user devstack@c-api.service[75631]: DEBUG cinder.api.v3.volumes [None req-95791519-e69f-4237-b2f7-beb10a996691 tempest-VolumesAssistedSnapshotsTest-1958280288 tempest-VolumesAssistedSnapshotsTest-1958280288-project-admin] Create volume request body: {'volume': {'size': 1, 'display_name': 'tempest-VolumesAssistedSnapshotsTest-volume-187932507'}} {{(pid=75631) create /opt/stack/cinder/cinder/api/v3/volumes.py:297}}
Nov 08 15:12:02 user devstack@c-api.service[75631]: INFO cinder.api.v3.volumes [None req-95791519-e69f-4237-b2f7-beb10a996691 tempest-VolumesAssistedSnapshotsTest-1958280288 tempest-VolumesAssistedSnapshotsTest-1958280288-project-admin] Create volume of 1 GB
Nov 08 15:12:02 user devstack@c-api.service[75630]: DEBUG oslo_db.sqlalchemy.engines [None req-b415b937-caf8-4fca-a7c2-db2ceee0a543 tempest-GroupsTest-1753316462 tempest-GroupsTest-1753316462-project-member] MySQL server mode set to STRICT_TRANS_TABLES,STRICT_ALL_TABLES,NO_ZERO_IN_DATE,NO_ZERO_DATE,ERROR_FOR_DIVISION_BY_ZERO,TRADITIONAL,NO_ENGINE_SUBSTITUTION {{(pid=75630) _check_effective_sql_mode /opt/stack/data/venv/lib/python3.10/site-packages/oslo_db/sqlalchemy/engines.py:342}}
Nov 08 15:12:02 user devstack@c-api.service[75631]: INFO cinder.volume.api [None req-95791519-e69f-4237-b2f7-beb10a996691 tempest-VolumesAssistedSnapshotsTest-1958280288 tempest-VolumesAssistedSnapshotsTest-1958280288-project-admin] Availability Zones retrieved successfully.
Nov 08 15:12:02 user devstack@c-api.service[75630]: /opt/stack/data/venv/lib/python3.10/site-packages/oslo_context/context.py:100: DeprecationWarning: Policy enforcement is depending on the value of is_admin. This key is deprecated. Please update your policy file to use the standard policy values.
Nov 08 15:12:02 user devstack@c-api.service[75630]: warnings.warn('Policy enforcement is depending on the value of '
Nov 08 15:12:02 user devstack@c-api.service[75630]: INFO cinder.api.openstack.wsgi [None req-b415b937-caf8-4fca-a7c2-db2ceee0a543 tempest-GroupsTest-1753316462 tempest-GroupsTest-1753316462-project-member] http://10.0.0.210/volume/v3/0ad75ba9a95647abb345214c91632f37/volumes/4ecf1009-27ed-4212-a062-7e152ae3dcd6 returned with HTTP 200
Nov 08 15:12:02 user devstack@c-api.service[75631]: DEBUG cinder.volume.api [None req-95791519-e69f-4237-b2f7-beb10a996691 tempest-VolumesAssistedSnapshotsTest-1958280288 tempest-VolumesAssistedSnapshotsTest-1958280288-project-admin] Flow 'volume_create_api' (1e5282c1-5f31-48e6-96ec-93d470d67ccf) transitioned into state 'RUNNING' from state 'PENDING' {{(pid=75631) _flow_receiver /opt/stack/data/venv/lib/python3.10/site-packages/taskflow/listeners/logging.py:141}}
Nov 08 15:12:02 user devstack@c-api.service[75630]: [pid: 75630|app: 0|req: 88/257] 10.0.0.210 () {64 vars in 1443 bytes} [Wed Nov 8 15:12:02 2023] GET /volume/v3/0ad75ba9a95647abb345214c91632f37/volumes/4ecf1009-27ed-4212-a062-7e152ae3dcd6 => generated 970 bytes in 121 msecs (HTTP/1.1 200) 7 headers in 286 bytes (1 switches on core 0)
Nov 08 15:12:02 user devstack@c-api.service[75631]: DEBUG cinder.volume.api [None req-95791519-e69f-4237-b2f7-beb10a996691 tempest-VolumesAssistedSnapshotsTest-1958280288 tempest-VolumesAssistedSnapshotsTest-1958280288-project-admin] Task 'cinder.volume.flows.api.create_volume.ExtractVolumeRequestTask;volume:create' (e1b59963-dbd2-40ea-86de-d8470e8434c4) transitioned into state 'RUNNING' from state 'PENDING' {{(pid=75631) _task_receiver /opt/stack/data/venv/lib/python3.10/site-packages/taskflow/listeners/logging.py:190}}
Nov 08 15:12:02 user devstack@c-api.service[75631]: DEBUG cinder.volume.flows.api.create_volume [None req-95791519-e69f-4237-b2f7-beb10a996691 tempest-VolumesAssistedSnapshotsTest-1958280288 tempest-VolumesAssistedSnapshotsTest-1958280288-project-admin] Validating volume size '1' using validate_int {{(pid=75631) _extract_size /opt/stack/cinder/cinder/volume/flows/api/create_volume.py:228}}
Nov 08 15:12:02 user devstack@c-api.service[75631]: DEBUG cinder.volume.api [None req-95791519-e69f-4237-b2f7-beb10a996691 tempest-VolumesAssistedSnapshotsTest-1958280288 tempest-VolumesAssistedSnapshotsTest-1958280288-project-admin] Task 'cinder.volume.flows.api.create_volume.ExtractVolumeRequestTask;volume:create' (e1b59963-dbd2-40ea-86de-d8470e8434c4) transitioned into state 'SUCCESS' from state 'RUNNING' with result '{'size': 1, 'snapshot_id': None, 'source_volid': None, 'volume_type': VolumeType(created_at=2023-11-08T15:07:40Z,deleted=False,deleted_at=None,description=None,extra_specs={volume_backend_name='joviandss-2'},id=952f3449-c393-49a4-ab51-5d3bf6b0323b,is_public=True,name='joviandss-2',projects=[],qos_specs=,qos_specs_id=None,updated_at=None), 'volume_type_id': '952f3449-c393-49a4-ab51-5d3bf6b0323b', 'encryption_key_id': None, 'qos_specs': None, 'consistencygroup_id': None, 'cgsnapshot_id': None, 'group_id': None, 'replication_status': 'disabled', 'refresh_az': False, 'backup_id': None, 'multiattach': False, 'availability_zones': ['nova']}' {{(pid=75631) _task_receiver /opt/stack/data/venv/lib/python3.10/site-packages/taskflow/listeners/logging.py:178}}
Nov 08 15:12:02 user devstack@c-api.service[75631]: DEBUG cinder.volume.api [None req-95791519-e69f-4237-b2f7-beb10a996691 tempest-VolumesAssistedSnapshotsTest-1958280288 tempest-VolumesAssistedSnapshotsTest-1958280288-project-admin] Task 'cinder.volume.flows.api.create_volume.QuotaReserveTask;volume:create' (b2534e78-ba1d-45e1-9559-da2ab4e4f779) transitioned into state 'RUNNING' from state 'PENDING' {{(pid=75631) _task_receiver /opt/stack/data/venv/lib/python3.10/site-packages/taskflow/listeners/logging.py:190}}
Nov 08 15:12:02 user devstack@c-api.service[75629]: DEBUG cinder.api.middleware.request_id [None req-d89357fc-9cd1-4ff7-94ae-141e1c190393 None None] RequestId filter calling following filter/app {{(pid=75629) _context_setter /opt/stack/cinder/cinder/api/middleware/request_id.py:62}}
Nov 08 15:12:02 user devstack@c-api.service[75629]: INFO cinder.api.openstack.wsgi [None req-d89357fc-9cd1-4ff7-94ae-141e1c190393 tempest-ServerActionsV293TestJSON-1497590387 tempest-ServerActionsV293TestJSON-1497590387-project-member] GET http://10.0.0.210/volume/v3/dbd9e29971b9494cae915e79db86fa47/volumes/2b5251fd-3275-45d8-994c-180882761901
Nov 08 15:12:02 user devstack@c-api.service[75629]: DEBUG cinder.api.openstack.wsgi [None req-d89357fc-9cd1-4ff7-94ae-141e1c190393 tempest-ServerActionsV293TestJSON-1497590387 tempest-ServerActionsV293TestJSON-1497590387-project-member] Empty body provided in request {{(pid=75629) get_body /opt/stack/cinder/cinder/api/openstack/wsgi.py:715}}
Nov 08 15:12:02 user devstack@c-api.service[75629]: DEBUG cinder.api.openstack.wsgi [None req-d89357fc-9cd1-4ff7-94ae-141e1c190393 tempest-ServerActionsV293TestJSON-1497590387 tempest-ServerActionsV293TestJSON-1497590387-project-member] Calling method 'show' {{(pid=75629) _process_stack /opt/stack/cinder/cinder/api/openstack/wsgi.py:868}}
Nov 08 15:12:02 user devstack@c-api.service[75630]: DEBUG cinder.api.middleware.request_id [None req-b1f45f7e-525d-40e9-8f43-dfa07b970afe None None] RequestId filter calling following filter/app {{(pid=75630) _context_setter /opt/stack/cinder/cinder/api/middleware/request_id.py:62}}
Nov 08 15:12:02 user devstack@c-api.service[75629]: /opt/stack/data/venv/lib/python3.10/site-packages/oslo_context/context.py:100: DeprecationWarning: Policy enforcement is depending on the value of is_admin. This key is deprecated. Please update your policy file to use the standard policy values.
Nov 08 15:12:02 user devstack@c-api.service[75629]: warnings.warn('Policy enforcement is depending on the value of '
Nov 08 15:12:02 user devstack@c-api.service[75630]: INFO cinder.api.openstack.wsgi [None req-b1f45f7e-525d-40e9-8f43-dfa07b970afe tempest-TestVolumeSwap-878514580 tempest-TestVolumeSwap-878514580-project-member] GET http://10.0.0.210/volume/v3/1571ef1f543a4537a4d1c50d9aeaa5bc/volumes/c6eedca6-20a0-493c-894f-8376631a2085
Nov 08 15:12:02 user devstack@c-api.service[75630]: DEBUG cinder.api.openstack.wsgi [None req-b1f45f7e-525d-40e9-8f43-dfa07b970afe tempest-TestVolumeSwap-878514580 tempest-TestVolumeSwap-878514580-project-member] Empty body provided in request {{(pid=75630) get_body /opt/stack/cinder/cinder/api/openstack/wsgi.py:715}}
Nov 08 15:12:02 user devstack@c-api.service[75630]: DEBUG cinder.api.openstack.wsgi [None req-b1f45f7e-525d-40e9-8f43-dfa07b970afe tempest-TestVolumeSwap-878514580 tempest-TestVolumeSwap-878514580-project-member] Calling method 'show' {{(pid=75630) _process_stack /opt/stack/cinder/cinder/api/openstack/wsgi.py:868}}
Nov 08 15:12:02 user devstack@c-api.service[75629]: INFO cinder.volume.api [None req-d89357fc-9cd1-4ff7-94ae-141e1c190393 tempest-ServerActionsV293TestJSON-1497590387 tempest-ServerActionsV293TestJSON-1497590387-project-member] Volume info retrieved successfully.
Nov 08 15:12:02 user devstack@c-api.service[75629]: INFO cinder.api.openstack.wsgi [None req-d89357fc-9cd1-4ff7-94ae-141e1c190393 tempest-ServerActionsV293TestJSON-1497590387 tempest-ServerActionsV293TestJSON-1497590387-project-member] http://10.0.0.210/volume/v3/dbd9e29971b9494cae915e79db86fa47/volumes/2b5251fd-3275-45d8-994c-180882761901 returned with HTTP 200
Nov 08 15:12:02 user devstack@c-api.service[75629]: [pid: 75629|app: 0|req: 88/258] 10.0.0.210 () {64 vars in 1443 bytes} [Wed Nov 8 15:12:02 2023] GET /volume/v3/dbd9e29971b9494cae915e79db86fa47/volumes/2b5251fd-3275-45d8-994c-180882761901 => generated 1119 bytes in 96 msecs (HTTP/1.1 200) 7 headers in 287 bytes (1 switches on core 0)
Nov 08 15:12:02 user devstack@c-api.service[75630]: /opt/stack/data/venv/lib/python3.10/site-packages/oslo_context/context.py:100: DeprecationWarning: Policy enforcement is depending on the value of is_admin. This key is deprecated. Please update your policy file to use the standard policy values.
Nov 08 15:12:02 user devstack@c-api.service[75630]: warnings.warn('Policy enforcement is depending on the value of '
Nov 08 15:12:02 user devstack@c-api.service[75630]: INFO cinder.volume.api [None req-b1f45f7e-525d-40e9-8f43-dfa07b970afe tempest-TestVolumeSwap-878514580 tempest-TestVolumeSwap-878514580-project-member] Volume info retrieved successfully.
Nov 08 15:12:02 user devstack@c-api.service[75629]: DEBUG cinder.api.middleware.request_id [None req-6f186064-b0bd-491f-8493-254025b29c7c None None] RequestId filter calling following filter/app {{(pid=75629) _context_setter /opt/stack/cinder/cinder/api/middleware/request_id.py:62}}
Nov 08 15:12:02 user devstack@c-api.service[75630]: INFO cinder.api.openstack.wsgi [None req-b1f45f7e-525d-40e9-8f43-dfa07b970afe tempest-TestVolumeSwap-878514580 tempest-TestVolumeSwap-878514580-project-member] http://10.0.0.210/volume/v3/1571ef1f543a4537a4d1c50d9aeaa5bc/volumes/c6eedca6-20a0-493c-894f-8376631a2085 returned with HTTP 200
Nov 08 15:12:02 user devstack@c-api.service[75629]: INFO cinder.api.openstack.wsgi [None req-6f186064-b0bd-491f-8493-254025b29c7c tempest-TaggedAttachmentsTest-1767194789 tempest-TaggedAttachmentsTest-1767194789-project-member] GET http://10.0.0.210/volume/v3/ad0a360ac3974426b6f6aea8e48dcfb9/volumes/cdc5f952-33ee-4d95-b13c-aad482853144
Nov 08 15:12:02 user devstack@c-api.service[75629]: DEBUG cinder.api.openstack.wsgi [None req-6f186064-b0bd-491f-8493-254025b29c7c tempest-TaggedAttachmentsTest-1767194789 tempest-TaggedAttachmentsTest-1767194789-project-member] Empty body provided in request {{(pid=75629) get_body /opt/stack/cinder/cinder/api/openstack/wsgi.py:715}}
Nov 08 15:12:02 user devstack@c-api.service[75630]: [pid: 75630|app: 0|req: 89/259] 10.0.0.210 () {62 vars in 1402 bytes} [Wed Nov 8 15:12:02 2023] GET /volume/v3/1571ef1f543a4537a4d1c50d9aeaa5bc/volumes/c6eedca6-20a0-493c-894f-8376631a2085 => generated 903 bytes in 123 msecs (HTTP/1.1 200) 7 headers in 285 bytes (1 switches on core 0)
Nov 08 15:12:02 user devstack@c-api.service[75629]: DEBUG cinder.api.openstack.wsgi [None req-6f186064-b0bd-491f-8493-254025b29c7c tempest-TaggedAttachmentsTest-1767194789 tempest-TaggedAttachmentsTest-1767194789-project-member] Calling method 'show' {{(pid=75629) _process_stack /opt/stack/cinder/cinder/api/openstack/wsgi.py:868}}
Nov 08 15:12:02 user devstack@c-api.service[75629]: /opt/stack/data/venv/lib/python3.10/site-packages/oslo_context/context.py:100: DeprecationWarning: Policy enforcement is depending on the value of is_admin. This key is deprecated. Please update your policy file to use the standard policy values.
Nov 08 15:12:02 user devstack@c-api.service[75629]: warnings.warn('Policy enforcement is depending on the value of '
Nov 08 15:12:02 user devstack@c-api.service[75629]: INFO cinder.volume.api [None req-6f186064-b0bd-491f-8493-254025b29c7c tempest-TaggedAttachmentsTest-1767194789 tempest-TaggedAttachmentsTest-1767194789-project-member] Volume info retrieved successfully.
Nov 08 15:12:02 user devstack@c-api.service[75631]: DEBUG cinder.quota [None req-95791519-e69f-4237-b2f7-beb10a996691 tempest-VolumesAssistedSnapshotsTest-1958280288 tempest-VolumesAssistedSnapshotsTest-1958280288-project-admin] Created reservations ['0f48c5dd-c7cd-4533-bff0-bdab74f60dea', 'c53fd5e2-66d7-43e3-9844-981b09830303', '54c13f34-4ec0-430a-9c87-ef577b73bc92', '3ebc77bd-f7a7-4d8c-8c92-72a04013c2f7'] {{(pid=75631) reserve /opt/stack/cinder/cinder/quota.py:755}}
Nov 08 15:12:02 user devstack@c-api.service[75631]: DEBUG cinder.volume.api [None req-95791519-e69f-4237-b2f7-beb10a996691 tempest-VolumesAssistedSnapshotsTest-1958280288 tempest-VolumesAssistedSnapshotsTest-1958280288-project-admin] Task 'cinder.volume.flows.api.create_volume.QuotaReserveTask;volume:create' (b2534e78-ba1d-45e1-9559-da2ab4e4f779) transitioned into state 'SUCCESS' from state 'RUNNING' with result '{'reservations': ['0f48c5dd-c7cd-4533-bff0-bdab74f60dea', 'c53fd5e2-66d7-43e3-9844-981b09830303', '54c13f34-4ec0-430a-9c87-ef577b73bc92', '3ebc77bd-f7a7-4d8c-8c92-72a04013c2f7']}' {{(pid=75631) _task_receiver /opt/stack/data/venv/lib/python3.10/site-packages/taskflow/listeners/logging.py:178}}
Nov 08 15:12:02 user devstack@c-api.service[75631]: DEBUG cinder.volume.api [None req-95791519-e69f-4237-b2f7-beb10a996691 tempest-VolumesAssistedSnapshotsTest-1958280288 tempest-VolumesAssistedSnapshotsTest-1958280288-project-admin] Task 'cinder.volume.flows.api.create_volume.EntryCreateTask;volume:create' (0f316e4e-34a6-49f5-870b-fac8874a199c) transitioned into state 'RUNNING' from state 'PENDING' {{(pid=75631) _task_receiver /opt/stack/data/venv/lib/python3.10/site-packages/taskflow/listeners/logging.py:190}}
Nov 08 15:12:02 user devstack@c-api.service[75629]: INFO cinder.api.openstack.wsgi [None req-6f186064-b0bd-491f-8493-254025b29c7c tempest-TaggedAttachmentsTest-1767194789 tempest-TaggedAttachmentsTest-1767194789-project-member] http://10.0.0.210/volume/v3/ad0a360ac3974426b6f6aea8e48dcfb9/volumes/cdc5f952-33ee-4d95-b13c-aad482853144 returned with HTTP 200
Nov 08 15:12:02 user devstack@c-api.service[75629]: [pid: 75629|app: 0|req: 89/260] 10.0.0.210 () {62 vars in 1402 bytes} [Wed Nov 8 15:12:02 2023] GET /volume/v3/ad0a360ac3974426b6f6aea8e48dcfb9/volumes/cdc5f952-33ee-4d95-b13c-aad482853144 => generated 908 bytes in 67 msecs (HTTP/1.1 200) 7 headers in 285 bytes (1 switches on core 0)
Nov 08 15:12:02 user devstack@c-api.service[75631]: DEBUG cinder.volume.api [None req-95791519-e69f-4237-b2f7-beb10a996691 tempest-VolumesAssistedSnapshotsTest-1958280288 tempest-VolumesAssistedSnapshotsTest-1958280288-project-admin] Task 'cinder.volume.flows.api.create_volume.EntryCreateTask;volume:create' (0f316e4e-34a6-49f5-870b-fac8874a199c) transitioned into state 'SUCCESS' from state 'RUNNING' with result '{'volume_id': '34729c44-42d1-4ca8-8d93-c5ca877831b5', 'volume_properties': VolumeProperties(attach_status='detached',availability_zone='nova',cgsnapshot_id=None,consistencygroup_id=None,display_description=None,display_name='tempest-VolumesAssistedSnapshotsTest-volume-187932507',encryption_key_id=None,group_id=None,group_type_id=,metadata={},multiattach=False,project_id='ac5e778b9a734cd391d7ab13857c8971',qos_specs=None,replication_status=,reservations=['0f48c5dd-c7cd-4533-bff0-bdab74f60dea','c53fd5e2-66d7-43e3-9844-981b09830303','54c13f34-4ec0-430a-9c87-ef577b73bc92','3ebc77bd-f7a7-4d8c-8c92-72a04013c2f7'],size=1,snapshot_id=None,source_replicaid=,source_volid=None,status='creating',user_id='404b7ebe200a42b786e1dc7d41692d9f',volume_type_id=952f3449-c393-49a4-ab51-5d3bf6b0323b), 'volume': Volume(_name_id=None,admin_metadata={},attach_status='detached',availability_zone='nova',bootable=False,cluster=,cluster_name=None,consistencygroup=,consistencygroup_id=None,created_at=2023-11-08T15:12:02Z,deleted=False,deleted_at=None,display_description=None,display_name='tempest-VolumesAssistedSnapshotsTest-volume-187932507',ec2_id=None,encryption_key_id=None,glance_metadata=,group=,group_id=None,host=None,id=34729c44-42d1-4ca8-8d93-c5ca877831b5,launched_at=None,metadata={},migration_status=None,multiattach=False,previous_status=None,project_id='ac5e778b9a734cd391d7ab13857c8971',provider_auth=None,provider_geometry=None,provider_id=None,provider_location=None,replication_driver_data=None,replication_extended_status=None,replication_status=None,scheduled_at=None,service_uuid=None,shared_targets=True,size=1,snapshot_id=None,snapshots=,source_volid=None,status='creating',terminated_at=None,updated_at=None,use_quota=True,user_id='404b7ebe200a42b786e1dc7d41692d9f',volume_attachment=VolumeAttachmentList,volume_type=VolumeType(952f3449-c393-49a4-ab51-5d3bf6b0323b),volume_type_id=952f3449-c393-49a4-ab51-5d3bf6b0323b)}' {{(pid=75631) _task_receiver /opt/stack/data/venv/lib/python3.10/site-packages/taskflow/listeners/logging.py:178}}
Nov 08 15:12:02 user devstack@c-api.service[75631]: DEBUG cinder.volume.api [None req-95791519-e69f-4237-b2f7-beb10a996691 tempest-VolumesAssistedSnapshotsTest-1958280288 tempest-VolumesAssistedSnapshotsTest-1958280288-project-admin] Task 'cinder.volume.flows.api.create_volume.QuotaCommitTask;volume:create' (99220543-dfa8-43c4-baa1-477fc9aa184b) transitioned into state 'RUNNING' from state 'PENDING' {{(pid=75631) _task_receiver /opt/stack/data/venv/lib/python3.10/site-packages/taskflow/listeners/logging.py:190}}
Nov 08 15:12:02 user devstack@c-api.service[75631]: DEBUG cinder.volume.api [None req-95791519-e69f-4237-b2f7-beb10a996691 tempest-VolumesAssistedSnapshotsTest-1958280288 tempest-VolumesAssistedSnapshotsTest-1958280288-project-admin] Task 'cinder.volume.flows.api.create_volume.QuotaCommitTask;volume:create' (99220543-dfa8-43c4-baa1-477fc9aa184b) transitioned into state 'SUCCESS' from state 'RUNNING' with result '{'volume_properties': VolumeProperties(attach_status='detached',availability_zone='nova',cgsnapshot_id=None,consistencygroup_id=None,display_description=None,display_name='tempest-VolumesAssistedSnapshotsTest-volume-187932507',encryption_key_id=None,group_id=None,group_type_id=,metadata={},multiattach=False,project_id='ac5e778b9a734cd391d7ab13857c8971',qos_specs=None,replication_status=,reservations=['0f48c5dd-c7cd-4533-bff0-bdab74f60dea','c53fd5e2-66d7-43e3-9844-981b09830303','54c13f34-4ec0-430a-9c87-ef577b73bc92','3ebc77bd-f7a7-4d8c-8c92-72a04013c2f7'],size=1,snapshot_id=None,source_replicaid=,source_volid=None,status='creating',user_id='404b7ebe200a42b786e1dc7d41692d9f',volume_type_id=952f3449-c393-49a4-ab51-5d3bf6b0323b)}' {{(pid=75631) _task_receiver /opt/stack/data/venv/lib/python3.10/site-packages/taskflow/listeners/logging.py:178}}
Nov 08 15:12:02 user devstack@c-api.service[75631]: DEBUG cinder.volume.api [None req-95791519-e69f-4237-b2f7-beb10a996691 tempest-VolumesAssistedSnapshotsTest-1958280288 tempest-VolumesAssistedSnapshotsTest-1958280288-project-admin] Task 'cinder.volume.flows.api.create_volume.VolumeCastTask;volume:create' (84c0428b-f1c9-47f8-a929-c4128041d748) transitioned into state 'RUNNING' from state 'PENDING' {{(pid=75631) _task_receiver /opt/stack/data/venv/lib/python3.10/site-packages/taskflow/listeners/logging.py:190}}
Nov 08 15:12:02 user devstack@c-api.service[75631]: DEBUG cinder.volume.api [None req-95791519-e69f-4237-b2f7-beb10a996691 tempest-VolumesAssistedSnapshotsTest-1958280288 tempest-VolumesAssistedSnapshotsTest-1958280288-project-admin] Task 'cinder.volume.flows.api.create_volume.VolumeCastTask;volume:create' (84c0428b-f1c9-47f8-a929-c4128041d748) transitioned into state 'SUCCESS' from state 'RUNNING' with result 'None' {{(pid=75631) _task_receiver /opt/stack/data/venv/lib/python3.10/site-packages/taskflow/listeners/logging.py:178}}
Nov 08 15:12:02 user devstack@c-api.service[75631]: DEBUG cinder.volume.api [None req-95791519-e69f-4237-b2f7-beb10a996691 tempest-VolumesAssistedSnapshotsTest-1958280288 tempest-VolumesAssistedSnapshotsTest-1958280288-project-admin] Flow 'volume_create_api' (1e5282c1-5f31-48e6-96ec-93d470d67ccf) transitioned into state 'SUCCESS' from state 'RUNNING' {{(pid=75631) _flow_receiver /opt/stack/data/venv/lib/python3.10/site-packages/taskflow/listeners/logging.py:141}}
Nov 08 15:12:02 user devstack@c-api.service[75631]: INFO cinder.volume.api [None req-95791519-e69f-4237-b2f7-beb10a996691 tempest-VolumesAssistedSnapshotsTest-1958280288 tempest-VolumesAssistedSnapshotsTest-1958280288-project-admin] Create volume request issued successfully.
Nov 08 15:12:02 user devstack@c-api.service[75631]: INFO cinder.api.openstack.wsgi [None req-95791519-e69f-4237-b2f7-beb10a996691 tempest-VolumesAssistedSnapshotsTest-1958280288 tempest-VolumesAssistedSnapshotsTest-1958280288-project-admin] http://10.0.0.210/volume/v3/ac5e778b9a734cd391d7ab13857c8971/volumes returned with HTTP 202
Nov 08 15:12:02 user devstack@c-api.service[75631]: [pid: 75631|app: 0|req: 83/261] 10.0.0.210 () {64 vars in 1312 bytes} [Wed Nov 8 15:12:02 2023] POST /volume/v3/ac5e778b9a734cd391d7ab13857c8971/volumes => generated 851 bytes in 800 msecs (HTTP/1.1 202) 7 headers in 291 bytes (1 switches on core 0)
Nov 08 15:12:02 user devstack@c-api.service[75630]: DEBUG cinder.api.middleware.request_id [None req-f84b09e4-c48d-4e77-ad85-91aad17ad37a None None] RequestId filter calling following filter/app {{(pid=75630) _context_setter /opt/stack/cinder/cinder/api/middleware/request_id.py:62}}
Nov 08 15:12:02 user devstack@c-api.service[75630]: INFO cinder.api.openstack.wsgi [None req-f84b09e4-c48d-4e77-ad85-91aad17ad37a tempest-VolumesAssistedSnapshotsTest-1958280288 tempest-VolumesAssistedSnapshotsTest-1958280288-project-admin] GET http://10.0.0.210/volume/v3/ac5e778b9a734cd391d7ab13857c8971/volumes/34729c44-42d1-4ca8-8d93-c5ca877831b5
Nov 08 15:12:02 user devstack@c-api.service[75630]: DEBUG cinder.api.openstack.wsgi [None req-f84b09e4-c48d-4e77-ad85-91aad17ad37a tempest-VolumesAssistedSnapshotsTest-1958280288 tempest-VolumesAssistedSnapshotsTest-1958280288-project-admin] Empty body provided in request {{(pid=75630) get_body /opt/stack/cinder/cinder/api/openstack/wsgi.py:715}}
Nov 08 15:12:02 user devstack@c-api.service[75630]: DEBUG cinder.api.openstack.wsgi [None req-f84b09e4-c48d-4e77-ad85-91aad17ad37a tempest-VolumesAssistedSnapshotsTest-1958280288 tempest-VolumesAssistedSnapshotsTest-1958280288-project-admin] Calling method 'show' {{(pid=75630) _process_stack /opt/stack/cinder/cinder/api/openstack/wsgi.py:868}}
Nov 08 15:12:03 user devstack@c-api.service[75629]: DEBUG cinder.api.middleware.request_id [None req-937f55c1-a5d8-438d-adbf-bd4027051cd9 None None] RequestId filter calling following filter/app {{(pid=75629) _context_setter /opt/stack/cinder/cinder/api/middleware/request_id.py:62}}
Nov 08 15:12:03 user devstack@c-api.service[75629]: INFO cinder.api.openstack.wsgi [None req-937f55c1-a5d8-438d-adbf-bd4027051cd9 tempest-SnapshotMetadataTestJSON-1626432738 tempest-SnapshotMetadataTestJSON-1626432738-project-member] GET http://10.0.0.210/volume/v3/4c6ae2afb6ed466e9b24d02b9b597368/snapshots/d86e69b0-4d14-47ec-8007-3be489d62276
Nov 08 15:12:03 user devstack@c-api.service[75629]: DEBUG cinder.api.openstack.wsgi [None req-937f55c1-a5d8-438d-adbf-bd4027051cd9 tempest-SnapshotMetadataTestJSON-1626432738 tempest-SnapshotMetadataTestJSON-1626432738-project-member] Empty body provided in request {{(pid=75629) get_body /opt/stack/cinder/cinder/api/openstack/wsgi.py:715}}
Nov 08 15:12:03 user devstack@c-api.service[75629]: DEBUG cinder.api.openstack.wsgi [None req-937f55c1-a5d8-438d-adbf-bd4027051cd9 tempest-SnapshotMetadataTestJSON-1626432738 tempest-SnapshotMetadataTestJSON-1626432738-project-member] Calling method 'show' {{(pid=75629) _process_stack /opt/stack/cinder/cinder/api/openstack/wsgi.py:868}}
Nov 08 15:12:03 user devstack@c-api.service[75629]: /opt/stack/data/venv/lib/python3.10/site-packages/oslo_context/context.py:100: DeprecationWarning: Policy enforcement is depending on the value of is_admin. This key is deprecated. Please update your policy file to use the standard policy values.
Nov 08 15:12:03 user devstack@c-api.service[75629]: warnings.warn('Policy enforcement is depending on the value of '
Nov 08 15:12:03 user devstack@c-api.service[75629]: INFO cinder.volume.api [None req-937f55c1-a5d8-438d-adbf-bd4027051cd9 tempest-SnapshotMetadataTestJSON-1626432738 tempest-SnapshotMetadataTestJSON-1626432738-project-member] Snapshot retrieved successfully.
Nov 08 15:12:03 user devstack@c-api.service[75630]: /opt/stack/data/venv/lib/python3.10/site-packages/oslo_context/context.py:100: DeprecationWarning: Policy enforcement is depending on the value of is_admin. This key is deprecated. Please update your policy file to use the standard policy values.
Nov 08 15:12:03 user devstack@c-api.service[75630]: warnings.warn('Policy enforcement is depending on the value of '
Nov 08 15:12:03 user devstack@c-api.service[75629]: INFO cinder.api.openstack.wsgi [None req-937f55c1-a5d8-438d-adbf-bd4027051cd9 tempest-SnapshotMetadataTestJSON-1626432738 tempest-SnapshotMetadataTestJSON-1626432738-project-member] http://10.0.0.210/volume/v3/4c6ae2afb6ed466e9b24d02b9b597368/snapshots/d86e69b0-4d14-47ec-8007-3be489d62276 returned with HTTP 200
Nov 08 15:12:03 user devstack@c-api.service[75629]: [pid: 75629|app: 0|req: 90/262] 10.0.0.210 () {62 vars in 1408 bytes} [Wed Nov 8 15:12:03 2023] GET /volume/v3/4c6ae2afb6ed466e9b24d02b9b597368/snapshots/d86e69b0-4d14-47ec-8007-3be489d62276 => generated 469 bytes in 40 msecs (HTTP/1.1 200) 7 headers in 285 bytes (1 switches on core 0)
Nov 08 15:12:03 user devstack@c-api.service[75630]: INFO cinder.volume.api [None req-f84b09e4-c48d-4e77-ad85-91aad17ad37a tempest-VolumesAssistedSnapshotsTest-1958280288 tempest-VolumesAssistedSnapshotsTest-1958280288-project-admin] Volume info retrieved successfully.
Nov 08 15:12:03 user devstack@c-api.service[75630]: INFO cinder.api.openstack.wsgi [None req-f84b09e4-c48d-4e77-ad85-91aad17ad37a tempest-VolumesAssistedSnapshotsTest-1958280288 tempest-VolumesAssistedSnapshotsTest-1958280288-project-admin] http://10.0.0.210/volume/v3/ac5e778b9a734cd391d7ab13857c8971/volumes/34729c44-42d1-4ca8-8d93-c5ca877831b5 returned with HTTP 200
Nov 08 15:12:03 user devstack@c-api.service[75630]: [pid: 75630|app: 0|req: 90/263] 10.0.0.210 () {62 vars in 1402 bytes} [Wed Nov 8 15:12:02 2023] GET /volume/v3/ac5e778b9a734cd391d7ab13857c8971/volumes/34729c44-42d1-4ca8-8d93-c5ca877831b5 => generated 1030 bytes in 120 msecs (HTTP/1.1 200) 7 headers in 286 bytes (1 switches on core 0)
Nov 08 15:12:03 user devstack@c-api.service[75631]: DEBUG cinder.api.middleware.request_id [None req-986631ae-7dce-4131-b2f7-1902f65a8920 None None] RequestId filter calling following filter/app {{(pid=75631) _context_setter /opt/stack/cinder/cinder/api/middleware/request_id.py:62}}
Nov 08 15:12:03 user devstack@c-api.service[75631]: INFO cinder.api.openstack.wsgi [None req-986631ae-7dce-4131-b2f7-1902f65a8920 tempest-TaggedBootDevicesTest_v242-76015565 tempest-TaggedBootDevicesTest_v242-76015565-project-member] GET http://10.0.0.210/volume/v3/267e279227b64367abe0b6f3d039de11/volumes/fb450b81-c61c-4b4f-be45-59cbfd0760cc
Nov 08 15:12:03 user devstack@c-api.service[75631]: DEBUG cinder.api.openstack.wsgi [None req-986631ae-7dce-4131-b2f7-1902f65a8920 tempest-TaggedBootDevicesTest_v242-76015565 tempest-TaggedBootDevicesTest_v242-76015565-project-member] Empty body provided in request {{(pid=75631) get_body /opt/stack/cinder/cinder/api/openstack/wsgi.py:715}}
Nov 08 15:12:03 user devstack@c-api.service[75631]: DEBUG cinder.api.openstack.wsgi [None req-986631ae-7dce-4131-b2f7-1902f65a8920 tempest-TaggedBootDevicesTest_v242-76015565 tempest-TaggedBootDevicesTest_v242-76015565-project-member] Calling method 'show' {{(pid=75631) _process_stack /opt/stack/cinder/cinder/api/openstack/wsgi.py:868}}
Nov 08 15:12:03 user devstack@c-api.service[75631]: /opt/stack/data/venv/lib/python3.10/site-packages/oslo_context/context.py:100: DeprecationWarning: Policy enforcement is depending on the value of is_admin. This key is deprecated. Please update your policy file to use the standard policy values.
Nov 08 15:12:03 user devstack@c-api.service[75631]: warnings.warn('Policy enforcement is depending on the value of '
Nov 08 15:12:03 user devstack@c-api.service[75631]: INFO cinder.volume.api [None req-986631ae-7dce-4131-b2f7-1902f65a8920 tempest-TaggedBootDevicesTest_v242-76015565 tempest-TaggedBootDevicesTest_v242-76015565-project-member] Volume info retrieved successfully.
Nov 08 15:12:03 user devstack@c-api.service[75629]: DEBUG cinder.api.middleware.request_id [None req-b6a5c23b-a3f8-4be9-893e-767a92417ae1 None None] RequestId filter calling following filter/app {{(pid=75629) _context_setter /opt/stack/cinder/cinder/api/middleware/request_id.py:62}}
Nov 08 15:12:03 user devstack@c-api.service[75629]: INFO cinder.api.openstack.wsgi [None req-b6a5c23b-a3f8-4be9-893e-767a92417ae1 tempest-TaggedBootDevicesTest-1143317820 tempest-TaggedBootDevicesTest-1143317820-project-member] GET http://10.0.0.210/volume/v3/ab888621e1234bd480d99e82e1725ee3/volumes/0c500d05-0bfc-42e7-9c57-0507d9e4ece4
Nov 08 15:12:03 user devstack@c-api.service[75631]: INFO cinder.api.openstack.wsgi [None req-986631ae-7dce-4131-b2f7-1902f65a8920 tempest-TaggedBootDevicesTest_v242-76015565 tempest-TaggedBootDevicesTest_v242-76015565-project-member] http://10.0.0.210/volume/v3/267e279227b64367abe0b6f3d039de11/volumes/fb450b81-c61c-4b4f-be45-59cbfd0760cc returned with HTTP 200
Nov 08 15:12:03 user devstack@c-api.service[75629]: DEBUG cinder.api.openstack.wsgi [None req-b6a5c23b-a3f8-4be9-893e-767a92417ae1 tempest-TaggedBootDevicesTest-1143317820 tempest-TaggedBootDevicesTest-1143317820-project-member] Empty body provided in request {{(pid=75629) get_body /opt/stack/cinder/cinder/api/openstack/wsgi.py:715}}
Nov 08 15:12:03 user devstack@c-api.service[75631]: [pid: 75631|app: 0|req: 84/264] 10.0.0.210 () {62 vars in 1402 bytes} [Wed Nov 8 15:12:03 2023] GET /volume/v3/267e279227b64367abe0b6f3d039de11/volumes/fb450b81-c61c-4b4f-be45-59cbfd0760cc => generated 915 bytes in 68 msecs (HTTP/1.1 200) 7 headers in 285 bytes (1 switches on core 0)
Nov 08 15:12:03 user devstack@c-api.service[75629]: DEBUG cinder.api.openstack.wsgi [None req-b6a5c23b-a3f8-4be9-893e-767a92417ae1 tempest-TaggedBootDevicesTest-1143317820 tempest-TaggedBootDevicesTest-1143317820-project-member] Calling method 'show' {{(pid=75629) _process_stack /opt/stack/cinder/cinder/api/openstack/wsgi.py:868}}
Nov 08 15:12:03 user devstack@c-api.service[75629]: /opt/stack/data/venv/lib/python3.10/site-packages/oslo_context/context.py:100: DeprecationWarning: Policy enforcement is depending on the value of is_admin. This key is deprecated. Please update your policy file to use the standard policy values.
Nov 08 15:12:03 user devstack@c-api.service[75629]: warnings.warn('Policy enforcement is depending on the value of '
Nov 08 15:12:03 user devstack@c-api.service[75629]: INFO cinder.volume.api [None req-b6a5c23b-a3f8-4be9-893e-767a92417ae1 tempest-TaggedBootDevicesTest-1143317820 tempest-TaggedBootDevicesTest-1143317820-project-member] Volume info retrieved successfully.
Nov 08 15:12:03 user devstack@c-api.service[75629]: INFO cinder.api.openstack.wsgi [None req-b6a5c23b-a3f8-4be9-893e-767a92417ae1 tempest-TaggedBootDevicesTest-1143317820 tempest-TaggedBootDevicesTest-1143317820-project-member] http://10.0.0.210/volume/v3/ab888621e1234bd480d99e82e1725ee3/volumes/0c500d05-0bfc-42e7-9c57-0507d9e4ece4 returned with HTTP 200
Nov 08 15:12:03 user devstack@c-api.service[75629]: [pid: 75629|app: 0|req: 91/265] 10.0.0.210 () {62 vars in 1402 bytes} [Wed Nov 8 15:12:03 2023] GET /volume/v3/ab888621e1234bd480d99e82e1725ee3/volumes/0c500d05-0bfc-42e7-9c57-0507d9e4ece4 => generated 911 bytes in 45 msecs (HTTP/1.1 200) 7 headers in 285 bytes (2 switches on core 0)
Nov 08 15:12:03 user devstack@c-api.service[75630]: DEBUG cinder.api.middleware.request_id [None req-22513cac-6c34-42f5-9950-5451ce50975a None None] RequestId filter calling following filter/app {{(pid=75630) _context_setter /opt/stack/cinder/cinder/api/middleware/request_id.py:62}}
Nov 08 15:12:03 user devstack@c-api.service[75630]: INFO cinder.api.openstack.wsgi [None req-22513cac-6c34-42f5-9950-5451ce50975a tempest-GroupsTest-1753316462 tempest-GroupsTest-1753316462-project-member] GET http://10.0.0.210/volume/v3/0ad75ba9a95647abb345214c91632f37/volumes/4ecf1009-27ed-4212-a062-7e152ae3dcd6
Nov 08 15:12:03 user devstack@c-api.service[75630]: DEBUG cinder.api.openstack.wsgi [None req-22513cac-6c34-42f5-9950-5451ce50975a tempest-GroupsTest-1753316462 tempest-GroupsTest-1753316462-project-member] Empty body provided in request {{(pid=75630) get_body /opt/stack/cinder/cinder/api/openstack/wsgi.py:715}}
Nov 08 15:12:03 user devstack@c-api.service[75630]: DEBUG cinder.api.openstack.wsgi [None req-22513cac-6c34-42f5-9950-5451ce50975a tempest-GroupsTest-1753316462 tempest-GroupsTest-1753316462-project-member] Calling method 'show' {{(pid=75630) _process_stack /opt/stack/cinder/cinder/api/openstack/wsgi.py:868}}
Nov 08 15:12:03 user devstack@c-api.service[75630]: /opt/stack/data/venv/lib/python3.10/site-packages/oslo_context/context.py:100: DeprecationWarning: Policy enforcement is depending on the value of is_admin. This key is deprecated. Please update your policy file to use the standard policy values.
Nov 08 15:12:03 user devstack@c-api.service[75630]: warnings.warn('Policy enforcement is depending on the value of '
Nov 08 15:12:03 user devstack@c-api.service[75630]: INFO cinder.volume.api [None req-22513cac-6c34-42f5-9950-5451ce50975a tempest-GroupsTest-1753316462 tempest-GroupsTest-1753316462-project-member] Volume info retrieved successfully.
Nov 08 15:12:03 user devstack@c-api.service[75630]: WARNING stevedore.named [None req-22513cac-6c34-42f5-9950-5451ce50975a tempest-GroupsTest-1753316462 tempest-GroupsTest-1753316462-project-member] Could not load cinder.keymgr.conf_key_mgr.ConfKeyManager
Nov 08 15:12:03 user devstack@c-api.service[75630]: WARNING castellan.key_manager [None req-22513cac-6c34-42f5-9950-5451ce50975a tempest-GroupsTest-1753316462 tempest-GroupsTest-1753316462-project-member] Deprecation Warning : cinder.keymgr.conf_key_mgr.ConfKeyManager is not a stevedore based driver, trying to load it as a class: stevedore.exception.NoMatches: No 'castellan.drivers' driver found, looking for 'cinder.keymgr.conf_key_mgr.ConfKeyManager'
Nov 08 15:12:03 user devstack@c-api.service[75630]: DEBUG oslo_db.sqlalchemy.engines [None req-22513cac-6c34-42f5-9950-5451ce50975a tempest-GroupsTest-1753316462 tempest-GroupsTest-1753316462-project-member] MySQL server mode set to STRICT_TRANS_TABLES,STRICT_ALL_TABLES,NO_ZERO_IN_DATE,NO_ZERO_DATE,ERROR_FOR_DIVISION_BY_ZERO,TRADITIONAL,NO_ENGINE_SUBSTITUTION {{(pid=75630) _check_effective_sql_mode /opt/stack/data/venv/lib/python3.10/site-packages/oslo_db/sqlalchemy/engines.py:342}}
Nov 08 15:12:03 user devstack@c-api.service[75630]: /opt/stack/data/venv/lib/python3.10/site-packages/oslo_context/context.py:100: DeprecationWarning: Policy enforcement is depending on the value of is_admin. This key is deprecated. Please update your policy file to use the standard policy values.
Nov 08 15:12:03 user devstack@c-api.service[75630]: warnings.warn('Policy enforcement is depending on the value of '
Nov 08 15:12:03 user devstack@c-api.service[75630]: INFO cinder.api.openstack.wsgi [None req-22513cac-6c34-42f5-9950-5451ce50975a tempest-GroupsTest-1753316462 tempest-GroupsTest-1753316462-project-member] http://10.0.0.210/volume/v3/0ad75ba9a95647abb345214c91632f37/volumes/4ecf1009-27ed-4212-a062-7e152ae3dcd6 returned with HTTP 200
Nov 08 15:12:03 user devstack@c-api.service[75630]: [pid: 75630|app: 0|req: 91/266] 10.0.0.210 () {64 vars in 1443 bytes} [Wed Nov 8 15:12:03 2023] GET /volume/v3/0ad75ba9a95647abb345214c91632f37/volumes/4ecf1009-27ed-4212-a062-7e152ae3dcd6 => generated 971 bytes in 191 msecs (HTTP/1.1 200) 7 headers in 286 bytes (1 switches on core 0)
Nov 08 15:12:03 user devstack@c-api.service[75631]: DEBUG cinder.api.middleware.request_id [None req-6e68efbd-f21c-49d1-86fd-daf54a461042 None None] RequestId filter calling following filter/app {{(pid=75631) _context_setter /opt/stack/cinder/cinder/api/middleware/request_id.py:62}}
Nov 08 15:12:03 user devstack@c-api.service[75631]: INFO cinder.api.openstack.wsgi [None req-6e68efbd-f21c-49d1-86fd-daf54a461042 tempest-ServerActionsV293TestJSON-1497590387 tempest-ServerActionsV293TestJSON-1497590387-project-member] GET http://10.0.0.210/volume/v3/dbd9e29971b9494cae915e79db86fa47/volumes/2b5251fd-3275-45d8-994c-180882761901
Nov 08 15:12:03 user devstack@c-api.service[75631]: DEBUG cinder.api.openstack.wsgi [None req-6e68efbd-f21c-49d1-86fd-daf54a461042 tempest-ServerActionsV293TestJSON-1497590387 tempest-ServerActionsV293TestJSON-1497590387-project-member] Empty body provided in request {{(pid=75631) get_body /opt/stack/cinder/cinder/api/openstack/wsgi.py:715}}
Nov 08 15:12:03 user devstack@c-api.service[75631]: DEBUG cinder.api.openstack.wsgi [None req-6e68efbd-f21c-49d1-86fd-daf54a461042 tempest-ServerActionsV293TestJSON-1497590387 tempest-ServerActionsV293TestJSON-1497590387-project-member] Calling method 'show' {{(pid=75631) _process_stack /opt/stack/cinder/cinder/api/openstack/wsgi.py:868}}
Nov 08 15:12:03 user devstack@c-api.service[75629]: DEBUG cinder.api.middleware.request_id [None req-f46a34b0-d543-42a6-92df-5c6e0ba5deda None None] RequestId filter calling following filter/app {{(pid=75629) _context_setter /opt/stack/cinder/cinder/api/middleware/request_id.py:62}}
Nov 08 15:12:03 user devstack@c-api.service[75629]: INFO cinder.api.openstack.wsgi [None req-f46a34b0-d543-42a6-92df-5c6e0ba5deda tempest-GroupsTest-1753316462 tempest-GroupsTest-1753316462-project-member] POST http://10.0.0.210/volume/v3/0ad75ba9a95647abb345214c91632f37/volumes
Nov 08 15:12:03 user devstack@c-api.service[75631]: /opt/stack/data/venv/lib/python3.10/site-packages/oslo_context/context.py:100: DeprecationWarning: Policy enforcement is depending on the value of is_admin. This key is deprecated. Please update your policy file to use the standard policy values.
Nov 08 15:12:03 user devstack@c-api.service[75631]: warnings.warn('Policy enforcement is depending on the value of '
Nov 08 15:12:03 user devstack@c-api.service[75629]: DEBUG cinder.api.openstack.wsgi [None req-f46a34b0-d543-42a6-92df-5c6e0ba5deda tempest-GroupsTest-1753316462 tempest-GroupsTest-1753316462-project-member] Action: 'create', calling method: create, body: {"volume": {"name": "tempest-volume-289193028", "volume_type": "e7060f3f-cdf0-4aa4-ad12-ff7e8b4abd52", "group_id": "724e27b3-e4f5-419f-9a8e-1f08c6cf7974", "size": 1}} {{(pid=75629) _process_stack /opt/stack/cinder/cinder/api/openstack/wsgi.py:866}}
Nov 08 15:12:03 user devstack@c-api.service[75631]: INFO cinder.volume.api [None req-6e68efbd-f21c-49d1-86fd-daf54a461042 tempest-ServerActionsV293TestJSON-1497590387 tempest-ServerActionsV293TestJSON-1497590387-project-member] Volume info retrieved successfully.
Nov 08 15:12:03 user devstack@c-api.service[75629]: DEBUG cinder.api.v3.volumes [None req-f46a34b0-d543-42a6-92df-5c6e0ba5deda tempest-GroupsTest-1753316462 tempest-GroupsTest-1753316462-project-member] Create volume request body: {'volume': {'name': 'tempest-volume-289193028', 'volume_type': 'e7060f3f-cdf0-4aa4-ad12-ff7e8b4abd52', 'group_id': '724e27b3-e4f5-419f-9a8e-1f08c6cf7974', 'size': 1}} {{(pid=75629) create /opt/stack/cinder/cinder/api/v3/volumes.py:297}}
Nov 08 15:12:03 user devstack@c-api.service[75631]: INFO cinder.api.openstack.wsgi [None req-6e68efbd-f21c-49d1-86fd-daf54a461042 tempest-ServerActionsV293TestJSON-1497590387 tempest-ServerActionsV293TestJSON-1497590387-project-member] http://10.0.0.210/volume/v3/dbd9e29971b9494cae915e79db86fa47/volumes/2b5251fd-3275-45d8-994c-180882761901 returned with HTTP 200
Nov 08 15:12:03 user devstack@c-api.service[75631]: [pid: 75631|app: 0|req: 85/267] 10.0.0.210 () {64 vars in 1443 bytes} [Wed Nov 8 15:12:03 2023] GET /volume/v3/dbd9e29971b9494cae915e79db86fa47/volumes/2b5251fd-3275-45d8-994c-180882761901 => generated 1119 bytes in 50 msecs (HTTP/1.1 200) 7 headers in 287 bytes (1 switches on core 0)
Nov 08 15:12:03 user devstack@c-api.service[75629]: /opt/stack/data/venv/lib/python3.10/site-packages/oslo_context/context.py:100: DeprecationWarning: Policy enforcement is depending on the value of is_admin. This key is deprecated. Please update your policy file to use the standard policy values.
Nov 08 15:12:03 user devstack@c-api.service[75629]: warnings.warn('Policy enforcement is depending on the value of '
