Nov 13 23:04:13 user devstack@keystone.service[46511]: DEBUG keystone.server.flask.request_processing.middleware.auth_context [None req-e9fbf5c1-176f-4947-a003-490aa23850c7 None admin] Authenticating user token {{(pid=46511) process_request /opt/stack/data/venv/lib/python3.10/site-packages/keystonemiddleware/auth_token/__init__.py:406}}
Nov 13 23:04:13 user devstack@keystone.service[46510]: DEBUG keystone.server.flask.request_processing.middleware.auth_context [None req-6a6ee15d-2b32-4e96-a1f5-d7453ad06dfb None admin] RBAC: auth_context: {'token': , 'domain_id': None, 'trust_id': None, 'trustor_id': None, 'trustee_id': None, 'domain_name': None, 'group_ids': [], 'user_id': '09dd0b68b88d4cb6afef9afdd2021caa', 'user_domain_id': 'default', 'system_scope': 'all', 'project_id': None, 'project_domain_id': None, 'roles': ['admin', 'manager', 'member', 'reader'], 'is_admin_project': True, 'service_user_id': None, 'service_user_domain_id': None, 'service_project_id': None, 'service_project_domain_id': None, 'service_roles': []} {{(pid=46510) fill_context /opt/stack/keystone/keystone/server/flask/request_processing/middleware/auth_context.py:480}}
Nov 13 23:04:13 user devstack@keystone.service[46510]: DEBUG keystone.server.flask.request_processing.req_logging [None req-6a6ee15d-2b32-4e96-a1f5-d7453ad06dfb None admin] REQUEST_METHOD: `GET` {{(pid=46510) log_request_info /opt/stack/keystone/keystone/server/flask/request_processing/req_logging.py:27}}
Nov 13 23:04:13 user devstack@keystone.service[46510]: DEBUG keystone.server.flask.request_processing.req_logging [None req-6a6ee15d-2b32-4e96-a1f5-d7453ad06dfb None admin] SCRIPT_NAME: `/identity` {{(pid=46510) log_request_info /opt/stack/keystone/keystone/server/flask/request_processing/req_logging.py:28}}
Nov 13 23:04:13 user devstack@keystone.service[46510]: DEBUG keystone.server.flask.request_processing.req_logging [None req-6a6ee15d-2b32-4e96-a1f5-d7453ad06dfb None admin] PATH_INFO: `/v3/domains/default` {{(pid=46510) log_request_info /opt/stack/keystone/keystone/server/flask/request_processing/req_logging.py:29}}
Nov 13 23:04:13 user devstack@keystone.service[46510]: DEBUG keystone.common.rbac_enforcer.enforcer [None req-6a6ee15d-2b32-4e96-a1f5-d7453ad06dfb None admin] RBAC: Authorizing `identity:get_domain(domain_id=default)` {{(pid=46510) enforce_call /opt/stack/keystone/keystone/common/rbac_enforcer/enforcer.py:449}}
Nov 13 23:04:13 user devstack@keystone.service[46510]: DEBUG keystone.common.rbac_enforcer.enforcer [None req-6a6ee15d-2b32-4e96-a1f5-d7453ad06dfb None admin] RBAC: Authorization granted {{(pid=46510) enforce_call /opt/stack/keystone/keystone/common/rbac_enforcer/enforcer.py:457}}
Nov 13 23:04:13 user devstack@keystone.service[46509]: DEBUG keystone.server.flask.request_processing.middleware.auth_context [None req-39d63029-ddf0-4e25-a4c1-7bc6e3aaa86b None admin] Validating token access rules against request {{(pid=46509) validate_allowed_request /opt/stack/data/venv/lib/python3.10/site-packages/keystonemiddleware/auth_token/__init__.py:544}}
Nov 13 23:04:13 user devstack@keystone.service[46510]: [pid: 46510|app: 0|req: 23/67] 10.0.0.210 () {56 vars in 1103 bytes} [Mon Nov 13 23:04:13 2023] GET /identity/v3/domains/default => generated 198 bytes in 134 msecs (HTTP/1.1 200) 5 headers in 177 bytes (1 switches on core 0)
Nov 13 23:04:13 user devstack@keystone.service[46510]: DEBUG keystone.server.flask.request_processing.middleware.auth_context [None req-6a6ee15d-2b32-4e96-a1f5-d7453ad06dfb None admin] Authenticating user token {{(pid=46510) process_request /opt/stack/data/venv/lib/python3.10/site-packages/keystonemiddleware/auth_token/__init__.py:406}}
Nov 13 23:04:13 user devstack@keystone.service[46509]: DEBUG keystone.server.flask.request_processing.middleware.auth_context [None req-353477ae-cfa6-41ea-80c7-05817b3f83aa None admin] RBAC: auth_context: {'token': , 'domain_id': None, 'trust_id': None, 'trustor_id': None, 'trustee_id': None, 'domain_name': None, 'group_ids': [], 'user_id': '09dd0b68b88d4cb6afef9afdd2021caa', 'user_domain_id': 'default', 'system_scope': 'all', 'project_id': None, 'project_domain_id': None, 'roles': ['admin', 'manager', 'member', 'reader'], 'is_admin_project': True, 'service_user_id': None, 'service_user_domain_id': None, 'service_project_id': None, 'service_project_domain_id': None, 'service_roles': []} {{(pid=46509) fill_context /opt/stack/keystone/keystone/server/flask/request_processing/middleware/auth_context.py:480}}
Nov 13 23:04:13 user devstack@keystone.service[46509]: DEBUG keystone.server.flask.request_processing.req_logging [None req-353477ae-cfa6-41ea-80c7-05817b3f83aa None admin] REQUEST_METHOD: `PUT` {{(pid=46509) log_request_info /opt/stack/keystone/keystone/server/flask/request_processing/req_logging.py:27}}
Nov 13 23:04:13 user devstack@keystone.service[46509]: DEBUG keystone.server.flask.request_processing.req_logging [None req-353477ae-cfa6-41ea-80c7-05817b3f83aa None admin] SCRIPT_NAME: `/identity` {{(pid=46509) log_request_info /opt/stack/keystone/keystone/server/flask/request_processing/req_logging.py:28}}
Nov 13 23:04:13 user devstack@keystone.service[46509]: DEBUG keystone.server.flask.request_processing.req_logging [None req-353477ae-cfa6-41ea-80c7-05817b3f83aa None admin] PATH_INFO: `/v3/projects/512294ed40364ad48285420d55daac6e/users/09dd0b68b88d4cb6afef9afdd2021caa/roles/5bf9d5faa6434303a83f0c9f0859e335` {{(pid=46509) log_request_info /opt/stack/keystone/keystone/server/flask/request_processing/req_logging.py:29}}
Nov 13 23:04:13 user devstack@keystone.service[46509]: DEBUG keystone.common.rbac_enforcer.enforcer [None req-353477ae-cfa6-41ea-80c7-05817b3f83aa None admin] RBAC: Authorizing `identity:create_grant(project_id=512294ed40364ad48285420d55daac6e, user_id=09dd0b68b88d4cb6afef9afdd2021caa, role_id=5bf9d5faa6434303a83f0c9f0859e335)` {{(pid=46509) enforce_call /opt/stack/keystone/keystone/common/rbac_enforcer/enforcer.py:449}}
Nov 13 23:04:13 user devstack@keystone.service[46509]: DEBUG keystone.common.rbac_enforcer.enforcer [None req-353477ae-cfa6-41ea-80c7-05817b3f83aa None admin] RBAC: Authorization granted {{(pid=46509) enforce_call /opt/stack/keystone/keystone/common/rbac_enforcer/enforcer.py:457}}
Nov 13 23:04:13 user devstack@keystone.service[46511]: DEBUG keystone.server.flask.request_processing.middleware.auth_context [None req-e9fbf5c1-176f-4947-a003-490aa23850c7 None admin] Validating token access rules against request {{(pid=46511) validate_allowed_request /opt/stack/data/venv/lib/python3.10/site-packages/keystonemiddleware/auth_token/__init__.py:544}}
Nov 13 23:04:14 user devstack@keystone.service[46510]: DEBUG keystone.server.flask.request_processing.middleware.auth_context [None req-6a6ee15d-2b32-4e96-a1f5-d7453ad06dfb None admin] Validating token access rules against request {{(pid=46510) validate_allowed_request /opt/stack/data/venv/lib/python3.10/site-packages/keystonemiddleware/auth_token/__init__.py:544}}
Nov 13 23:04:14 user devstack@keystone.service[46511]: DEBUG keystone.server.flask.request_processing.middleware.auth_context [None req-d63ce49a-b648-4ca2-bf6e-bf39377c80fb None admin] RBAC: auth_context: {'token': , 'domain_id': None, 'trust_id': None, 'trustor_id': None, 'trustee_id': None, 'domain_name': None, 'group_ids': [], 'user_id': '09dd0b68b88d4cb6afef9afdd2021caa', 'user_domain_id': 'default', 'system_scope': 'all', 'project_id': None, 'project_domain_id': None, 'roles': ['admin', 'manager', 'member', 'reader'], 'is_admin_project': True, 'service_user_id': None, 'service_user_domain_id': None, 'service_project_id': None, 'service_project_domain_id': None, 'service_roles': []} {{(pid=46511) fill_context /opt/stack/keystone/keystone/server/flask/request_processing/middleware/auth_context.py:480}}
Nov 13 23:04:14 user devstack@keystone.service[46511]: DEBUG keystone.server.flask.request_processing.req_logging [None req-d63ce49a-b648-4ca2-bf6e-bf39377c80fb None admin] REQUEST_METHOD: `GET` {{(pid=46511) log_request_info /opt/stack/keystone/keystone/server/flask/request_processing/req_logging.py:27}}
Nov 13 23:04:14 user devstack@keystone.service[46511]: DEBUG keystone.server.flask.request_processing.req_logging [None req-d63ce49a-b648-4ca2-bf6e-bf39377c80fb None admin] SCRIPT_NAME: `/identity` {{(pid=46511) log_request_info /opt/stack/keystone/keystone/server/flask/request_processing/req_logging.py:28}}
Nov 13 23:04:14 user devstack@keystone.service[46511]: DEBUG keystone.server.flask.request_processing.req_logging [None req-d63ce49a-b648-4ca2-bf6e-bf39377c80fb None admin] PATH_INFO: `/v3/projects/512294ed40364ad48285420d55daac6e` {{(pid=46511) log_request_info /opt/stack/keystone/keystone/server/flask/request_processing/req_logging.py:29}}
Nov 13 23:04:14 user devstack@keystone.service[46511]: DEBUG keystone.common.rbac_enforcer.enforcer [None req-d63ce49a-b648-4ca2-bf6e-bf39377c80fb None admin] RBAC: Authorizing `identity:get_project(project_id=512294ed40364ad48285420d55daac6e)` {{(pid=46511) enforce_call /opt/stack/keystone/keystone/common/rbac_enforcer/enforcer.py:449}}
Nov 13 23:04:14 user devstack@keystone.service[46511]: DEBUG keystone.common.rbac_enforcer.enforcer [None req-d63ce49a-b648-4ca2-bf6e-bf39377c80fb None admin] RBAC: Authorization granted {{(pid=46511) enforce_call /opt/stack/keystone/keystone/common/rbac_enforcer/enforcer.py:457}}
Nov 13 23:04:14 user devstack@keystone.service[46511]: [pid: 46511|app: 0|req: 21/68] 10.0.0.210 () {56 vars in 1181 bytes} [Mon Nov 13 23:04:13 2023] GET /identity/v3/projects/512294ed40364ad48285420d55daac6e => generated 297 bytes in 144 msecs (HTTP/1.1 200) 5 headers in 177 bytes (1 switches on core 0)
Nov 13 23:04:14 user devstack@keystone.service[46511]: DEBUG keystone.server.flask.request_processing.middleware.auth_context [None req-d63ce49a-b648-4ca2-bf6e-bf39377c80fb None admin] Authenticating user token {{(pid=46511) process_request /opt/stack/data/venv/lib/python3.10/site-packages/keystonemiddleware/auth_token/__init__.py:406}}
Nov 13 23:04:14 user devstack@keystone.service[46510]: DEBUG keystone.server.flask.request_processing.middleware.auth_context [None req-a92211fc-36f2-4260-b47f-511400c26dee None admin] RBAC: auth_context: {'token': , 'domain_id': None, 'trust_id': None, 'trustor_id': None, 'trustee_id': None, 'domain_name': None, 'group_ids': [], 'user_id': '09dd0b68b88d4cb6afef9afdd2021caa', 'user_domain_id': 'default', 'system_scope': 'all', 'project_id': None, 'project_domain_id': None, 'roles': ['admin', 'manager', 'member', 'reader'], 'is_admin_project': True, 'service_user_id': None, 'service_user_domain_id': None, 'service_project_id': None, 'service_project_domain_id': None, 'service_roles': []} {{(pid=46510) fill_context /opt/stack/keystone/keystone/server/flask/request_processing/middleware/auth_context.py:480}}
Nov 13 23:04:14 user devstack@keystone.service[46510]: DEBUG keystone.server.flask.request_processing.req_logging [None req-a92211fc-36f2-4260-b47f-511400c26dee None admin] REQUEST_METHOD: `GET` {{(pid=46510) log_request_info /opt/stack/keystone/keystone/server/flask/request_processing/req_logging.py:27}}
Nov 13 23:04:14 user devstack@keystone.service[46510]: DEBUG keystone.server.flask.request_processing.req_logging [None req-a92211fc-36f2-4260-b47f-511400c26dee None admin] SCRIPT_NAME: `/identity` {{(pid=46510) log_request_info /opt/stack/keystone/keystone/server/flask/request_processing/req_logging.py:28}}
Nov 13 23:04:14 user devstack@keystone.service[46510]: DEBUG keystone.server.flask.request_processing.req_logging [None req-a92211fc-36f2-4260-b47f-511400c26dee None admin] PATH_INFO: `/v3/users/456dd06383ea4b0eab64578ca3a57cbf` {{(pid=46510) log_request_info /opt/stack/keystone/keystone/server/flask/request_processing/req_logging.py:29}}
Nov 13 23:04:14 user devstack@keystone.service[46510]: DEBUG keystone.common.rbac_enforcer.enforcer [None req-a92211fc-36f2-4260-b47f-511400c26dee None admin] RBAC: Authorizing `identity:get_user(user_id=456dd06383ea4b0eab64578ca3a57cbf)` {{(pid=46510) enforce_call /opt/stack/keystone/keystone/common/rbac_enforcer/enforcer.py:449}}
Nov 13 23:04:14 user devstack@keystone.service[46510]: DEBUG keystone.common.rbac_enforcer.enforcer [None req-a92211fc-36f2-4260-b47f-511400c26dee None admin] RBAC: Authorization granted {{(pid=46510) enforce_call /opt/stack/keystone/keystone/common/rbac_enforcer/enforcer.py:457}}
Nov 13 23:04:14 user devstack@keystone.service[46510]: [pid: 46510|app: 0|req: 24/69] 10.0.0.210 () {56 vars in 1172 bytes} [Mon Nov 13 23:04:13 2023] GET /identity/v3/users/456dd06383ea4b0eab64578ca3a57cbf => generated 274 bytes in 135 msecs (HTTP/1.1 200) 5 headers in 177 bytes (1 switches on core 0)
Nov 13 23:04:14 user devstack@keystone.service[46510]: DEBUG keystone.server.flask.request_processing.middleware.auth_context [None req-a92211fc-36f2-4260-b47f-511400c26dee None admin] Authenticating user token {{(pid=46510) process_request /opt/stack/data/venv/lib/python3.10/site-packages/keystonemiddleware/auth_token/__init__.py:406}}
Nov 13 23:04:14 user devstack@keystone.service[46511]: DEBUG keystone.server.flask.request_processing.middleware.auth_context [None req-d63ce49a-b648-4ca2-bf6e-bf39377c80fb None admin] Validating token access rules against request {{(pid=46511) validate_allowed_request /opt/stack/data/venv/lib/python3.10/site-packages/keystonemiddleware/auth_token/__init__.py:544}}
Nov 13 23:04:14 user devstack@keystone.service[46510]: DEBUG keystone.server.flask.request_processing.middleware.auth_context [None req-a92211fc-36f2-4260-b47f-511400c26dee None admin] Validating token access rules against request {{(pid=46510) validate_allowed_request /opt/stack/data/venv/lib/python3.10/site-packages/keystonemiddleware/auth_token/__init__.py:544}}
Nov 13 23:04:14 user devstack@keystone.service[46511]: DEBUG keystone.server.flask.request_processing.middleware.auth_context [None req-0de92e71-487f-4d3e-9cb0-b87a3621808b None admin] RBAC: auth_context: {'token': , 'domain_id': None, 'trust_id': None, 'trustor_id': None, 'trustee_id': None, 'domain_name': None, 'group_ids': [], 'user_id': '09dd0b68b88d4cb6afef9afdd2021caa', 'user_domain_id': 'default', 'system_scope': 'all', 'project_id': None, 'project_domain_id': None, 'roles': ['admin', 'manager', 'member', 'reader'], 'is_admin_project': True, 'service_user_id': None, 'service_user_domain_id': None, 'service_project_id': None, 'service_project_domain_id': None, 'service_roles': []} {{(pid=46511) fill_context /opt/stack/keystone/keystone/server/flask/request_processing/middleware/auth_context.py:480}}
Nov 13 23:04:14 user devstack@keystone.service[46511]: DEBUG keystone.server.flask.request_processing.req_logging [None req-0de92e71-487f-4d3e-9cb0-b87a3621808b None admin] REQUEST_METHOD: `POST` {{(pid=46511) log_request_info /opt/stack/keystone/keystone/server/flask/request_processing/req_logging.py:27}}
Nov 13 23:04:14 user devstack@keystone.service[46511]: DEBUG keystone.server.flask.request_processing.req_logging [None req-0de92e71-487f-4d3e-9cb0-b87a3621808b None admin] SCRIPT_NAME: `/identity` {{(pid=46511) log_request_info /opt/stack/keystone/keystone/server/flask/request_processing/req_logging.py:28}}
Nov 13 23:04:14 user devstack@keystone.service[46511]: DEBUG keystone.server.flask.request_processing.req_logging [None req-0de92e71-487f-4d3e-9cb0-b87a3621808b None admin] PATH_INFO: `/v3/users` {{(pid=46511) log_request_info /opt/stack/keystone/keystone/server/flask/request_processing/req_logging.py:29}}
Nov 13 23:04:14 user devstack@keystone.service[46511]: DEBUG keystone.common.rbac_enforcer.enforcer [None req-0de92e71-487f-4d3e-9cb0-b87a3621808b None admin] RBAC: Authorizing `identity:create_user()` {{(pid=46511) enforce_call /opt/stack/keystone/keystone/common/rbac_enforcer/enforcer.py:449}}
Nov 13 23:04:14 user devstack@keystone.service[46511]: DEBUG keystone.common.rbac_enforcer.enforcer [None req-0de92e71-487f-4d3e-9cb0-b87a3621808b None admin] RBAC: Authorization granted {{(pid=46511) enforce_call /opt/stack/keystone/keystone/common/rbac_enforcer/enforcer.py:457}}
Nov 13 23:04:14 user devstack@keystone.service[46511]: WARNING keystone.common.password_hashing [None req-0de92e71-487f-4d3e-9cb0-b87a3621808b None admin] Truncating password to algorithm specific maximum length 72 characters.
Nov 13 23:04:14 user devstack@keystone.service[46510]: DEBUG keystone.server.flask.request_processing.middleware.auth_context [None req-12dcf0b3-3617-4a7f-a1ab-56f7bb00f7e1 None admin] RBAC: auth_context: {'token': , 'domain_id': None, 'trust_id': None, 'trustor_id': None, 'trustee_id': None, 'domain_name': None, 'group_ids': [], 'user_id': '09dd0b68b88d4cb6afef9afdd2021caa', 'user_domain_id': 'default', 'system_scope': 'all', 'project_id': None, 'project_domain_id': None, 'roles': ['admin', 'manager', 'member', 'reader'], 'is_admin_project': True, 'service_user_id': None, 'service_user_domain_id': None, 'service_project_id': None, 'service_project_domain_id': None, 'service_roles': []} {{(pid=46510) fill_context /opt/stack/keystone/keystone/server/flask/request_processing/middleware/auth_context.py:480}}
Nov 13 23:04:14 user devstack@keystone.service[46510]: DEBUG keystone.server.flask.request_processing.req_logging [None req-12dcf0b3-3617-4a7f-a1ab-56f7bb00f7e1 None admin] REQUEST_METHOD: `PUT` {{(pid=46510) log_request_info /opt/stack/keystone/keystone/server/flask/request_processing/req_logging.py:27}}
Nov 13 23:04:14 user devstack@keystone.service[46510]: DEBUG keystone.server.flask.request_processing.req_logging [None req-12dcf0b3-3617-4a7f-a1ab-56f7bb00f7e1 None admin] SCRIPT_NAME: `/identity` {{(pid=46510) log_request_info /opt/stack/keystone/keystone/server/flask/request_processing/req_logging.py:28}}
Nov 13 23:04:14 user devstack@keystone.service[46510]: DEBUG keystone.server.flask.request_processing.req_logging [None req-12dcf0b3-3617-4a7f-a1ab-56f7bb00f7e1 None admin] PATH_INFO: `/v3/projects/512294ed40364ad48285420d55daac6e/users/456dd06383ea4b0eab64578ca3a57cbf/roles/4f03a571f62049a992efe27a78839fe5` {{(pid=46510) log_request_info /opt/stack/keystone/keystone/server/flask/request_processing/req_logging.py:29}}
Nov 13 23:04:14 user devstack@keystone.service[46510]: DEBUG keystone.common.rbac_enforcer.enforcer [None req-12dcf0b3-3617-4a7f-a1ab-56f7bb00f7e1 None admin] RBAC: Authorizing `identity:create_grant(project_id=512294ed40364ad48285420d55daac6e, user_id=456dd06383ea4b0eab64578ca3a57cbf, role_id=4f03a571f62049a992efe27a78839fe5)` {{(pid=46510) enforce_call /opt/stack/keystone/keystone/common/rbac_enforcer/enforcer.py:449}}
Nov 13 23:04:14 user devstack@keystone.service[46510]: DEBUG keystone.common.rbac_enforcer.enforcer [None req-12dcf0b3-3617-4a7f-a1ab-56f7bb00f7e1 None admin] RBAC: Authorization granted {{(pid=46510) enforce_call /opt/stack/keystone/keystone/common/rbac_enforcer/enforcer.py:457}}
Nov 13 23:04:14 user devstack@keystone.service[46511]: [pid: 46511|app: 0|req: 22/70] 10.0.0.210 () {60 vars in 1127 bytes} [Mon Nov 13 23:04:14 2023] POST /identity/v3/users => generated 288 bytes in 155 msecs (HTTP/1.1 201) 5 headers in 182 bytes (1 switches on core 0)
Nov 13 23:04:14 user devstack@keystone.service[46511]: DEBUG keystone.server.flask.request_processing.middleware.auth_context [None req-0de92e71-487f-4d3e-9cb0-b87a3621808b None admin] Authenticating user token {{(pid=46511) process_request /opt/stack/data/venv/lib/python3.10/site-packages/keystonemiddleware/auth_token/__init__.py:406}}
Nov 13 23:04:14 user devstack@keystone.service[46510]: [pid: 46510|app: 0|req: 25/71] 10.0.0.210 () {58 vars in 1434 bytes} [Mon Nov 13 23:04:14 2023] PUT /identity/v3/projects/512294ed40364ad48285420d55daac6e/users/456dd06383ea4b0eab64578ca3a57cbf/roles/4f03a571f62049a992efe27a78839fe5 => generated 0 bytes in 137 msecs (HTTP/1.1 204) 3 headers in 132 bytes (0 switches on core 0)
Nov 13 23:04:14 user devstack@keystone.service[46511]: DEBUG keystone.server.flask.request_processing.middleware.auth_context [None req-0de92e71-487f-4d3e-9cb0-b87a3621808b None admin] Validating token access rules against request {{(pid=46511) validate_allowed_request /opt/stack/data/venv/lib/python3.10/site-packages/keystonemiddleware/auth_token/__init__.py:544}}
Nov 13 23:04:14 user devstack@keystone.service[46511]: DEBUG keystone.server.flask.request_processing.middleware.auth_context [None req-e4d31767-b35b-4e1b-aa9b-0cf288e48a1c None admin] RBAC: auth_context: {'token': , 'domain_id': None, 'trust_id': None, 'trustor_id': None, 'trustee_id': None, 'domain_name': None, 'group_ids': [], 'user_id': '09dd0b68b88d4cb6afef9afdd2021caa', 'user_domain_id': 'default', 'system_scope': 'all', 'project_id': None, 'project_domain_id': None, 'roles': ['admin', 'manager', 'member', 'reader'], 'is_admin_project': True, 'service_user_id': None, 'service_user_domain_id': None, 'service_project_id': None, 'service_project_domain_id': None, 'service_roles': []} {{(pid=46511) fill_context /opt/stack/keystone/keystone/server/flask/request_processing/middleware/auth_context.py:480}}
Nov 13 23:04:14 user devstack@keystone.service[46511]: DEBUG keystone.server.flask.request_processing.req_logging [None req-e4d31767-b35b-4e1b-aa9b-0cf288e48a1c None admin] REQUEST_METHOD: `GET` {{(pid=46511) log_request_info /opt/stack/keystone/keystone/server/flask/request_processing/req_logging.py:27}}
Nov 13 23:04:14 user devstack@keystone.service[46511]: DEBUG keystone.server.flask.request_processing.req_logging [None req-e4d31767-b35b-4e1b-aa9b-0cf288e48a1c None admin] SCRIPT_NAME: `/identity` {{(pid=46511) log_request_info /opt/stack/keystone/keystone/server/flask/request_processing/req_logging.py:28}}
Nov 13 23:04:14 user devstack@keystone.service[46511]: DEBUG keystone.server.flask.request_processing.req_logging [None req-e4d31767-b35b-4e1b-aa9b-0cf288e48a1c None admin] PATH_INFO: `/v3/projects/d67813fd86a747379416bb7a06995be8` {{(pid=46511) log_request_info /opt/stack/keystone/keystone/server/flask/request_processing/req_logging.py:29}}
Nov 13 23:04:14 user devstack@keystone.service[46511]: DEBUG keystone.common.rbac_enforcer.enforcer [None req-e4d31767-b35b-4e1b-aa9b-0cf288e48a1c None admin] RBAC: Authorizing `identity:get_project(project_id=d67813fd86a747379416bb7a06995be8)` {{(pid=46511) enforce_call /opt/stack/keystone/keystone/common/rbac_enforcer/enforcer.py:449}}
Nov 13 23:04:14 user devstack@keystone.service[46511]: DEBUG keystone.common.rbac_enforcer.enforcer [None req-e4d31767-b35b-4e1b-aa9b-0cf288e48a1c None admin] RBAC: Authorization granted {{(pid=46511) enforce_call /opt/stack/keystone/keystone/common/rbac_enforcer/enforcer.py:457}}
Nov 13 23:04:14 user devstack@keystone.service[46511]: [pid: 46511|app: 0|req: 23/72] 10.0.0.210 () {56 vars in 1181 bytes} [Mon Nov 13 23:04:14 2023] GET /identity/v3/projects/d67813fd86a747379416bb7a06995be8 => generated 311 bytes in 133 msecs (HTTP/1.1 200) 5 headers in 177 bytes (1 switches on core 0)
Nov 13 23:04:14 user devstack@keystone.service[46510]: DEBUG keystone.server.flask.request_processing.middleware.auth_context [None req-12dcf0b3-3617-4a7f-a1ab-56f7bb00f7e1 None admin] Authenticating user token {{(pid=46510) process_request /opt/stack/data/venv/lib/python3.10/site-packages/keystonemiddleware/auth_token/__init__.py:406}}
Nov 13 23:04:14 user devstack@keystone.service[46509]: [pid: 46509|app: 0|req: 25/73] 10.0.0.210 () {58 vars in 1434 bytes} [Mon Nov 13 23:04:13 2023] PUT /identity/v3/projects/512294ed40364ad48285420d55daac6e/users/09dd0b68b88d4cb6afef9afdd2021caa/roles/5bf9d5faa6434303a83f0c9f0859e335 => generated 0 bytes in 543 msecs (HTTP/1.1 204) 3 headers in 132 bytes (0 switches on core 0)
Nov 13 23:04:14 user devstack@keystone.service[46510]: DEBUG keystone.server.flask.request_processing.middleware.auth_context [None req-12dcf0b3-3617-4a7f-a1ab-56f7bb00f7e1 None admin] Validating token access rules against request {{(pid=46510) validate_allowed_request /opt/stack/data/venv/lib/python3.10/site-packages/keystonemiddleware/auth_token/__init__.py:544}}
Nov 13 23:04:14 user devstack@keystone.service[46510]: DEBUG keystone.server.flask.request_processing.middleware.auth_context [None req-35afbc28-cc9c-42ac-ab16-c91922768c2c None admin] RBAC: auth_context: {'token': , 'domain_id': None, 'trust_id': None, 'trustor_id': None, 'trustee_id': None, 'domain_name': None, 'group_ids': [], 'user_id': '09dd0b68b88d4cb6afef9afdd2021caa', 'user_domain_id': 'default', 'system_scope': 'all', 'project_id': None, 'project_domain_id': None, 'roles': ['admin', 'manager', 'member', 'reader'], 'is_admin_project': True, 'service_user_id': None, 'service_user_domain_id': None, 'service_project_id': None, 'service_project_domain_id': None, 'service_roles': []} {{(pid=46510) fill_context /opt/stack/keystone/keystone/server/flask/request_processing/middleware/auth_context.py:480}}
Nov 13 23:04:14 user devstack@keystone.service[46510]: DEBUG keystone.server.flask.request_processing.req_logging [None req-35afbc28-cc9c-42ac-ab16-c91922768c2c None admin] REQUEST_METHOD: `PUT` {{(pid=46510) log_request_info /opt/stack/keystone/keystone/server/flask/request_processing/req_logging.py:27}}
Nov 13 23:04:14 user devstack@keystone.service[46510]: DEBUG keystone.server.flask.request_processing.req_logging [None req-35afbc28-cc9c-42ac-ab16-c91922768c2c None admin] SCRIPT_NAME: `/identity` {{(pid=46510) log_request_info /opt/stack/keystone/keystone/server/flask/request_processing/req_logging.py:28}}
Nov 13 23:04:14 user devstack@keystone.service[46510]: DEBUG keystone.server.flask.request_processing.req_logging [None req-35afbc28-cc9c-42ac-ab16-c91922768c2c None admin] PATH_INFO: `/v3/projects/d67813fd86a747379416bb7a06995be8/users/456dd06383ea4b0eab64578ca3a57cbf/roles/0e33af33cbe44c73be27efa413762274` {{(pid=46510) log_request_info /opt/stack/keystone/keystone/server/flask/request_processing/req_logging.py:29}}
Nov 13 23:04:14 user devstack@keystone.service[46510]: DEBUG keystone.common.rbac_enforcer.enforcer [None req-35afbc28-cc9c-42ac-ab16-c91922768c2c None admin] RBAC: Authorizing `identity:create_grant(project_id=d67813fd86a747379416bb7a06995be8, user_id=456dd06383ea4b0eab64578ca3a57cbf, role_id=0e33af33cbe44c73be27efa413762274)` {{(pid=46510) enforce_call /opt/stack/keystone/keystone/common/rbac_enforcer/enforcer.py:449}}
Nov 13 23:04:14 user devstack@keystone.service[46510]: DEBUG keystone.common.rbac_enforcer.enforcer [None req-35afbc28-cc9c-42ac-ab16-c91922768c2c None admin] RBAC: Authorization granted {{(pid=46510) enforce_call /opt/stack/keystone/keystone/common/rbac_enforcer/enforcer.py:457}}
Nov 13 23:04:14 user devstack@keystone.service[46510]: [pid: 46510|app: 0|req: 26/74] 10.0.0.210 () {58 vars in 1434 bytes} [Mon Nov 13 23:04:14 2023] PUT /identity/v3/projects/d67813fd86a747379416bb7a06995be8/users/456dd06383ea4b0eab64578ca3a57cbf/roles/0e33af33cbe44c73be27efa413762274 => generated 0 bytes in 168 msecs (HTTP/1.1 204) 3 headers in 132 bytes (0 switches on core 0)
Nov 13 23:04:15 user devstack@keystone.service[46511]: DEBUG keystone.server.flask.request_processing.req_logging [None req-4d8425dd-d4de-4061-a20c-715e85a7c9a3 None None] REQUEST_METHOD: `GET` {{(pid=46511) log_request_info /opt/stack/keystone/keystone/server/flask/request_processing/req_logging.py:27}}
Nov 13 23:04:15 user devstack@keystone.service[46511]: DEBUG keystone.server.flask.request_processing.req_logging [None req-4d8425dd-d4de-4061-a20c-715e85a7c9a3 None None] SCRIPT_NAME: `/identity` {{(pid=46511) log_request_info /opt/stack/keystone/keystone/server/flask/request_processing/req_logging.py:28}}
Nov 13 23:04:15 user devstack@keystone.service[46511]: DEBUG keystone.server.flask.request_processing.req_logging [None req-4d8425dd-d4de-4061-a20c-715e85a7c9a3 None None] PATH_INFO: `/` {{(pid=46511) log_request_info /opt/stack/keystone/keystone/server/flask/request_processing/req_logging.py:29}}
Nov 13 23:04:15 user devstack@keystone.service[46511]: [pid: 46511|app: 0|req: 24/75] 10.0.0.210 () {54 vars in 921 bytes} [Mon Nov 13 23:04:15 2023] GET /identity => generated 269 bytes in 3 msecs (HTTP/1.1 300) 6 headers in 233 bytes (1 switches on core 0)
Nov 13 23:04:15 user devstack@keystone.service[46509]: DEBUG keystone.server.flask.request_processing.middleware.auth_context [None req-353477ae-cfa6-41ea-80c7-05817b3f83aa None admin] Authenticating user token {{(pid=46509) process_request /opt/stack/data/venv/lib/python3.10/site-packages/keystonemiddleware/auth_token/__init__.py:406}}
Nov 13 23:04:15 user devstack@keystone.service[46509]: DEBUG keystone.server.flask.request_processing.middleware.auth_context [None req-353477ae-cfa6-41ea-80c7-05817b3f83aa None admin] Validating token access rules against request {{(pid=46509) validate_allowed_request /opt/stack/data/venv/lib/python3.10/site-packages/keystonemiddleware/auth_token/__init__.py:544}}
Nov 13 23:04:15 user devstack@keystone.service[46509]: DEBUG keystone.server.flask.request_processing.middleware.auth_context [None req-2fb3629d-9a01-46fd-809a-47b72ebff137 None admin] RBAC: auth_context: {'token': , 'domain_id': None, 'trust_id': None, 'trustor_id': None, 'trustee_id': None, 'domain_name': None, 'group_ids': [], 'user_id': '09dd0b68b88d4cb6afef9afdd2021caa', 'user_domain_id': 'default', 'system_scope': 'all', 'project_id': None, 'project_domain_id': None, 'roles': ['admin', 'manager', 'member', 'reader'], 'is_admin_project': True, 'service_user_id': None, 'service_user_domain_id': None, 'service_project_id': None, 'service_project_domain_id': None, 'service_roles': []} {{(pid=46509) fill_context /opt/stack/keystone/keystone/server/flask/request_processing/middleware/auth_context.py:480}}
Nov 13 23:04:15 user devstack@keystone.service[46509]: DEBUG keystone.server.flask.request_processing.req_logging [None req-2fb3629d-9a01-46fd-809a-47b72ebff137 None admin] REQUEST_METHOD: `GET` {{(pid=46509) log_request_info /opt/stack/keystone/keystone/server/flask/request_processing/req_logging.py:27}}
Nov 13 23:04:15 user devstack@keystone.service[46509]: DEBUG keystone.server.flask.request_processing.req_logging [None req-2fb3629d-9a01-46fd-809a-47b72ebff137 None admin] SCRIPT_NAME: `/identity` {{(pid=46509) log_request_info /opt/stack/keystone/keystone/server/flask/request_processing/req_logging.py:28}}
Nov 13 23:04:15 user devstack@keystone.service[46509]: DEBUG keystone.server.flask.request_processing.req_logging [None req-2fb3629d-9a01-46fd-809a-47b72ebff137 None admin] PATH_INFO: `/v3/roles/member` {{(pid=46509) log_request_info /opt/stack/keystone/keystone/server/flask/request_processing/req_logging.py:29}}
Nov 13 23:04:15 user devstack@keystone.service[46509]: DEBUG keystone.common.rbac_enforcer.enforcer [None req-2fb3629d-9a01-46fd-809a-47b72ebff137 None admin] Extracting inferred target data resulted in "NOT FOUND (404)". {{(pid=46509) enforce_call /opt/stack/keystone/keystone/common/rbac_enforcer/enforcer.py:409}}
Nov 13 23:04:15 user devstack@keystone.service[46509]: ERROR keystone.server.flask.application [None req-2fb3629d-9a01-46fd-809a-47b72ebff137 None admin] Could not find role: member.: keystone.exception.RoleNotFound: Could not find role: member.
Nov 13 23:04:15 user devstack@keystone.service[46509]: ERROR keystone.server.flask.application
Traceback (most recent call last):
Nov 13 23:04:15 user devstack@keystone.service[46509]: ERROR keystone.server.flask.application
File "/opt/stack/data/venv/lib/python3.10/site-packages/flask/app.py", line 1823, in full_dispatch_request
Nov 13 23:04:15 user devstack@keystone.service[46509]: ERROR keystone.server.flask.application rv = self.dispatch_request()
Nov 13 23:04:15 user devstack@keystone.service[46509]: ERROR keystone.server.flask.application
File "/opt/stack/data/venv/lib/python3.10/site-packages/flask/app.py", line 1799, in dispatch_request
Nov 13 23:04:15 user devstack@keystone.service[46509]: ERROR keystone.server.flask.application return self.ensure_sync(self.view_functions[rule.endpoint])(**view_args)
Nov 13 23:04:15 user devstack@keystone.service[46509]: ERROR keystone.server.flask.application
File "/opt/stack/data/venv/lib/python3.10/site-packages/flask_restful/__init__.py", line 489, in wrapper
Nov 13 23:04:15 user devstack@keystone.service[46509]: ERROR keystone.server.flask.application resp = resource(*args, **kwargs)
Nov 13 23:04:15 user devstack@keystone.service[46509]: ERROR keystone.server.flask.application
File "/opt/stack/data/venv/lib/python3.10/site-packages/flask/views.py", line 107, in view
Nov 13 23:04:15 user devstack@keystone.service[46509]: ERROR keystone.server.flask.application return current_app.ensure_sync(self.dispatch_request)(**kwargs)
Nov 13 23:04:15 user devstack@keystone.service[46509]: ERROR keystone.server.flask.application
File "/opt/stack/data/venv/lib/python3.10/site-packages/flask_restful/__init__.py", line 604, in dispatch_request
Nov 13 23:04:15 user devstack@keystone.service[46509]: ERROR keystone.server.flask.application resp = meth(*args, **kwargs)
Nov 13 23:04:15 user devstack@keystone.service[46509]: ERROR keystone.server.flask.application
File "/opt/stack/keystone/keystone/api/roles.py", line 50, in get
Nov 13 23:04:15 user devstack@keystone.service[46509]: ERROR keystone.server.flask.application return self._get_role(role_id)
Nov 13 23:04:15 user devstack@keystone.service[46509]: ERROR keystone.server.flask.application
File "/opt/stack/keystone/keystone/api/roles.py", line 70, in _get_role
Nov 13 23:04:15 user devstack@keystone.service[46509]: ERROR keystone.server.flask.application ENFORCER.enforce_call(action='identity:get_role')
Nov 13 23:04:15 user devstack@keystone.service[46509]: ERROR keystone.server.flask.application
File "/opt/stack/keystone/keystone/common/rbac_enforcer/enforcer.py", line 402, in enforce_call
Nov 13 23:04:15 user devstack@keystone.service[46509]: ERROR keystone.server.flask.application policy_dict.update(cls._extract_member_target_data(
Nov 13 23:04:15 user devstack@keystone.service[46509]: ERROR keystone.server.flask.application
File "/opt/stack/keystone/keystone/common/rbac_enforcer/enforcer.py", line 234, in _extract_member_target_data
Nov 13 23:04:15 user devstack@keystone.service[46509]: ERROR keystone.server.flask.application member_name: func(flask.request.view_args[key])
Nov 13 23:04:15 user devstack@keystone.service[46509]: ERROR keystone.server.flask.application
File "/opt/stack/keystone/keystone/common/manager.py", line 115, in wrapped
Nov 13 23:04:15 user devstack@keystone.service[46509]: ERROR keystone.server.flask.application __ret_val = __f(*args, **kwargs)
Nov 13 23:04:15 user devstack@keystone.service[46509]: ERROR keystone.server.flask.application
File "/opt/stack/data/venv/lib/python3.10/site-packages/decorator.py", line 232, in fun
Nov 13 23:04:15 user devstack@keystone.service[46509]: ERROR keystone.server.flask.application return caller(func, *(extras + args), **kw)
Nov 13 23:04:15 user devstack@keystone.service[46509]: ERROR keystone.server.flask.application
File "/opt/stack/data/venv/lib/python3.10/site-packages/dogpile/cache/region.py", line 1594, in get_or_create_for_user_func
Nov 13 23:04:15 user devstack@keystone.service[46509]: ERROR keystone.server.flask.application return self.get_or_create(
Nov 13 23:04:15 user devstack@keystone.service[46509]: ERROR keystone.server.flask.application
File "/opt/stack/data/venv/lib/python3.10/site-packages/dogpile/cache/region.py", line 1054, in get_or_create
Nov 13 23:04:15 user devstack@keystone.service[46509]: ERROR keystone.server.flask.application with Lock(
Nov 13 23:04:15 user devstack@keystone.service[46509]: ERROR keystone.server.flask.application
File "/opt/stack/data/venv/lib/python3.10/site-packages/dogpile/lock.py", line 185, in __enter__
Nov 13 23:04:15 user devstack@keystone.service[46509]: ERROR keystone.server.flask.application return self._enter()
Nov 13 23:04:15 user devstack@keystone.service[46509]: ERROR keystone.server.flask.application
File "/opt/stack/data/venv/lib/python3.10/site-packages/dogpile/lock.py", line 94, in _enter
Nov 13 23:04:15 user devstack@keystone.service[46509]: ERROR keystone.server.flask.application generated = self._enter_create(value, createdtime)
Nov 13 23:04:15 user devstack@keystone.service[46509]: ERROR keystone.server.flask.application
File "/opt/stack/data/venv/lib/python3.10/site-packages/dogpile/lock.py", line 178, in _enter_create
Nov 13 23:04:15 user devstack@keystone.service[46509]: ERROR keystone.server.flask.application return self.creator()
Nov 13 23:04:15 user devstack@keystone.service[46509]: ERROR keystone.server.flask.application
File "/opt/stack/data/venv/lib/python3.10/site-packages/dogpile/cache/region.py", line 1007, in gen_value
Nov 13 23:04:15 user devstack@keystone.service[46509]: ERROR keystone.server.flask.application created_value = creator(
Nov 13 23:04:15 user devstack@keystone.service[46509]: ERROR keystone.server.flask.application
File "/opt/stack/keystone/keystone/assignment/core.py", line 1276, in get_role
Nov 13 23:04:15 user devstack@keystone.service[46509]: ERROR keystone.server.flask.application return self.driver.get_role(role_id)
Nov 13 23:04:15 user devstack@keystone.service[46509]: ERROR keystone.server.flask.application
File "/opt/stack/keystone/keystone/assignment/role_backends/sql.py", line 70, in get_role
Nov 13 23:04:15 user devstack@keystone.service[46509]: ERROR keystone.server.flask.application return self._get_role(session, role_id).to_dict()
Nov 13 23:04:15 user devstack@keystone.service[46509]: ERROR keystone.server.flask.application
File "/opt/stack/keystone/keystone/assignment/role_backends/sql.py", line 65, in _get_role
Nov 13 23:04:15 user devstack@keystone.service[46509]: ERROR keystone.server.flask.application raise exception.RoleNotFound(role_id=role_id)
Nov 13 23:04:15 user devstack@keystone.service[46509]: ERROR keystone.server.flask.application keystone.exception.RoleNotFound: Could not find role: member.
Nov 13 23:04:15 user devstack@keystone.service[46509]: ERROR keystone.server.flask.application
Nov 13 23:04:15 user devstack@keystone.service[46509]: [pid: 46509|app: 0|req: 26/76] 10.0.0.210 () {56 vars in 1094 bytes} [Mon Nov 13 23:04:15 2023] GET /identity/v3/roles/member => generated 84 bytes in 148 msecs (HTTP/1.1 404) 5 headers in 183 bytes (2 switches on core 0)
Nov 13 23:04:15 user devstack@keystone.service[46510]: DEBUG keystone.server.flask.request_processing.middleware.auth_context [None req-35afbc28-cc9c-42ac-ab16-c91922768c2c None admin] Authenticating user token {{(pid=46510) process_request /opt/stack/data/venv/lib/python3.10/site-packages/keystonemiddleware/auth_token/__init__.py:406}}
Nov 13 23:04:15 user devstack@keystone.service[46510]: DEBUG keystone.server.flask.request_processing.middleware.auth_context [None req-35afbc28-cc9c-42ac-ab16-c91922768c2c None admin] Validating token access rules against request {{(pid=46510) validate_allowed_request /opt/stack/data/venv/lib/python3.10/site-packages/keystonemiddleware/auth_token/__init__.py:544}}
Nov 13 23:04:15 user devstack@keystone.service[46510]: DEBUG keystone.server.flask.request_processing.middleware.auth_context [None req-f9c2fcd0-ac3d-43b7-9814-235cc27a1c50 None admin] RBAC: auth_context: {'token': , 'domain_id': None, 'trust_id': None, 'trustor_id': None, 'trustee_id': None, 'domain_name': None, 'group_ids': [], 'user_id': '09dd0b68b88d4cb6afef9afdd2021caa', 'user_domain_id': 'default', 'system_scope': 'all', 'project_id': None, 'project_domain_id': None, 'roles': ['admin', 'manager', 'member', 'reader'], 'is_admin_project': True, 'service_user_id': None, 'service_user_domain_id': None, 'service_project_id': None, 'service_project_domain_id': None, 'service_roles': []} {{(pid=46510) fill_context /opt/stack/keystone/keystone/server/flask/request_processing/middleware/auth_context.py:480}}
Nov 13 23:04:15 user devstack@keystone.service[46510]: DEBUG keystone.server.flask.request_processing.req_logging [None req-f9c2fcd0-ac3d-43b7-9814-235cc27a1c50 None admin] REQUEST_METHOD: `GET` {{(pid=46510) log_request_info /opt/stack/keystone/keystone/server/flask/request_processing/req_logging.py:27}}
Nov 13 23:04:15 user devstack@keystone.service[46510]: DEBUG keystone.server.flask.request_processing.req_logging [None req-f9c2fcd0-ac3d-43b7-9814-235cc27a1c50 None admin] SCRIPT_NAME: `/identity` {{(pid=46510) log_request_info /opt/stack/keystone/keystone/server/flask/request_processing/req_logging.py:28}}
Nov 13 23:04:15 user devstack@keystone.service[46510]: DEBUG keystone.server.flask.request_processing.req_logging [None req-f9c2fcd0-ac3d-43b7-9814-235cc27a1c50 None admin] PATH_INFO: `/v3/roles` {{(pid=46510) log_request_info /opt/stack/keystone/keystone/server/flask/request_processing/req_logging.py:29}}
Nov 13 23:04:15 user devstack@keystone.service[46510]: DEBUG keystone.common.rbac_enforcer.enforcer [None req-f9c2fcd0-ac3d-43b7-9814-235cc27a1c50 None admin] RBAC: Adding query filter params (name=member) {{(pid=46510) _extract_filter_values /opt/stack/keystone/keystone/common/rbac_enforcer/enforcer.py:167}}
Nov 13 23:04:15 user devstack@keystone.service[46510]: DEBUG keystone.common.rbac_enforcer.enforcer [None req-f9c2fcd0-ac3d-43b7-9814-235cc27a1c50 None admin] RBAC: Authorizing `identity:list_roles()` {{(pid=46510) enforce_call /opt/stack/keystone/keystone/common/rbac_enforcer/enforcer.py:449}}
Nov 13 23:04:15 user devstack@keystone.service[46510]: DEBUG keystone.common.rbac_enforcer.enforcer [None req-f9c2fcd0-ac3d-43b7-9814-235cc27a1c50 None admin] RBAC: Authorization granted {{(pid=46510) enforce_call /opt/stack/keystone/keystone/common/rbac_enforcer/enforcer.py:457}}
Nov 13 23:04:15 user devstack@keystone.service[46510]: [pid: 46510|app: 0|req: 27/77] 10.0.0.210 () {56 vars in 1096 bytes} [Mon Nov 13 23:04:15 2023] GET /identity/v3/roles?name=member => generated 339 bytes in 138 msecs (HTTP/1.1 200) 5 headers in 177 bytes (1 switches on core 0)
Nov 13 23:04:15 user devstack@keystone.service[46511]: DEBUG keystone.server.flask.request_processing.middleware.auth_context [None req-4d8425dd-d4de-4061-a20c-715e85a7c9a3 None None] Authenticating user token {{(pid=46511) process_request /opt/stack/data/venv/lib/python3.10/site-packages/keystonemiddleware/auth_token/__init__.py:406}}
Nov 13 23:04:16 user devstack@keystone.service[46509]: DEBUG keystone.server.flask.request_processing.req_logging [None req-dafa62f0-4539-437d-aaae-f3ed1d2aedf1 None None] REQUEST_METHOD: `GET` {{(pid=46509) log_request_info /opt/stack/keystone/keystone/server/flask/request_processing/req_logging.py:27}}
Nov 13 23:04:16 user devstack@keystone.service[46509]: DEBUG keystone.server.flask.request_processing.req_logging [None req-dafa62f0-4539-437d-aaae-f3ed1d2aedf1 None None] SCRIPT_NAME: `/identity` {{(pid=46509) log_request_info /opt/stack/keystone/keystone/server/flask/request_processing/req_logging.py:28}}
Nov 13 23:04:16 user devstack@keystone.service[46509]: DEBUG keystone.server.flask.request_processing.req_logging [None req-dafa62f0-4539-437d-aaae-f3ed1d2aedf1 None None] PATH_INFO: `/` {{(pid=46509) log_request_info /opt/stack/keystone/keystone/server/flask/request_processing/req_logging.py:29}}
Nov 13 23:04:16 user devstack@keystone.service[46509]: [pid: 46509|app: 0|req: 27/78] 10.0.0.210 () {54 vars in 921 bytes} [Mon Nov 13 23:04:16 2023] GET /identity => generated 269 bytes in 5 msecs (HTTP/1.1 300) 6 headers in 233 bytes (1 switches on core 0)
Nov 13 23:04:16 user devstack@keystone.service[46510]: DEBUG keystone.server.flask.request_processing.middleware.auth_context [None req-f9c2fcd0-ac3d-43b7-9814-235cc27a1c50 None admin] Authenticating user token {{(pid=46510) process_request /opt/stack/data/venv/lib/python3.10/site-packages/keystonemiddleware/auth_token/__init__.py:406}}
Nov 13 23:04:16 user devstack@keystone.service[46511]: DEBUG keystone.server.flask.request_processing.middleware.auth_context [None req-4d8425dd-d4de-4061-a20c-715e85a7c9a3 None None] Validating token access rules against request {{(pid=46511) validate_allowed_request /opt/stack/data/venv/lib/python3.10/site-packages/keystonemiddleware/auth_token/__init__.py:544}}
Nov 13 23:04:16 user devstack@keystone.service[46511]: DEBUG keystone.server.flask.request_processing.middleware.auth_context [None req-f55fac7a-c41e-4cb7-a2d9-b823e0070bfe None admin] RBAC: auth_context: {'token': , 'domain_id': None, 'trust_id': None, 'trustor_id': None, 'trustee_id': None, 'domain_name': None, 'group_ids': [], 'user_id': '09dd0b68b88d4cb6afef9afdd2021caa', 'user_domain_id': 'default', 'system_scope': 'all', 'project_id': None, 'project_domain_id': None, 'roles': ['admin', 'manager', 'member', 'reader'], 'is_admin_project': True, 'service_user_id': None, 'service_user_domain_id': None, 'service_project_id': None, 'service_project_domain_id': None, 'service_roles': []} {{(pid=46511) fill_context /opt/stack/keystone/keystone/server/flask/request_processing/middleware/auth_context.py:480}}
Nov 13 23:04:16 user devstack@keystone.service[46511]: DEBUG keystone.server.flask.request_processing.req_logging [None req-f55fac7a-c41e-4cb7-a2d9-b823e0070bfe None admin] REQUEST_METHOD: `GET` {{(pid=46511) log_request_info /opt/stack/keystone/keystone/server/flask/request_processing/req_logging.py:27}}
Nov 13 23:04:16 user devstack@keystone.service[46511]: DEBUG keystone.server.flask.request_processing.req_logging [None req-f55fac7a-c41e-4cb7-a2d9-b823e0070bfe None admin] SCRIPT_NAME: `/identity` {{(pid=46511) log_request_info /opt/stack/keystone/keystone/server/flask/request_processing/req_logging.py:28}}
Nov 13 23:04:16 user devstack@keystone.service[46511]: DEBUG keystone.server.flask.request_processing.req_logging [None req-f55fac7a-c41e-4cb7-a2d9-b823e0070bfe None admin] PATH_INFO: `/v3/users/456dd06383ea4b0eab64578ca3a57cbf` {{(pid=46511) log_request_info /opt/stack/keystone/keystone/server/flask/request_processing/req_logging.py:29}}
Nov 13 23:04:16 user devstack@keystone.service[46511]: DEBUG keystone.common.rbac_enforcer.enforcer [None req-f55fac7a-c41e-4cb7-a2d9-b823e0070bfe None admin] RBAC: Authorizing `identity:get_user(user_id=456dd06383ea4b0eab64578ca3a57cbf)` {{(pid=46511) enforce_call /opt/stack/keystone/keystone/common/rbac_enforcer/enforcer.py:449}}
Nov 13 23:04:16 user devstack@keystone.service[46511]: DEBUG keystone.common.rbac_enforcer.enforcer [None req-f55fac7a-c41e-4cb7-a2d9-b823e0070bfe None admin] RBAC: Authorization granted {{(pid=46511) enforce_call /opt/stack/keystone/keystone/common/rbac_enforcer/enforcer.py:457}}
Nov 13 23:04:16 user devstack@keystone.service[46511]: [pid: 46511|app: 0|req: 25/79] 10.0.0.210 () {56 vars in 1172 bytes} [Mon Nov 13 23:04:15 2023] GET /identity/v3/users/456dd06383ea4b0eab64578ca3a57cbf => generated 274 bytes in 135 msecs (HTTP/1.1 200) 5 headers in 177 bytes (1 switches on core 0)
Nov 13 23:04:16 user devstack@keystone.service[46509]: DEBUG keystone.server.flask.request_processing.middleware.auth_context [None req-dafa62f0-4539-437d-aaae-f3ed1d2aedf1 None None] Authenticating user token {{(pid=46509) process_request /opt/stack/data/venv/lib/python3.10/site-packages/keystonemiddleware/auth_token/__init__.py:406}}
Nov 13 23:04:16 user devstack@keystone.service[46511]: DEBUG keystone.server.flask.request_processing.req_logging [None req-1abe7b84-8652-41e5-9d6c-d68743227fa7 None None] REQUEST_METHOD: `GET` {{(pid=46511) log_request_info /opt/stack/keystone/keystone/server/flask/request_processing/req_logging.py:27}}
Nov 13 23:04:16 user devstack@keystone.service[46511]: DEBUG keystone.server.flask.request_processing.req_logging [None req-1abe7b84-8652-41e5-9d6c-d68743227fa7 None None] SCRIPT_NAME: `/identity` {{(pid=46511) log_request_info /opt/stack/keystone/keystone/server/flask/request_processing/req_logging.py:28}}
Nov 13 23:04:16 user devstack@keystone.service[46511]: DEBUG keystone.server.flask.request_processing.req_logging [None req-1abe7b84-8652-41e5-9d6c-d68743227fa7 None None] PATH_INFO: `/` {{(pid=46511) log_request_info /opt/stack/keystone/keystone/server/flask/request_processing/req_logging.py:29}}
Nov 13 23:04:16 user devstack@keystone.service[46511]: [pid: 46511|app: 0|req: 26/80] 10.0.0.210 () {54 vars in 921 bytes} [Mon Nov 13 23:04:16 2023] GET /identity => generated 269 bytes in 3 msecs (HTTP/1.1 300) 6 headers in 233 bytes (1 switches on core 0)
Nov 13 23:04:16 user devstack@keystone.service[46511]: DEBUG keystone.server.flask.request_processing.middleware.auth_context [None req-1abe7b84-8652-41e5-9d6c-d68743227fa7 None None] Authenticating user token {{(pid=46511) process_request /opt/stack/data/venv/lib/python3.10/site-packages/keystonemiddleware/auth_token/__init__.py:406}}
Nov 13 23:04:16 user devstack@keystone.service[46509]: DEBUG keystone.server.flask.request_processing.middleware.auth_context [None req-dafa62f0-4539-437d-aaae-f3ed1d2aedf1 None None] Validating token access rules against request {{(pid=46509) validate_allowed_request /opt/stack/data/venv/lib/python3.10/site-packages/keystonemiddleware/auth_token/__init__.py:544}}
Nov 13 23:04:16 user devstack@keystone.service[46509]: DEBUG keystone.server.flask.request_processing.middleware.auth_context [None req-ca729c3f-8b66-49af-8432-e603f7bf462b None admin] RBAC: auth_context: {'token': , 'domain_id': None, 'trust_id': None, 'trustor_id': None, 'trustee_id': None, 'domain_name': None, 'group_ids': [], 'user_id': '09dd0b68b88d4cb6afef9afdd2021caa', 'user_domain_id': 'default', 'system_scope': 'all', 'project_id': None, 'project_domain_id': None, 'roles': ['admin', 'manager', 'member', 'reader'], 'is_admin_project': True, 'service_user_id': None, 'service_user_domain_id': None, 'service_project_id': None, 'service_project_domain_id': None, 'service_roles': []} {{(pid=46509) fill_context /opt/stack/keystone/keystone/server/flask/request_processing/middleware/auth_context.py:480}}
