Nov 13 23:04:36 user devstack@keystone.service[46511]: DEBUG keystone.server.flask.request_processing.req_logging [None req-06d1c959-d482-4071-8ef4-7d0004b7c7bc admin admin] SCRIPT_NAME: `/identity` {{(pid=46511) log_request_info /opt/stack/keystone/keystone/server/flask/request_processing/req_logging.py:28}}
Nov 13 23:04:36 user devstack@keystone.service[46511]: DEBUG keystone.server.flask.request_processing.req_logging [None req-06d1c959-d482-4071-8ef4-7d0004b7c7bc admin admin] PATH_INFO: `/v3/roles` {{(pid=46511) log_request_info /opt/stack/keystone/keystone/server/flask/request_processing/req_logging.py:29}}
Nov 13 23:04:36 user devstack@keystone.service[46511]: DEBUG keystone.common.rbac_enforcer.enforcer [None req-06d1c959-d482-4071-8ef4-7d0004b7c7bc admin admin] RBAC: Adding query filter params (name=anotherrole) {{(pid=46511) _extract_filter_values /opt/stack/keystone/keystone/common/rbac_enforcer/enforcer.py:167}}
Nov 13 23:04:36 user devstack@keystone.service[46511]: DEBUG keystone.common.rbac_enforcer.enforcer [None req-06d1c959-d482-4071-8ef4-7d0004b7c7bc admin admin] RBAC: Authorizing `identity:list_roles()` {{(pid=46511) enforce_call /opt/stack/keystone/keystone/common/rbac_enforcer/enforcer.py:449}}
Nov 13 23:04:36 user devstack@keystone.service[46509]: DEBUG keystone.server.flask.request_processing.middleware.auth_context [None req-dde1e0b1-7b56-447d-882e-97e4d9613025 None None] Validating token access rules against request {{(pid=46509) validate_allowed_request /opt/stack/data/venv/lib/python3.10/site-packages/keystonemiddleware/auth_token/__init__.py:544}}
Nov 13 23:04:36 user devstack@keystone.service[46511]: DEBUG keystone.common.rbac_enforcer.enforcer [None req-06d1c959-d482-4071-8ef4-7d0004b7c7bc admin admin] RBAC: Authorization granted {{(pid=46511) enforce_call /opt/stack/keystone/keystone/common/rbac_enforcer/enforcer.py:457}}
Nov 13 23:04:36 user devstack@keystone.service[46509]: DEBUG keystone.server.flask.request_processing.middleware.auth_context [None req-6dc2e7b1-29cc-47fa-b9e4-c34ff4c9958d admin admin] RBAC: auth_context: {'token': , 'domain_id': None, 'trust_id': None, 'trustor_id': None, 'trustee_id': None, 'domain_name': None, 'group_ids': [], 'user_id': '09dd0b68b88d4cb6afef9afdd2021caa', 'user_domain_id': 'default', 'system_scope': None, 'project_id': '8deffd35005d4dd285fe42077488177a', 'project_domain_id': 'default', 'roles': ['reader', 'member', 'manager', 'admin'], 'is_admin_project': True, 'service_user_id': None, 'service_user_domain_id': None, 'service_project_id': None, 'service_project_domain_id': None, 'service_roles': []} {{(pid=46509) fill_context /opt/stack/keystone/keystone/server/flask/request_processing/middleware/auth_context.py:480}}
Nov 13 23:04:36 user devstack@keystone.service[46509]: DEBUG keystone.server.flask.request_processing.req_logging [None req-6dc2e7b1-29cc-47fa-b9e4-c34ff4c9958d admin admin] REQUEST_METHOD: `GET` {{(pid=46509) log_request_info /opt/stack/keystone/keystone/server/flask/request_processing/req_logging.py:27}}
Nov 13 23:04:36 user devstack@keystone.service[46509]: DEBUG keystone.server.flask.request_processing.req_logging [None req-6dc2e7b1-29cc-47fa-b9e4-c34ff4c9958d admin admin] SCRIPT_NAME: `/identity` {{(pid=46509) log_request_info /opt/stack/keystone/keystone/server/flask/request_processing/req_logging.py:28}}
Nov 13 23:04:36 user devstack@keystone.service[46509]: DEBUG keystone.server.flask.request_processing.req_logging [None req-6dc2e7b1-29cc-47fa-b9e4-c34ff4c9958d admin admin] PATH_INFO: `/v3/roles/admin` {{(pid=46509) log_request_info /opt/stack/keystone/keystone/server/flask/request_processing/req_logging.py:29}}
Nov 13 23:04:36 user devstack@keystone.service[46511]: [pid: 46511|app: 0|req: 81/240] 10.0.0.210 () {56 vars in 1127 bytes} [Mon Nov 13 23:04:36 2023] GET /identity/v3/roles?name=anotherrole => generated 332 bytes in 29 msecs (HTTP/1.1 200) 5 headers in 177 bytes (1 switches on core 0)
Nov 13 23:04:36 user devstack@keystone.service[46511]: DEBUG keystone.server.flask.request_processing.middleware.auth_context [None req-06d1c959-d482-4071-8ef4-7d0004b7c7bc admin admin] Authenticating user token {{(pid=46511) process_request /opt/stack/data/venv/lib/python3.10/site-packages/keystonemiddleware/auth_token/__init__.py:406}}
Nov 13 23:04:36 user devstack@keystone.service[46509]: DEBUG keystone.common.rbac_enforcer.enforcer [None req-6dc2e7b1-29cc-47fa-b9e4-c34ff4c9958d admin admin] Extracting inferred target data resulted in "NOT FOUND (404)". {{(pid=46509) enforce_call /opt/stack/keystone/keystone/common/rbac_enforcer/enforcer.py:409}}
Nov 13 23:04:36 user devstack@keystone.service[46509]: ERROR keystone.server.flask.application [None req-6dc2e7b1-29cc-47fa-b9e4-c34ff4c9958d admin admin] Could not find role: admin.: keystone.exception.RoleNotFound: Could not find role: admin.
Nov 13 23:04:36 user devstack@keystone.service[46509]: ERROR keystone.server.flask.application
Traceback (most recent call last):
Nov 13 23:04:36 user devstack@keystone.service[46509]: ERROR keystone.server.flask.application
File "/opt/stack/data/venv/lib/python3.10/site-packages/flask/app.py", line 1823, in full_dispatch_request
Nov 13 23:04:36 user devstack@keystone.service[46509]: ERROR keystone.server.flask.application rv = self.dispatch_request()
Nov 13 23:04:36 user devstack@keystone.service[46509]: ERROR keystone.server.flask.application
File "/opt/stack/data/venv/lib/python3.10/site-packages/flask/app.py", line 1799, in dispatch_request
Nov 13 23:04:36 user devstack@keystone.service[46509]: ERROR keystone.server.flask.application return self.ensure_sync(self.view_functions[rule.endpoint])(**view_args)
Nov 13 23:04:36 user devstack@keystone.service[46509]: ERROR keystone.server.flask.application
File "/opt/stack/data/venv/lib/python3.10/site-packages/flask_restful/__init__.py", line 489, in wrapper
Nov 13 23:04:36 user devstack@keystone.service[46509]: ERROR keystone.server.flask.application resp = resource(*args, **kwargs)
Nov 13 23:04:36 user devstack@keystone.service[46509]: ERROR keystone.server.flask.application
File "/opt/stack/data/venv/lib/python3.10/site-packages/flask/views.py", line 107, in view
Nov 13 23:04:36 user devstack@keystone.service[46509]: ERROR keystone.server.flask.application return current_app.ensure_sync(self.dispatch_request)(**kwargs)
Nov 13 23:04:36 user devstack@keystone.service[46509]: ERROR keystone.server.flask.application
File "/opt/stack/data/venv/lib/python3.10/site-packages/flask_restful/__init__.py", line 604, in dispatch_request
Nov 13 23:04:36 user devstack@keystone.service[46509]: ERROR keystone.server.flask.application resp = meth(*args, **kwargs)
Nov 13 23:04:36 user devstack@keystone.service[46509]: ERROR keystone.server.flask.application
File "/opt/stack/keystone/keystone/api/roles.py", line 50, in get
Nov 13 23:04:36 user devstack@keystone.service[46509]: ERROR keystone.server.flask.application return self._get_role(role_id)
Nov 13 23:04:36 user devstack@keystone.service[46509]: ERROR keystone.server.flask.application
File "/opt/stack/keystone/keystone/api/roles.py", line 70, in _get_role
Nov 13 23:04:36 user devstack@keystone.service[46509]: ERROR keystone.server.flask.application ENFORCER.enforce_call(action='identity:get_role')
Nov 13 23:04:36 user devstack@keystone.service[46509]: ERROR keystone.server.flask.application
File "/opt/stack/keystone/keystone/common/rbac_enforcer/enforcer.py", line 402, in enforce_call
Nov 13 23:04:36 user devstack@keystone.service[46509]: ERROR keystone.server.flask.application policy_dict.update(cls._extract_member_target_data(
Nov 13 23:04:36 user devstack@keystone.service[46509]: ERROR keystone.server.flask.application
File "/opt/stack/keystone/keystone/common/rbac_enforcer/enforcer.py", line 234, in _extract_member_target_data
Nov 13 23:04:36 user devstack@keystone.service[46509]: ERROR keystone.server.flask.application member_name: func(flask.request.view_args[key])
Nov 13 23:04:36 user devstack@keystone.service[46509]: ERROR keystone.server.flask.application
File "/opt/stack/keystone/keystone/common/manager.py", line 115, in wrapped
Nov 13 23:04:36 user devstack@keystone.service[46509]: ERROR keystone.server.flask.application __ret_val = __f(*args, **kwargs)
Nov 13 23:04:36 user devstack@keystone.service[46509]: ERROR keystone.server.flask.application
File "/opt/stack/data/venv/lib/python3.10/site-packages/decorator.py", line 232, in fun
Nov 13 23:04:36 user devstack@keystone.service[46509]: ERROR keystone.server.flask.application return caller(func, *(extras + args), **kw)
Nov 13 23:04:36 user devstack@keystone.service[46509]: ERROR keystone.server.flask.application
File "/opt/stack/data/venv/lib/python3.10/site-packages/dogpile/cache/region.py", line 1594, in get_or_create_for_user_func
Nov 13 23:04:36 user devstack@keystone.service[46509]: ERROR keystone.server.flask.application return self.get_or_create(
Nov 13 23:04:36 user devstack@keystone.service[46509]: ERROR keystone.server.flask.application
File "/opt/stack/data/venv/lib/python3.10/site-packages/dogpile/cache/region.py", line 1054, in get_or_create
Nov 13 23:04:36 user devstack@keystone.service[46509]: ERROR keystone.server.flask.application with Lock(
Nov 13 23:04:36 user devstack@keystone.service[46509]: ERROR keystone.server.flask.application
File "/opt/stack/data/venv/lib/python3.10/site-packages/dogpile/lock.py", line 185, in __enter__
Nov 13 23:04:36 user devstack@keystone.service[46509]: ERROR keystone.server.flask.application return self._enter()
Nov 13 23:04:36 user devstack@keystone.service[46509]: ERROR keystone.server.flask.application
File "/opt/stack/data/venv/lib/python3.10/site-packages/dogpile/lock.py", line 94, in _enter
Nov 13 23:04:36 user devstack@keystone.service[46509]: ERROR keystone.server.flask.application generated = self._enter_create(value, createdtime)
Nov 13 23:04:36 user devstack@keystone.service[46509]: ERROR keystone.server.flask.application
File "/opt/stack/data/venv/lib/python3.10/site-packages/dogpile/lock.py", line 178, in _enter_create
Nov 13 23:04:36 user devstack@keystone.service[46509]: ERROR keystone.server.flask.application return self.creator()
Nov 13 23:04:36 user devstack@keystone.service[46509]: ERROR keystone.server.flask.application
File "/opt/stack/data/venv/lib/python3.10/site-packages/dogpile/cache/region.py", line 1007, in gen_value
Nov 13 23:04:36 user devstack@keystone.service[46509]: ERROR keystone.server.flask.application created_value = creator(
Nov 13 23:04:36 user devstack@keystone.service[46509]: ERROR keystone.server.flask.application
File "/opt/stack/keystone/keystone/assignment/core.py", line 1276, in get_role
Nov 13 23:04:36 user devstack@keystone.service[46509]: ERROR keystone.server.flask.application return self.driver.get_role(role_id)
Nov 13 23:04:36 user devstack@keystone.service[46509]: ERROR keystone.server.flask.application
File "/opt/stack/keystone/keystone/assignment/role_backends/sql.py", line 70, in get_role
Nov 13 23:04:36 user devstack@keystone.service[46509]: ERROR keystone.server.flask.application return self._get_role(session, role_id).to_dict()
Nov 13 23:04:36 user devstack@keystone.service[46509]: ERROR keystone.server.flask.application
File "/opt/stack/keystone/keystone/assignment/role_backends/sql.py", line 65, in _get_role
Nov 13 23:04:36 user devstack@keystone.service[46509]: ERROR keystone.server.flask.application raise exception.RoleNotFound(role_id=role_id)
Nov 13 23:04:36 user devstack@keystone.service[46509]: ERROR keystone.server.flask.application keystone.exception.RoleNotFound: Could not find role: admin.
Nov 13 23:04:36 user devstack@keystone.service[46509]: ERROR keystone.server.flask.application
Nov 13 23:04:36 user devstack@keystone.service[46509]: [pid: 46509|app: 0|req: 79/241] 10.0.0.210 () {56 vars in 1112 bytes} [Mon Nov 13 23:04:36 2023] GET /identity/v3/roles/admin => generated 83 bytes in 32 msecs (HTTP/1.1 404) 5 headers in 183 bytes (1 switches on core 0)
Nov 13 23:04:36 user devstack@keystone.service[46511]: DEBUG keystone.server.flask.request_processing.middleware.auth_context [None req-06d1c959-d482-4071-8ef4-7d0004b7c7bc admin admin] Validating token access rules against request {{(pid=46511) validate_allowed_request /opt/stack/data/venv/lib/python3.10/site-packages/keystonemiddleware/auth_token/__init__.py:544}}
Nov 13 23:04:36 user devstack@keystone.service[46509]: DEBUG keystone.server.flask.request_processing.middleware.auth_context [None req-6dc2e7b1-29cc-47fa-b9e4-c34ff4c9958d admin admin] Authenticating user token {{(pid=46509) process_request /opt/stack/data/venv/lib/python3.10/site-packages/keystonemiddleware/auth_token/__init__.py:406}}
Nov 13 23:04:36 user devstack@keystone.service[46511]: DEBUG keystone.server.flask.request_processing.middleware.auth_context [None req-dc71cb0d-40e6-4618-9e8a-804e475a9379 admin admin] RBAC: auth_context: {'token': , 'domain_id': None, 'trust_id': None, 'trustor_id': None, 'trustee_id': None, 'domain_name': None, 'group_ids': [], 'user_id': '09dd0b68b88d4cb6afef9afdd2021caa', 'user_domain_id': 'default', 'system_scope': None, 'project_id': '8deffd35005d4dd285fe42077488177a', 'project_domain_id': 'default', 'roles': ['reader', 'member', 'manager', 'admin'], 'is_admin_project': True, 'service_user_id': None, 'service_user_domain_id': None, 'service_project_id': None, 'service_project_domain_id': None, 'service_roles': []} {{(pid=46511) fill_context /opt/stack/keystone/keystone/server/flask/request_processing/middleware/auth_context.py:480}}
Nov 13 23:04:36 user devstack@keystone.service[46511]: DEBUG keystone.server.flask.request_processing.req_logging [None req-dc71cb0d-40e6-4618-9e8a-804e475a9379 admin admin] REQUEST_METHOD: `GET` {{(pid=46511) log_request_info /opt/stack/keystone/keystone/server/flask/request_processing/req_logging.py:27}}
Nov 13 23:04:36 user devstack@keystone.service[46511]: DEBUG keystone.server.flask.request_processing.req_logging [None req-dc71cb0d-40e6-4618-9e8a-804e475a9379 admin admin] SCRIPT_NAME: `/identity` {{(pid=46511) log_request_info /opt/stack/keystone/keystone/server/flask/request_processing/req_logging.py:28}}
Nov 13 23:04:36 user devstack@keystone.service[46511]: DEBUG keystone.server.flask.request_processing.req_logging [None req-dc71cb0d-40e6-4618-9e8a-804e475a9379 admin admin] PATH_INFO: `/v3/groups/699f8f10d5ae4712882d633e3f14df88` {{(pid=46511) log_request_info /opt/stack/keystone/keystone/server/flask/request_processing/req_logging.py:29}}
Nov 13 23:04:36 user devstack@keystone.service[46511]: DEBUG keystone.common.rbac_enforcer.enforcer [None req-dc71cb0d-40e6-4618-9e8a-804e475a9379 admin admin] RBAC: Authorizing `identity:get_group(group_id=699f8f10d5ae4712882d633e3f14df88)` {{(pid=46511) enforce_call /opt/stack/keystone/keystone/common/rbac_enforcer/enforcer.py:449}}
Nov 13 23:04:36 user devstack@keystone.service[46511]: WARNING py.warnings [None req-dc71cb0d-40e6-4618-9e8a-804e475a9379 admin admin] /opt/stack/data/venv/lib/python3.10/site-packages/oslo_policy/policy.py:1130: UserWarning: Policy "identity:get_group": "(role:reader and system_scope:all) or (role:reader and domain_id:%(target.group.domain_id)s)" failed scope check. The token used to make the request was project scoped but the policy requires ['system', 'domain'] scope. This behavior may change in the future where using the intended scope is required
Nov 13 23:04:36 user devstack@keystone.service[46511]: warnings.warn(msg)
Nov 13 23:04:36 user devstack@keystone.service[46511]:
Nov 13 23:04:36 user devstack@keystone.service[46511]: DEBUG keystone.common.rbac_enforcer.enforcer [None req-dc71cb0d-40e6-4618-9e8a-804e475a9379 admin admin] RBAC: Authorization granted {{(pid=46511) enforce_call /opt/stack/keystone/keystone/common/rbac_enforcer/enforcer.py:457}}
Nov 13 23:04:36 user devstack@keystone.service[46509]: DEBUG keystone.server.flask.request_processing.middleware.auth_context [None req-6dc2e7b1-29cc-47fa-b9e4-c34ff4c9958d admin admin] Validating token access rules against request {{(pid=46509) validate_allowed_request /opt/stack/data/venv/lib/python3.10/site-packages/keystonemiddleware/auth_token/__init__.py:544}}
Nov 13 23:04:36 user devstack@keystone.service[46511]: [pid: 46511|app: 0|req: 82/242] 10.0.0.210 () {56 vars in 1196 bytes} [Mon Nov 13 23:04:36 2023] GET /identity/v3/groups/699f8f10d5ae4712882d633e3f14df88 => generated 225 bytes in 22 msecs (HTTP/1.1 200) 5 headers in 177 bytes (2 switches on core 0)
Nov 13 23:04:36 user devstack@keystone.service[46509]: DEBUG keystone.server.flask.request_processing.middleware.auth_context [None req-3a9440ac-2ff2-4374-8971-1c9daf4c04bc admin admin] RBAC: auth_context: {'token': , 'domain_id': None, 'trust_id': None, 'trustor_id': None, 'trustee_id': None, 'domain_name': None, 'group_ids': [], 'user_id': '09dd0b68b88d4cb6afef9afdd2021caa', 'user_domain_id': 'default', 'system_scope': None, 'project_id': '8deffd35005d4dd285fe42077488177a', 'project_domain_id': 'default', 'roles': ['reader', 'member', 'manager', 'admin'], 'is_admin_project': True, 'service_user_id': None, 'service_user_domain_id': None, 'service_project_id': None, 'service_project_domain_id': None, 'service_roles': []} {{(pid=46509) fill_context /opt/stack/keystone/keystone/server/flask/request_processing/middleware/auth_context.py:480}}
Nov 13 23:04:36 user devstack@keystone.service[46509]: DEBUG keystone.server.flask.request_processing.req_logging [None req-3a9440ac-2ff2-4374-8971-1c9daf4c04bc admin admin] REQUEST_METHOD: `GET` {{(pid=46509) log_request_info /opt/stack/keystone/keystone/server/flask/request_processing/req_logging.py:27}}
Nov 13 23:04:36 user devstack@keystone.service[46509]: DEBUG keystone.server.flask.request_processing.req_logging [None req-3a9440ac-2ff2-4374-8971-1c9daf4c04bc admin admin] SCRIPT_NAME: `/identity` {{(pid=46509) log_request_info /opt/stack/keystone/keystone/server/flask/request_processing/req_logging.py:28}}
Nov 13 23:04:36 user devstack@keystone.service[46509]: DEBUG keystone.server.flask.request_processing.req_logging [None req-3a9440ac-2ff2-4374-8971-1c9daf4c04bc admin admin] PATH_INFO: `/v3/roles` {{(pid=46509) log_request_info /opt/stack/keystone/keystone/server/flask/request_processing/req_logging.py:29}}
Nov 13 23:04:36 user devstack@keystone.service[46509]: DEBUG keystone.common.rbac_enforcer.enforcer [None req-3a9440ac-2ff2-4374-8971-1c9daf4c04bc admin admin] RBAC: Adding query filter params (name=admin) {{(pid=46509) _extract_filter_values /opt/stack/keystone/keystone/common/rbac_enforcer/enforcer.py:167}}
Nov 13 23:04:36 user devstack@keystone.service[46509]: DEBUG keystone.common.rbac_enforcer.enforcer [None req-3a9440ac-2ff2-4374-8971-1c9daf4c04bc admin admin] RBAC: Authorizing `identity:list_roles()` {{(pid=46509) enforce_call /opt/stack/keystone/keystone/common/rbac_enforcer/enforcer.py:449}}
Nov 13 23:04:36 user devstack@keystone.service[46511]: DEBUG keystone.server.flask.request_processing.middleware.auth_context [None req-dc71cb0d-40e6-4618-9e8a-804e475a9379 admin admin] Authenticating user token {{(pid=46511) process_request /opt/stack/data/venv/lib/python3.10/site-packages/keystonemiddleware/auth_token/__init__.py:406}}
Nov 13 23:04:36 user devstack@keystone.service[46509]: WARNING py.warnings [None req-3a9440ac-2ff2-4374-8971-1c9daf4c04bc admin admin] /opt/stack/data/venv/lib/python3.10/site-packages/oslo_policy/policy.py:1130: UserWarning: Policy "identity:list_roles": "role:reader and system_scope:all" failed scope check. The token used to make the request was project scoped but the policy requires ['system'] scope. This behavior may change in the future where using the intended scope is required
Nov 13 23:04:36 user devstack@keystone.service[46509]: warnings.warn(msg)
Nov 13 23:04:36 user devstack@keystone.service[46509]:
Nov 13 23:04:36 user devstack@keystone.service[46509]: DEBUG keystone.common.rbac_enforcer.enforcer [None req-3a9440ac-2ff2-4374-8971-1c9daf4c04bc admin admin] RBAC: Authorization granted {{(pid=46509) enforce_call /opt/stack/keystone/keystone/common/rbac_enforcer/enforcer.py:457}}
Nov 13 23:04:36 user devstack@keystone.service[46511]: DEBUG keystone.server.flask.request_processing.middleware.auth_context [None req-dc71cb0d-40e6-4618-9e8a-804e475a9379 admin admin] Validating token access rules against request {{(pid=46511) validate_allowed_request /opt/stack/data/venv/lib/python3.10/site-packages/keystonemiddleware/auth_token/__init__.py:544}}
Nov 13 23:04:36 user devstack@keystone.service[46509]: [pid: 46509|app: 0|req: 80/243] 10.0.0.210 () {56 vars in 1115 bytes} [Mon Nov 13 23:04:36 2023] GET /identity/v3/roles?name=admin => generated 337 bytes in 25 msecs (HTTP/1.1 200) 5 headers in 177 bytes (2 switches on core 0)
Nov 13 23:04:36 user devstack@keystone.service[46511]: DEBUG keystone.server.flask.request_processing.middleware.auth_context [None req-14d49d08-086c-4adf-880f-c40d6b4773f2 admin admin] RBAC: auth_context: {'token': , 'domain_id': None, 'trust_id': None, 'trustor_id': None, 'trustee_id': None, 'domain_name': None, 'group_ids': [], 'user_id': '09dd0b68b88d4cb6afef9afdd2021caa', 'user_domain_id': 'default', 'system_scope': None, 'project_id': '8deffd35005d4dd285fe42077488177a', 'project_domain_id': 'default', 'roles': ['reader', 'member', 'manager', 'admin'], 'is_admin_project': True, 'service_user_id': None, 'service_user_domain_id': None, 'service_project_id': None, 'service_project_domain_id': None, 'service_roles': []} {{(pid=46511) fill_context /opt/stack/keystone/keystone/server/flask/request_processing/middleware/auth_context.py:480}}
Nov 13 23:04:36 user devstack@keystone.service[46511]: DEBUG keystone.server.flask.request_processing.req_logging [None req-14d49d08-086c-4adf-880f-c40d6b4773f2 admin admin] REQUEST_METHOD: `GET` {{(pid=46511) log_request_info /opt/stack/keystone/keystone/server/flask/request_processing/req_logging.py:27}}
Nov 13 23:04:36 user devstack@keystone.service[46511]: DEBUG keystone.server.flask.request_processing.req_logging [None req-14d49d08-086c-4adf-880f-c40d6b4773f2 admin admin] SCRIPT_NAME: `/identity` {{(pid=46511) log_request_info /opt/stack/keystone/keystone/server/flask/request_processing/req_logging.py:28}}
Nov 13 23:04:36 user devstack@keystone.service[46511]: DEBUG keystone.server.flask.request_processing.req_logging [None req-14d49d08-086c-4adf-880f-c40d6b4773f2 admin admin] PATH_INFO: `/v3/projects/0d3654c1ad474d86b6553b234ef83148` {{(pid=46511) log_request_info /opt/stack/keystone/keystone/server/flask/request_processing/req_logging.py:29}}
Nov 13 23:04:36 user devstack@keystone.service[46509]: DEBUG keystone.server.flask.request_processing.middleware.auth_context [None req-3a9440ac-2ff2-4374-8971-1c9daf4c04bc admin admin] Authenticating user token {{(pid=46509) process_request /opt/stack/data/venv/lib/python3.10/site-packages/keystonemiddleware/auth_token/__init__.py:406}}
Nov 13 23:04:36 user devstack@keystone.service[46511]: DEBUG keystone.common.rbac_enforcer.enforcer [None req-14d49d08-086c-4adf-880f-c40d6b4773f2 admin admin] RBAC: Authorizing `identity:get_project(project_id=0d3654c1ad474d86b6553b234ef83148)` {{(pid=46511) enforce_call /opt/stack/keystone/keystone/common/rbac_enforcer/enforcer.py:449}}
Nov 13 23:04:36 user devstack@keystone.service[46511]: DEBUG keystone.common.rbac_enforcer.enforcer [None req-14d49d08-086c-4adf-880f-c40d6b4773f2 admin admin] RBAC: Authorization granted {{(pid=46511) enforce_call /opt/stack/keystone/keystone/common/rbac_enforcer/enforcer.py:457}}
Nov 13 23:04:36 user devstack@keystone.service[46511]: [pid: 46511|app: 0|req: 83/244] 10.0.0.210 () {56 vars in 1202 bytes} [Mon Nov 13 23:04:36 2023] GET /identity/v3/projects/0d3654c1ad474d86b6553b234ef83148 => generated 301 bytes in 19 msecs (HTTP/1.1 200) 5 headers in 177 bytes (2 switches on core 0)
Nov 13 23:04:36 user devstack@keystone.service[46509]: DEBUG keystone.server.flask.request_processing.middleware.auth_context [None req-3a9440ac-2ff2-4374-8971-1c9daf4c04bc admin admin] Validating token access rules against request {{(pid=46509) validate_allowed_request /opt/stack/data/venv/lib/python3.10/site-packages/keystonemiddleware/auth_token/__init__.py:544}}
Nov 13 23:04:36 user devstack@keystone.service[46511]: DEBUG keystone.server.flask.request_processing.middleware.auth_context [None req-14d49d08-086c-4adf-880f-c40d6b4773f2 admin admin] Authenticating user token {{(pid=46511) process_request /opt/stack/data/venv/lib/python3.10/site-packages/keystonemiddleware/auth_token/__init__.py:406}}
Nov 13 23:04:36 user devstack@keystone.service[46509]: DEBUG keystone.server.flask.request_processing.middleware.auth_context [None req-3fd5b6be-0599-4213-81c2-afe992eb0eff admin admin] RBAC: auth_context: {'token': , 'domain_id': None, 'trust_id': None, 'trustor_id': None, 'trustee_id': None, 'domain_name': None, 'group_ids': [], 'user_id': '09dd0b68b88d4cb6afef9afdd2021caa', 'user_domain_id': 'default', 'system_scope': None, 'project_id': '8deffd35005d4dd285fe42077488177a', 'project_domain_id': 'default', 'roles': ['reader', 'member', 'manager', 'admin'], 'is_admin_project': True, 'service_user_id': None, 'service_user_domain_id': None, 'service_project_id': None, 'service_project_domain_id': None, 'service_roles': []} {{(pid=46509) fill_context /opt/stack/keystone/keystone/server/flask/request_processing/middleware/auth_context.py:480}}
Nov 13 23:04:36 user devstack@keystone.service[46509]: DEBUG keystone.server.flask.request_processing.req_logging [None req-3fd5b6be-0599-4213-81c2-afe992eb0eff admin admin] REQUEST_METHOD: `GET` {{(pid=46509) log_request_info /opt/stack/keystone/keystone/server/flask/request_processing/req_logging.py:27}}
Nov 13 23:04:36 user devstack@keystone.service[46509]: DEBUG keystone.server.flask.request_processing.req_logging [None req-3fd5b6be-0599-4213-81c2-afe992eb0eff admin admin] SCRIPT_NAME: `/identity` {{(pid=46509) log_request_info /opt/stack/keystone/keystone/server/flask/request_processing/req_logging.py:28}}
Nov 13 23:04:36 user devstack@keystone.service[46509]: DEBUG keystone.server.flask.request_processing.req_logging [None req-3fd5b6be-0599-4213-81c2-afe992eb0eff admin admin] PATH_INFO: `/v3/groups/3c0074f7aa3f42d792cabfa1c4d8c5c7` {{(pid=46509) log_request_info /opt/stack/keystone/keystone/server/flask/request_processing/req_logging.py:29}}
Nov 13 23:04:36 user devstack@keystone.service[46509]: DEBUG keystone.common.rbac_enforcer.enforcer [None req-3fd5b6be-0599-4213-81c2-afe992eb0eff admin admin] RBAC: Authorizing `identity:get_group(group_id=3c0074f7aa3f42d792cabfa1c4d8c5c7)` {{(pid=46509) enforce_call /opt/stack/keystone/keystone/common/rbac_enforcer/enforcer.py:449}}
Nov 13 23:04:36 user devstack@keystone.service[46511]: DEBUG keystone.server.flask.request_processing.middleware.auth_context [None req-14d49d08-086c-4adf-880f-c40d6b4773f2 admin admin] Validating token access rules against request {{(pid=46511) validate_allowed_request /opt/stack/data/venv/lib/python3.10/site-packages/keystonemiddleware/auth_token/__init__.py:544}}
Nov 13 23:04:36 user devstack@keystone.service[46509]: DEBUG keystone.common.rbac_enforcer.enforcer [None req-3fd5b6be-0599-4213-81c2-afe992eb0eff admin admin] RBAC: Authorization granted {{(pid=46509) enforce_call /opt/stack/keystone/keystone/common/rbac_enforcer/enforcer.py:457}}
Nov 13 23:04:36 user devstack@keystone.service[46509]: [pid: 46509|app: 0|req: 81/245] 10.0.0.210 () {56 vars in 1196 bytes} [Mon Nov 13 23:04:36 2023] GET /identity/v3/groups/3c0074f7aa3f42d792cabfa1c4d8c5c7 => generated 228 bytes in 23 msecs (HTTP/1.1 200) 5 headers in 177 bytes (2 switches on core 0)
Nov 13 23:04:36 user devstack@keystone.service[46511]: DEBUG keystone.server.flask.request_processing.middleware.auth_context [None req-8d1593e5-9a16-48d2-9279-c8c89cd31828 admin admin] RBAC: auth_context: {'token': , 'domain_id': None, 'trust_id': None, 'trustor_id': None, 'trustee_id': None, 'domain_name': None, 'group_ids': [], 'user_id': '09dd0b68b88d4cb6afef9afdd2021caa', 'user_domain_id': 'default', 'system_scope': None, 'project_id': '8deffd35005d4dd285fe42077488177a', 'project_domain_id': 'default', 'roles': ['reader', 'member', 'manager', 'admin'], 'is_admin_project': True, 'service_user_id': None, 'service_user_domain_id': None, 'service_project_id': None, 'service_project_domain_id': None, 'service_roles': []} {{(pid=46511) fill_context /opt/stack/keystone/keystone/server/flask/request_processing/middleware/auth_context.py:480}}
Nov 13 23:04:36 user devstack@keystone.service[46511]: DEBUG keystone.server.flask.request_processing.req_logging [None req-8d1593e5-9a16-48d2-9279-c8c89cd31828 admin admin] REQUEST_METHOD: `PUT` {{(pid=46511) log_request_info /opt/stack/keystone/keystone/server/flask/request_processing/req_logging.py:27}}
Nov 13 23:04:36 user devstack@keystone.service[46511]: DEBUG keystone.server.flask.request_processing.req_logging [None req-8d1593e5-9a16-48d2-9279-c8c89cd31828 admin admin] SCRIPT_NAME: `/identity` {{(pid=46511) log_request_info /opt/stack/keystone/keystone/server/flask/request_processing/req_logging.py:28}}
Nov 13 23:04:36 user devstack@keystone.service[46511]: DEBUG keystone.server.flask.request_processing.req_logging [None req-8d1593e5-9a16-48d2-9279-c8c89cd31828 admin admin] PATH_INFO: `/v3/projects/0d3654c1ad474d86b6553b234ef83148/groups/699f8f10d5ae4712882d633e3f14df88/roles/4f03a571f62049a992efe27a78839fe5` {{(pid=46511) log_request_info /opt/stack/keystone/keystone/server/flask/request_processing/req_logging.py:29}}
Nov 13 23:04:36 user devstack@keystone.service[46511]: DEBUG keystone.common.rbac_enforcer.enforcer [None req-8d1593e5-9a16-48d2-9279-c8c89cd31828 admin admin] RBAC: Authorizing `identity:create_grant(project_id=0d3654c1ad474d86b6553b234ef83148, group_id=699f8f10d5ae4712882d633e3f14df88, role_id=4f03a571f62049a992efe27a78839fe5)` {{(pid=46511) enforce_call /opt/stack/keystone/keystone/common/rbac_enforcer/enforcer.py:449}}
Nov 13 23:04:36 user devstack@keystone.service[46509]: DEBUG keystone.server.flask.request_processing.middleware.auth_context [None req-3fd5b6be-0599-4213-81c2-afe992eb0eff admin admin] Authenticating user token {{(pid=46509) process_request /opt/stack/data/venv/lib/python3.10/site-packages/keystonemiddleware/auth_token/__init__.py:406}}
Nov 13 23:04:36 user devstack@keystone.service[46511]: DEBUG keystone.common.rbac_enforcer.enforcer [None req-8d1593e5-9a16-48d2-9279-c8c89cd31828 admin admin] RBAC: Authorization granted {{(pid=46511) enforce_call /opt/stack/keystone/keystone/common/rbac_enforcer/enforcer.py:457}}
Nov 13 23:04:36 user devstack@keystone.service[46510]: DEBUG keystone.server.flask.request_processing.middleware.auth_context [None req-5652a756-8d41-4613-90b7-73aaa0ea1a46 None admin] Validating token access rules against request {{(pid=46510) validate_allowed_request /opt/stack/data/venv/lib/python3.10/site-packages/keystonemiddleware/auth_token/__init__.py:544}}
Nov 13 23:04:36 user devstack@keystone.service[46509]: DEBUG keystone.server.flask.request_processing.middleware.auth_context [None req-3fd5b6be-0599-4213-81c2-afe992eb0eff admin admin] Validating token access rules against request {{(pid=46509) validate_allowed_request /opt/stack/data/venv/lib/python3.10/site-packages/keystonemiddleware/auth_token/__init__.py:544}}
Nov 13 23:04:36 user devstack@keystone.service[46511]: [pid: 46511|app: 0|req: 84/246] 10.0.0.210 () {58 vars in 1458 bytes} [Mon Nov 13 23:04:36 2023] PUT /identity/v3/projects/0d3654c1ad474d86b6553b234ef83148/groups/699f8f10d5ae4712882d633e3f14df88/roles/4f03a571f62049a992efe27a78839fe5 => generated 0 bytes in 33 msecs (HTTP/1.1 204) 3 headers in 132 bytes (1 switches on core 0)
Nov 13 23:04:36 user devstack@keystone.service[46510]: DEBUG keystone.server.flask.request_processing.middleware.auth_context [None req-121c4c67-2911-4bb9-99ca-32b3d042c95c None admin] RBAC: auth_context: {'token': , 'domain_id': None, 'trust_id': None, 'trustor_id': None, 'trustee_id': None, 'domain_name': None, 'group_ids': [], 'user_id': '09dd0b68b88d4cb6afef9afdd2021caa', 'user_domain_id': 'default', 'system_scope': 'all', 'project_id': None, 'project_domain_id': None, 'roles': ['admin', 'manager', 'member', 'reader'], 'is_admin_project': True, 'service_user_id': None, 'service_user_domain_id': None, 'service_project_id': None, 'service_project_domain_id': None, 'service_roles': []} {{(pid=46510) fill_context /opt/stack/keystone/keystone/server/flask/request_processing/middleware/auth_context.py:480}}
Nov 13 23:04:36 user devstack@keystone.service[46510]: DEBUG keystone.server.flask.request_processing.req_logging [None req-121c4c67-2911-4bb9-99ca-32b3d042c95c None admin] REQUEST_METHOD: `GET` {{(pid=46510) log_request_info /opt/stack/keystone/keystone/server/flask/request_processing/req_logging.py:27}}
Nov 13 23:04:36 user devstack@keystone.service[46510]: DEBUG keystone.server.flask.request_processing.req_logging [None req-121c4c67-2911-4bb9-99ca-32b3d042c95c None admin] SCRIPT_NAME: `/identity` {{(pid=46510) log_request_info /opt/stack/keystone/keystone/server/flask/request_processing/req_logging.py:28}}
Nov 13 23:04:36 user devstack@keystone.service[46510]: DEBUG keystone.server.flask.request_processing.req_logging [None req-121c4c67-2911-4bb9-99ca-32b3d042c95c None admin] PATH_INFO: `/v3/roles` {{(pid=46510) log_request_info /opt/stack/keystone/keystone/server/flask/request_processing/req_logging.py:29}}
Nov 13 23:04:36 user devstack@keystone.service[46510]: DEBUG keystone.common.rbac_enforcer.enforcer [None req-121c4c67-2911-4bb9-99ca-32b3d042c95c None admin] RBAC: Adding query filter params (name=reader) {{(pid=46510) _extract_filter_values /opt/stack/keystone/keystone/common/rbac_enforcer/enforcer.py:167}}
Nov 13 23:04:36 user devstack@keystone.service[46510]: DEBUG keystone.common.rbac_enforcer.enforcer [None req-121c4c67-2911-4bb9-99ca-32b3d042c95c None admin] RBAC: Authorizing `identity:list_roles()` {{(pid=46510) enforce_call /opt/stack/keystone/keystone/common/rbac_enforcer/enforcer.py:449}}
Nov 13 23:04:36 user devstack@keystone.service[46510]: DEBUG keystone.common.rbac_enforcer.enforcer [None req-121c4c67-2911-4bb9-99ca-32b3d042c95c None admin] RBAC: Authorization granted {{(pid=46510) enforce_call /opt/stack/keystone/keystone/common/rbac_enforcer/enforcer.py:457}}
Nov 13 23:04:36 user devstack@keystone.service[46510]: [pid: 46510|app: 0|req: 82/247] 10.0.0.210 () {56 vars in 1096 bytes} [Mon Nov 13 23:04:36 2023] GET /identity/v3/roles?name=reader => generated 339 bytes in 157 msecs (HTTP/1.1 200) 5 headers in 177 bytes (1 switches on core 0)
Nov 13 23:04:36 user devstack@keystone.service[46511]: DEBUG keystone.server.flask.request_processing.middleware.auth_context [None req-8d1593e5-9a16-48d2-9279-c8c89cd31828 admin admin] Authenticating user token {{(pid=46511) process_request /opt/stack/data/venv/lib/python3.10/site-packages/keystonemiddleware/auth_token/__init__.py:406}}
Nov 13 23:04:36 user devstack@keystone.service[46509]: DEBUG keystone.server.flask.request_processing.middleware.auth_context [None req-4bb88594-f531-4b11-8c3b-3b015f45384b admin admin] RBAC: auth_context: {'token': , 'domain_id': None, 'trust_id': None, 'trustor_id': None, 'trustee_id': None, 'domain_name': None, 'group_ids': [], 'user_id': '09dd0b68b88d4cb6afef9afdd2021caa', 'user_domain_id': 'default', 'system_scope': None, 'project_id': '8deffd35005d4dd285fe42077488177a', 'project_domain_id': 'default', 'roles': ['reader', 'member', 'manager', 'admin'], 'is_admin_project': True, 'service_user_id': None, 'service_user_domain_id': None, 'service_project_id': None, 'service_project_domain_id': None, 'service_roles': []} {{(pid=46509) fill_context /opt/stack/keystone/keystone/server/flask/request_processing/middleware/auth_context.py:480}}
Nov 13 23:04:36 user devstack@keystone.service[46509]: DEBUG keystone.server.flask.request_processing.req_logging [None req-4bb88594-f531-4b11-8c3b-3b015f45384b admin admin] REQUEST_METHOD: `GET` {{(pid=46509) log_request_info /opt/stack/keystone/keystone/server/flask/request_processing/req_logging.py:27}}
Nov 13 23:04:36 user devstack@keystone.service[46509]: DEBUG keystone.server.flask.request_processing.req_logging [None req-4bb88594-f531-4b11-8c3b-3b015f45384b admin admin] SCRIPT_NAME: `/identity` {{(pid=46509) log_request_info /opt/stack/keystone/keystone/server/flask/request_processing/req_logging.py:28}}
Nov 13 23:04:36 user devstack@keystone.service[46509]: DEBUG keystone.server.flask.request_processing.req_logging [None req-4bb88594-f531-4b11-8c3b-3b015f45384b admin admin] PATH_INFO: `/v3/projects/8deffd35005d4dd285fe42077488177a` {{(pid=46509) log_request_info /opt/stack/keystone/keystone/server/flask/request_processing/req_logging.py:29}}
Nov 13 23:04:36 user devstack@keystone.service[46509]: DEBUG keystone.common.rbac_enforcer.enforcer [None req-4bb88594-f531-4b11-8c3b-3b015f45384b admin admin] RBAC: Authorizing `identity:get_project(project_id=8deffd35005d4dd285fe42077488177a)` {{(pid=46509) enforce_call /opt/stack/keystone/keystone/common/rbac_enforcer/enforcer.py:449}}
Nov 13 23:04:36 user devstack@keystone.service[46509]: DEBUG keystone.common.rbac_enforcer.enforcer [None req-4bb88594-f531-4b11-8c3b-3b015f45384b admin admin] RBAC: Authorization granted {{(pid=46509) enforce_call /opt/stack/keystone/keystone/common/rbac_enforcer/enforcer.py:457}}
Nov 13 23:04:36 user devstack@keystone.service[46509]: [pid: 46509|app: 0|req: 82/248] 10.0.0.210 () {56 vars in 1202 bytes} [Mon Nov 13 23:04:36 2023] GET /identity/v3/projects/8deffd35005d4dd285fe42077488177a => generated 343 bytes in 68 msecs (HTTP/1.1 200) 5 headers in 177 bytes (1 switches on core 0)
Nov 13 23:04:36 user devstack@keystone.service[46510]: DEBUG keystone.server.flask.request_processing.middleware.auth_context [None req-121c4c67-2911-4bb9-99ca-32b3d042c95c None admin] Authenticating user token {{(pid=46510) process_request /opt/stack/data/venv/lib/python3.10/site-packages/keystonemiddleware/auth_token/__init__.py:406}}
Nov 13 23:04:36 user devstack@keystone.service[46510]: DEBUG keystone.server.flask.request_processing.middleware.auth_context [None req-121c4c67-2911-4bb9-99ca-32b3d042c95c None admin] Validating token access rules against request {{(pid=46510) validate_allowed_request /opt/stack/data/venv/lib/python3.10/site-packages/keystonemiddleware/auth_token/__init__.py:544}}
Nov 13 23:04:36 user devstack@keystone.service[46510]: DEBUG keystone.server.flask.request_processing.middleware.auth_context [None req-919dd102-bb92-4161-bb87-531a3441db45 admin admin] RBAC: auth_context: {'token': , 'domain_id': None, 'trust_id': None, 'trustor_id': None, 'trustee_id': None, 'domain_name': None, 'group_ids': [], 'user_id': '09dd0b68b88d4cb6afef9afdd2021caa', 'user_domain_id': 'default', 'system_scope': None, 'project_id': '8deffd35005d4dd285fe42077488177a', 'project_domain_id': 'default', 'roles': ['reader', 'member', 'manager', 'admin'], 'is_admin_project': True, 'service_user_id': None, 'service_user_domain_id': None, 'service_project_id': None, 'service_project_domain_id': None, 'service_roles': []} {{(pid=46510) fill_context /opt/stack/keystone/keystone/server/flask/request_processing/middleware/auth_context.py:480}}
Nov 13 23:04:36 user devstack@keystone.service[46510]: DEBUG keystone.server.flask.request_processing.req_logging [None req-919dd102-bb92-4161-bb87-531a3441db45 admin admin] REQUEST_METHOD: `PUT` {{(pid=46510) log_request_info /opt/stack/keystone/keystone/server/flask/request_processing/req_logging.py:27}}
Nov 13 23:04:36 user devstack@keystone.service[46510]: DEBUG keystone.server.flask.request_processing.req_logging [None req-919dd102-bb92-4161-bb87-531a3441db45 admin admin] SCRIPT_NAME: `/identity` {{(pid=46510) log_request_info /opt/stack/keystone/keystone/server/flask/request_processing/req_logging.py:28}}
Nov 13 23:04:36 user devstack@keystone.service[46510]: DEBUG keystone.server.flask.request_processing.req_logging [None req-919dd102-bb92-4161-bb87-531a3441db45 admin admin] PATH_INFO: `/v3/projects/8deffd35005d4dd285fe42077488177a/groups/3c0074f7aa3f42d792cabfa1c4d8c5c7/roles/5bf9d5faa6434303a83f0c9f0859e335` {{(pid=46510) log_request_info /opt/stack/keystone/keystone/server/flask/request_processing/req_logging.py:29}}
Nov 13 23:04:36 user devstack@keystone.service[46510]: DEBUG keystone.common.rbac_enforcer.enforcer [None req-919dd102-bb92-4161-bb87-531a3441db45 admin admin] RBAC: Authorizing `identity:create_grant(project_id=8deffd35005d4dd285fe42077488177a, group_id=3c0074f7aa3f42d792cabfa1c4d8c5c7, role_id=5bf9d5faa6434303a83f0c9f0859e335)` {{(pid=46510) enforce_call /opt/stack/keystone/keystone/common/rbac_enforcer/enforcer.py:449}}
Nov 13 23:04:36 user devstack@keystone.service[46510]: DEBUG keystone.common.rbac_enforcer.enforcer [None req-919dd102-bb92-4161-bb87-531a3441db45 admin admin] RBAC: Authorization granted {{(pid=46510) enforce_call /opt/stack/keystone/keystone/common/rbac_enforcer/enforcer.py:457}}
Nov 13 23:04:36 user devstack@keystone.service[46510]: [pid: 46510|app: 0|req: 83/249] 10.0.0.210 () {58 vars in 1458 bytes} [Mon Nov 13 23:04:36 2023] PUT /identity/v3/projects/8deffd35005d4dd285fe42077488177a/groups/3c0074f7aa3f42d792cabfa1c4d8c5c7/roles/5bf9d5faa6434303a83f0c9f0859e335 => generated 0 bytes in 35 msecs (HTTP/1.1 204) 3 headers in 132 bytes (0 switches on core 0)
Nov 13 23:04:36 user devstack@keystone.service[46511]: DEBUG keystone.server.flask.request_processing.middleware.auth_context [None req-8d1593e5-9a16-48d2-9279-c8c89cd31828 admin admin] Validating token access rules against request {{(pid=46511) validate_allowed_request /opt/stack/data/venv/lib/python3.10/site-packages/keystonemiddleware/auth_token/__init__.py:544}}
Nov 13 23:04:36 user devstack@keystone.service[46511]: DEBUG keystone.server.flask.request_processing.middleware.auth_context [None req-aa0a923a-6319-4165-b9d5-124e14e60780 None admin] RBAC: auth_context: {'token': , 'domain_id': None, 'trust_id': None, 'trustor_id': None, 'trustee_id': None, 'domain_name': None, 'group_ids': [], 'user_id': '09dd0b68b88d4cb6afef9afdd2021caa', 'user_domain_id': 'default', 'system_scope': 'all', 'project_id': None, 'project_domain_id': None, 'roles': ['admin', 'manager', 'member', 'reader'], 'is_admin_project': True, 'service_user_id': None, 'service_user_domain_id': None, 'service_project_id': None, 'service_project_domain_id': None, 'service_roles': []} {{(pid=46511) fill_context /opt/stack/keystone/keystone/server/flask/request_processing/middleware/auth_context.py:480}}
Nov 13 23:04:36 user devstack@keystone.service[46511]: DEBUG keystone.server.flask.request_processing.req_logging [None req-aa0a923a-6319-4165-b9d5-124e14e60780 None admin] REQUEST_METHOD: `GET` {{(pid=46511) log_request_info /opt/stack/keystone/keystone/server/flask/request_processing/req_logging.py:27}}
Nov 13 23:04:36 user devstack@keystone.service[46511]: DEBUG keystone.server.flask.request_processing.req_logging [None req-aa0a923a-6319-4165-b9d5-124e14e60780 None admin] SCRIPT_NAME: `/identity` {{(pid=46511) log_request_info /opt/stack/keystone/keystone/server/flask/request_processing/req_logging.py:28}}
Nov 13 23:04:36 user devstack@keystone.service[46511]: DEBUG keystone.server.flask.request_processing.req_logging [None req-aa0a923a-6319-4165-b9d5-124e14e60780 None admin] PATH_INFO: `/v3/users/2a6b6bbdc5d546458e04569dfe1787c2` {{(pid=46511) log_request_info /opt/stack/keystone/keystone/server/flask/request_processing/req_logging.py:29}}
Nov 13 23:04:36 user devstack@keystone.service[46511]: DEBUG keystone.common.rbac_enforcer.enforcer [None req-aa0a923a-6319-4165-b9d5-124e14e60780 None admin] RBAC: Authorizing `identity:get_user(user_id=2a6b6bbdc5d546458e04569dfe1787c2)` {{(pid=46511) enforce_call /opt/stack/keystone/keystone/common/rbac_enforcer/enforcer.py:449}}
Nov 13 23:04:36 user devstack@keystone.service[46511]: DEBUG keystone.common.rbac_enforcer.enforcer [None req-aa0a923a-6319-4165-b9d5-124e14e60780 None admin] RBAC: Authorization granted {{(pid=46511) enforce_call /opt/stack/keystone/keystone/common/rbac_enforcer/enforcer.py:457}}
Nov 13 23:04:36 user devstack@keystone.service[46511]: [pid: 46511|app: 0|req: 85/250] 10.0.0.210 () {56 vars in 1172 bytes} [Mon Nov 13 23:04:36 2023] GET /identity/v3/users/2a6b6bbdc5d546458e04569dfe1787c2 => generated 292 bytes in 160 msecs (HTTP/1.1 200) 5 headers in 177 bytes (1 switches on core 0)
Nov 13 23:04:36 user devstack@keystone.service[46509]: DEBUG keystone.server.flask.request_processing.middleware.auth_context [None req-4bb88594-f531-4b11-8c3b-3b015f45384b admin admin] Authenticating user token {{(pid=46509) process_request /opt/stack/data/venv/lib/python3.10/site-packages/keystonemiddleware/auth_token/__init__.py:406}}
Nov 13 23:04:36 user devstack@keystone.service[46509]: DEBUG keystone.server.flask.request_processing.middleware.auth_context [None req-4bb88594-f531-4b11-8c3b-3b015f45384b admin admin] Validating token access rules against request {{(pid=46509) validate_allowed_request /opt/stack/data/venv/lib/python3.10/site-packages/keystonemiddleware/auth_token/__init__.py:544}}
Nov 13 23:04:36 user devstack@keystone.service[46509]: DEBUG keystone.server.flask.request_processing.middleware.auth_context [None req-d494ea10-dae8-49e4-8753-a6e9df05a145 None admin] RBAC: auth_context: {'token': , 'domain_id': None, 'trust_id': None, 'trustor_id': None, 'trustee_id': None, 'domain_name': None, 'group_ids': [], 'user_id': '09dd0b68b88d4cb6afef9afdd2021caa', 'user_domain_id': 'default', 'system_scope': 'all', 'project_id': None, 'project_domain_id': None, 'roles': ['admin', 'manager', 'member', 'reader'], 'is_admin_project': True, 'service_user_id': None, 'service_user_domain_id': None, 'service_project_id': None, 'service_project_domain_id': None, 'service_roles': []} {{(pid=46509) fill_context /opt/stack/keystone/keystone/server/flask/request_processing/middleware/auth_context.py:480}}
Nov 13 23:04:36 user devstack@keystone.service[46509]: DEBUG keystone.server.flask.request_processing.req_logging [None req-d494ea10-dae8-49e4-8753-a6e9df05a145 None admin] REQUEST_METHOD: `GET` {{(pid=46509) log_request_info /opt/stack/keystone/keystone/server/flask/request_processing/req_logging.py:27}}
Nov 13 23:04:36 user devstack@keystone.service[46509]: DEBUG keystone.server.flask.request_processing.req_logging [None req-d494ea10-dae8-49e4-8753-a6e9df05a145 None admin] SCRIPT_NAME: `/identity` {{(pid=46509) log_request_info /opt/stack/keystone/keystone/server/flask/request_processing/req_logging.py:28}}
Nov 13 23:04:36 user devstack@keystone.service[46509]: DEBUG keystone.server.flask.request_processing.req_logging [None req-d494ea10-dae8-49e4-8753-a6e9df05a145 None admin] PATH_INFO: `/v3/role_assignments` {{(pid=46509) log_request_info /opt/stack/keystone/keystone/server/flask/request_processing/req_logging.py:29}}
Nov 13 23:04:36 user devstack@keystone.service[46509]: DEBUG keystone.common.rbac_enforcer.enforcer [None req-d494ea10-dae8-49e4-8753-a6e9df05a145 None admin] RBAC: Adding query filter params (role.id=0fe1f1eaad7f4c4c9ef2086dbfb0239d, user.id=2a6b6bbdc5d546458e04569dfe1787c2, scope.system=all) {{(pid=46509) _extract_filter_values /opt/stack/keystone/keystone/common/rbac_enforcer/enforcer.py:167}}
Nov 13 23:04:36 user devstack@keystone.service[46509]: DEBUG keystone.common.rbac_enforcer.enforcer [None req-d494ea10-dae8-49e4-8753-a6e9df05a145 None admin] RBAC: Authorizing `identity:list_role_assignments()` {{(pid=46509) enforce_call /opt/stack/keystone/keystone/common/rbac_enforcer/enforcer.py:449}}
Nov 13 23:04:36 user devstack@keystone.service[46509]: DEBUG keystone.common.rbac_enforcer.enforcer [None req-d494ea10-dae8-49e4-8753-a6e9df05a145 None admin] RBAC: Authorization granted {{(pid=46509) enforce_call /opt/stack/keystone/keystone/common/rbac_enforcer/enforcer.py:457}}
Nov 13 23:04:36 user devstack@keystone.service[46509]: [pid: 46509|app: 0|req: 83/251] 10.0.0.210 () {56 vars in 1303 bytes} [Mon Nov 13 23:04:36 2023] GET /identity/v3/role_assignments?user.id=2a6b6bbdc5d546458e04569dfe1787c2&scope.system=all&role.id=0fe1f1eaad7f4c4c9ef2086dbfb0239d => generated 508 bytes in 152 msecs (HTTP/1.1 200) 5 headers in 177 bytes (1 switches on core 0)
Nov 13 23:04:37 user devstack@keystone.service[46510]: DEBUG keystone.server.flask.request_processing.req_logging [None req-30771315-a502-4705-b737-b881b6e40edb None None] REQUEST_METHOD: `GET` {{(pid=46510) log_request_info /opt/stack/keystone/keystone/server/flask/request_processing/req_logging.py:27}}
Nov 13 23:04:37 user devstack@keystone.service[46510]: DEBUG keystone.server.flask.request_processing.req_logging [None req-30771315-a502-4705-b737-b881b6e40edb None None] SCRIPT_NAME: `/identity` {{(pid=46510) log_request_info /opt/stack/keystone/keystone/server/flask/request_processing/req_logging.py:28}}
Nov 13 23:04:37 user devstack@keystone.service[46510]: DEBUG keystone.server.flask.request_processing.req_logging [None req-30771315-a502-4705-b737-b881b6e40edb None None] PATH_INFO: `/` {{(pid=46510) log_request_info /opt/stack/keystone/keystone/server/flask/request_processing/req_logging.py:29}}
Nov 13 23:04:37 user devstack@keystone.service[46510]: [pid: 46510|app: 0|req: 84/252] 10.0.0.210 () {54 vars in 921 bytes} [Mon Nov 13 23:04:37 2023] GET /identity => generated 269 bytes in 3 msecs (HTTP/1.1 300) 6 headers in 233 bytes (1 switches on core 0)
Nov 13 23:04:37 user devstack@keystone.service[46511]: DEBUG keystone.server.flask.request_processing.middleware.auth_context [None req-aa0a923a-6319-4165-b9d5-124e14e60780 None admin] Authenticating user token {{(pid=46511) process_request /opt/stack/data/venv/lib/python3.10/site-packages/keystonemiddleware/auth_token/__init__.py:406}}
