Oct 20 16:19:52 user devstack@c-api.service[74959]: INFO cinder.api.openstack.wsgi [None req-9a258bc4-0856-41cd-9217-c39a572c559f tempest-VolumeQuotasNegativeTestJSON-472157305 tempest-VolumeQuotasNegativeTestJSON-472157305-project-member] GET http://10.0.0.210/volume/v3/6c75b2c2b8f64dcfbb4624f928da4819/volumes/6b880ef0-4164-4cf8-96a2-12306255724c
Oct 20 16:19:52 user devstack@c-api.service[74959]: DEBUG cinder.api.openstack.wsgi [None req-9a258bc4-0856-41cd-9217-c39a572c559f tempest-VolumeQuotasNegativeTestJSON-472157305 tempest-VolumeQuotasNegativeTestJSON-472157305-project-member] Empty body provided in request {{(pid=74959) get_body /opt/stack/cinder/cinder/api/openstack/wsgi.py:715}}
Oct 20 16:19:52 user devstack@c-api.service[74959]: DEBUG cinder.api.openstack.wsgi [None req-9a258bc4-0856-41cd-9217-c39a572c559f tempest-VolumeQuotasNegativeTestJSON-472157305 tempest-VolumeQuotasNegativeTestJSON-472157305-project-member] Calling method 'show' {{(pid=74959) _process_stack /opt/stack/cinder/cinder/api/openstack/wsgi.py:868}}
Oct 20 16:19:52 user devstack@c-api.service[74959]: INFO cinder.api.openstack.wsgi [None req-9a258bc4-0856-41cd-9217-c39a572c559f tempest-VolumeQuotasNegativeTestJSON-472157305 tempest-VolumeQuotasNegativeTestJSON-472157305-project-member] http://10.0.0.210/volume/v3/6c75b2c2b8f64dcfbb4624f928da4819/volumes/6b880ef0-4164-4cf8-96a2-12306255724c returned with HTTP 404
Oct 20 16:19:52 user devstack@c-api.service[74959]: [pid: 74959|app: 0|req: 110/327] 10.0.0.210 () {62 vars in 1402 bytes} [Fri Oct 20 16:19:52 2023] GET /volume/v3/6c75b2c2b8f64dcfbb4624f928da4819/volumes/6b880ef0-4164-4cf8-96a2-12306255724c => generated 109 bytes in 34 msecs (HTTP/1.1 404) 7 headers in 292 bytes (1 switches on core 0)
Oct 20 16:19:52 user devstack@c-api.service[74958]: DEBUG cinder.api.middleware.request_id [None req-9332e658-e75a-49ab-911a-64258b3f3667 None None] RequestId filter calling following filter/app {{(pid=74958) _context_setter /opt/stack/cinder/cinder/api/middleware/request_id.py:62}}
Oct 20 16:19:52 user devstack@c-api.service[74958]: INFO cinder.api.openstack.wsgi [None req-9332e658-e75a-49ab-911a-64258b3f3667 tempest-VolumeQuotasNegativeTestJSON-441072683 tempest-VolumeQuotasNegativeTestJSON-441072683-project-admin] PUT http://10.0.0.210/volume/v3/167be1e2e66d49dfb087c690c8f6279c/os-quota-sets/6c75b2c2b8f64dcfbb4624f928da4819
Oct 20 16:19:52 user devstack@c-api.service[74958]: DEBUG cinder.api.openstack.wsgi [None req-9332e658-e75a-49ab-911a-64258b3f3667 tempest-VolumeQuotasNegativeTestJSON-441072683 tempest-VolumeQuotasNegativeTestJSON-441072683-project-admin] Action: 'update', calling method: update, body: {"quota_set": {"volumes": 10, "per_volume_gigabytes": -1, "snapshots": 10, "gigabytes": 1000, "backups": 10, "backup_gigabytes": 1000}} {{(pid=74958) _process_stack /opt/stack/cinder/cinder/api/openstack/wsgi.py:866}}
Oct 20 16:19:52 user devstack@c-api.service[74957]: DEBUG cinder.api.middleware.request_id [None req-ebfef92a-4f14-4280-b3f8-ca5d57115f4b None None] RequestId filter calling following filter/app {{(pid=74957) _context_setter /opt/stack/cinder/cinder/api/middleware/request_id.py:62}}
Oct 20 16:19:52 user devstack@c-api.service[74957]: INFO cinder.api.openstack.wsgi [None req-ebfef92a-4f14-4280-b3f8-ca5d57115f4b tempest-VolumesListAdminTestJSON-2020235935 tempest-VolumesListAdminTestJSON-2020235935-project-member] GET http://10.0.0.210/volume/v3/2d0d31d6f8ea4946958be1423062ac64/volumes/70e46074-a1ca-4aa1-a099-5f07604dee7f
Oct 20 16:19:52 user devstack@c-api.service[74957]: DEBUG cinder.api.openstack.wsgi [None req-ebfef92a-4f14-4280-b3f8-ca5d57115f4b tempest-VolumesListAdminTestJSON-2020235935 tempest-VolumesListAdminTestJSON-2020235935-project-member] Empty body provided in request {{(pid=74957) get_body /opt/stack/cinder/cinder/api/openstack/wsgi.py:715}}
Oct 20 16:19:52 user devstack@c-api.service[74957]: DEBUG cinder.api.openstack.wsgi [None req-ebfef92a-4f14-4280-b3f8-ca5d57115f4b tempest-VolumesListAdminTestJSON-2020235935 tempest-VolumesListAdminTestJSON-2020235935-project-member] Calling method 'show' {{(pid=74957) _process_stack /opt/stack/cinder/cinder/api/openstack/wsgi.py:868}}
Oct 20 16:19:52 user devstack@c-api.service[74957]: /opt/stack/data/venv/lib/python3.10/site-packages/oslo_context/context.py:100: DeprecationWarning: Policy enforcement is depending on the value of is_admin. This key is deprecated. Please update your policy file to use the standard policy values.
Oct 20 16:19:52 user devstack@c-api.service[74957]: warnings.warn('Policy enforcement is depending on the value of '
Oct 20 16:19:52 user devstack@c-api.service[74957]: INFO cinder.volume.api [None req-ebfef92a-4f14-4280-b3f8-ca5d57115f4b tempest-VolumesListAdminTestJSON-2020235935 tempest-VolumesListAdminTestJSON-2020235935-project-member] Volume info retrieved successfully.
Oct 20 16:19:52 user devstack@c-api.service[74957]: INFO cinder.api.openstack.wsgi [None req-ebfef92a-4f14-4280-b3f8-ca5d57115f4b tempest-VolumesListAdminTestJSON-2020235935 tempest-VolumesListAdminTestJSON-2020235935-project-member] http://10.0.0.210/volume/v3/2d0d31d6f8ea4946958be1423062ac64/volumes/70e46074-a1ca-4aa1-a099-5f07604dee7f returned with HTTP 200
Oct 20 16:19:52 user devstack@c-api.service[74957]: [pid: 74957|app: 0|req: 108/328] 10.0.0.210 () {62 vars in 1402 bytes} [Fri Oct 20 16:19:52 2023] GET /volume/v3/2d0d31d6f8ea4946958be1423062ac64/volumes/70e46074-a1ca-4aa1-a099-5f07604dee7f => generated 914 bytes in 96 msecs (HTTP/1.1 200) 7 headers in 285 bytes (1 switches on core 0)
Oct 20 16:19:52 user devstack@c-api.service[74958]: WARNING cinder.quota [None req-9332e658-e75a-49ab-911a-64258b3f3667 tempest-VolumeQuotasNegativeTestJSON-441072683 tempest-VolumeQuotasNegativeTestJSON-441072683-project-admin] Deprecated: Default quota for resource: snapshots_joviandss-2 is set by the default quota flag: quota_snapshots_joviandss-2, it is now deprecated. Please use the default quota class for default quota.
Oct 20 16:19:52 user devstack@c-api.service[74958]: WARNING cinder.quota [None req-9332e658-e75a-49ab-911a-64258b3f3667 tempest-VolumeQuotasNegativeTestJSON-441072683 tempest-VolumeQuotasNegativeTestJSON-441072683-project-admin] Deprecated: Default quota for resource: volumes___DEFAULT__ is set by the default quota flag: quota_volumes___DEFAULT__, it is now deprecated. Please use the default quota class for default quota.
Oct 20 16:19:52 user devstack@c-api.service[74958]: WARNING cinder.quota [None req-9332e658-e75a-49ab-911a-64258b3f3667 tempest-VolumeQuotasNegativeTestJSON-441072683 tempest-VolumeQuotasNegativeTestJSON-441072683-project-admin] Deprecated: Default quota for resource: gigabytes___DEFAULT__ is set by the default quota flag: quota_gigabytes___DEFAULT__, it is now deprecated. Please use the default quota class for default quota.
Oct 20 16:19:52 user devstack@c-api.service[74958]: WARNING cinder.quota [None req-9332e658-e75a-49ab-911a-64258b3f3667 tempest-VolumeQuotasNegativeTestJSON-441072683 tempest-VolumeQuotasNegativeTestJSON-441072683-project-admin] Deprecated: Default quota for resource: snapshots___DEFAULT__ is set by the default quota flag: quota_snapshots___DEFAULT__, it is now deprecated. Please use the default quota class for default quota.
Oct 20 16:19:52 user devstack@c-api.service[74958]: INFO cinder.api.openstack.wsgi [None req-9332e658-e75a-49ab-911a-64258b3f3667 tempest-VolumeQuotasNegativeTestJSON-441072683 tempest-VolumeQuotasNegativeTestJSON-441072683-project-admin] http://10.0.0.210/volume/v3/167be1e2e66d49dfb087c690c8f6279c/os-quota-sets/6c75b2c2b8f64dcfbb4624f928da4819 returned with HTTP 200
Oct 20 16:19:52 user devstack@c-api.service[74958]: [pid: 74958|app: 0|req: 111/329] 10.0.0.210 () {64 vars in 1429 bytes} [Fri Oct 20 16:19:52 2023] PUT /volume/v3/167be1e2e66d49dfb087c690c8f6279c/os-quota-sets/6c75b2c2b8f64dcfbb4624f928da4819 => generated 319 bytes in 314 msecs (HTTP/1.1 200) 7 headers in 285 bytes (1 switches on core 0)
Oct 20 16:19:52 user devstack@c-api.service[74959]: DEBUG cinder.api.middleware.request_id [None req-21509b54-2350-4e14-9465-858b2dde85b3 None None] RequestId filter calling following filter/app {{(pid=74959) _context_setter /opt/stack/cinder/cinder/api/middleware/request_id.py:62}}
Oct 20 16:19:52 user devstack@c-api.service[74959]: INFO cinder.api.openstack.wsgi [None req-21509b54-2350-4e14-9465-858b2dde85b3 tempest-TaggedBootDevicesTest-183686554 tempest-TaggedBootDevicesTest-183686554-project-member] GET http://10.0.0.210/volume/v3/54ffe9b3287344cb979587e0f18bc99d/volumes/217944a7-0357-4339-84be-09d598f35aad
Oct 20 16:19:52 user devstack@c-api.service[74959]: DEBUG cinder.api.openstack.wsgi [None req-21509b54-2350-4e14-9465-858b2dde85b3 tempest-TaggedBootDevicesTest-183686554 tempest-TaggedBootDevicesTest-183686554-project-member] Empty body provided in request {{(pid=74959) get_body /opt/stack/cinder/cinder/api/openstack/wsgi.py:715}}
Oct 20 16:19:52 user devstack@c-api.service[74959]: DEBUG cinder.api.openstack.wsgi [None req-21509b54-2350-4e14-9465-858b2dde85b3 tempest-TaggedBootDevicesTest-183686554 tempest-TaggedBootDevicesTest-183686554-project-member] Calling method 'show' {{(pid=74959) _process_stack /opt/stack/cinder/cinder/api/openstack/wsgi.py:868}}
Oct 20 16:19:52 user devstack@c-api.service[74959]: /opt/stack/data/venv/lib/python3.10/site-packages/oslo_context/context.py:100: DeprecationWarning: Policy enforcement is depending on the value of is_admin. This key is deprecated. Please update your policy file to use the standard policy values.
Oct 20 16:19:52 user devstack@c-api.service[74959]: warnings.warn('Policy enforcement is depending on the value of '
Oct 20 16:19:52 user devstack@c-api.service[74959]: INFO cinder.volume.api [None req-21509b54-2350-4e14-9465-858b2dde85b3 tempest-TaggedBootDevicesTest-183686554 tempest-TaggedBootDevicesTest-183686554-project-member] Volume info retrieved successfully.
Oct 20 16:19:52 user devstack@c-api.service[74959]: INFO cinder.api.openstack.wsgi [None req-21509b54-2350-4e14-9465-858b2dde85b3 tempest-TaggedBootDevicesTest-183686554 tempest-TaggedBootDevicesTest-183686554-project-member] http://10.0.0.210/volume/v3/54ffe9b3287344cb979587e0f18bc99d/volumes/217944a7-0357-4339-84be-09d598f35aad returned with HTTP 200
Oct 20 16:19:52 user devstack@c-api.service[74959]: [pid: 74959|app: 0|req: 111/330] 10.0.0.210 () {62 vars in 1402 bytes} [Fri Oct 20 16:19:52 2023] GET /volume/v3/54ffe9b3287344cb979587e0f18bc99d/volumes/217944a7-0357-4339-84be-09d598f35aad => generated 910 bytes in 45 msecs (HTTP/1.1 200) 7 headers in 285 bytes (1 switches on core 0)
Oct 20 16:19:52 user devstack@c-api.service[74957]: DEBUG cinder.api.middleware.request_id [None req-3db90ea1-8eaf-4fac-badc-c7f0832460e7 None None] RequestId filter calling following filter/app {{(pid=74957) _context_setter /opt/stack/cinder/cinder/api/middleware/request_id.py:62}}
Oct 20 16:19:52 user devstack@c-api.service[74957]: INFO cinder.api.openstack.wsgi [None req-3db90ea1-8eaf-4fac-badc-c7f0832460e7 tempest-VolumesAssistedSnapshotsTest-490854498 tempest-VolumesAssistedSnapshotsTest-490854498-project-admin] GET http://10.0.0.210/volume/v3/e1b7194d8bd046fcacbb6b4529d97a4b/volumes/e3fec81f-4e5c-4565-bb16-166252e0812d
Oct 20 16:19:52 user devstack@c-api.service[74957]: DEBUG cinder.api.openstack.wsgi [None req-3db90ea1-8eaf-4fac-badc-c7f0832460e7 tempest-VolumesAssistedSnapshotsTest-490854498 tempest-VolumesAssistedSnapshotsTest-490854498-project-admin] Empty body provided in request {{(pid=74957) get_body /opt/stack/cinder/cinder/api/openstack/wsgi.py:715}}
Oct 20 16:19:52 user devstack@c-api.service[74957]: DEBUG cinder.api.openstack.wsgi [None req-3db90ea1-8eaf-4fac-badc-c7f0832460e7 tempest-VolumesAssistedSnapshotsTest-490854498 tempest-VolumesAssistedSnapshotsTest-490854498-project-admin] Calling method 'show' {{(pid=74957) _process_stack /opt/stack/cinder/cinder/api/openstack/wsgi.py:868}}
Oct 20 16:19:52 user devstack@c-api.service[74958]: DEBUG cinder.api.middleware.request_id [None req-4daa99d2-eebd-4f61-aa9e-aaa04dd49cd3 None None] RequestId filter calling following filter/app {{(pid=74958) _context_setter /opt/stack/cinder/cinder/api/middleware/request_id.py:62}}
Oct 20 16:19:52 user devstack@c-api.service[74958]: INFO cinder.api.openstack.wsgi [None req-4daa99d2-eebd-4f61-aa9e-aaa04dd49cd3 tempest-ServerActionsV293TestJSON-153044646 tempest-ServerActionsV293TestJSON-153044646-project-member] GET http://10.0.0.210/volume/v3/271c255eceee494a88cb94ce0782cdac/volumes/3c25cebe-bc8c-40af-81e6-4d28c5e7f158
Oct 20 16:19:52 user devstack@c-api.service[74958]: DEBUG cinder.api.openstack.wsgi [None req-4daa99d2-eebd-4f61-aa9e-aaa04dd49cd3 tempest-ServerActionsV293TestJSON-153044646 tempest-ServerActionsV293TestJSON-153044646-project-member] Empty body provided in request {{(pid=74958) get_body /opt/stack/cinder/cinder/api/openstack/wsgi.py:715}}
Oct 20 16:19:52 user devstack@c-api.service[74958]: DEBUG cinder.api.openstack.wsgi [None req-4daa99d2-eebd-4f61-aa9e-aaa04dd49cd3 tempest-ServerActionsV293TestJSON-153044646 tempest-ServerActionsV293TestJSON-153044646-project-member] Calling method 'show' {{(pid=74958) _process_stack /opt/stack/cinder/cinder/api/openstack/wsgi.py:868}}
Oct 20 16:19:52 user devstack@c-api.service[74957]: /opt/stack/data/venv/lib/python3.10/site-packages/oslo_context/context.py:100: DeprecationWarning: Policy enforcement is depending on the value of is_admin. This key is deprecated. Please update your policy file to use the standard policy values.
Oct 20 16:19:52 user devstack@c-api.service[74957]: warnings.warn('Policy enforcement is depending on the value of '
Oct 20 16:19:52 user devstack@c-api.service[74958]: /opt/stack/data/venv/lib/python3.10/site-packages/oslo_context/context.py:100: DeprecationWarning: Policy enforcement is depending on the value of is_admin. This key is deprecated. Please update your policy file to use the standard policy values.
Oct 20 16:19:52 user devstack@c-api.service[74958]: warnings.warn('Policy enforcement is depending on the value of '
Oct 20 16:19:52 user devstack@c-api.service[74957]: INFO cinder.volume.api [None req-3db90ea1-8eaf-4fac-badc-c7f0832460e7 tempest-VolumesAssistedSnapshotsTest-490854498 tempest-VolumesAssistedSnapshotsTest-490854498-project-admin] Volume info retrieved successfully.
Oct 20 16:19:52 user devstack@c-api.service[74958]: INFO cinder.volume.api [None req-4daa99d2-eebd-4f61-aa9e-aaa04dd49cd3 tempest-ServerActionsV293TestJSON-153044646 tempest-ServerActionsV293TestJSON-153044646-project-member] Volume info retrieved successfully.
Oct 20 16:19:52 user devstack@c-api.service[74957]: INFO cinder.api.openstack.wsgi [None req-3db90ea1-8eaf-4fac-badc-c7f0832460e7 tempest-VolumesAssistedSnapshotsTest-490854498 tempest-VolumesAssistedSnapshotsTest-490854498-project-admin] http://10.0.0.210/volume/v3/e1b7194d8bd046fcacbb6b4529d97a4b/volumes/e3fec81f-4e5c-4565-bb16-166252e0812d returned with HTTP 200
Oct 20 16:19:52 user devstack@c-api.service[74958]: INFO cinder.api.openstack.wsgi [None req-4daa99d2-eebd-4f61-aa9e-aaa04dd49cd3 tempest-ServerActionsV293TestJSON-153044646 tempest-ServerActionsV293TestJSON-153044646-project-member] http://10.0.0.210/volume/v3/271c255eceee494a88cb94ce0782cdac/volumes/3c25cebe-bc8c-40af-81e6-4d28c5e7f158 returned with HTTP 200
Oct 20 16:19:52 user devstack@c-api.service[74958]: [pid: 74958|app: 0|req: 112/331] 10.0.0.210 () {64 vars in 1443 bytes} [Fri Oct 20 16:19:52 2023] GET /volume/v3/271c255eceee494a88cb94ce0782cdac/volumes/3c25cebe-bc8c-40af-81e6-4d28c5e7f158 => generated 1118 bytes in 74 msecs (HTTP/1.1 200) 7 headers in 287 bytes (1 switches on core 0)
Oct 20 16:19:52 user devstack@c-api.service[74957]: [pid: 74957|app: 0|req: 109/332] 10.0.0.210 () {62 vars in 1402 bytes} [Fri Oct 20 16:19:52 2023] GET /volume/v3/e1b7194d8bd046fcacbb6b4529d97a4b/volumes/e3fec81f-4e5c-4565-bb16-166252e0812d => generated 1080 bytes in 110 msecs (HTTP/1.1 200) 7 headers in 286 bytes (1 switches on core 0)
Oct 20 16:19:52 user devstack@c-api.service[74959]: DEBUG cinder.api.middleware.request_id [None req-c24e4f6e-af87-4935-a35b-d0028b0d0d25 None None] RequestId filter calling following filter/app {{(pid=74959) _context_setter /opt/stack/cinder/cinder/api/middleware/request_id.py:62}}
Oct 20 16:19:52 user devstack@c-api.service[74959]: INFO cinder.api.openstack.wsgi [None req-c24e4f6e-af87-4935-a35b-d0028b0d0d25 tempest-TaggedBootDevicesTest_v242-1757416359 tempest-TaggedBootDevicesTest_v242-1757416359-project-member] GET http://10.0.0.210/volume/v3/7731c7dd721a4ffca10b9a305aedc1e6/volumes/bd32cf37-0b04-47c4-8220-5be5ba52521b
Oct 20 16:19:52 user devstack@c-api.service[74959]: DEBUG cinder.api.openstack.wsgi [None req-c24e4f6e-af87-4935-a35b-d0028b0d0d25 tempest-TaggedBootDevicesTest_v242-1757416359 tempest-TaggedBootDevicesTest_v242-1757416359-project-member] Empty body provided in request {{(pid=74959) get_body /opt/stack/cinder/cinder/api/openstack/wsgi.py:715}}
Oct 20 16:19:52 user devstack@c-api.service[74959]: DEBUG cinder.api.openstack.wsgi [None req-c24e4f6e-af87-4935-a35b-d0028b0d0d25 tempest-TaggedBootDevicesTest_v242-1757416359 tempest-TaggedBootDevicesTest_v242-1757416359-project-member] Calling method 'show' {{(pid=74959) _process_stack /opt/stack/cinder/cinder/api/openstack/wsgi.py:868}}
Oct 20 16:19:52 user devstack@c-api.service[74959]: /opt/stack/data/venv/lib/python3.10/site-packages/oslo_context/context.py:100: DeprecationWarning: Policy enforcement is depending on the value of is_admin. This key is deprecated. Please update your policy file to use the standard policy values.
Oct 20 16:19:52 user devstack@c-api.service[74959]: warnings.warn('Policy enforcement is depending on the value of '
Oct 20 16:19:52 user devstack@c-api.service[74959]: INFO cinder.volume.api [None req-c24e4f6e-af87-4935-a35b-d0028b0d0d25 tempest-TaggedBootDevicesTest_v242-1757416359 tempest-TaggedBootDevicesTest_v242-1757416359-project-member] Volume info retrieved successfully.
Oct 20 16:19:52 user devstack@c-api.service[74959]: INFO cinder.api.openstack.wsgi [None req-c24e4f6e-af87-4935-a35b-d0028b0d0d25 tempest-TaggedBootDevicesTest_v242-1757416359 tempest-TaggedBootDevicesTest_v242-1757416359-project-member] http://10.0.0.210/volume/v3/7731c7dd721a4ffca10b9a305aedc1e6/volumes/bd32cf37-0b04-47c4-8220-5be5ba52521b returned with HTTP 200
Oct 20 16:19:52 user devstack@c-api.service[74959]: [pid: 74959|app: 0|req: 112/333] 10.0.0.210 () {62 vars in 1402 bytes} [Fri Oct 20 16:19:52 2023] GET /volume/v3/7731c7dd721a4ffca10b9a305aedc1e6/volumes/bd32cf37-0b04-47c4-8220-5be5ba52521b => generated 916 bytes in 75 msecs (HTTP/1.1 200) 7 headers in 285 bytes (1 switches on core 0)
Oct 20 16:19:52 user devstack@c-api.service[74958]: DEBUG cinder.api.middleware.request_id [None req-5d050321-f4c6-41d2-b604-a0230e476a77 None None] RequestId filter calling following filter/app {{(pid=74958) _context_setter /opt/stack/cinder/cinder/api/middleware/request_id.py:62}}
Oct 20 16:19:52 user devstack@c-api.service[74958]: INFO cinder.api.openstack.wsgi [None req-5d050321-f4c6-41d2-b604-a0230e476a77 tempest-VolumesTestJSON-1649835455 tempest-VolumesTestJSON-1649835455-project-member] GET http://10.0.0.210/volume/v3/1920b8b41e4a4f9fb08fd4f9079fcc35/volumes/e3281de4-d77c-482d-a9a9-5799f6ce5cf1
Oct 20 16:19:52 user devstack@c-api.service[74958]: DEBUG cinder.api.openstack.wsgi [None req-5d050321-f4c6-41d2-b604-a0230e476a77 tempest-VolumesTestJSON-1649835455 tempest-VolumesTestJSON-1649835455-project-member] Empty body provided in request {{(pid=74958) get_body /opt/stack/cinder/cinder/api/openstack/wsgi.py:715}}
Oct 20 16:19:52 user devstack@c-api.service[74958]: DEBUG cinder.api.openstack.wsgi [None req-5d050321-f4c6-41d2-b604-a0230e476a77 tempest-VolumesTestJSON-1649835455 tempest-VolumesTestJSON-1649835455-project-member] Calling method 'show' {{(pid=74958) _process_stack /opt/stack/cinder/cinder/api/openstack/wsgi.py:868}}
Oct 20 16:19:53 user devstack@c-api.service[74958]: /opt/stack/data/venv/lib/python3.10/site-packages/oslo_context/context.py:100: DeprecationWarning: Policy enforcement is depending on the value of is_admin. This key is deprecated. Please update your policy file to use the standard policy values.
Oct 20 16:19:53 user devstack@c-api.service[74958]: warnings.warn('Policy enforcement is depending on the value of '
Oct 20 16:19:53 user devstack@c-api.service[74958]: INFO cinder.volume.api [None req-5d050321-f4c6-41d2-b604-a0230e476a77 tempest-VolumesTestJSON-1649835455 tempest-VolumesTestJSON-1649835455-project-member] Volume info retrieved successfully.
Oct 20 16:19:53 user devstack@c-api.service[74958]: INFO cinder.api.openstack.wsgi [None req-5d050321-f4c6-41d2-b604-a0230e476a77 tempest-VolumesTestJSON-1649835455 tempest-VolumesTestJSON-1649835455-project-member] http://10.0.0.210/volume/v3/1920b8b41e4a4f9fb08fd4f9079fcc35/volumes/e3281de4-d77c-482d-a9a9-5799f6ce5cf1 returned with HTTP 200
Oct 20 16:19:53 user devstack@c-api.service[74958]: [pid: 74958|app: 0|req: 113/334] 10.0.0.210 () {62 vars in 1402 bytes} [Fri Oct 20 16:19:52 2023] GET /volume/v3/1920b8b41e4a4f9fb08fd4f9079fcc35/volumes/e3281de4-d77c-482d-a9a9-5799f6ce5cf1 => generated 919 bytes in 103 msecs (HTTP/1.1 200) 7 headers in 285 bytes (1 switches on core 0)
Oct 20 16:19:53 user devstack@c-api.service[74957]: DEBUG cinder.api.middleware.request_id [None req-b3bc6b4c-9324-485a-a175-ebaf4d4b0f32 None None] RequestId filter calling following filter/app {{(pid=74957) _context_setter /opt/stack/cinder/cinder/api/middleware/request_id.py:62}}
Oct 20 16:19:53 user devstack@c-api.service[74957]: INFO cinder.api.openstack.wsgi [None req-b3bc6b4c-9324-485a-a175-ebaf4d4b0f32 tempest-VolumesListAdminTestJSON-2020235935 tempest-VolumesListAdminTestJSON-2020235935-project-member] GET http://10.0.0.210/volume/v3/2d0d31d6f8ea4946958be1423062ac64/volumes/70e46074-a1ca-4aa1-a099-5f07604dee7f
Oct 20 16:19:53 user devstack@c-api.service[74957]: DEBUG cinder.api.openstack.wsgi [None req-b3bc6b4c-9324-485a-a175-ebaf4d4b0f32 tempest-VolumesListAdminTestJSON-2020235935 tempest-VolumesListAdminTestJSON-2020235935-project-member] Empty body provided in request {{(pid=74957) get_body /opt/stack/cinder/cinder/api/openstack/wsgi.py:715}}
Oct 20 16:19:53 user devstack@c-api.service[74957]: DEBUG cinder.api.openstack.wsgi [None req-b3bc6b4c-9324-485a-a175-ebaf4d4b0f32 tempest-VolumesListAdminTestJSON-2020235935 tempest-VolumesListAdminTestJSON-2020235935-project-member] Calling method 'show' {{(pid=74957) _process_stack /opt/stack/cinder/cinder/api/openstack/wsgi.py:868}}
Oct 20 16:19:53 user devstack@c-api.service[74957]: /opt/stack/data/venv/lib/python3.10/site-packages/oslo_context/context.py:100: DeprecationWarning: Policy enforcement is depending on the value of is_admin. This key is deprecated. Please update your policy file to use the standard policy values.
Oct 20 16:19:53 user devstack@c-api.service[74957]: warnings.warn('Policy enforcement is depending on the value of '
Oct 20 16:19:53 user devstack@c-api.service[74957]: INFO cinder.volume.api [None req-b3bc6b4c-9324-485a-a175-ebaf4d4b0f32 tempest-VolumesListAdminTestJSON-2020235935 tempest-VolumesListAdminTestJSON-2020235935-project-member] Volume info retrieved successfully.
Oct 20 16:19:53 user devstack@c-api.service[74957]: INFO cinder.api.openstack.wsgi [None req-b3bc6b4c-9324-485a-a175-ebaf4d4b0f32 tempest-VolumesListAdminTestJSON-2020235935 tempest-VolumesListAdminTestJSON-2020235935-project-member] http://10.0.0.210/volume/v3/2d0d31d6f8ea4946958be1423062ac64/volumes/70e46074-a1ca-4aa1-a099-5f07604dee7f returned with HTTP 200
Oct 20 16:19:53 user devstack@c-api.service[74957]: [pid: 74957|app: 0|req: 110/335] 10.0.0.210 () {62 vars in 1402 bytes} [Fri Oct 20 16:19:53 2023] GET /volume/v3/2d0d31d6f8ea4946958be1423062ac64/volumes/70e46074-a1ca-4aa1-a099-5f07604dee7f => generated 914 bytes in 65 msecs (HTTP/1.1 200) 7 headers in 285 bytes (1 switches on core 0)
Oct 20 16:19:53 user devstack@c-api.service[74959]: DEBUG cinder.api.middleware.request_id [None req-257871e0-0264-4a5a-981a-6aa55006eb68 None None] RequestId filter calling following filter/app {{(pid=74959) _context_setter /opt/stack/cinder/cinder/api/middleware/request_id.py:62}}
Oct 20 16:19:53 user devstack@c-api.service[74959]: INFO cinder.api.openstack.wsgi [None req-257871e0-0264-4a5a-981a-6aa55006eb68 tempest-TaggedBootDevicesTest-183686554 tempest-TaggedBootDevicesTest-183686554-project-member] GET http://10.0.0.210/volume/v3/54ffe9b3287344cb979587e0f18bc99d/volumes/217944a7-0357-4339-84be-09d598f35aad
Oct 20 16:19:53 user devstack@c-api.service[74959]: DEBUG cinder.api.openstack.wsgi [None req-257871e0-0264-4a5a-981a-6aa55006eb68 tempest-TaggedBootDevicesTest-183686554 tempest-TaggedBootDevicesTest-183686554-project-member] Empty body provided in request {{(pid=74959) get_body /opt/stack/cinder/cinder/api/openstack/wsgi.py:715}}
Oct 20 16:19:53 user devstack@c-api.service[74959]: DEBUG cinder.api.openstack.wsgi [None req-257871e0-0264-4a5a-981a-6aa55006eb68 tempest-TaggedBootDevicesTest-183686554 tempest-TaggedBootDevicesTest-183686554-project-member] Calling method 'show' {{(pid=74959) _process_stack /opt/stack/cinder/cinder/api/openstack/wsgi.py:868}}
Oct 20 16:19:53 user devstack@c-api.service[74959]: /opt/stack/data/venv/lib/python3.10/site-packages/oslo_context/context.py:100: DeprecationWarning: Policy enforcement is depending on the value of is_admin. This key is deprecated. Please update your policy file to use the standard policy values.
Oct 20 16:19:53 user devstack@c-api.service[74959]: warnings.warn('Policy enforcement is depending on the value of '
Oct 20 16:19:53 user devstack@c-api.service[74959]: INFO cinder.volume.api [None req-257871e0-0264-4a5a-981a-6aa55006eb68 tempest-TaggedBootDevicesTest-183686554 tempest-TaggedBootDevicesTest-183686554-project-member] Volume info retrieved successfully.
Oct 20 16:19:53 user devstack@c-api.service[74959]: INFO cinder.api.openstack.wsgi [None req-257871e0-0264-4a5a-981a-6aa55006eb68 tempest-TaggedBootDevicesTest-183686554 tempest-TaggedBootDevicesTest-183686554-project-member] http://10.0.0.210/volume/v3/54ffe9b3287344cb979587e0f18bc99d/volumes/217944a7-0357-4339-84be-09d598f35aad returned with HTTP 200
Oct 20 16:19:53 user devstack@c-api.service[74959]: [pid: 74959|app: 0|req: 113/336] 10.0.0.210 () {62 vars in 1402 bytes} [Fri Oct 20 16:19:53 2023] GET /volume/v3/54ffe9b3287344cb979587e0f18bc99d/volumes/217944a7-0357-4339-84be-09d598f35aad => generated 910 bytes in 53 msecs (HTTP/1.1 200) 7 headers in 285 bytes (1 switches on core 0)
Oct 20 16:19:53 user devstack@c-api.service[74958]: DEBUG cinder.api.middleware.request_id [None req-98a331c1-da0d-4231-8b4e-5777f38e5311 None None] RequestId filter calling following filter/app {{(pid=74958) _context_setter /opt/stack/cinder/cinder/api/middleware/request_id.py:62}}
Oct 20 16:19:53 user devstack@c-api.service[74957]: DEBUG cinder.api.middleware.request_id [None req-949b9dae-1653-4f37-b0cd-e73555b0a11c None None] RequestId filter calling following filter/app {{(pid=74957) _context_setter /opt/stack/cinder/cinder/api/middleware/request_id.py:62}}
Oct 20 16:19:53 user devstack@c-api.service[74958]: INFO cinder.api.openstack.wsgi [None req-98a331c1-da0d-4231-8b4e-5777f38e5311 tempest-ServerActionsV293TestJSON-153044646 tempest-ServerActionsV293TestJSON-153044646-project-member] GET http://10.0.0.210/volume/v3/271c255eceee494a88cb94ce0782cdac/volumes/3c25cebe-bc8c-40af-81e6-4d28c5e7f158
Oct 20 16:19:53 user devstack@c-api.service[74958]: DEBUG cinder.api.openstack.wsgi [None req-98a331c1-da0d-4231-8b4e-5777f38e5311 tempest-ServerActionsV293TestJSON-153044646 tempest-ServerActionsV293TestJSON-153044646-project-member] Empty body provided in request {{(pid=74958) get_body /opt/stack/cinder/cinder/api/openstack/wsgi.py:715}}
Oct 20 16:19:53 user devstack@c-api.service[74958]: DEBUG cinder.api.openstack.wsgi [None req-98a331c1-da0d-4231-8b4e-5777f38e5311 tempest-ServerActionsV293TestJSON-153044646 tempest-ServerActionsV293TestJSON-153044646-project-member] Calling method 'show' {{(pid=74958) _process_stack /opt/stack/cinder/cinder/api/openstack/wsgi.py:868}}
Oct 20 16:19:53 user devstack@c-api.service[74957]: INFO cinder.api.openstack.wsgi [None req-949b9dae-1653-4f37-b0cd-e73555b0a11c tempest-VolumesAssistedSnapshotsTest-490854498 tempest-VolumesAssistedSnapshotsTest-490854498-project-admin] GET http://10.0.0.210/volume/v3/e1b7194d8bd046fcacbb6b4529d97a4b/volumes/e3fec81f-4e5c-4565-bb16-166252e0812d
Oct 20 16:19:53 user devstack@c-api.service[74957]: DEBUG cinder.api.openstack.wsgi [None req-949b9dae-1653-4f37-b0cd-e73555b0a11c tempest-VolumesAssistedSnapshotsTest-490854498 tempest-VolumesAssistedSnapshotsTest-490854498-project-admin] Empty body provided in request {{(pid=74957) get_body /opt/stack/cinder/cinder/api/openstack/wsgi.py:715}}
Oct 20 16:19:53 user devstack@c-api.service[74957]: DEBUG cinder.api.openstack.wsgi [None req-949b9dae-1653-4f37-b0cd-e73555b0a11c tempest-VolumesAssistedSnapshotsTest-490854498 tempest-VolumesAssistedSnapshotsTest-490854498-project-admin] Calling method 'show' {{(pid=74957) _process_stack /opt/stack/cinder/cinder/api/openstack/wsgi.py:868}}
Oct 20 16:19:53 user devstack@c-api.service[74959]: DEBUG cinder.api.middleware.request_id [None req-095609b6-aa5d-4e05-95d9-fe2e0f75d4b9 None None] RequestId filter calling following filter/app {{(pid=74959) _context_setter /opt/stack/cinder/cinder/api/middleware/request_id.py:62}}
Oct 20 16:19:53 user devstack@c-api.service[74958]: /opt/stack/data/venv/lib/python3.10/site-packages/oslo_context/context.py:100: DeprecationWarning: Policy enforcement is depending on the value of is_admin. This key is deprecated. Please update your policy file to use the standard policy values.
Oct 20 16:19:53 user devstack@c-api.service[74958]: warnings.warn('Policy enforcement is depending on the value of '
Oct 20 16:19:53 user devstack@c-api.service[74959]: INFO cinder.api.openstack.wsgi [None req-095609b6-aa5d-4e05-95d9-fe2e0f75d4b9 tempest-TaggedBootDevicesTest_v242-1757416359 tempest-TaggedBootDevicesTest_v242-1757416359-project-member] GET http://10.0.0.210/volume/v3/7731c7dd721a4ffca10b9a305aedc1e6/volumes/bd32cf37-0b04-47c4-8220-5be5ba52521b
Oct 20 16:19:53 user devstack@c-api.service[74959]: DEBUG cinder.api.openstack.wsgi [None req-095609b6-aa5d-4e05-95d9-fe2e0f75d4b9 tempest-TaggedBootDevicesTest_v242-1757416359 tempest-TaggedBootDevicesTest_v242-1757416359-project-member] Empty body provided in request {{(pid=74959) get_body /opt/stack/cinder/cinder/api/openstack/wsgi.py:715}}
Oct 20 16:19:53 user devstack@c-api.service[74959]: DEBUG cinder.api.openstack.wsgi [None req-095609b6-aa5d-4e05-95d9-fe2e0f75d4b9 tempest-TaggedBootDevicesTest_v242-1757416359 tempest-TaggedBootDevicesTest_v242-1757416359-project-member] Calling method 'show' {{(pid=74959) _process_stack /opt/stack/cinder/cinder/api/openstack/wsgi.py:868}}
Oct 20 16:19:53 user devstack@c-api.service[74958]: INFO cinder.volume.api [None req-98a331c1-da0d-4231-8b4e-5777f38e5311 tempest-ServerActionsV293TestJSON-153044646 tempest-ServerActionsV293TestJSON-153044646-project-member] Volume info retrieved successfully.
Oct 20 16:19:53 user devstack@c-api.service[74957]: /opt/stack/data/venv/lib/python3.10/site-packages/oslo_context/context.py:100: DeprecationWarning: Policy enforcement is depending on the value of is_admin. This key is deprecated. Please update your policy file to use the standard policy values.
Oct 20 16:19:53 user devstack@c-api.service[74957]: warnings.warn('Policy enforcement is depending on the value of '
Oct 20 16:19:53 user devstack@c-api.service[74958]: INFO cinder.api.openstack.wsgi [None req-98a331c1-da0d-4231-8b4e-5777f38e5311 tempest-ServerActionsV293TestJSON-153044646 tempest-ServerActionsV293TestJSON-153044646-project-member] http://10.0.0.210/volume/v3/271c255eceee494a88cb94ce0782cdac/volumes/3c25cebe-bc8c-40af-81e6-4d28c5e7f158 returned with HTTP 200
Oct 20 16:19:53 user devstack@c-api.service[74958]: [pid: 74958|app: 0|req: 114/337] 10.0.0.210 () {64 vars in 1443 bytes} [Fri Oct 20 16:19:53 2023] GET /volume/v3/271c255eceee494a88cb94ce0782cdac/volumes/3c25cebe-bc8c-40af-81e6-4d28c5e7f158 => generated 1118 bytes in 77 msecs (HTTP/1.1 200) 7 headers in 287 bytes (1 switches on core 0)
Oct 20 16:19:53 user devstack@c-api.service[74959]: /opt/stack/data/venv/lib/python3.10/site-packages/oslo_context/context.py:100: DeprecationWarning: Policy enforcement is depending on the value of is_admin. This key is deprecated. Please update your policy file to use the standard policy values.
Oct 20 16:19:53 user devstack@c-api.service[74959]: warnings.warn('Policy enforcement is depending on the value of '
Oct 20 16:19:53 user devstack@c-api.service[74957]: INFO cinder.volume.api [None req-949b9dae-1653-4f37-b0cd-e73555b0a11c tempest-VolumesAssistedSnapshotsTest-490854498 tempest-VolumesAssistedSnapshotsTest-490854498-project-admin] Volume info retrieved successfully.
Oct 20 16:19:53 user devstack@c-api.service[74959]: INFO cinder.volume.api [None req-095609b6-aa5d-4e05-95d9-fe2e0f75d4b9 tempest-TaggedBootDevicesTest_v242-1757416359 tempest-TaggedBootDevicesTest_v242-1757416359-project-member] Volume info retrieved successfully.
Oct 20 16:19:53 user devstack@c-api.service[74957]: INFO cinder.api.openstack.wsgi [None req-949b9dae-1653-4f37-b0cd-e73555b0a11c tempest-VolumesAssistedSnapshotsTest-490854498 tempest-VolumesAssistedSnapshotsTest-490854498-project-admin] http://10.0.0.210/volume/v3/e1b7194d8bd046fcacbb6b4529d97a4b/volumes/e3fec81f-4e5c-4565-bb16-166252e0812d returned with HTTP 200
Oct 20 16:19:53 user devstack@c-api.service[74957]: [pid: 74957|app: 0|req: 111/338] 10.0.0.210 () {62 vars in 1402 bytes} [Fri Oct 20 16:19:53 2023] GET /volume/v3/e1b7194d8bd046fcacbb6b4529d97a4b/volumes/e3fec81f-4e5c-4565-bb16-166252e0812d => generated 1080 bytes in 115 msecs (HTTP/1.1 200) 7 headers in 286 bytes (1 switches on core 0)
Oct 20 16:19:53 user devstack@c-api.service[74959]: INFO cinder.api.openstack.wsgi [None req-095609b6-aa5d-4e05-95d9-fe2e0f75d4b9 tempest-TaggedBootDevicesTest_v242-1757416359 tempest-TaggedBootDevicesTest_v242-1757416359-project-member] http://10.0.0.210/volume/v3/7731c7dd721a4ffca10b9a305aedc1e6/volumes/bd32cf37-0b04-47c4-8220-5be5ba52521b returned with HTTP 200
Oct 20 16:19:53 user devstack@c-api.service[74959]: [pid: 74959|app: 0|req: 114/339] 10.0.0.210 () {62 vars in 1402 bytes} [Fri Oct 20 16:19:53 2023] GET /volume/v3/7731c7dd721a4ffca10b9a305aedc1e6/volumes/bd32cf37-0b04-47c4-8220-5be5ba52521b => generated 916 bytes in 87 msecs (HTTP/1.1 200) 7 headers in 285 bytes (1 switches on core 0)
Oct 20 16:19:54 user devstack@c-api.service[74958]: DEBUG cinder.api.middleware.request_id [None req-ae8678d0-003c-473a-bc97-4e7811288fca None None] RequestId filter calling following filter/app {{(pid=74958) _context_setter /opt/stack/cinder/cinder/api/middleware/request_id.py:62}}
Oct 20 16:19:54 user devstack@c-api.service[74958]: INFO cinder.api.openstack.wsgi [None req-ae8678d0-003c-473a-bc97-4e7811288fca tempest-VolumesTestJSON-1649835455 tempest-VolumesTestJSON-1649835455-project-member] GET http://10.0.0.210/volume/v3/1920b8b41e4a4f9fb08fd4f9079fcc35/volumes/e3281de4-d77c-482d-a9a9-5799f6ce5cf1
Oct 20 16:19:54 user devstack@c-api.service[74958]: DEBUG cinder.api.openstack.wsgi [None req-ae8678d0-003c-473a-bc97-4e7811288fca tempest-VolumesTestJSON-1649835455 tempest-VolumesTestJSON-1649835455-project-member] Empty body provided in request {{(pid=74958) get_body /opt/stack/cinder/cinder/api/openstack/wsgi.py:715}}
Oct 20 16:19:54 user devstack@c-api.service[74958]: DEBUG cinder.api.openstack.wsgi [None req-ae8678d0-003c-473a-bc97-4e7811288fca tempest-VolumesTestJSON-1649835455 tempest-VolumesTestJSON-1649835455-project-member] Calling method 'show' {{(pid=74958) _process_stack /opt/stack/cinder/cinder/api/openstack/wsgi.py:868}}
Oct 20 16:19:54 user devstack@c-api.service[74958]: /opt/stack/data/venv/lib/python3.10/site-packages/oslo_context/context.py:100: DeprecationWarning: Policy enforcement is depending on the value of is_admin. This key is deprecated. Please update your policy file to use the standard policy values.
Oct 20 16:19:54 user devstack@c-api.service[74958]: warnings.warn('Policy enforcement is depending on the value of '
Oct 20 16:19:54 user devstack@c-api.service[74958]: INFO cinder.volume.api [None req-ae8678d0-003c-473a-bc97-4e7811288fca tempest-VolumesTestJSON-1649835455 tempest-VolumesTestJSON-1649835455-project-member] Volume info retrieved successfully.
Oct 20 16:19:54 user devstack@c-api.service[74958]: INFO cinder.api.openstack.wsgi [None req-ae8678d0-003c-473a-bc97-4e7811288fca tempest-VolumesTestJSON-1649835455 tempest-VolumesTestJSON-1649835455-project-member] http://10.0.0.210/volume/v3/1920b8b41e4a4f9fb08fd4f9079fcc35/volumes/e3281de4-d77c-482d-a9a9-5799f6ce5cf1 returned with HTTP 200
Oct 20 16:19:54 user devstack@c-api.service[74958]: [pid: 74958|app: 0|req: 115/340] 10.0.0.210 () {62 vars in 1402 bytes} [Fri Oct 20 16:19:54 2023] GET /volume/v3/1920b8b41e4a4f9fb08fd4f9079fcc35/volumes/e3281de4-d77c-482d-a9a9-5799f6ce5cf1 => generated 919 bytes in 44 msecs (HTTP/1.1 200) 7 headers in 285 bytes (1 switches on core 0)
Oct 20 16:19:54 user devstack@c-api.service[74957]: DEBUG cinder.api.middleware.request_id [None req-31123fef-c276-4305-80d8-0c270bf026c9 None None] RequestId filter calling following filter/app {{(pid=74957) _context_setter /opt/stack/cinder/cinder/api/middleware/request_id.py:62}}
Oct 20 16:19:54 user devstack@c-api.service[74957]: INFO cinder.api.openstack.wsgi [None req-31123fef-c276-4305-80d8-0c270bf026c9 tempest-VolumesListAdminTestJSON-2020235935 tempest-VolumesListAdminTestJSON-2020235935-project-member] GET http://10.0.0.210/volume/v3/2d0d31d6f8ea4946958be1423062ac64/volumes/70e46074-a1ca-4aa1-a099-5f07604dee7f
Oct 20 16:19:54 user devstack@c-api.service[74957]: DEBUG cinder.api.openstack.wsgi [None req-31123fef-c276-4305-80d8-0c270bf026c9 tempest-VolumesListAdminTestJSON-2020235935 tempest-VolumesListAdminTestJSON-2020235935-project-member] Empty body provided in request {{(pid=74957) get_body /opt/stack/cinder/cinder/api/openstack/wsgi.py:715}}
Oct 20 16:19:54 user devstack@c-api.service[74957]: DEBUG cinder.api.openstack.wsgi [None req-31123fef-c276-4305-80d8-0c270bf026c9 tempest-VolumesListAdminTestJSON-2020235935 tempest-VolumesListAdminTestJSON-2020235935-project-member] Calling method 'show' {{(pid=74957) _process_stack /opt/stack/cinder/cinder/api/openstack/wsgi.py:868}}
Oct 20 16:19:54 user devstack@c-api.service[74957]: /opt/stack/data/venv/lib/python3.10/site-packages/oslo_context/context.py:100: DeprecationWarning: Policy enforcement is depending on the value of is_admin. This key is deprecated. Please update your policy file to use the standard policy values.
Oct 20 16:19:54 user devstack@c-api.service[74957]: warnings.warn('Policy enforcement is depending on the value of '
Oct 20 16:19:54 user devstack@c-api.service[74957]: INFO cinder.volume.api [None req-31123fef-c276-4305-80d8-0c270bf026c9 tempest-VolumesListAdminTestJSON-2020235935 tempest-VolumesListAdminTestJSON-2020235935-project-member] Volume info retrieved successfully.
Oct 20 16:19:54 user devstack@c-api.service[74957]: INFO cinder.api.openstack.wsgi [None req-31123fef-c276-4305-80d8-0c270bf026c9 tempest-VolumesListAdminTestJSON-2020235935 tempest-VolumesListAdminTestJSON-2020235935-project-member] http://10.0.0.210/volume/v3/2d0d31d6f8ea4946958be1423062ac64/volumes/70e46074-a1ca-4aa1-a099-5f07604dee7f returned with HTTP 200
Oct 20 16:19:54 user devstack@c-api.service[74957]: [pid: 74957|app: 0|req: 112/341] 10.0.0.210 () {62 vars in 1402 bytes} [Fri Oct 20 16:19:54 2023] GET /volume/v3/2d0d31d6f8ea4946958be1423062ac64/volumes/70e46074-a1ca-4aa1-a099-5f07604dee7f => generated 914 bytes in 48 msecs (HTTP/1.1 200) 7 headers in 285 bytes (1 switches on core 0)
Oct 20 16:19:54 user devstack@c-api.service[74959]: DEBUG cinder.api.middleware.request_id [None req-0ae28c90-0836-4a4d-9417-2af02eef0ad5 None None] RequestId filter calling following filter/app {{(pid=74959) _context_setter /opt/stack/cinder/cinder/api/middleware/request_id.py:62}}
Oct 20 16:19:54 user devstack@c-api.service[74959]: INFO cinder.api.openstack.wsgi [None req-0ae28c90-0836-4a4d-9417-2af02eef0ad5 tempest-TaggedBootDevicesTest-183686554 tempest-TaggedBootDevicesTest-183686554-project-member] GET http://10.0.0.210/volume/v3/54ffe9b3287344cb979587e0f18bc99d/volumes/217944a7-0357-4339-84be-09d598f35aad
Oct 20 16:19:54 user devstack@c-api.service[74959]: DEBUG cinder.api.openstack.wsgi [None req-0ae28c90-0836-4a4d-9417-2af02eef0ad5 tempest-TaggedBootDevicesTest-183686554 tempest-TaggedBootDevicesTest-183686554-project-member] Empty body provided in request {{(pid=74959) get_body /opt/stack/cinder/cinder/api/openstack/wsgi.py:715}}
Oct 20 16:19:54 user devstack@c-api.service[74959]: DEBUG cinder.api.openstack.wsgi [None req-0ae28c90-0836-4a4d-9417-2af02eef0ad5 tempest-TaggedBootDevicesTest-183686554 tempest-TaggedBootDevicesTest-183686554-project-member] Calling method 'show' {{(pid=74959) _process_stack /opt/stack/cinder/cinder/api/openstack/wsgi.py:868}}
Oct 20 16:19:54 user devstack@c-api.service[74959]: /opt/stack/data/venv/lib/python3.10/site-packages/oslo_context/context.py:100: DeprecationWarning: Policy enforcement is depending on the value of is_admin. This key is deprecated. Please update your policy file to use the standard policy values.
Oct 20 16:19:54 user devstack@c-api.service[74959]: warnings.warn('Policy enforcement is depending on the value of '
Oct 20 16:19:54 user devstack@c-api.service[74959]: INFO cinder.volume.api [None req-0ae28c90-0836-4a4d-9417-2af02eef0ad5 tempest-TaggedBootDevicesTest-183686554 tempest-TaggedBootDevicesTest-183686554-project-member] Volume info retrieved successfully.
Oct 20 16:19:54 user devstack@c-api.service[74959]: INFO cinder.api.openstack.wsgi [None req-0ae28c90-0836-4a4d-9417-2af02eef0ad5 tempest-TaggedBootDevicesTest-183686554 tempest-TaggedBootDevicesTest-183686554-project-member] http://10.0.0.210/volume/v3/54ffe9b3287344cb979587e0f18bc99d/volumes/217944a7-0357-4339-84be-09d598f35aad returned with HTTP 200
Oct 20 16:19:54 user devstack@c-api.service[74959]: [pid: 74959|app: 0|req: 115/342] 10.0.0.210 () {62 vars in 1402 bytes} [Fri Oct 20 16:19:54 2023] GET /volume/v3/54ffe9b3287344cb979587e0f18bc99d/volumes/217944a7-0357-4339-84be-09d598f35aad => generated 910 bytes in 66 msecs (HTTP/1.1 200) 7 headers in 285 bytes (1 switches on core 0)
Oct 20 16:19:54 user devstack@c-api.service[74958]: DEBUG cinder.api.middleware.request_id [None req-b3863451-da31-4425-a7c8-c488b75a8192 None None] RequestId filter calling following filter/app {{(pid=74958) _context_setter /opt/stack/cinder/cinder/api/middleware/request_id.py:62}}
Oct 20 16:19:54 user devstack@c-api.service[74958]: INFO cinder.api.openstack.wsgi [None req-b3863451-da31-4425-a7c8-c488b75a8192 tempest-ServerActionsV293TestJSON-153044646 tempest-ServerActionsV293TestJSON-153044646-project-member] GET http://10.0.0.210/volume/v3/271c255eceee494a88cb94ce0782cdac/volumes/3c25cebe-bc8c-40af-81e6-4d28c5e7f158
Oct 20 16:19:54 user devstack@c-api.service[74958]: DEBUG cinder.api.openstack.wsgi [None req-b3863451-da31-4425-a7c8-c488b75a8192 tempest-ServerActionsV293TestJSON-153044646 tempest-ServerActionsV293TestJSON-153044646-project-member] Empty body provided in request {{(pid=74958) get_body /opt/stack/cinder/cinder/api/openstack/wsgi.py:715}}
Oct 20 16:19:54 user devstack@c-api.service[74958]: DEBUG cinder.api.openstack.wsgi [None req-b3863451-da31-4425-a7c8-c488b75a8192 tempest-ServerActionsV293TestJSON-153044646 tempest-ServerActionsV293TestJSON-153044646-project-member] Calling method 'show' {{(pid=74958) _process_stack /opt/stack/cinder/cinder/api/openstack/wsgi.py:868}}
Oct 20 16:19:54 user devstack@c-api.service[74958]: /opt/stack/data/venv/lib/python3.10/site-packages/oslo_context/context.py:100: DeprecationWarning: Policy enforcement is depending on the value of is_admin. This key is deprecated. Please update your policy file to use the standard policy values.
Oct 20 16:19:54 user devstack@c-api.service[74958]: warnings.warn('Policy enforcement is depending on the value of '
Oct 20 16:19:54 user devstack@c-api.service[74958]: INFO cinder.volume.api [None req-b3863451-da31-4425-a7c8-c488b75a8192 tempest-ServerActionsV293TestJSON-153044646 tempest-ServerActionsV293TestJSON-153044646-project-member] Volume info retrieved successfully.
Oct 20 16:19:54 user devstack@c-api.service[74957]: DEBUG cinder.api.middleware.request_id [None req-5e334f35-7f54-4d4b-a0c4-f76dd1751ffb None None] RequestId filter calling following filter/app {{(pid=74957) _context_setter /opt/stack/cinder/cinder/api/middleware/request_id.py:62}}
Oct 20 16:19:55 user devstack@c-api.service[74957]: INFO cinder.api.openstack.wsgi [None req-5e334f35-7f54-4d4b-a0c4-f76dd1751ffb tempest-VolumesAssistedSnapshotsTest-490854498 tempest-VolumesAssistedSnapshotsTest-490854498-project-admin] GET http://10.0.0.210/volume/v3/e1b7194d8bd046fcacbb6b4529d97a4b/volumes/e3fec81f-4e5c-4565-bb16-166252e0812d
Oct 20 16:19:55 user devstack@c-api.service[74957]: DEBUG cinder.api.openstack.wsgi [None req-5e334f35-7f54-4d4b-a0c4-f76dd1751ffb tempest-VolumesAssistedSnapshotsTest-490854498 tempest-VolumesAssistedSnapshotsTest-490854498-project-admin] Empty body provided in request {{(pid=74957) get_body /opt/stack/cinder/cinder/api/openstack/wsgi.py:715}}
Oct 20 16:19:55 user devstack@c-api.service[74957]: DEBUG cinder.api.openstack.wsgi [None req-5e334f35-7f54-4d4b-a0c4-f76dd1751ffb tempest-VolumesAssistedSnapshotsTest-490854498 tempest-VolumesAssistedSnapshotsTest-490854498-project-admin] Calling method 'show' {{(pid=74957) _process_stack /opt/stack/cinder/cinder/api/openstack/wsgi.py:868}}
Oct 20 16:19:55 user devstack@c-api.service[74958]: INFO cinder.api.openstack.wsgi [None req-b3863451-da31-4425-a7c8-c488b75a8192 tempest-ServerActionsV293TestJSON-153044646 tempest-ServerActionsV293TestJSON-153044646-project-member] http://10.0.0.210/volume/v3/271c255eceee494a88cb94ce0782cdac/volumes/3c25cebe-bc8c-40af-81e6-4d28c5e7f158 returned with HTTP 200
Oct 20 16:19:55 user devstack@c-api.service[74959]: DEBUG cinder.api.middleware.request_id [None req-9a87065d-de37-4367-b71c-b1cc12dd52ed None None] RequestId filter calling following filter/app {{(pid=74959) _context_setter /opt/stack/cinder/cinder/api/middleware/request_id.py:62}}
Oct 20 16:19:55 user devstack@c-api.service[74958]: [pid: 74958|app: 0|req: 116/343] 10.0.0.210 () {64 vars in 1443 bytes} [Fri Oct 20 16:19:54 2023] GET /volume/v3/271c255eceee494a88cb94ce0782cdac/volumes/3c25cebe-bc8c-40af-81e6-4d28c5e7f158 => generated 1118 bytes in 57 msecs (HTTP/1.1 200) 7 headers in 287 bytes (1 switches on core 0)
Oct 20 16:19:55 user devstack@c-api.service[74959]: INFO cinder.api.openstack.wsgi [None req-9a87065d-de37-4367-b71c-b1cc12dd52ed tempest-TaggedBootDevicesTest_v242-1757416359 tempest-TaggedBootDevicesTest_v242-1757416359-project-member] GET http://10.0.0.210/volume/v3/7731c7dd721a4ffca10b9a305aedc1e6/volumes/bd32cf37-0b04-47c4-8220-5be5ba52521b
Oct 20 16:19:55 user devstack@c-api.service[74959]: DEBUG cinder.api.openstack.wsgi [None req-9a87065d-de37-4367-b71c-b1cc12dd52ed tempest-TaggedBootDevicesTest_v242-1757416359 tempest-TaggedBootDevicesTest_v242-1757416359-project-member] Empty body provided in request {{(pid=74959) get_body /opt/stack/cinder/cinder/api/openstack/wsgi.py:715}}
Oct 20 16:19:55 user devstack@c-api.service[74959]: DEBUG cinder.api.openstack.wsgi [None req-9a87065d-de37-4367-b71c-b1cc12dd52ed tempest-TaggedBootDevicesTest_v242-1757416359 tempest-TaggedBootDevicesTest_v242-1757416359-project-member] Calling method 'show' {{(pid=74959) _process_stack /opt/stack/cinder/cinder/api/openstack/wsgi.py:868}}
Oct 20 16:19:55 user devstack@c-api.service[74957]: /opt/stack/data/venv/lib/python3.10/site-packages/oslo_context/context.py:100: DeprecationWarning: Policy enforcement is depending on the value of is_admin. This key is deprecated. Please update your policy file to use the standard policy values.
Oct 20 16:19:55 user devstack@c-api.service[74957]: warnings.warn('Policy enforcement is depending on the value of '
Oct 20 16:19:55 user devstack@c-api.service[74957]: INFO cinder.volume.api [None req-5e334f35-7f54-4d4b-a0c4-f76dd1751ffb tempest-VolumesAssistedSnapshotsTest-490854498 tempest-VolumesAssistedSnapshotsTest-490854498-project-admin] Volume info retrieved successfully.
Oct 20 16:19:55 user devstack@c-api.service[74959]: /opt/stack/data/venv/lib/python3.10/site-packages/oslo_context/context.py:100: DeprecationWarning: Policy enforcement is depending on the value of is_admin. This key is deprecated. Please update your policy file to use the standard policy values.
Oct 20 16:19:55 user devstack@c-api.service[74959]: warnings.warn('Policy enforcement is depending on the value of '
Oct 20 16:19:55 user devstack@c-api.service[74957]: INFO cinder.api.openstack.wsgi [None req-5e334f35-7f54-4d4b-a0c4-f76dd1751ffb tempest-VolumesAssistedSnapshotsTest-490854498 tempest-VolumesAssistedSnapshotsTest-490854498-project-admin] http://10.0.0.210/volume/v3/e1b7194d8bd046fcacbb6b4529d97a4b/volumes/e3fec81f-4e5c-4565-bb16-166252e0812d returned with HTTP 200
Oct 20 16:19:55 user devstack@c-api.service[74957]: [pid: 74957|app: 0|req: 113/344] 10.0.0.210 () {62 vars in 1402 bytes} [Fri Oct 20 16:19:54 2023] GET /volume/v3/e1b7194d8bd046fcacbb6b4529d97a4b/volumes/e3fec81f-4e5c-4565-bb16-166252e0812d => generated 1080 bytes in 56 msecs (HTTP/1.1 200) 7 headers in 286 bytes (1 switches on core 0)
