Oct 20 16:09:42 user devstack@keystone.service[45382]: DEBUG keystone.server.flask.request_processing.middleware.auth_context [None req-91b9e217-1e33-4b01-b4f3-a4c1cbb0fa78 None None] Authenticating user token {{(pid=45382) process_request /opt/stack/data/venv/lib/python3.10/site-packages/keystonemiddleware/auth_token/__init__.py:406}}
Oct 20 16:09:42 user devstack@keystone.service[45384]: DEBUG keystone.server.flask.request_processing.middleware.auth_context [None req-e240fb33-7fd5-4f5a-9736-8dd0e05263de admin admin] RBAC: auth_context: {'token': , 'domain_id': None, 'trust_id': None, 'trustor_id': None, 'trustee_id': None, 'domain_name': None, 'group_ids': [], 'user_id': '1c6f94272b524c64827d4a4695fd4935', 'user_domain_id': 'default', 'system_scope': None, 'project_id': '5889652fa55d4800a9bba1c85a9dcf68', 'project_domain_id': 'default', 'roles': ['reader', 'member', 'manager', 'admin'], 'is_admin_project': True, 'service_user_id': None, 'service_user_domain_id': None, 'service_project_id': None, 'service_project_domain_id': None, 'service_roles': []} {{(pid=45384) fill_context /opt/stack/keystone/keystone/server/flask/request_processing/middleware/auth_context.py:480}}
Oct 20 16:09:42 user devstack@keystone.service[45384]: DEBUG keystone.server.flask.request_processing.req_logging [None req-e240fb33-7fd5-4f5a-9736-8dd0e05263de admin admin] REQUEST_METHOD: `GET` {{(pid=45384) log_request_info /opt/stack/keystone/keystone/server/flask/request_processing/req_logging.py:27}}
Oct 20 16:09:42 user devstack@keystone.service[45384]: DEBUG keystone.server.flask.request_processing.req_logging [None req-e240fb33-7fd5-4f5a-9736-8dd0e05263de admin admin] SCRIPT_NAME: `/identity` {{(pid=45384) log_request_info /opt/stack/keystone/keystone/server/flask/request_processing/req_logging.py:28}}
Oct 20 16:09:42 user devstack@keystone.service[45384]: DEBUG keystone.server.flask.request_processing.req_logging [None req-e240fb33-7fd5-4f5a-9736-8dd0e05263de admin admin] PATH_INFO: `/v3/groups/d1ab3e2b617643538bd2250534753664` {{(pid=45384) log_request_info /opt/stack/keystone/keystone/server/flask/request_processing/req_logging.py:29}}
Oct 20 16:09:42 user devstack@keystone.service[45382]: DEBUG keystone.server.flask.request_processing.middleware.auth_context [None req-91b9e217-1e33-4b01-b4f3-a4c1cbb0fa78 None None] Validating token access rules against request {{(pid=45382) validate_allowed_request /opt/stack/data/venv/lib/python3.10/site-packages/keystonemiddleware/auth_token/__init__.py:544}}
Oct 20 16:09:42 user devstack@keystone.service[45384]: DEBUG keystone.common.rbac_enforcer.enforcer [None req-e240fb33-7fd5-4f5a-9736-8dd0e05263de admin admin] RBAC: Authorizing `identity:get_group(group_id=d1ab3e2b617643538bd2250534753664)` {{(pid=45384) enforce_call /opt/stack/keystone/keystone/common/rbac_enforcer/enforcer.py:449}}
Oct 20 16:09:42 user devstack@keystone.service[45382]: DEBUG keystone.server.flask.request_processing.middleware.auth_context [None req-1281904a-dd56-42b3-840b-9ebecf9a715e admin admin] RBAC: auth_context: {'token': , 'domain_id': None, 'trust_id': None, 'trustor_id': None, 'trustee_id': None, 'domain_name': None, 'group_ids': [], 'user_id': '1c6f94272b524c64827d4a4695fd4935', 'user_domain_id': 'default', 'system_scope': None, 'project_id': '5889652fa55d4800a9bba1c85a9dcf68', 'project_domain_id': 'default', 'roles': ['reader', 'member', 'manager', 'admin'], 'is_admin_project': True, 'service_user_id': None, 'service_user_domain_id': None, 'service_project_id': None, 'service_project_domain_id': None, 'service_roles': []} {{(pid=45382) fill_context /opt/stack/keystone/keystone/server/flask/request_processing/middleware/auth_context.py:480}}
Oct 20 16:09:42 user devstack@keystone.service[45382]: DEBUG keystone.server.flask.request_processing.req_logging [None req-1281904a-dd56-42b3-840b-9ebecf9a715e admin admin] REQUEST_METHOD: `GET` {{(pid=45382) log_request_info /opt/stack/keystone/keystone/server/flask/request_processing/req_logging.py:27}}
Oct 20 16:09:42 user devstack@keystone.service[45382]: DEBUG keystone.server.flask.request_processing.req_logging [None req-1281904a-dd56-42b3-840b-9ebecf9a715e admin admin] SCRIPT_NAME: `/identity` {{(pid=45382) log_request_info /opt/stack/keystone/keystone/server/flask/request_processing/req_logging.py:28}}
Oct 20 16:09:42 user devstack@keystone.service[45382]: DEBUG keystone.server.flask.request_processing.req_logging [None req-1281904a-dd56-42b3-840b-9ebecf9a715e admin admin] PATH_INFO: `/v3/roles` {{(pid=45382) log_request_info /opt/stack/keystone/keystone/server/flask/request_processing/req_logging.py:29}}
Oct 20 16:09:42 user devstack@keystone.service[45382]: DEBUG keystone.common.rbac_enforcer.enforcer [None req-1281904a-dd56-42b3-840b-9ebecf9a715e admin admin] RBAC: Adding query filter params (name=member) {{(pid=45382) _extract_filter_values /opt/stack/keystone/keystone/common/rbac_enforcer/enforcer.py:167}}
Oct 20 16:09:42 user devstack@keystone.service[45382]: DEBUG keystone.common.rbac_enforcer.enforcer [None req-1281904a-dd56-42b3-840b-9ebecf9a715e admin admin] RBAC: Authorizing `identity:list_roles()` {{(pid=45382) enforce_call /opt/stack/keystone/keystone/common/rbac_enforcer/enforcer.py:449}}
Oct 20 16:09:42 user devstack@keystone.service[45384]: DEBUG keystone.common.rbac_enforcer.enforcer [None req-e240fb33-7fd5-4f5a-9736-8dd0e05263de admin admin] RBAC: Authorization granted {{(pid=45384) enforce_call /opt/stack/keystone/keystone/common/rbac_enforcer/enforcer.py:457}}
Oct 20 16:09:42 user devstack@keystone.service[45382]: WARNING py.warnings [None req-1281904a-dd56-42b3-840b-9ebecf9a715e admin admin] /opt/stack/data/venv/lib/python3.10/site-packages/oslo_policy/policy.py:1130: UserWarning: Policy "identity:list_roles": "role:reader and system_scope:all" failed scope check. The token used to make the request was project scoped but the policy requires ['system'] scope. This behavior may change in the future where using the intended scope is required
Oct 20 16:09:42 user devstack@keystone.service[45382]: warnings.warn(msg)
Oct 20 16:09:42 user devstack@keystone.service[45382]:
Oct 20 16:09:42 user devstack@keystone.service[45382]: DEBUG keystone.common.rbac_enforcer.enforcer [None req-1281904a-dd56-42b3-840b-9ebecf9a715e admin admin] RBAC: Authorization granted {{(pid=45382) enforce_call /opt/stack/keystone/keystone/common/rbac_enforcer/enforcer.py:457}}
Oct 20 16:09:42 user devstack@keystone.service[45384]: [pid: 45384|app: 0|req: 91/276] 10.0.0.210 () {56 vars in 1196 bytes} [Fri Oct 20 16:09:42 2023] GET /identity/v3/groups/d1ab3e2b617643538bd2250534753664 => generated 225 bytes in 56 msecs (HTTP/1.1 200) 5 headers in 177 bytes (1 switches on core 0)
Oct 20 16:09:42 user devstack@keystone.service[45382]: [pid: 45382|app: 0|req: 96/277] 10.0.0.210 () {56 vars in 1117 bytes} [Fri Oct 20 16:09:42 2023] GET /identity/v3/roles?name=member => generated 339 bytes in 36 msecs (HTTP/1.1 200) 5 headers in 177 bytes (1 switches on core 0)
Oct 20 16:09:42 user devstack@keystone.service[45383]: DEBUG keystone.server.flask.request_processing.middleware.auth_context [None req-a65f86ae-ccc2-4377-972c-f052d9f12110 admin admin] Authenticating user token {{(pid=45383) process_request /opt/stack/data/venv/lib/python3.10/site-packages/keystonemiddleware/auth_token/__init__.py:406}}
Oct 20 16:09:42 user devstack@keystone.service[45384]: DEBUG keystone.server.flask.request_processing.middleware.auth_context [None req-e240fb33-7fd5-4f5a-9736-8dd0e05263de admin admin] Authenticating user token {{(pid=45384) process_request /opt/stack/data/venv/lib/python3.10/site-packages/keystonemiddleware/auth_token/__init__.py:406}}
Oct 20 16:09:42 user devstack@keystone.service[45383]: DEBUG keystone.server.flask.request_processing.middleware.auth_context [None req-a65f86ae-ccc2-4377-972c-f052d9f12110 admin admin] Validating token access rules against request {{(pid=45383) validate_allowed_request /opt/stack/data/venv/lib/python3.10/site-packages/keystonemiddleware/auth_token/__init__.py:544}}
Oct 20 16:09:42 user devstack@keystone.service[45383]: DEBUG keystone.server.flask.request_processing.middleware.auth_context [None req-a268588e-642e-4195-b1e4-bac256c4ff4a admin admin] RBAC: auth_context: {'token': , 'domain_id': None, 'trust_id': None, 'trustor_id': None, 'trustee_id': None, 'domain_name': None, 'group_ids': [], 'user_id': '1c6f94272b524c64827d4a4695fd4935', 'user_domain_id': 'default', 'system_scope': None, 'project_id': '5889652fa55d4800a9bba1c85a9dcf68', 'project_domain_id': 'default', 'roles': ['reader', 'member', 'manager', 'admin'], 'is_admin_project': True, 'service_user_id': None, 'service_user_domain_id': None, 'service_project_id': None, 'service_project_domain_id': None, 'service_roles': []} {{(pid=45383) fill_context /opt/stack/keystone/keystone/server/flask/request_processing/middleware/auth_context.py:480}}
Oct 20 16:09:42 user devstack@keystone.service[45383]: DEBUG keystone.server.flask.request_processing.req_logging [None req-a268588e-642e-4195-b1e4-bac256c4ff4a admin admin] REQUEST_METHOD: `GET` {{(pid=45383) log_request_info /opt/stack/keystone/keystone/server/flask/request_processing/req_logging.py:27}}
Oct 20 16:09:42 user devstack@keystone.service[45383]: DEBUG keystone.server.flask.request_processing.req_logging [None req-a268588e-642e-4195-b1e4-bac256c4ff4a admin admin] SCRIPT_NAME: `/identity` {{(pid=45383) log_request_info /opt/stack/keystone/keystone/server/flask/request_processing/req_logging.py:28}}
Oct 20 16:09:42 user devstack@keystone.service[45383]: DEBUG keystone.server.flask.request_processing.req_logging [None req-a268588e-642e-4195-b1e4-bac256c4ff4a admin admin] PATH_INFO: `/v3/projects/5c88213c1fc84fb4bc47aff004f6fecd` {{(pid=45383) log_request_info /opt/stack/keystone/keystone/server/flask/request_processing/req_logging.py:29}}
Oct 20 16:09:42 user devstack@keystone.service[45382]: DEBUG keystone.server.flask.request_processing.req_logging [None req-0d1ee53b-8ff8-4d04-827d-b3f6f86e9d27 None None] REQUEST_METHOD: `GET` {{(pid=45382) log_request_info /opt/stack/keystone/keystone/server/flask/request_processing/req_logging.py:27}}
Oct 20 16:09:42 user devstack@keystone.service[45382]: DEBUG keystone.server.flask.request_processing.req_logging [None req-0d1ee53b-8ff8-4d04-827d-b3f6f86e9d27 None None] SCRIPT_NAME: `/identity` {{(pid=45382) log_request_info /opt/stack/keystone/keystone/server/flask/request_processing/req_logging.py:28}}
Oct 20 16:09:42 user devstack@keystone.service[45382]: DEBUG keystone.server.flask.request_processing.req_logging [None req-0d1ee53b-8ff8-4d04-827d-b3f6f86e9d27 None None] PATH_INFO: `/` {{(pid=45382) log_request_info /opt/stack/keystone/keystone/server/flask/request_processing/req_logging.py:29}}
Oct 20 16:09:42 user devstack@keystone.service[45383]: DEBUG keystone.common.rbac_enforcer.enforcer [None req-a268588e-642e-4195-b1e4-bac256c4ff4a admin admin] RBAC: Authorizing `identity:get_project(project_id=5c88213c1fc84fb4bc47aff004f6fecd)` {{(pid=45383) enforce_call /opt/stack/keystone/keystone/common/rbac_enforcer/enforcer.py:449}}
Oct 20 16:09:42 user devstack@keystone.service[45382]: [pid: 45382|app: 0|req: 97/278] 10.0.0.210 () {54 vars in 921 bytes} [Fri Oct 20 16:09:42 2023] GET /identity => generated 269 bytes in 6 msecs (HTTP/1.1 300) 6 headers in 233 bytes (1 switches on core 0)
Oct 20 16:09:42 user devstack@keystone.service[45383]: DEBUG keystone.common.rbac_enforcer.enforcer [None req-a268588e-642e-4195-b1e4-bac256c4ff4a admin admin] RBAC: Authorization granted {{(pid=45383) enforce_call /opt/stack/keystone/keystone/common/rbac_enforcer/enforcer.py:457}}
Oct 20 16:09:42 user devstack@keystone.service[45383]: [pid: 45383|app: 0|req: 91/279] 10.0.0.210 () {56 vars in 1202 bytes} [Fri Oct 20 16:09:42 2023] GET /identity/v3/projects/5c88213c1fc84fb4bc47aff004f6fecd => generated 297 bytes in 29 msecs (HTTP/1.1 200) 5 headers in 177 bytes (1 switches on core 0)
Oct 20 16:09:42 user devstack@keystone.service[45382]: DEBUG keystone.server.flask.request_processing.req_logging [None req-fdc89bb3-b471-48f0-b153-b23eee007247 None None] REQUEST_METHOD: `POST` {{(pid=45382) log_request_info /opt/stack/keystone/keystone/server/flask/request_processing/req_logging.py:27}}
Oct 20 16:09:42 user devstack@keystone.service[45382]: DEBUG keystone.server.flask.request_processing.req_logging [None req-fdc89bb3-b471-48f0-b153-b23eee007247 None None] SCRIPT_NAME: `/identity` {{(pid=45382) log_request_info /opt/stack/keystone/keystone/server/flask/request_processing/req_logging.py:28}}
Oct 20 16:09:42 user devstack@keystone.service[45382]: DEBUG keystone.server.flask.request_processing.req_logging [None req-fdc89bb3-b471-48f0-b153-b23eee007247 None None] PATH_INFO: `/v3/auth/tokens` {{(pid=45382) log_request_info /opt/stack/keystone/keystone/server/flask/request_processing/req_logging.py:29}}
Oct 20 16:09:42 user devstack@keystone.service[45384]: DEBUG keystone.server.flask.request_processing.middleware.auth_context [None req-e240fb33-7fd5-4f5a-9736-8dd0e05263de admin admin] Validating token access rules against request {{(pid=45384) validate_allowed_request /opt/stack/data/venv/lib/python3.10/site-packages/keystonemiddleware/auth_token/__init__.py:544}}
Oct 20 16:09:42 user devstack@keystone.service[45383]: DEBUG keystone.server.flask.request_processing.middleware.auth_context [None req-a268588e-642e-4195-b1e4-bac256c4ff4a admin admin] Authenticating user token {{(pid=45383) process_request /opt/stack/data/venv/lib/python3.10/site-packages/keystonemiddleware/auth_token/__init__.py:406}}
Oct 20 16:09:42 user devstack@keystone.service[45384]: DEBUG keystone.server.flask.request_processing.middleware.auth_context [None req-d18db635-610c-4efa-89ae-1339aa3e2412 admin admin] RBAC: auth_context: {'token': , 'domain_id': None, 'trust_id': None, 'trustor_id': None, 'trustee_id': None, 'domain_name': None, 'group_ids': [], 'user_id': '1c6f94272b524c64827d4a4695fd4935', 'user_domain_id': 'default', 'system_scope': None, 'project_id': '5889652fa55d4800a9bba1c85a9dcf68', 'project_domain_id': 'default', 'roles': ['reader', 'member', 'manager', 'admin'], 'is_admin_project': True, 'service_user_id': None, 'service_user_domain_id': None, 'service_project_id': None, 'service_project_domain_id': None, 'service_roles': []} {{(pid=45384) fill_context /opt/stack/keystone/keystone/server/flask/request_processing/middleware/auth_context.py:480}}
Oct 20 16:09:42 user devstack@keystone.service[45384]: DEBUG keystone.server.flask.request_processing.req_logging [None req-d18db635-610c-4efa-89ae-1339aa3e2412 admin admin] REQUEST_METHOD: `GET` {{(pid=45384) log_request_info /opt/stack/keystone/keystone/server/flask/request_processing/req_logging.py:27}}
Oct 20 16:09:42 user devstack@keystone.service[45384]: DEBUG keystone.server.flask.request_processing.req_logging [None req-d18db635-610c-4efa-89ae-1339aa3e2412 admin admin] SCRIPT_NAME: `/identity` {{(pid=45384) log_request_info /opt/stack/keystone/keystone/server/flask/request_processing/req_logging.py:28}}
Oct 20 16:09:42 user devstack@keystone.service[45384]: DEBUG keystone.server.flask.request_processing.req_logging [None req-d18db635-610c-4efa-89ae-1339aa3e2412 admin admin] PATH_INFO: `/v3/groups/d1ab3e2b617643538bd2250534753664` {{(pid=45384) log_request_info /opt/stack/keystone/keystone/server/flask/request_processing/req_logging.py:29}}
Oct 20 16:09:42 user devstack@keystone.service[45384]: DEBUG keystone.common.rbac_enforcer.enforcer [None req-d18db635-610c-4efa-89ae-1339aa3e2412 admin admin] RBAC: Authorizing `identity:get_group(group_id=d1ab3e2b617643538bd2250534753664)` {{(pid=45384) enforce_call /opt/stack/keystone/keystone/common/rbac_enforcer/enforcer.py:449}}
Oct 20 16:09:42 user devstack@keystone.service[45384]: DEBUG keystone.common.rbac_enforcer.enforcer [None req-d18db635-610c-4efa-89ae-1339aa3e2412 admin admin] RBAC: Authorization granted {{(pid=45384) enforce_call /opt/stack/keystone/keystone/common/rbac_enforcer/enforcer.py:457}}
Oct 20 16:09:42 user devstack@keystone.service[45383]: DEBUG keystone.server.flask.request_processing.middleware.auth_context [None req-a268588e-642e-4195-b1e4-bac256c4ff4a admin admin] Validating token access rules against request {{(pid=45383) validate_allowed_request /opt/stack/data/venv/lib/python3.10/site-packages/keystonemiddleware/auth_token/__init__.py:544}}
Oct 20 16:09:42 user devstack@keystone.service[45384]: [pid: 45384|app: 0|req: 92/280] 10.0.0.210 () {56 vars in 1196 bytes} [Fri Oct 20 16:09:42 2023] GET /identity/v3/groups/d1ab3e2b617643538bd2250534753664 => generated 225 bytes in 49 msecs (HTTP/1.1 200) 5 headers in 177 bytes (1 switches on core 0)
Oct 20 16:09:42 user devstack@keystone.service[45382]: WARNING keystone.common.password_hashing [None req-fdc89bb3-b471-48f0-b153-b23eee007247 None None] Truncating password to algorithm specific maximum length 72 characters.
Oct 20 16:09:42 user devstack@keystone.service[45383]: DEBUG keystone.server.flask.request_processing.middleware.auth_context [None req-23757360-77d1-44a4-ba05-ef3e618c133f admin admin] RBAC: auth_context: {'token': , 'domain_id': None, 'trust_id': None, 'trustor_id': None, 'trustee_id': None, 'domain_name': None, 'group_ids': [], 'user_id': '1c6f94272b524c64827d4a4695fd4935', 'user_domain_id': 'default', 'system_scope': None, 'project_id': '5889652fa55d4800a9bba1c85a9dcf68', 'project_domain_id': 'default', 'roles': ['reader', 'member', 'manager', 'admin'], 'is_admin_project': True, 'service_user_id': None, 'service_user_domain_id': None, 'service_project_id': None, 'service_project_domain_id': None, 'service_roles': []} {{(pid=45383) fill_context /opt/stack/keystone/keystone/server/flask/request_processing/middleware/auth_context.py:480}}
Oct 20 16:09:42 user devstack@keystone.service[45384]: DEBUG keystone.server.flask.request_processing.middleware.auth_context [None req-d18db635-610c-4efa-89ae-1339aa3e2412 admin admin] Authenticating user token {{(pid=45384) process_request /opt/stack/data/venv/lib/python3.10/site-packages/keystonemiddleware/auth_token/__init__.py:406}}
Oct 20 16:09:42 user devstack@keystone.service[45382]: DEBUG keystone.auth.core [None req-fdc89bb3-b471-48f0-b153-b23eee007247 None None] MFA Rules not processed for user `1c6f94272b524c64827d4a4695fd4935`. Rule list: `[]` (Enabled: `True`). {{(pid=45382) check_auth_methods_against_rules /opt/stack/keystone/keystone/auth/core.py:438}}
Oct 20 16:09:42 user devstack@keystone.service[45383]: DEBUG keystone.server.flask.request_processing.req_logging [None req-23757360-77d1-44a4-ba05-ef3e618c133f admin admin] REQUEST_METHOD: `PUT` {{(pid=45383) log_request_info /opt/stack/keystone/keystone/server/flask/request_processing/req_logging.py:27}}
Oct 20 16:09:42 user devstack@keystone.service[45383]: DEBUG keystone.server.flask.request_processing.req_logging [None req-23757360-77d1-44a4-ba05-ef3e618c133f admin admin] SCRIPT_NAME: `/identity` {{(pid=45383) log_request_info /opt/stack/keystone/keystone/server/flask/request_processing/req_logging.py:28}}
Oct 20 16:09:42 user devstack@keystone.service[45383]: DEBUG keystone.server.flask.request_processing.req_logging [None req-23757360-77d1-44a4-ba05-ef3e618c133f admin admin] PATH_INFO: `/v3/projects/5c88213c1fc84fb4bc47aff004f6fecd/groups/d1ab3e2b617643538bd2250534753664/roles/93044231a1124c85b260a1a720d0797e` {{(pid=45383) log_request_info /opt/stack/keystone/keystone/server/flask/request_processing/req_logging.py:29}}
Oct 20 16:09:42 user devstack@keystone.service[45382]: DEBUG keystone.common.fernet_utils [None req-fdc89bb3-b471-48f0-b153-b23eee007247 None None] Loaded 2 Fernet keys from /etc/keystone/fernet-keys/, but `[fernet_tokens] max_active_keys = 3`; perhaps there have not been enough key rotations to reach `max_active_keys` yet? {{(pid=45382) load_keys /opt/stack/keystone/keystone/common/fernet_utils.py:286}}
Oct 20 16:09:42 user devstack@keystone.service[45383]: DEBUG keystone.common.rbac_enforcer.enforcer [None req-23757360-77d1-44a4-ba05-ef3e618c133f admin admin] RBAC: Authorizing `identity:create_grant(project_id=5c88213c1fc84fb4bc47aff004f6fecd, group_id=d1ab3e2b617643538bd2250534753664, role_id=93044231a1124c85b260a1a720d0797e)` {{(pid=45383) enforce_call /opt/stack/keystone/keystone/common/rbac_enforcer/enforcer.py:449}}
Oct 20 16:09:42 user devstack@keystone.service[45383]: WARNING py.warnings [None req-23757360-77d1-44a4-ba05-ef3e618c133f admin admin] /opt/stack/data/venv/lib/python3.10/site-packages/oslo_policy/policy.py:1130: UserWarning: Policy "identity:create_grant": "(role:admin and system_scope:all) or ((role:admin and domain_id:%(target.user.domain_id)s and domain_id:%(target.project.domain_id)s) or (role:admin and domain_id:%(target.user.domain_id)s and domain_id:%(target.domain.id)s) or (role:admin and domain_id:%(target.group.domain_id)s and domain_id:%(target.project.domain_id)s) or (role:admin and domain_id:%(target.group.domain_id)s and domain_id:%(target.domain.id)s)) and (domain_id:%(target.role.domain_id)s or None:%(target.role.domain_id)s)" failed scope check. The token used to make the request was project scoped but the policy requires ['system', 'domain'] scope. This behavior may change in the future where using the intended scope is required
Oct 20 16:09:42 user devstack@keystone.service[45383]: warnings.warn(msg)
Oct 20 16:09:42 user devstack@keystone.service[45383]:
Oct 20 16:09:42 user devstack@keystone.service[45383]: DEBUG keystone.common.rbac_enforcer.enforcer [None req-23757360-77d1-44a4-ba05-ef3e618c133f admin admin] RBAC: Authorization granted {{(pid=45383) enforce_call /opt/stack/keystone/keystone/common/rbac_enforcer/enforcer.py:457}}
Oct 20 16:09:42 user devstack@keystone.service[45382]: [pid: 45382|app: 0|req: 98/281] 10.0.0.210 () {58 vars in 1018 bytes} [Fri Oct 20 16:09:42 2023] POST /identity/v3/auth/tokens => generated 976 bytes in 43 msecs (HTTP/1.1 201) 6 headers in 384 bytes (1 switches on core 0)
Oct 20 16:09:42 user devstack@keystone.service[45384]: DEBUG keystone.server.flask.request_processing.middleware.auth_context [None req-d18db635-610c-4efa-89ae-1339aa3e2412 admin admin] Validating token access rules against request {{(pid=45384) validate_allowed_request /opt/stack/data/venv/lib/python3.10/site-packages/keystonemiddleware/auth_token/__init__.py:544}}
Oct 20 16:09:42 user devstack@keystone.service[45383]: [pid: 45383|app: 0|req: 92/282] 10.0.0.210 () {58 vars in 1458 bytes} [Fri Oct 20 16:09:42 2023] PUT /identity/v3/projects/5c88213c1fc84fb4bc47aff004f6fecd/groups/d1ab3e2b617643538bd2250534753664/roles/93044231a1124c85b260a1a720d0797e => generated 0 bytes in 43 msecs (HTTP/1.1 204) 3 headers in 132 bytes (0 switches on core 0)
Oct 20 16:09:42 user devstack@keystone.service[45384]: DEBUG keystone.server.flask.request_processing.middleware.auth_context [None req-7b268a74-a17e-43b3-8ed0-d7df32405e7b admin admin] RBAC: auth_context: {'token': , 'domain_id': None, 'trust_id': None, 'trustor_id': None, 'trustee_id': None, 'domain_name': None, 'group_ids': [], 'user_id': '1c6f94272b524c64827d4a4695fd4935', 'user_domain_id': 'default', 'system_scope': None, 'project_id': '5889652fa55d4800a9bba1c85a9dcf68', 'project_domain_id': 'default', 'roles': ['reader', 'member', 'manager', 'admin'], 'is_admin_project': True, 'service_user_id': None, 'service_user_domain_id': None, 'service_project_id': None, 'service_project_domain_id': None, 'service_roles': []} {{(pid=45384) fill_context /opt/stack/keystone/keystone/server/flask/request_processing/middleware/auth_context.py:480}}
Oct 20 16:09:42 user devstack@keystone.service[45384]: DEBUG keystone.server.flask.request_processing.req_logging [None req-7b268a74-a17e-43b3-8ed0-d7df32405e7b admin admin] REQUEST_METHOD: `GET` {{(pid=45384) log_request_info /opt/stack/keystone/keystone/server/flask/request_processing/req_logging.py:27}}
Oct 20 16:09:42 user devstack@keystone.service[45384]: DEBUG keystone.server.flask.request_processing.req_logging [None req-7b268a74-a17e-43b3-8ed0-d7df32405e7b admin admin] SCRIPT_NAME: `/identity` {{(pid=45384) log_request_info /opt/stack/keystone/keystone/server/flask/request_processing/req_logging.py:28}}
Oct 20 16:09:42 user devstack@keystone.service[45384]: DEBUG keystone.server.flask.request_processing.req_logging [None req-7b268a74-a17e-43b3-8ed0-d7df32405e7b admin admin] PATH_INFO: `/v3/projects/6424960442a24f3fa32432e207446337` {{(pid=45384) log_request_info /opt/stack/keystone/keystone/server/flask/request_processing/req_logging.py:29}}
Oct 20 16:09:42 user devstack@keystone.service[45384]: DEBUG keystone.common.rbac_enforcer.enforcer [None req-7b268a74-a17e-43b3-8ed0-d7df32405e7b admin admin] RBAC: Authorizing `identity:get_project(project_id=6424960442a24f3fa32432e207446337)` {{(pid=45384) enforce_call /opt/stack/keystone/keystone/common/rbac_enforcer/enforcer.py:449}}
Oct 20 16:09:42 user devstack@keystone.service[45384]: DEBUG keystone.common.rbac_enforcer.enforcer [None req-7b268a74-a17e-43b3-8ed0-d7df32405e7b admin admin] RBAC: Authorization granted {{(pid=45384) enforce_call /opt/stack/keystone/keystone/common/rbac_enforcer/enforcer.py:457}}
Oct 20 16:09:42 user devstack@keystone.service[45384]: [pid: 45384|app: 0|req: 93/283] 10.0.0.210 () {56 vars in 1202 bytes} [Fri Oct 20 16:09:42 2023] GET /identity/v3/projects/6424960442a24f3fa32432e207446337 => generated 301 bytes in 92 msecs (HTTP/1.1 200) 5 headers in 177 bytes (1 switches on core 0)
Oct 20 16:09:42 user devstack@keystone.service[45382]: DEBUG keystone.server.flask.request_processing.middleware.auth_context [None req-fdc89bb3-b471-48f0-b153-b23eee007247 None None] Authenticating user token {{(pid=45382) process_request /opt/stack/data/venv/lib/python3.10/site-packages/keystonemiddleware/auth_token/__init__.py:406}}
Oct 20 16:09:42 user devstack@keystone.service[45383]: DEBUG keystone.server.flask.request_processing.middleware.auth_context [None req-23757360-77d1-44a4-ba05-ef3e618c133f admin admin] Authenticating user token {{(pid=45383) process_request /opt/stack/data/venv/lib/python3.10/site-packages/keystonemiddleware/auth_token/__init__.py:406}}
Oct 20 16:09:42 user devstack@keystone.service[45384]: DEBUG keystone.server.flask.request_processing.middleware.auth_context [None req-7b268a74-a17e-43b3-8ed0-d7df32405e7b admin admin] Authenticating user token {{(pid=45384) process_request /opt/stack/data/venv/lib/python3.10/site-packages/keystonemiddleware/auth_token/__init__.py:406}}
Oct 20 16:09:42 user devstack@keystone.service[45382]: DEBUG keystone.server.flask.request_processing.middleware.auth_context [None req-fdc89bb3-b471-48f0-b153-b23eee007247 None None] Validating token access rules against request {{(pid=45382) validate_allowed_request /opt/stack/data/venv/lib/python3.10/site-packages/keystonemiddleware/auth_token/__init__.py:544}}
Oct 20 16:09:42 user devstack@keystone.service[45384]: DEBUG keystone.server.flask.request_processing.middleware.auth_context [None req-7b268a74-a17e-43b3-8ed0-d7df32405e7b admin admin] Validating token access rules against request {{(pid=45384) validate_allowed_request /opt/stack/data/venv/lib/python3.10/site-packages/keystonemiddleware/auth_token/__init__.py:544}}
Oct 20 16:09:42 user devstack@keystone.service[45382]: DEBUG keystone.server.flask.request_processing.middleware.auth_context [None req-72b5c960-6c25-4457-b76e-423589195c77 admin admin] RBAC: auth_context: {'token': , 'domain_id': None, 'trust_id': None, 'trustor_id': None, 'trustee_id': None, 'domain_name': None, 'group_ids': [], 'user_id': '1c6f94272b524c64827d4a4695fd4935', 'user_domain_id': 'default', 'system_scope': None, 'project_id': '5889652fa55d4800a9bba1c85a9dcf68', 'project_domain_id': 'default', 'roles': ['reader', 'member', 'manager', 'admin'], 'is_admin_project': True, 'service_user_id': None, 'service_user_domain_id': None, 'service_project_id': None, 'service_project_domain_id': None, 'service_roles': []} {{(pid=45382) fill_context /opt/stack/keystone/keystone/server/flask/request_processing/middleware/auth_context.py:480}}
Oct 20 16:09:42 user devstack@keystone.service[45382]: DEBUG keystone.server.flask.request_processing.req_logging [None req-72b5c960-6c25-4457-b76e-423589195c77 admin admin] REQUEST_METHOD: `PUT` {{(pid=45382) log_request_info /opt/stack/keystone/keystone/server/flask/request_processing/req_logging.py:27}}
Oct 20 16:09:42 user devstack@keystone.service[45382]: DEBUG keystone.server.flask.request_processing.req_logging [None req-72b5c960-6c25-4457-b76e-423589195c77 admin admin] SCRIPT_NAME: `/identity` {{(pid=45382) log_request_info /opt/stack/keystone/keystone/server/flask/request_processing/req_logging.py:28}}
Oct 20 16:09:42 user devstack@keystone.service[45384]: DEBUG keystone.server.flask.request_processing.middleware.auth_context [None req-7b88d3b1-500e-4178-9113-5aaf2805ca12 admin admin] RBAC: auth_context: {'token': , 'domain_id': None, 'trust_id': None, 'trustor_id': None, 'trustee_id': None, 'domain_name': None, 'group_ids': [], 'user_id': '1c6f94272b524c64827d4a4695fd4935', 'user_domain_id': 'default', 'system_scope': None, 'project_id': '5889652fa55d4800a9bba1c85a9dcf68', 'project_domain_id': 'default', 'roles': ['reader', 'member', 'manager', 'admin'], 'is_admin_project': True, 'service_user_id': None, 'service_user_domain_id': None, 'service_project_id': None, 'service_project_domain_id': None, 'service_roles': []} {{(pid=45384) fill_context /opt/stack/keystone/keystone/server/flask/request_processing/middleware/auth_context.py:480}}
Oct 20 16:09:42 user devstack@keystone.service[45382]: DEBUG keystone.server.flask.request_processing.req_logging [None req-72b5c960-6c25-4457-b76e-423589195c77 admin admin] PATH_INFO: `/v3/projects/6424960442a24f3fa32432e207446337/groups/d1ab3e2b617643538bd2250534753664/roles/c3b7aa4021b94b89a6c87297900cb854` {{(pid=45382) log_request_info /opt/stack/keystone/keystone/server/flask/request_processing/req_logging.py:29}}
Oct 20 16:09:42 user devstack@keystone.service[45384]: DEBUG keystone.server.flask.request_processing.req_logging [None req-7b88d3b1-500e-4178-9113-5aaf2805ca12 admin admin] REQUEST_METHOD: `GET` {{(pid=45384) log_request_info /opt/stack/keystone/keystone/server/flask/request_processing/req_logging.py:27}}
Oct 20 16:09:42 user devstack@keystone.service[45384]: DEBUG keystone.server.flask.request_processing.req_logging [None req-7b88d3b1-500e-4178-9113-5aaf2805ca12 admin admin] SCRIPT_NAME: `/identity` {{(pid=45384) log_request_info /opt/stack/keystone/keystone/server/flask/request_processing/req_logging.py:28}}
Oct 20 16:09:42 user devstack@keystone.service[45384]: DEBUG keystone.server.flask.request_processing.req_logging [None req-7b88d3b1-500e-4178-9113-5aaf2805ca12 admin admin] PATH_INFO: `/v3/roles/anotherrole` {{(pid=45384) log_request_info /opt/stack/keystone/keystone/server/flask/request_processing/req_logging.py:29}}
Oct 20 16:09:42 user devstack@keystone.service[45382]: DEBUG keystone.common.rbac_enforcer.enforcer [None req-72b5c960-6c25-4457-b76e-423589195c77 admin admin] RBAC: Authorizing `identity:create_grant(project_id=6424960442a24f3fa32432e207446337, group_id=d1ab3e2b617643538bd2250534753664, role_id=c3b7aa4021b94b89a6c87297900cb854)` {{(pid=45382) enforce_call /opt/stack/keystone/keystone/common/rbac_enforcer/enforcer.py:449}}
Oct 20 16:09:42 user devstack@keystone.service[45382]: WARNING py.warnings [None req-72b5c960-6c25-4457-b76e-423589195c77 admin admin] /opt/stack/data/venv/lib/python3.10/site-packages/oslo_policy/policy.py:1130: UserWarning: Policy "identity:create_grant": "(role:admin and system_scope:all) or ((role:admin and domain_id:%(target.user.domain_id)s and domain_id:%(target.project.domain_id)s) or (role:admin and domain_id:%(target.user.domain_id)s and domain_id:%(target.domain.id)s) or (role:admin and domain_id:%(target.group.domain_id)s and domain_id:%(target.project.domain_id)s) or (role:admin and domain_id:%(target.group.domain_id)s and domain_id:%(target.domain.id)s)) and (domain_id:%(target.role.domain_id)s or None:%(target.role.domain_id)s)" failed scope check. The token used to make the request was project scoped but the policy requires ['system', 'domain'] scope. This behavior may change in the future where using the intended scope is required
Oct 20 16:09:42 user devstack@keystone.service[45382]: warnings.warn(msg)
Oct 20 16:09:42 user devstack@keystone.service[45382]:
Oct 20 16:09:42 user devstack@keystone.service[45382]: DEBUG keystone.common.rbac_enforcer.enforcer [None req-72b5c960-6c25-4457-b76e-423589195c77 admin admin] RBAC: Authorization granted {{(pid=45382) enforce_call /opt/stack/keystone/keystone/common/rbac_enforcer/enforcer.py:457}}
Oct 20 16:09:42 user devstack@keystone.service[45384]: DEBUG keystone.common.rbac_enforcer.enforcer [None req-7b88d3b1-500e-4178-9113-5aaf2805ca12 admin admin] Extracting inferred target data resulted in "NOT FOUND (404)". {{(pid=45384) enforce_call /opt/stack/keystone/keystone/common/rbac_enforcer/enforcer.py:409}}
Oct 20 16:09:42 user devstack@keystone.service[45384]: ERROR keystone.server.flask.application [None req-7b88d3b1-500e-4178-9113-5aaf2805ca12 admin admin] Could not find role: anotherrole.: keystone.exception.RoleNotFound: Could not find role: anotherrole.
Oct 20 16:09:42 user devstack@keystone.service[45384]: ERROR keystone.server.flask.application
Traceback (most recent call last):
Oct 20 16:09:42 user devstack@keystone.service[45384]: ERROR keystone.server.flask.application
File "/opt/stack/data/venv/lib/python3.10/site-packages/flask/app.py", line 1823, in full_dispatch_request
Oct 20 16:09:42 user devstack@keystone.service[45384]: ERROR keystone.server.flask.application rv = self.dispatch_request()
Oct 20 16:09:42 user devstack@keystone.service[45384]: ERROR keystone.server.flask.application
File "/opt/stack/data/venv/lib/python3.10/site-packages/flask/app.py", line 1799, in dispatch_request
Oct 20 16:09:42 user devstack@keystone.service[45384]: ERROR keystone.server.flask.application return self.ensure_sync(self.view_functions[rule.endpoint])(**view_args)
Oct 20 16:09:42 user devstack@keystone.service[45384]: ERROR keystone.server.flask.application
File "/opt/stack/data/venv/lib/python3.10/site-packages/flask_restful/__init__.py", line 489, in wrapper
Oct 20 16:09:42 user devstack@keystone.service[45384]: ERROR keystone.server.flask.application resp = resource(*args, **kwargs)
Oct 20 16:09:42 user devstack@keystone.service[45384]: ERROR keystone.server.flask.application
File "/opt/stack/data/venv/lib/python3.10/site-packages/flask/views.py", line 107, in view
Oct 20 16:09:42 user devstack@keystone.service[45384]: ERROR keystone.server.flask.application return current_app.ensure_sync(self.dispatch_request)(**kwargs)
Oct 20 16:09:42 user devstack@keystone.service[45384]: ERROR keystone.server.flask.application
File "/opt/stack/data/venv/lib/python3.10/site-packages/flask_restful/__init__.py", line 604, in dispatch_request
Oct 20 16:09:42 user devstack@keystone.service[45384]: ERROR keystone.server.flask.application resp = meth(*args, **kwargs)
Oct 20 16:09:42 user devstack@keystone.service[45384]: ERROR keystone.server.flask.application
File "/opt/stack/keystone/keystone/api/roles.py", line 50, in get
Oct 20 16:09:42 user devstack@keystone.service[45384]: ERROR keystone.server.flask.application return self._get_role(role_id)
Oct 20 16:09:42 user devstack@keystone.service[45384]: ERROR keystone.server.flask.application
File "/opt/stack/keystone/keystone/api/roles.py", line 70, in _get_role
Oct 20 16:09:42 user devstack@keystone.service[45384]: ERROR keystone.server.flask.application ENFORCER.enforce_call(action='identity:get_role')
Oct 20 16:09:42 user devstack@keystone.service[45384]: ERROR keystone.server.flask.application
File "/opt/stack/keystone/keystone/common/rbac_enforcer/enforcer.py", line 402, in enforce_call
Oct 20 16:09:42 user devstack@keystone.service[45384]: ERROR keystone.server.flask.application policy_dict.update(cls._extract_member_target_data(
Oct 20 16:09:42 user devstack@keystone.service[45384]: ERROR keystone.server.flask.application
File "/opt/stack/keystone/keystone/common/rbac_enforcer/enforcer.py", line 234, in _extract_member_target_data
Oct 20 16:09:42 user devstack@keystone.service[45384]: ERROR keystone.server.flask.application member_name: func(flask.request.view_args[key])
Oct 20 16:09:42 user devstack@keystone.service[45384]: ERROR keystone.server.flask.application
File "/opt/stack/keystone/keystone/common/manager.py", line 115, in wrapped
Oct 20 16:09:42 user devstack@keystone.service[45384]: ERROR keystone.server.flask.application __ret_val = __f(*args, **kwargs)
Oct 20 16:09:42 user devstack@keystone.service[45384]: ERROR keystone.server.flask.application
File "/opt/stack/data/venv/lib/python3.10/site-packages/decorator.py", line 232, in fun
Oct 20 16:09:42 user devstack@keystone.service[45384]: ERROR keystone.server.flask.application return caller(func, *(extras + args), **kw)
Oct 20 16:09:42 user devstack@keystone.service[45384]: ERROR keystone.server.flask.application
File "/opt/stack/data/venv/lib/python3.10/site-packages/dogpile/cache/region.py", line 1594, in get_or_create_for_user_func
Oct 20 16:09:42 user devstack@keystone.service[45384]: ERROR keystone.server.flask.application return self.get_or_create(
Oct 20 16:09:42 user devstack@keystone.service[45384]: ERROR keystone.server.flask.application
File "/opt/stack/data/venv/lib/python3.10/site-packages/dogpile/cache/region.py", line 1054, in get_or_create
Oct 20 16:09:42 user devstack@keystone.service[45384]: ERROR keystone.server.flask.application with Lock(
Oct 20 16:09:42 user devstack@keystone.service[45384]: ERROR keystone.server.flask.application
File "/opt/stack/data/venv/lib/python3.10/site-packages/dogpile/lock.py", line 185, in __enter__
Oct 20 16:09:42 user devstack@keystone.service[45384]: ERROR keystone.server.flask.application return self._enter()
Oct 20 16:09:42 user devstack@keystone.service[45384]: ERROR keystone.server.flask.application
File "/opt/stack/data/venv/lib/python3.10/site-packages/dogpile/lock.py", line 94, in _enter
Oct 20 16:09:42 user devstack@keystone.service[45384]: ERROR keystone.server.flask.application generated = self._enter_create(value, createdtime)
Oct 20 16:09:42 user devstack@keystone.service[45384]: ERROR keystone.server.flask.application
File "/opt/stack/data/venv/lib/python3.10/site-packages/dogpile/lock.py", line 178, in _enter_create
Oct 20 16:09:42 user devstack@keystone.service[45384]: ERROR keystone.server.flask.application return self.creator()
Oct 20 16:09:42 user devstack@keystone.service[45384]: ERROR keystone.server.flask.application
File "/opt/stack/data/venv/lib/python3.10/site-packages/dogpile/cache/region.py", line 1007, in gen_value
Oct 20 16:09:42 user devstack@keystone.service[45384]: ERROR keystone.server.flask.application created_value = creator(
Oct 20 16:09:42 user devstack@keystone.service[45384]: ERROR keystone.server.flask.application
File "/opt/stack/keystone/keystone/assignment/core.py", line 1276, in get_role
Oct 20 16:09:42 user devstack@keystone.service[45384]: ERROR keystone.server.flask.application return self.driver.get_role(role_id)
Oct 20 16:09:42 user devstack@keystone.service[45384]: ERROR keystone.server.flask.application
File "/opt/stack/keystone/keystone/assignment/role_backends/sql.py", line 70, in get_role
Oct 20 16:09:42 user devstack@keystone.service[45384]: ERROR keystone.server.flask.application return self._get_role(session, role_id).to_dict()
Oct 20 16:09:42 user devstack@keystone.service[45384]: ERROR keystone.server.flask.application
File "/opt/stack/keystone/keystone/assignment/role_backends/sql.py", line 65, in _get_role
Oct 20 16:09:42 user devstack@keystone.service[45384]: ERROR keystone.server.flask.application raise exception.RoleNotFound(role_id=role_id)
Oct 20 16:09:42 user devstack@keystone.service[45384]: ERROR keystone.server.flask.application keystone.exception.RoleNotFound: Could not find role: anotherrole.
Oct 20 16:09:42 user devstack@keystone.service[45384]: ERROR keystone.server.flask.application
Oct 20 16:09:42 user devstack@keystone.service[45384]: [pid: 45384|app: 0|req: 94/284] 10.0.0.210 () {56 vars in 1130 bytes} [Fri Oct 20 16:09:42 2023] GET /identity/v3/roles/anotherrole => generated 89 bytes in 36 msecs (HTTP/1.1 404) 5 headers in 183 bytes (1 switches on core 0)
Oct 20 16:09:42 user devstack@keystone.service[45382]: [pid: 45382|app: 0|req: 99/285] 10.0.0.210 () {58 vars in 1458 bytes} [Fri Oct 20 16:09:42 2023] PUT /identity/v3/projects/6424960442a24f3fa32432e207446337/groups/d1ab3e2b617643538bd2250534753664/roles/c3b7aa4021b94b89a6c87297900cb854 => generated 0 bytes in 44 msecs (HTTP/1.1 204) 3 headers in 132 bytes (0 switches on core 0)
Oct 20 16:09:42 user devstack@keystone.service[45384]: DEBUG keystone.server.flask.request_processing.middleware.auth_context [None req-7b88d3b1-500e-4178-9113-5aaf2805ca12 admin admin] Authenticating user token {{(pid=45384) process_request /opt/stack/data/venv/lib/python3.10/site-packages/keystonemiddleware/auth_token/__init__.py:406}}
Oct 20 16:09:42 user devstack@keystone.service[45384]: DEBUG keystone.server.flask.request_processing.middleware.auth_context [None req-7b88d3b1-500e-4178-9113-5aaf2805ca12 admin admin] Validating token access rules against request {{(pid=45384) validate_allowed_request /opt/stack/data/venv/lib/python3.10/site-packages/keystonemiddleware/auth_token/__init__.py:544}}
Oct 20 16:09:42 user devstack@keystone.service[45384]: DEBUG keystone.server.flask.request_processing.middleware.auth_context [None req-8309d2ff-7092-4c58-9c7c-cb3400f83a6a admin admin] RBAC: auth_context: {'token': , 'domain_id': None, 'trust_id': None, 'trustor_id': None, 'trustee_id': None, 'domain_name': None, 'group_ids': [], 'user_id': '1c6f94272b524c64827d4a4695fd4935', 'user_domain_id': 'default', 'system_scope': None, 'project_id': '5889652fa55d4800a9bba1c85a9dcf68', 'project_domain_id': 'default', 'roles': ['reader', 'member', 'manager', 'admin'], 'is_admin_project': True, 'service_user_id': None, 'service_user_domain_id': None, 'service_project_id': None, 'service_project_domain_id': None, 'service_roles': []} {{(pid=45384) fill_context /opt/stack/keystone/keystone/server/flask/request_processing/middleware/auth_context.py:480}}
Oct 20 16:09:42 user devstack@keystone.service[45384]: DEBUG keystone.server.flask.request_processing.req_logging [None req-8309d2ff-7092-4c58-9c7c-cb3400f83a6a admin admin] REQUEST_METHOD: `GET` {{(pid=45384) log_request_info /opt/stack/keystone/keystone/server/flask/request_processing/req_logging.py:27}}
Oct 20 16:09:42 user devstack@keystone.service[45384]: DEBUG keystone.server.flask.request_processing.req_logging [None req-8309d2ff-7092-4c58-9c7c-cb3400f83a6a admin admin] SCRIPT_NAME: `/identity` {{(pid=45384) log_request_info /opt/stack/keystone/keystone/server/flask/request_processing/req_logging.py:28}}
Oct 20 16:09:42 user devstack@keystone.service[45384]: DEBUG keystone.server.flask.request_processing.req_logging [None req-8309d2ff-7092-4c58-9c7c-cb3400f83a6a admin admin] PATH_INFO: `/v3/roles` {{(pid=45384) log_request_info /opt/stack/keystone/keystone/server/flask/request_processing/req_logging.py:29}}
Oct 20 16:09:42 user devstack@keystone.service[45384]: DEBUG keystone.common.rbac_enforcer.enforcer [None req-8309d2ff-7092-4c58-9c7c-cb3400f83a6a admin admin] RBAC: Adding query filter params (name=anotherrole) {{(pid=45384) _extract_filter_values /opt/stack/keystone/keystone/common/rbac_enforcer/enforcer.py:167}}
Oct 20 16:09:42 user devstack@keystone.service[45384]: DEBUG keystone.common.rbac_enforcer.enforcer [None req-8309d2ff-7092-4c58-9c7c-cb3400f83a6a admin admin] RBAC: Authorizing `identity:list_roles()` {{(pid=45384) enforce_call /opt/stack/keystone/keystone/common/rbac_enforcer/enforcer.py:449}}
Oct 20 16:09:42 user devstack@keystone.service[45384]: DEBUG keystone.common.rbac_enforcer.enforcer [None req-8309d2ff-7092-4c58-9c7c-cb3400f83a6a admin admin] RBAC: Authorization granted {{(pid=45384) enforce_call /opt/stack/keystone/keystone/common/rbac_enforcer/enforcer.py:457}}
Oct 20 16:09:42 user devstack@keystone.service[45384]: [pid: 45384|app: 0|req: 95/286] 10.0.0.210 () {56 vars in 1127 bytes} [Fri Oct 20 16:09:42 2023] GET /identity/v3/roles?name=anotherrole => generated 332 bytes in 82 msecs (HTTP/1.1 200) 5 headers in 177 bytes (1 switches on core 0)
Oct 20 16:09:42 user devstack@keystone.service[45382]: DEBUG keystone.server.flask.request_processing.middleware.auth_context [None req-72b5c960-6c25-4457-b76e-423589195c77 admin admin] Authenticating user token {{(pid=45382) process_request /opt/stack/data/venv/lib/python3.10/site-packages/keystonemiddleware/auth_token/__init__.py:406}}
Oct 20 16:09:42 user devstack@keystone.service[45384]: DEBUG keystone.server.flask.request_processing.middleware.auth_context [None req-8309d2ff-7092-4c58-9c7c-cb3400f83a6a admin admin] Authenticating user token {{(pid=45384) process_request /opt/stack/data/venv/lib/python3.10/site-packages/keystonemiddleware/auth_token/__init__.py:406}}
Oct 20 16:09:42 user devstack@keystone.service[45382]: DEBUG keystone.server.flask.request_processing.middleware.auth_context [None req-72b5c960-6c25-4457-b76e-423589195c77 admin admin] Validating token access rules against request {{(pid=45382) validate_allowed_request /opt/stack/data/venv/lib/python3.10/site-packages/keystonemiddleware/auth_token/__init__.py:544}}
Oct 20 16:09:42 user devstack@keystone.service[45382]: DEBUG keystone.server.flask.request_processing.middleware.auth_context [None req-def8770e-6aa7-4936-b21a-12d57fd57c4d admin admin] RBAC: auth_context: {'token': , 'domain_id': None, 'trust_id': None, 'trustor_id': None, 'trustee_id': None, 'domain_name': None, 'group_ids': [], 'user_id': '1c6f94272b524c64827d4a4695fd4935', 'user_domain_id': 'default', 'system_scope': None, 'project_id': '5889652fa55d4800a9bba1c85a9dcf68', 'project_domain_id': 'default', 'roles': ['reader', 'member', 'manager', 'admin'], 'is_admin_project': True, 'service_user_id': None, 'service_user_domain_id': None, 'service_project_id': None, 'service_project_domain_id': None, 'service_roles': []} {{(pid=45382) fill_context /opt/stack/keystone/keystone/server/flask/request_processing/middleware/auth_context.py:480}}
Oct 20 16:09:42 user devstack@keystone.service[45382]: DEBUG keystone.server.flask.request_processing.req_logging [None req-def8770e-6aa7-4936-b21a-12d57fd57c4d admin admin] REQUEST_METHOD: `GET` {{(pid=45382) log_request_info /opt/stack/keystone/keystone/server/flask/request_processing/req_logging.py:27}}
Oct 20 16:09:42 user devstack@keystone.service[45382]: DEBUG keystone.server.flask.request_processing.req_logging [None req-def8770e-6aa7-4936-b21a-12d57fd57c4d admin admin] SCRIPT_NAME: `/identity` {{(pid=45382) log_request_info /opt/stack/keystone/keystone/server/flask/request_processing/req_logging.py:28}}
Oct 20 16:09:42 user devstack@keystone.service[45384]: DEBUG keystone.server.flask.request_processing.middleware.auth_context [None req-8309d2ff-7092-4c58-9c7c-cb3400f83a6a admin admin] Validating token access rules against request {{(pid=45384) validate_allowed_request /opt/stack/data/venv/lib/python3.10/site-packages/keystonemiddleware/auth_token/__init__.py:544}}
Oct 20 16:09:42 user devstack@keystone.service[45382]: DEBUG keystone.server.flask.request_processing.req_logging [None req-def8770e-6aa7-4936-b21a-12d57fd57c4d admin admin] PATH_INFO: `/v3/groups/d1ab3e2b617643538bd2250534753664` {{(pid=45382) log_request_info /opt/stack/keystone/keystone/server/flask/request_processing/req_logging.py:29}}
Oct 20 16:09:42 user devstack@keystone.service[45382]: DEBUG keystone.common.rbac_enforcer.enforcer [None req-def8770e-6aa7-4936-b21a-12d57fd57c4d admin admin] RBAC: Authorizing `identity:get_group(group_id=d1ab3e2b617643538bd2250534753664)` {{(pid=45382) enforce_call /opt/stack/keystone/keystone/common/rbac_enforcer/enforcer.py:449}}
Oct 20 16:09:42 user devstack@keystone.service[45382]: WARNING py.warnings [None req-def8770e-6aa7-4936-b21a-12d57fd57c4d admin admin] /opt/stack/data/venv/lib/python3.10/site-packages/oslo_policy/policy.py:1130: UserWarning: Policy "identity:get_group": "(role:reader and system_scope:all) or (role:reader and domain_id:%(target.group.domain_id)s)" failed scope check. The token used to make the request was project scoped but the policy requires ['system', 'domain'] scope. This behavior may change in the future where using the intended scope is required
Oct 20 16:09:42 user devstack@keystone.service[45382]: warnings.warn(msg)
Oct 20 16:09:42 user devstack@keystone.service[45382]:
Oct 20 16:09:42 user devstack@keystone.service[45382]: DEBUG keystone.common.rbac_enforcer.enforcer [None req-def8770e-6aa7-4936-b21a-12d57fd57c4d admin admin] RBAC: Authorization granted {{(pid=45382) enforce_call /opt/stack/keystone/keystone/common/rbac_enforcer/enforcer.py:457}}
Oct 20 16:09:42 user devstack@keystone.service[45382]: [pid: 45382|app: 0|req: 100/287] 10.0.0.210 () {56 vars in 1196 bytes} [Fri Oct 20 16:09:42 2023] GET /identity/v3/groups/d1ab3e2b617643538bd2250534753664 => generated 225 bytes in 22 msecs (HTTP/1.1 200) 5 headers in 177 bytes (1 switches on core 0)
