Oct 20 16:21:18 user devstack@n-api.service[64029]: DEBUG nova.policy [None req-77e30561-8995-461c-b2cb-106ea5c2a36e tempest-TestServerVolumeAttachmentScenario-634653240 tempest-TestServerVolumeAttachmentScenario-634653240-project-member] Policy check for os_compute_api:os-extended-server-attributes failed with credentials {'is_admin': False, 'user_id': '9672540d35b644bda7c5f006cecc6870', 'user_domain_id': 'default', 'system_scope': None, 'domain_id': None, 'project_id': 'b057c4fc24fb45e0a5bbf7ec5993c5a7', 'project_domain_id': 'default', 'roles': ['reader', 'member'], 'is_admin_project': True, 'service_user_id': None, 'service_user_domain_id': None, 'service_project_id': None, 'service_project_domain_id': None, 'service_roles': []} {{(pid=64029) authorize /opt/stack/nova/nova/policy.py:203}}
Oct 20 16:21:18 user devstack@n-api.service[64029]: INFO nova.api.openstack.requestlog [None req-77e30561-8995-461c-b2cb-106ea5c2a36e tempest-TestServerVolumeAttachmentScenario-634653240 tempest-TestServerVolumeAttachmentScenario-634653240-project-member] 10.0.0.210 "GET /compute/v2.1/servers/97808f8f-f8ae-40b6-ae3a-b7a209a2a64d" status: 200 len: 1243 microversion: 2.1 time: 0.125763
Oct 20 16:21:18 user devstack@n-api.service[64029]: [pid: 64029|app: 0|req: 42/118] 10.0.0.210 () {62 vars in 1313 bytes} [Fri Oct 20 16:21:18 2023] GET /compute/v2.1/servers/97808f8f-f8ae-40b6-ae3a-b7a209a2a64d => generated 1243 bytes in 128 msecs (HTTP/1.1 200) 9 headers in 358 bytes (1 switches on core 0)
Oct 20 16:21:19 user devstack@n-api.service[64030]: DEBUG nova.api.openstack.wsgi [req-42880db8-01ee-4c7c-a3e2-4f187e4818bf req-58cc3975-4e5f-499a-b046-8042e881de3f service nova] Action: 'create', calling method: >, body: {"events": [{"name": "network-changed", "server_uuid": "a6903514-5d6a-4954-bb2d-a5da5d5624ca", "tag": "99757533-e66b-4bc8-97d0-7d48f34782bf"}]} {{(pid=64030) _process_stack /opt/stack/nova/nova/api/openstack/wsgi.py:511}}
Oct 20 16:21:19 user devstack@n-api.service[64028]: DEBUG nova.api.openstack.wsgi [req-7beea4e3-b635-4623-9732-762349942c5b req-c67c48b2-956a-4c96-af76-d67382196411 service nova] Action: 'create', calling method: >, body: {"events": [{"name": "network-changed", "server_uuid": "3308d7fc-97c0-4491-89da-b2c764637509", "tag": "1bf41897-28d2-4330-9306-804c943a8411"}]} {{(pid=64028) _process_stack /opt/stack/nova/nova/api/openstack/wsgi.py:511}}
Oct 20 16:21:19 user devstack@n-api.service[64030]: DEBUG oslo_concurrency.lockutils [req-42880db8-01ee-4c7c-a3e2-4f187e4818bf req-58cc3975-4e5f-499a-b046-8042e881de3f service nova] Acquiring lock "d4d84b5c-530a-49b7-b6ce-b57347941bf3" by "nova.context.set_target_cell..get_or_set_cached_cell_and_set_connections" {{(pid=64030) inner /opt/stack/data/venv/lib/python3.10/site-packages/oslo_concurrency/lockutils.py:404}}
Oct 20 16:21:19 user devstack@n-api.service[64030]: DEBUG oslo_concurrency.lockutils [req-42880db8-01ee-4c7c-a3e2-4f187e4818bf req-58cc3975-4e5f-499a-b046-8042e881de3f service nova] Lock "d4d84b5c-530a-49b7-b6ce-b57347941bf3" acquired by "nova.context.set_target_cell..get_or_set_cached_cell_and_set_connections" :: waited 0.001s {{(pid=64030) inner /opt/stack/data/venv/lib/python3.10/site-packages/oslo_concurrency/lockutils.py:409}}
Oct 20 16:21:19 user devstack@n-api.service[64030]: DEBUG oslo_concurrency.lockutils [req-42880db8-01ee-4c7c-a3e2-4f187e4818bf req-58cc3975-4e5f-499a-b046-8042e881de3f service nova] Lock "d4d84b5c-530a-49b7-b6ce-b57347941bf3" "released" by "nova.context.set_target_cell..get_or_set_cached_cell_and_set_connections" :: held 0.002s {{(pid=64030) inner /opt/stack/data/venv/lib/python3.10/site-packages/oslo_concurrency/lockutils.py:423}}
Oct 20 16:21:19 user devstack@n-api.service[64028]: DEBUG oslo_concurrency.lockutils [req-7beea4e3-b635-4623-9732-762349942c5b req-c67c48b2-956a-4c96-af76-d67382196411 service nova] Acquiring lock "d4d84b5c-530a-49b7-b6ce-b57347941bf3" by "nova.context.set_target_cell..get_or_set_cached_cell_and_set_connections" {{(pid=64028) inner /opt/stack/data/venv/lib/python3.10/site-packages/oslo_concurrency/lockutils.py:404}}
Oct 20 16:21:19 user devstack@n-api.service[64028]: DEBUG oslo_concurrency.lockutils [req-7beea4e3-b635-4623-9732-762349942c5b req-c67c48b2-956a-4c96-af76-d67382196411 service nova] Lock "d4d84b5c-530a-49b7-b6ce-b57347941bf3" acquired by "nova.context.set_target_cell..get_or_set_cached_cell_and_set_connections" :: waited 0.001s {{(pid=64028) inner /opt/stack/data/venv/lib/python3.10/site-packages/oslo_concurrency/lockutils.py:409}}
Oct 20 16:21:19 user devstack@n-api.service[64028]: DEBUG oslo_concurrency.lockutils [req-7beea4e3-b635-4623-9732-762349942c5b req-c67c48b2-956a-4c96-af76-d67382196411 service nova] Lock "d4d84b5c-530a-49b7-b6ce-b57347941bf3" "released" by "nova.context.set_target_cell..get_or_set_cached_cell_and_set_connections" :: held 0.001s {{(pid=64028) inner /opt/stack/data/venv/lib/python3.10/site-packages/oslo_concurrency/lockutils.py:423}}
Oct 20 16:21:19 user devstack@n-api.service[64030]: INFO nova.api.openstack.compute.server_external_events [req-42880db8-01ee-4c7c-a3e2-4f187e4818bf req-58cc3975-4e5f-499a-b046-8042e881de3f service nova] Creating event network-changed:99757533-e66b-4bc8-97d0-7d48f34782bf for instance a6903514-5d6a-4954-bb2d-a5da5d5624ca on user
Oct 20 16:21:19 user devstack@n-api.service[64028]: INFO nova.api.openstack.compute.server_external_events [req-7beea4e3-b635-4623-9732-762349942c5b req-c67c48b2-956a-4c96-af76-d67382196411 service nova] Creating event network-changed:1bf41897-28d2-4330-9306-804c943a8411 for instance 3308d7fc-97c0-4491-89da-b2c764637509 on user
Oct 20 16:21:19 user devstack@n-api.service[64030]: INFO nova.api.openstack.requestlog [req-42880db8-01ee-4c7c-a3e2-4f187e4818bf req-58cc3975-4e5f-499a-b046-8042e881de3f service nova] 10.0.0.210 "POST /compute/v2.1/os-server-external-events" status: 200 len: 179 microversion: 2.1 time: 0.054248
Oct 20 16:21:19 user devstack@n-api.service[64030]: [pid: 64030|app: 0|req: 40/119] 10.0.0.210 () {68 vars in 1394 bytes} [Fri Oct 20 16:21:19 2023] POST /compute/v2.1/os-server-external-events => generated 179 bytes in 58 msecs (HTTP/1.1 200) 9 headers in 357 bytes (1 switches on core 0)
Oct 20 16:21:19 user devstack@n-api.service[64028]: INFO nova.api.openstack.requestlog [req-7beea4e3-b635-4623-9732-762349942c5b req-c67c48b2-956a-4c96-af76-d67382196411 service nova] 10.0.0.210 "POST /compute/v2.1/os-server-external-events" status: 200 len: 179 microversion: 2.1 time: 0.049760
Oct 20 16:21:19 user devstack@n-api.service[64028]: [pid: 64028|app: 0|req: 38/120] 10.0.0.210 () {68 vars in 1394 bytes} [Fri Oct 20 16:21:19 2023] POST /compute/v2.1/os-server-external-events => generated 179 bytes in 51 msecs (HTTP/1.1 200) 9 headers in 357 bytes (1 switches on core 0)
Oct 20 16:21:21 user devstack@n-api.service[64029]: DEBUG nova.api.openstack.wsgi [req-5978fcfb-5b8b-4bfe-a559-6bc67883438a req-4b76f747-d952-4860-a16f-4517ad78e013 service nova] Action: 'create', calling method: >, body: {"events": [{"name": "network-changed", "server_uuid": "a6903514-5d6a-4954-bb2d-a5da5d5624ca", "tag": "5c568f79-cd10-49f5-83a9-b3c375a11c51"}, {"name": "network-changed", "server_uuid": "a6903514-5d6a-4954-bb2d-a5da5d5624ca", "tag": "a5c275f1-5b09-4cf8-8590-8971595a828c"}]} {{(pid=64029) _process_stack /opt/stack/nova/nova/api/openstack/wsgi.py:511}}
Oct 20 16:21:21 user devstack@n-api.service[64029]: DEBUG dbcounter [-] [64029] Writing DB stats nova_cell0:SELECT=2 {{(pid=64029) stat_writer /opt/stack/data/venv/lib/python3.10/site-packages/dbcounter.py:115}}
Oct 20 16:21:21 user devstack@n-api.service[64029]: DEBUG oslo_concurrency.lockutils [req-5978fcfb-5b8b-4bfe-a559-6bc67883438a req-4b76f747-d952-4860-a16f-4517ad78e013 service nova] Acquiring lock "d4d84b5c-530a-49b7-b6ce-b57347941bf3" by "nova.context.set_target_cell..get_or_set_cached_cell_and_set_connections" {{(pid=64029) inner /opt/stack/data/venv/lib/python3.10/site-packages/oslo_concurrency/lockutils.py:404}}
Oct 20 16:21:21 user devstack@n-api.service[64029]: DEBUG oslo_concurrency.lockutils [req-5978fcfb-5b8b-4bfe-a559-6bc67883438a req-4b76f747-d952-4860-a16f-4517ad78e013 service nova] Lock "d4d84b5c-530a-49b7-b6ce-b57347941bf3" acquired by "nova.context.set_target_cell..get_or_set_cached_cell_and_set_connections" :: waited 0.001s {{(pid=64029) inner /opt/stack/data/venv/lib/python3.10/site-packages/oslo_concurrency/lockutils.py:409}}
Oct 20 16:21:21 user devstack@n-api.service[64029]: DEBUG oslo_concurrency.lockutils [req-5978fcfb-5b8b-4bfe-a559-6bc67883438a req-4b76f747-d952-4860-a16f-4517ad78e013 service nova] Lock "d4d84b5c-530a-49b7-b6ce-b57347941bf3" "released" by "nova.context.set_target_cell..get_or_set_cached_cell_and_set_connections" :: held 0.001s {{(pid=64029) inner /opt/stack/data/venv/lib/python3.10/site-packages/oslo_concurrency/lockutils.py:423}}
Oct 20 16:21:21 user devstack@n-api.service[64030]: DEBUG nova.api.openstack.wsgi [req-4e3d4f3e-1cb3-49e1-9f50-707ae847b342 req-c6d919f3-7c38-401f-94cc-5bc8e3f04e6c service nova] Action: 'create', calling method: >, body: {"events": [{"name": "network-changed", "server_uuid": "3308d7fc-97c0-4491-89da-b2c764637509", "tag": "7c4de563-daf8-46aa-9b5b-23c9e24bcee2"}, {"name": "network-changed", "server_uuid": "3308d7fc-97c0-4491-89da-b2c764637509", "tag": "f51a05ea-ef40-44f9-a969-6e9e420590bb"}]} {{(pid=64030) _process_stack /opt/stack/nova/nova/api/openstack/wsgi.py:511}}
Oct 20 16:21:21 user devstack@n-api.service[64029]: INFO nova.api.openstack.compute.server_external_events [req-5978fcfb-5b8b-4bfe-a559-6bc67883438a req-4b76f747-d952-4860-a16f-4517ad78e013 service nova] Creating event network-changed:5c568f79-cd10-49f5-83a9-b3c375a11c51 for instance a6903514-5d6a-4954-bb2d-a5da5d5624ca on user
Oct 20 16:21:21 user devstack@n-api.service[64029]: INFO nova.api.openstack.compute.server_external_events [req-5978fcfb-5b8b-4bfe-a559-6bc67883438a req-4b76f747-d952-4860-a16f-4517ad78e013 service nova] Creating event network-changed:a5c275f1-5b09-4cf8-8590-8971595a828c for instance a6903514-5d6a-4954-bb2d-a5da5d5624ca on user
Oct 20 16:21:21 user devstack@n-api.service[64029]: INFO nova.api.openstack.requestlog [req-5978fcfb-5b8b-4bfe-a559-6bc67883438a req-4b76f747-d952-4860-a16f-4517ad78e013 service nova] 10.0.0.210 "POST /compute/v2.1/os-server-external-events" status: 200 len: 346 microversion: 2.1 time: 0.045333
Oct 20 16:21:21 user devstack@n-api.service[64029]: [pid: 64029|app: 0|req: 43/121] 10.0.0.210 () {68 vars in 1394 bytes} [Fri Oct 20 16:21:21 2023] POST /compute/v2.1/os-server-external-events => generated 346 bytes in 47 msecs (HTTP/1.1 200) 9 headers in 357 bytes (1 switches on core 0)
Oct 20 16:21:21 user devstack@n-api.service[64030]: DEBUG oslo_concurrency.lockutils [req-4e3d4f3e-1cb3-49e1-9f50-707ae847b342 req-c6d919f3-7c38-401f-94cc-5bc8e3f04e6c service nova] Acquiring lock "d4d84b5c-530a-49b7-b6ce-b57347941bf3" by "nova.context.set_target_cell..get_or_set_cached_cell_and_set_connections" {{(pid=64030) inner /opt/stack/data/venv/lib/python3.10/site-packages/oslo_concurrency/lockutils.py:404}}
Oct 20 16:21:21 user devstack@n-api.service[64030]: DEBUG oslo_concurrency.lockutils [req-4e3d4f3e-1cb3-49e1-9f50-707ae847b342 req-c6d919f3-7c38-401f-94cc-5bc8e3f04e6c service nova] Lock "d4d84b5c-530a-49b7-b6ce-b57347941bf3" acquired by "nova.context.set_target_cell..get_or_set_cached_cell_and_set_connections" :: waited 0.001s {{(pid=64030) inner /opt/stack/data/venv/lib/python3.10/site-packages/oslo_concurrency/lockutils.py:409}}
Oct 20 16:21:21 user devstack@n-api.service[64030]: DEBUG oslo_concurrency.lockutils [req-4e3d4f3e-1cb3-49e1-9f50-707ae847b342 req-c6d919f3-7c38-401f-94cc-5bc8e3f04e6c service nova] Lock "d4d84b5c-530a-49b7-b6ce-b57347941bf3" "released" by "nova.context.set_target_cell..get_or_set_cached_cell_and_set_connections" :: held 0.001s {{(pid=64030) inner /opt/stack/data/venv/lib/python3.10/site-packages/oslo_concurrency/lockutils.py:423}}
Oct 20 16:21:21 user devstack@n-api.service[64030]: INFO nova.api.openstack.compute.server_external_events [req-4e3d4f3e-1cb3-49e1-9f50-707ae847b342 req-c6d919f3-7c38-401f-94cc-5bc8e3f04e6c service nova] Creating event network-changed:7c4de563-daf8-46aa-9b5b-23c9e24bcee2 for instance 3308d7fc-97c0-4491-89da-b2c764637509 on user
Oct 20 16:21:21 user devstack@n-api.service[64030]: INFO nova.api.openstack.compute.server_external_events [req-4e3d4f3e-1cb3-49e1-9f50-707ae847b342 req-c6d919f3-7c38-401f-94cc-5bc8e3f04e6c service nova] Creating event network-changed:f51a05ea-ef40-44f9-a969-6e9e420590bb for instance 3308d7fc-97c0-4491-89da-b2c764637509 on user
Oct 20 16:21:21 user devstack@n-api.service[64030]: INFO nova.api.openstack.requestlog [req-4e3d4f3e-1cb3-49e1-9f50-707ae847b342 req-c6d919f3-7c38-401f-94cc-5bc8e3f04e6c service nova] 10.0.0.210 "POST /compute/v2.1/os-server-external-events" status: 200 len: 346 microversion: 2.1 time: 0.068120
Oct 20 16:21:21 user devstack@n-api.service[64030]: [pid: 64030|app: 0|req: 41/122] 10.0.0.210 () {68 vars in 1394 bytes} [Fri Oct 20 16:21:21 2023] POST /compute/v2.1/os-server-external-events => generated 346 bytes in 70 msecs (HTTP/1.1 200) 9 headers in 357 bytes (1 switches on core 0)
Oct 20 16:21:21 user devstack@n-api.service[64028]: DEBUG nova.api.openstack.wsgi [req-658c24c9-3695-44ff-a8f9-2ad93d711f76 req-4fa760c6-e7f9-4072-a851-188925a0830c service nova] Action: 'create', calling method: >, body: {"events": [{"name": "network-changed", "server_uuid": "97808f8f-f8ae-40b6-ae3a-b7a209a2a64d", "tag": "c08fc7c0-8c6d-4d94-8e25-7dabdd052274"}]} {{(pid=64028) _process_stack /opt/stack/nova/nova/api/openstack/wsgi.py:511}}
Oct 20 16:21:21 user devstack@n-api.service[64028]: DEBUG oslo_concurrency.lockutils [req-658c24c9-3695-44ff-a8f9-2ad93d711f76 req-4fa760c6-e7f9-4072-a851-188925a0830c service nova] Acquiring lock "d4d84b5c-530a-49b7-b6ce-b57347941bf3" by "nova.context.set_target_cell..get_or_set_cached_cell_and_set_connections" {{(pid=64028) inner /opt/stack/data/venv/lib/python3.10/site-packages/oslo_concurrency/lockutils.py:404}}
Oct 20 16:21:21 user devstack@n-api.service[64028]: DEBUG oslo_concurrency.lockutils [req-658c24c9-3695-44ff-a8f9-2ad93d711f76 req-4fa760c6-e7f9-4072-a851-188925a0830c service nova] Lock "d4d84b5c-530a-49b7-b6ce-b57347941bf3" acquired by "nova.context.set_target_cell..get_or_set_cached_cell_and_set_connections" :: waited 0.001s {{(pid=64028) inner /opt/stack/data/venv/lib/python3.10/site-packages/oslo_concurrency/lockutils.py:409}}
Oct 20 16:21:21 user devstack@n-api.service[64028]: DEBUG oslo_concurrency.lockutils [req-658c24c9-3695-44ff-a8f9-2ad93d711f76 req-4fa760c6-e7f9-4072-a851-188925a0830c service nova] Lock "d4d84b5c-530a-49b7-b6ce-b57347941bf3" "released" by "nova.context.set_target_cell..get_or_set_cached_cell_and_set_connections" :: held 0.001s {{(pid=64028) inner /opt/stack/data/venv/lib/python3.10/site-packages/oslo_concurrency/lockutils.py:423}}
Oct 20 16:21:21 user devstack@n-api.service[64028]: INFO nova.api.openstack.compute.server_external_events [req-658c24c9-3695-44ff-a8f9-2ad93d711f76 req-4fa760c6-e7f9-4072-a851-188925a0830c service nova] Creating event network-changed:c08fc7c0-8c6d-4d94-8e25-7dabdd052274 for instance 97808f8f-f8ae-40b6-ae3a-b7a209a2a64d on user
Oct 20 16:21:21 user devstack@n-api.service[64028]: INFO nova.api.openstack.requestlog [req-658c24c9-3695-44ff-a8f9-2ad93d711f76 req-4fa760c6-e7f9-4072-a851-188925a0830c service nova] 10.0.0.210 "POST /compute/v2.1/os-server-external-events" status: 200 len: 179 microversion: 2.1 time: 0.040794
Oct 20 16:21:21 user devstack@n-api.service[64028]: [pid: 64028|app: 0|req: 39/123] 10.0.0.210 () {68 vars in 1394 bytes} [Fri Oct 20 16:21:21 2023] POST /compute/v2.1/os-server-external-events => generated 179 bytes in 43 msecs (HTTP/1.1 200) 9 headers in 357 bytes (1 switches on core 0)
Oct 20 16:21:23 user devstack@n-api.service[64029]: DEBUG nova.api.openstack.wsgi [req-03631be6-367b-42ee-a3fc-09060e56c854 req-ab638274-2a87-4cf6-90df-27f39aa57e91 service nova] Action: 'create', calling method: >, body: {"events": [{"name": "network-changed", "server_uuid": "3308d7fc-97c0-4491-89da-b2c764637509", "tag": "f300e70d-b38f-4f63-be92-3ec0c30ee8dc"}, {"name": "network-changed", "server_uuid": "3308d7fc-97c0-4491-89da-b2c764637509", "tag": "5a14a4e6-3aa5-43cb-9559-0f2bff7b2020"}]} {{(pid=64029) _process_stack /opt/stack/nova/nova/api/openstack/wsgi.py:511}}
Oct 20 16:21:23 user devstack@n-api.service[64029]: DEBUG oslo_concurrency.lockutils [req-03631be6-367b-42ee-a3fc-09060e56c854 req-ab638274-2a87-4cf6-90df-27f39aa57e91 service nova] Acquiring lock "d4d84b5c-530a-49b7-b6ce-b57347941bf3" by "nova.context.set_target_cell..get_or_set_cached_cell_and_set_connections" {{(pid=64029) inner /opt/stack/data/venv/lib/python3.10/site-packages/oslo_concurrency/lockutils.py:404}}
Oct 20 16:21:23 user devstack@n-api.service[64029]: DEBUG oslo_concurrency.lockutils [req-03631be6-367b-42ee-a3fc-09060e56c854 req-ab638274-2a87-4cf6-90df-27f39aa57e91 service nova] Lock "d4d84b5c-530a-49b7-b6ce-b57347941bf3" acquired by "nova.context.set_target_cell..get_or_set_cached_cell_and_set_connections" :: waited 0.001s {{(pid=64029) inner /opt/stack/data/venv/lib/python3.10/site-packages/oslo_concurrency/lockutils.py:409}}
Oct 20 16:21:23 user devstack@n-api.service[64029]: DEBUG oslo_concurrency.lockutils [req-03631be6-367b-42ee-a3fc-09060e56c854 req-ab638274-2a87-4cf6-90df-27f39aa57e91 service nova] Lock "d4d84b5c-530a-49b7-b6ce-b57347941bf3" "released" by "nova.context.set_target_cell..get_or_set_cached_cell_and_set_connections" :: held 0.001s {{(pid=64029) inner /opt/stack/data/venv/lib/python3.10/site-packages/oslo_concurrency/lockutils.py:423}}
Oct 20 16:21:23 user devstack@n-api.service[64030]: DEBUG nova.api.openstack.wsgi [req-e6541c25-bcbd-4500-9be8-80b1a03289c0 req-31002c61-cd1a-428d-b9a7-06f987f420d3 service nova] Action: 'create', calling method: >, body: {"events": [{"name": "network-changed", "server_uuid": "a6903514-5d6a-4954-bb2d-a5da5d5624ca", "tag": "a156a317-1011-417d-b4da-199d79eca471"}, {"name": "network-changed", "server_uuid": "a6903514-5d6a-4954-bb2d-a5da5d5624ca", "tag": "a146d40a-536f-4bec-8a48-d162c51c818e"}]} {{(pid=64030) _process_stack /opt/stack/nova/nova/api/openstack/wsgi.py:511}}
Oct 20 16:21:23 user devstack@n-api.service[64029]: INFO nova.api.openstack.compute.server_external_events [req-03631be6-367b-42ee-a3fc-09060e56c854 req-ab638274-2a87-4cf6-90df-27f39aa57e91 service nova] Creating event network-changed:f300e70d-b38f-4f63-be92-3ec0c30ee8dc for instance 3308d7fc-97c0-4491-89da-b2c764637509 on user
Oct 20 16:21:23 user devstack@n-api.service[64029]: INFO nova.api.openstack.compute.server_external_events [req-03631be6-367b-42ee-a3fc-09060e56c854 req-ab638274-2a87-4cf6-90df-27f39aa57e91 service nova] Creating event network-changed:5a14a4e6-3aa5-43cb-9559-0f2bff7b2020 for instance 3308d7fc-97c0-4491-89da-b2c764637509 on user
Oct 20 16:21:23 user devstack@n-api.service[64029]: INFO nova.api.openstack.requestlog [req-03631be6-367b-42ee-a3fc-09060e56c854 req-ab638274-2a87-4cf6-90df-27f39aa57e91 service nova] 10.0.0.210 "POST /compute/v2.1/os-server-external-events" status: 200 len: 346 microversion: 2.1 time: 0.052296
Oct 20 16:21:23 user devstack@n-api.service[64029]: [pid: 64029|app: 0|req: 44/124] 10.0.0.210 () {68 vars in 1394 bytes} [Fri Oct 20 16:21:23 2023] POST /compute/v2.1/os-server-external-events => generated 346 bytes in 55 msecs (HTTP/1.1 200) 9 headers in 357 bytes (1 switches on core 0)
Oct 20 16:21:23 user devstack@n-api.service[64030]: DEBUG oslo_concurrency.lockutils [req-e6541c25-bcbd-4500-9be8-80b1a03289c0 req-31002c61-cd1a-428d-b9a7-06f987f420d3 service nova] Acquiring lock "d4d84b5c-530a-49b7-b6ce-b57347941bf3" by "nova.context.set_target_cell..get_or_set_cached_cell_and_set_connections" {{(pid=64030) inner /opt/stack/data/venv/lib/python3.10/site-packages/oslo_concurrency/lockutils.py:404}}
Oct 20 16:21:23 user devstack@n-api.service[64030]: DEBUG oslo_concurrency.lockutils [req-e6541c25-bcbd-4500-9be8-80b1a03289c0 req-31002c61-cd1a-428d-b9a7-06f987f420d3 service nova] Lock "d4d84b5c-530a-49b7-b6ce-b57347941bf3" acquired by "nova.context.set_target_cell..get_or_set_cached_cell_and_set_connections" :: waited 0.001s {{(pid=64030) inner /opt/stack/data/venv/lib/python3.10/site-packages/oslo_concurrency/lockutils.py:409}}
Oct 20 16:21:23 user devstack@n-api.service[64030]: DEBUG oslo_concurrency.lockutils [req-e6541c25-bcbd-4500-9be8-80b1a03289c0 req-31002c61-cd1a-428d-b9a7-06f987f420d3 service nova] Lock "d4d84b5c-530a-49b7-b6ce-b57347941bf3" "released" by "nova.context.set_target_cell..get_or_set_cached_cell_and_set_connections" :: held 0.001s {{(pid=64030) inner /opt/stack/data/venv/lib/python3.10/site-packages/oslo_concurrency/lockutils.py:423}}
Oct 20 16:21:23 user devstack@n-api.service[64028]: DEBUG nova.api.openstack.wsgi [None req-2030a6a9-4e63-4bff-86f3-ed8a8c700535 tempest-ServerActionsV293TestJSON-153044646 tempest-ServerActionsV293TestJSON-153044646-project-member] Calling method '>' {{(pid=64028) _process_stack /opt/stack/nova/nova/api/openstack/wsgi.py:513}}
Oct 20 16:21:23 user devstack@n-api.service[64028]: DEBUG nova.compute.api [None req-2030a6a9-4e63-4bff-86f3-ed8a8c700535 tempest-ServerActionsV293TestJSON-153044646 tempest-ServerActionsV293TestJSON-153044646-project-member] [instance: d2f0a264-c008-4a8d-a043-e3d391371e03] Fetching instance by UUID {{(pid=64028) get /opt/stack/nova/nova/compute/api.py:2978}}
Oct 20 16:21:23 user devstack@n-api.service[64030]: INFO nova.api.openstack.compute.server_external_events [req-e6541c25-bcbd-4500-9be8-80b1a03289c0 req-31002c61-cd1a-428d-b9a7-06f987f420d3 service nova] Creating event network-changed:a156a317-1011-417d-b4da-199d79eca471 for instance a6903514-5d6a-4954-bb2d-a5da5d5624ca on user
Oct 20 16:21:23 user devstack@n-api.service[64030]: INFO nova.api.openstack.compute.server_external_events [req-e6541c25-bcbd-4500-9be8-80b1a03289c0 req-31002c61-cd1a-428d-b9a7-06f987f420d3 service nova] Creating event network-changed:a146d40a-536f-4bec-8a48-d162c51c818e for instance a6903514-5d6a-4954-bb2d-a5da5d5624ca on user
Oct 20 16:21:23 user devstack@n-api.service[64028]: DEBUG oslo_concurrency.lockutils [None req-2030a6a9-4e63-4bff-86f3-ed8a8c700535 tempest-ServerActionsV293TestJSON-153044646 tempest-ServerActionsV293TestJSON-153044646-project-member] Acquiring lock "d4d84b5c-530a-49b7-b6ce-b57347941bf3" by "nova.context.set_target_cell..get_or_set_cached_cell_and_set_connections" {{(pid=64028) inner /opt/stack/data/venv/lib/python3.10/site-packages/oslo_concurrency/lockutils.py:404}}
Oct 20 16:21:23 user devstack@n-api.service[64028]: DEBUG oslo_concurrency.lockutils [None req-2030a6a9-4e63-4bff-86f3-ed8a8c700535 tempest-ServerActionsV293TestJSON-153044646 tempest-ServerActionsV293TestJSON-153044646-project-member] Lock "d4d84b5c-530a-49b7-b6ce-b57347941bf3" acquired by "nova.context.set_target_cell..get_or_set_cached_cell_and_set_connections" :: waited 0.002s {{(pid=64028) inner /opt/stack/data/venv/lib/python3.10/site-packages/oslo_concurrency/lockutils.py:409}}
Oct 20 16:21:23 user devstack@n-api.service[64028]: DEBUG oslo_concurrency.lockutils [None req-2030a6a9-4e63-4bff-86f3-ed8a8c700535 tempest-ServerActionsV293TestJSON-153044646 tempest-ServerActionsV293TestJSON-153044646-project-member] Lock "d4d84b5c-530a-49b7-b6ce-b57347941bf3" "released" by "nova.context.set_target_cell..get_or_set_cached_cell_and_set_connections" :: held 0.006s {{(pid=64028) inner /opt/stack/data/venv/lib/python3.10/site-packages/oslo_concurrency/lockutils.py:423}}
Oct 20 16:21:23 user devstack@n-api.service[64030]: INFO nova.api.openstack.requestlog [req-e6541c25-bcbd-4500-9be8-80b1a03289c0 req-31002c61-cd1a-428d-b9a7-06f987f420d3 service nova] 10.0.0.210 "POST /compute/v2.1/os-server-external-events" status: 200 len: 346 microversion: 2.1 time: 0.056540
Oct 20 16:21:23 user devstack@n-api.service[64030]: [pid: 64030|app: 0|req: 42/125] 10.0.0.210 () {68 vars in 1394 bytes} [Fri Oct 20 16:21:23 2023] POST /compute/v2.1/os-server-external-events => generated 346 bytes in 59 msecs (HTTP/1.1 200) 9 headers in 357 bytes (1 switches on core 0)
Oct 20 16:21:23 user devstack@n-api.service[64028]: DEBUG oslo_concurrency.lockutils [None req-2030a6a9-4e63-4bff-86f3-ed8a8c700535 tempest-ServerActionsV293TestJSON-153044646 tempest-ServerActionsV293TestJSON-153044646-project-member] Acquiring lock "d4d84b5c-530a-49b7-b6ce-b57347941bf3" by "nova.context.set_target_cell..get_or_set_cached_cell_and_set_connections" {{(pid=64028) inner /opt/stack/data/venv/lib/python3.10/site-packages/oslo_concurrency/lockutils.py:404}}
Oct 20 16:21:23 user devstack@n-api.service[64028]: DEBUG oslo_concurrency.lockutils [None req-2030a6a9-4e63-4bff-86f3-ed8a8c700535 tempest-ServerActionsV293TestJSON-153044646 tempest-ServerActionsV293TestJSON-153044646-project-member] Lock "d4d84b5c-530a-49b7-b6ce-b57347941bf3" acquired by "nova.context.set_target_cell..get_or_set_cached_cell_and_set_connections" :: waited 0.001s {{(pid=64028) inner /opt/stack/data/venv/lib/python3.10/site-packages/oslo_concurrency/lockutils.py:409}}
Oct 20 16:21:23 user devstack@n-api.service[64028]: DEBUG oslo_concurrency.lockutils [None req-2030a6a9-4e63-4bff-86f3-ed8a8c700535 tempest-ServerActionsV293TestJSON-153044646 tempest-ServerActionsV293TestJSON-153044646-project-member] Lock "d4d84b5c-530a-49b7-b6ce-b57347941bf3" "released" by "nova.context.set_target_cell..get_or_set_cached_cell_and_set_connections" :: held 0.000s {{(pid=64028) inner /opt/stack/data/venv/lib/python3.10/site-packages/oslo_concurrency/lockutils.py:423}}
Oct 20 16:21:24 user devstack@n-api.service[64028]: DEBUG nova.policy [None req-2030a6a9-4e63-4bff-86f3-ed8a8c700535 tempest-ServerActionsV293TestJSON-153044646 tempest-ServerActionsV293TestJSON-153044646-project-member] Policy check for os_compute_api:os-extended-server-attributes failed with credentials {'is_admin': False, 'user_id': '7afdf3b099374db9a370162d951c9f9c', 'user_domain_id': 'default', 'system_scope': None, 'domain_id': None, 'project_id': '271c255eceee494a88cb94ce0782cdac', 'project_domain_id': 'default', 'roles': ['reader', 'member'], 'is_admin_project': True, 'service_user_id': None, 'service_user_domain_id': None, 'service_project_id': None, 'service_project_domain_id': None, 'service_roles': []} {{(pid=64028) authorize /opt/stack/nova/nova/policy.py:203}}
Oct 20 16:21:24 user devstack@n-api.service[64028]: DEBUG nova.policy [None req-2030a6a9-4e63-4bff-86f3-ed8a8c700535 tempest-ServerActionsV293TestJSON-153044646 tempest-ServerActionsV293TestJSON-153044646-project-member] Policy check for os_compute_api:servers:show:host_status failed with credentials {'is_admin': False, 'user_id': '7afdf3b099374db9a370162d951c9f9c', 'user_domain_id': 'default', 'system_scope': None, 'domain_id': None, 'project_id': '271c255eceee494a88cb94ce0782cdac', 'project_domain_id': 'default', 'roles': ['reader', 'member'], 'is_admin_project': True, 'service_user_id': None, 'service_user_domain_id': None, 'service_project_id': None, 'service_project_domain_id': None, 'service_roles': []} {{(pid=64028) authorize /opt/stack/nova/nova/policy.py:203}}
Oct 20 16:21:24 user devstack@n-api.service[64028]: DEBUG nova.policy [None req-2030a6a9-4e63-4bff-86f3-ed8a8c700535 tempest-ServerActionsV293TestJSON-153044646 tempest-ServerActionsV293TestJSON-153044646-project-member] Policy check for os_compute_api:servers:show:host_status:unknown-only failed with credentials {'is_admin': False, 'user_id': '7afdf3b099374db9a370162d951c9f9c', 'user_domain_id': 'default', 'system_scope': None, 'domain_id': None, 'project_id': '271c255eceee494a88cb94ce0782cdac', 'project_domain_id': 'default', 'roles': ['reader', 'member'], 'is_admin_project': True, 'service_user_id': None, 'service_user_domain_id': None, 'service_project_id': None, 'service_project_domain_id': None, 'service_roles': []} {{(pid=64028) authorize /opt/stack/nova/nova/policy.py:203}}
Oct 20 16:21:24 user devstack@n-api.service[64028]: INFO nova.api.openstack.requestlog [None req-2030a6a9-4e63-4bff-86f3-ed8a8c700535 tempest-ServerActionsV293TestJSON-153044646 tempest-ServerActionsV293TestJSON-153044646-project-member] 10.0.0.210 "GET /compute/v2.1/servers/d2f0a264-c008-4a8d-a043-e3d391371e03" status: 200 len: 1720 microversion: 2.93 time: 1.002241
Oct 20 16:21:24 user devstack@n-api.service[64028]: [pid: 64028|app: 0|req: 40/126] 10.0.0.210 () {64 vars in 1354 bytes} [Fri Oct 20 16:21:23 2023] GET /compute/v2.1/servers/d2f0a264-c008-4a8d-a043-e3d391371e03 => generated 1720 bytes in 1006 msecs (HTTP/1.1 200) 9 headers in 360 bytes (1 switches on core 0)
Oct 20 16:21:25 user devstack@n-api.service[64029]: DEBUG nova.api.openstack.wsgi [req-7dda8ac0-b8c4-4f5a-b641-07c438723ace req-c9dc51d0-f26f-42b5-9f1b-c3b964d723a4 service nova] Action: 'create', calling method: >, body: {"events": [{"name": "network-changed", "server_uuid": "3308d7fc-97c0-4491-89da-b2c764637509", "tag": "d6c9b25b-7ddc-447e-9571-c1a727de3f8e"}, {"name": "network-changed", "server_uuid": "3308d7fc-97c0-4491-89da-b2c764637509", "tag": "ed445149-84d5-4acc-9ce3-d0d0a264cfc3"}, {"server_uuid": "97808f8f-f8ae-40b6-ae3a-b7a209a2a64d", "name": "network-vif-plugged", "status": "completed", "tag": "c08fc7c0-8c6d-4d94-8e25-7dabdd052274"}, {"server_uuid": "97808f8f-f8ae-40b6-ae3a-b7a209a2a64d", "name": "network-vif-plugged", "status": "completed", "tag": "c08fc7c0-8c6d-4d94-8e25-7dabdd052274"}]} {{(pid=64029) _process_stack /opt/stack/nova/nova/api/openstack/wsgi.py:511}}
Oct 20 16:21:25 user devstack@n-api.service[64029]: DEBUG oslo_concurrency.lockutils [req-7dda8ac0-b8c4-4f5a-b641-07c438723ace req-c9dc51d0-f26f-42b5-9f1b-c3b964d723a4 service nova] Acquiring lock "d4d84b5c-530a-49b7-b6ce-b57347941bf3" by "nova.context.set_target_cell..get_or_set_cached_cell_and_set_connections" {{(pid=64029) inner /opt/stack/data/venv/lib/python3.10/site-packages/oslo_concurrency/lockutils.py:404}}
Oct 20 16:21:25 user devstack@n-api.service[64029]: DEBUG oslo_concurrency.lockutils [req-7dda8ac0-b8c4-4f5a-b641-07c438723ace req-c9dc51d0-f26f-42b5-9f1b-c3b964d723a4 service nova] Lock "d4d84b5c-530a-49b7-b6ce-b57347941bf3" acquired by "nova.context.set_target_cell..get_or_set_cached_cell_and_set_connections" :: waited 0.001s {{(pid=64029) inner /opt/stack/data/venv/lib/python3.10/site-packages/oslo_concurrency/lockutils.py:409}}
Oct 20 16:21:25 user devstack@n-api.service[64029]: DEBUG oslo_concurrency.lockutils [req-7dda8ac0-b8c4-4f5a-b641-07c438723ace req-c9dc51d0-f26f-42b5-9f1b-c3b964d723a4 service nova] Lock "d4d84b5c-530a-49b7-b6ce-b57347941bf3" "released" by "nova.context.set_target_cell..get_or_set_cached_cell_and_set_connections" :: held 0.000s {{(pid=64029) inner /opt/stack/data/venv/lib/python3.10/site-packages/oslo_concurrency/lockutils.py:423}}
Oct 20 16:21:25 user devstack@n-api.service[64029]: INFO nova.api.openstack.compute.server_external_events [req-7dda8ac0-b8c4-4f5a-b641-07c438723ace req-c9dc51d0-f26f-42b5-9f1b-c3b964d723a4 service nova] Creating event network-changed:d6c9b25b-7ddc-447e-9571-c1a727de3f8e for instance 3308d7fc-97c0-4491-89da-b2c764637509 on user
Oct 20 16:21:25 user devstack@n-api.service[64029]: INFO nova.api.openstack.compute.server_external_events [req-7dda8ac0-b8c4-4f5a-b641-07c438723ace req-c9dc51d0-f26f-42b5-9f1b-c3b964d723a4 service nova] Creating event network-changed:ed445149-84d5-4acc-9ce3-d0d0a264cfc3 for instance 3308d7fc-97c0-4491-89da-b2c764637509 on user
Oct 20 16:21:25 user devstack@n-api.service[64029]: INFO nova.api.openstack.compute.server_external_events [req-7dda8ac0-b8c4-4f5a-b641-07c438723ace req-c9dc51d0-f26f-42b5-9f1b-c3b964d723a4 service nova] Creating event network-vif-plugged:c08fc7c0-8c6d-4d94-8e25-7dabdd052274 for instance 97808f8f-f8ae-40b6-ae3a-b7a209a2a64d on user
Oct 20 16:21:25 user devstack@n-api.service[64029]: INFO nova.api.openstack.compute.server_external_events [req-7dda8ac0-b8c4-4f5a-b641-07c438723ace req-c9dc51d0-f26f-42b5-9f1b-c3b964d723a4 service nova] Creating event network-vif-plugged:c08fc7c0-8c6d-4d94-8e25-7dabdd052274 for instance 97808f8f-f8ae-40b6-ae3a-b7a209a2a64d on user
Oct 20 16:21:25 user devstack@n-api.service[64029]: INFO nova.api.openstack.requestlog [req-7dda8ac0-b8c4-4f5a-b641-07c438723ace req-c9dc51d0-f26f-42b5-9f1b-c3b964d723a4 service nova] 10.0.0.210 "POST /compute/v2.1/os-server-external-events" status: 200 len: 688 microversion: 2.1 time: 0.039323
Oct 20 16:21:25 user devstack@n-api.service[64029]: [pid: 64029|app: 0|req: 45/127] 10.0.0.210 () {68 vars in 1394 bytes} [Fri Oct 20 16:21:25 2023] POST /compute/v2.1/os-server-external-events => generated 688 bytes in 41 msecs (HTTP/1.1 200) 9 headers in 357 bytes (1 switches on core 0)
Oct 20 16:21:25 user devstack@n-api.service[64030]: DEBUG nova.api.openstack.wsgi [req-d0c98b59-6d7f-489d-8c9a-0e7d29bff86f req-e23342a6-4525-4cd0-97da-b1636b811150 service nova] Action: 'create', calling method: >, body: {"events": [{"name": "network-changed", "server_uuid": "a6903514-5d6a-4954-bb2d-a5da5d5624ca", "tag": "a567a97b-c472-4481-97db-7d7a4ef92ec1"}, {"name": "network-changed", "server_uuid": "a6903514-5d6a-4954-bb2d-a5da5d5624ca", "tag": "c1f7bff5-067d-4e94-9703-b3a03102c6bb"}]} {{(pid=64030) _process_stack /opt/stack/nova/nova/api/openstack/wsgi.py:511}}
Oct 20 16:21:25 user devstack@n-api.service[64030]: DEBUG dbcounter [-] [64030] Writing DB stats nova_cell0:SELECT=10 {{(pid=64030) stat_writer /opt/stack/data/venv/lib/python3.10/site-packages/dbcounter.py:115}}
Oct 20 16:21:25 user devstack@n-api.service[64030]: DEBUG oslo_concurrency.lockutils [req-d0c98b59-6d7f-489d-8c9a-0e7d29bff86f req-e23342a6-4525-4cd0-97da-b1636b811150 service nova] Acquiring lock "d4d84b5c-530a-49b7-b6ce-b57347941bf3" by "nova.context.set_target_cell..get_or_set_cached_cell_and_set_connections" {{(pid=64030) inner /opt/stack/data/venv/lib/python3.10/site-packages/oslo_concurrency/lockutils.py:404}}
Oct 20 16:21:25 user devstack@n-api.service[64030]: DEBUG oslo_concurrency.lockutils [req-d0c98b59-6d7f-489d-8c9a-0e7d29bff86f req-e23342a6-4525-4cd0-97da-b1636b811150 service nova] Lock "d4d84b5c-530a-49b7-b6ce-b57347941bf3" acquired by "nova.context.set_target_cell..get_or_set_cached_cell_and_set_connections" :: waited 0.001s {{(pid=64030) inner /opt/stack/data/venv/lib/python3.10/site-packages/oslo_concurrency/lockutils.py:409}}
Oct 20 16:21:25 user devstack@n-api.service[64030]: DEBUG oslo_concurrency.lockutils [req-d0c98b59-6d7f-489d-8c9a-0e7d29bff86f req-e23342a6-4525-4cd0-97da-b1636b811150 service nova] Lock "d4d84b5c-530a-49b7-b6ce-b57347941bf3" "released" by "nova.context.set_target_cell..get_or_set_cached_cell_and_set_connections" :: held 0.000s {{(pid=64030) inner /opt/stack/data/venv/lib/python3.10/site-packages/oslo_concurrency/lockutils.py:423}}
Oct 20 16:21:25 user devstack@n-api.service[64030]: INFO nova.api.openstack.compute.server_external_events [req-d0c98b59-6d7f-489d-8c9a-0e7d29bff86f req-e23342a6-4525-4cd0-97da-b1636b811150 service nova] Creating event network-changed:a567a97b-c472-4481-97db-7d7a4ef92ec1 for instance a6903514-5d6a-4954-bb2d-a5da5d5624ca on user
Oct 20 16:21:25 user devstack@n-api.service[64030]: INFO nova.api.openstack.compute.server_external_events [req-d0c98b59-6d7f-489d-8c9a-0e7d29bff86f req-e23342a6-4525-4cd0-97da-b1636b811150 service nova] Creating event network-changed:c1f7bff5-067d-4e94-9703-b3a03102c6bb for instance a6903514-5d6a-4954-bb2d-a5da5d5624ca on user
Oct 20 16:21:25 user devstack@n-api.service[64030]: INFO nova.api.openstack.requestlog [req-d0c98b59-6d7f-489d-8c9a-0e7d29bff86f req-e23342a6-4525-4cd0-97da-b1636b811150 service nova] 10.0.0.210 "POST /compute/v2.1/os-server-external-events" status: 200 len: 346 microversion: 2.1 time: 0.051329
Oct 20 16:21:25 user devstack@n-api.service[64030]: [pid: 64030|app: 0|req: 43/128] 10.0.0.210 () {68 vars in 1394 bytes} [Fri Oct 20 16:21:25 2023] POST /compute/v2.1/os-server-external-events => generated 346 bytes in 54 msecs (HTTP/1.1 200) 9 headers in 357 bytes (1 switches on core 0)
Oct 20 16:21:33 user devstack@n-api.service[64028]: DEBUG nova.api.openstack.wsgi [None req-8aaa099f-10ea-4be2-bbf0-bdb9cb0c0303 tempest-TaggedAttachmentsTest-595633563 tempest-TaggedAttachmentsTest-595633563-project-member] Calling method '>' {{(pid=64028) _process_stack /opt/stack/nova/nova/api/openstack/wsgi.py:513}}
Oct 20 16:21:33 user devstack@n-api.service[64028]: DEBUG nova.compute.api [None req-8aaa099f-10ea-4be2-bbf0-bdb9cb0c0303 tempest-TaggedAttachmentsTest-595633563 tempest-TaggedAttachmentsTest-595633563-project-member] [instance: ee67f6fa-6b81-46b5-a3cc-ef756c0ad477] Fetching instance by UUID {{(pid=64028) get /opt/stack/nova/nova/compute/api.py:2978}}
Oct 20 16:21:33 user devstack@n-api.service[64028]: DEBUG dbcounter [-] [64028] Writing DB stats nova_cell0:SELECT=4 {{(pid=64028) stat_writer /opt/stack/data/venv/lib/python3.10/site-packages/dbcounter.py:115}}
Oct 20 16:21:33 user devstack@n-api.service[64028]: DEBUG dbcounter [-] [64028] Writing DB stats nova_cell0:SELECT=16 {{(pid=64028) stat_writer /opt/stack/data/venv/lib/python3.10/site-packages/dbcounter.py:115}}
Oct 20 16:21:33 user devstack@n-api.service[64028]: DEBUG oslo_concurrency.lockutils [None req-8aaa099f-10ea-4be2-bbf0-bdb9cb0c0303 tempest-TaggedAttachmentsTest-595633563 tempest-TaggedAttachmentsTest-595633563-project-member] Acquiring lock "d4d84b5c-530a-49b7-b6ce-b57347941bf3" by "nova.context.set_target_cell..get_or_set_cached_cell_and_set_connections" {{(pid=64028) inner /opt/stack/data/venv/lib/python3.10/site-packages/oslo_concurrency/lockutils.py:404}}
Oct 20 16:21:33 user devstack@n-api.service[64028]: DEBUG oslo_concurrency.lockutils [None req-8aaa099f-10ea-4be2-bbf0-bdb9cb0c0303 tempest-TaggedAttachmentsTest-595633563 tempest-TaggedAttachmentsTest-595633563-project-member] Lock "d4d84b5c-530a-49b7-b6ce-b57347941bf3" acquired by "nova.context.set_target_cell..get_or_set_cached_cell_and_set_connections" :: waited 0.001s {{(pid=64028) inner /opt/stack/data/venv/lib/python3.10/site-packages/oslo_concurrency/lockutils.py:409}}
Oct 20 16:21:33 user devstack@n-api.service[64028]: DEBUG oslo_concurrency.lockutils [None req-8aaa099f-10ea-4be2-bbf0-bdb9cb0c0303 tempest-TaggedAttachmentsTest-595633563 tempest-TaggedAttachmentsTest-595633563-project-member] Lock "d4d84b5c-530a-49b7-b6ce-b57347941bf3" "released" by "nova.context.set_target_cell..get_or_set_cached_cell_and_set_connections" :: held 0.000s {{(pid=64028) inner /opt/stack/data/venv/lib/python3.10/site-packages/oslo_concurrency/lockutils.py:423}}
Oct 20 16:21:33 user devstack@n-api.service[64028]: DEBUG oslo_concurrency.lockutils [None req-8aaa099f-10ea-4be2-bbf0-bdb9cb0c0303 tempest-TaggedAttachmentsTest-595633563 tempest-TaggedAttachmentsTest-595633563-project-member] Acquiring lock "d4d84b5c-530a-49b7-b6ce-b57347941bf3" by "nova.context.set_target_cell..get_or_set_cached_cell_and_set_connections" {{(pid=64028) inner /opt/stack/data/venv/lib/python3.10/site-packages/oslo_concurrency/lockutils.py:404}}
Oct 20 16:21:33 user devstack@n-api.service[64028]: DEBUG oslo_concurrency.lockutils [None req-8aaa099f-10ea-4be2-bbf0-bdb9cb0c0303 tempest-TaggedAttachmentsTest-595633563 tempest-TaggedAttachmentsTest-595633563-project-member] Lock "d4d84b5c-530a-49b7-b6ce-b57347941bf3" acquired by "nova.context.set_target_cell..get_or_set_cached_cell_and_set_connections" :: waited 0.000s {{(pid=64028) inner /opt/stack/data/venv/lib/python3.10/site-packages/oslo_concurrency/lockutils.py:409}}
Oct 20 16:21:33 user devstack@n-api.service[64028]: DEBUG oslo_concurrency.lockutils [None req-8aaa099f-10ea-4be2-bbf0-bdb9cb0c0303 tempest-TaggedAttachmentsTest-595633563 tempest-TaggedAttachmentsTest-595633563-project-member] Lock "d4d84b5c-530a-49b7-b6ce-b57347941bf3" "released" by "nova.context.set_target_cell..get_or_set_cached_cell_and_set_connections" :: held 0.000s {{(pid=64028) inner /opt/stack/data/venv/lib/python3.10/site-packages/oslo_concurrency/lockutils.py:423}}
Oct 20 16:21:33 user devstack@n-api.service[64028]: INFO nova.api.openstack.requestlog [None req-8aaa099f-10ea-4be2-bbf0-bdb9cb0c0303 tempest-TaggedAttachmentsTest-595633563 tempest-TaggedAttachmentsTest-595633563-project-member] 10.0.0.210 "GET /compute/v2.1/servers/ee67f6fa-6b81-46b5-a3cc-ef756c0ad477/os-interface" status: 200 len: 282 microversion: 2.49 time: 0.175102
Oct 20 16:21:33 user devstack@n-api.service[64028]: [pid: 64028|app: 0|req: 41/129] 10.0.0.210 () {64 vars in 1393 bytes} [Fri Oct 20 16:21:33 2023] GET /compute/v2.1/servers/ee67f6fa-6b81-46b5-a3cc-ef756c0ad477/os-interface => generated 282 bytes in 178 msecs (HTTP/1.1 200) 9 headers in 359 bytes (1 switches on core 0)
Oct 20 16:21:34 user devstack@n-api.service[64029]: DEBUG dbcounter [-] [64029] Writing DB stats nova_cell0:SELECT=10 {{(pid=64029) stat_writer /opt/stack/data/venv/lib/python3.10/site-packages/dbcounter.py:115}}
Oct 20 16:21:34 user devstack@n-api.service[64029]: DEBUG nova.api.openstack.wsgi [req-218a6198-f93a-442a-bffd-dc6bc7b42a7a req-42ee74c2-b15a-403a-8c22-ba7df92bc016 service nova] Action: 'create', calling method: >, body: {"events": [{"name": "network-changed", "server_uuid": "ee67f6fa-6b81-46b5-a3cc-ef756c0ad477", "tag": "846a2357-b301-40b9-8bca-d3b22e092a24"}]} {{(pid=64029) _process_stack /opt/stack/nova/nova/api/openstack/wsgi.py:511}}
Oct 20 16:21:34 user devstack@n-api.service[64029]: DEBUG oslo_concurrency.lockutils [req-218a6198-f93a-442a-bffd-dc6bc7b42a7a req-42ee74c2-b15a-403a-8c22-ba7df92bc016 service nova] Acquiring lock "d4d84b5c-530a-49b7-b6ce-b57347941bf3" by "nova.context.set_target_cell..get_or_set_cached_cell_and_set_connections" {{(pid=64029) inner /opt/stack/data/venv/lib/python3.10/site-packages/oslo_concurrency/lockutils.py:404}}
Oct 20 16:21:34 user devstack@n-api.service[64029]: DEBUG oslo_concurrency.lockutils [req-218a6198-f93a-442a-bffd-dc6bc7b42a7a req-42ee74c2-b15a-403a-8c22-ba7df92bc016 service nova] Lock "d4d84b5c-530a-49b7-b6ce-b57347941bf3" acquired by "nova.context.set_target_cell..get_or_set_cached_cell_and_set_connections" :: waited 0.001s {{(pid=64029) inner /opt/stack/data/venv/lib/python3.10/site-packages/oslo_concurrency/lockutils.py:409}}
Oct 20 16:21:34 user devstack@n-api.service[64029]: DEBUG oslo_concurrency.lockutils [req-218a6198-f93a-442a-bffd-dc6bc7b42a7a req-42ee74c2-b15a-403a-8c22-ba7df92bc016 service nova] Lock "d4d84b5c-530a-49b7-b6ce-b57347941bf3" "released" by "nova.context.set_target_cell..get_or_set_cached_cell_and_set_connections" :: held 0.001s {{(pid=64029) inner /opt/stack/data/venv/lib/python3.10/site-packages/oslo_concurrency/lockutils.py:423}}
Oct 20 16:21:34 user devstack@n-api.service[64030]: DEBUG nova.api.openstack.wsgi [None req-4f27fafe-c0ba-4469-948c-4aec9baa1617 tempest-AttachVolumeNegativeTest-395634699 tempest-AttachVolumeNegativeTest-395634699-project-member] Action: 'create', calling method: >, body: {"volumeAttachment": {"volumeId": "387825ee-5645-4ed4-9f4a-0eec9182ec63"}} {{(pid=64030) _process_stack /opt/stack/nova/nova/api/openstack/wsgi.py:511}}
Oct 20 16:21:34 user devstack@n-api.service[64030]: DEBUG nova.compute.api [None req-4f27fafe-c0ba-4469-948c-4aec9baa1617 tempest-AttachVolumeNegativeTest-395634699 tempest-AttachVolumeNegativeTest-395634699-project-member] [instance: 3e22a492-a812-415d-92c1-3cc51b842cc0] Fetching instance by UUID {{(pid=64030) get /opt/stack/nova/nova/compute/api.py:2978}}
Oct 20 16:21:34 user devstack@n-api.service[64030]: DEBUG oslo_concurrency.lockutils [None req-4f27fafe-c0ba-4469-948c-4aec9baa1617 tempest-AttachVolumeNegativeTest-395634699 tempest-AttachVolumeNegativeTest-395634699-project-member] Acquiring lock "d4d84b5c-530a-49b7-b6ce-b57347941bf3" by "nova.context.set_target_cell..get_or_set_cached_cell_and_set_connections" {{(pid=64030) inner /opt/stack/data/venv/lib/python3.10/site-packages/oslo_concurrency/lockutils.py:404}}
Oct 20 16:21:34 user devstack@n-api.service[64030]: DEBUG oslo_concurrency.lockutils [None req-4f27fafe-c0ba-4469-948c-4aec9baa1617 tempest-AttachVolumeNegativeTest-395634699 tempest-AttachVolumeNegativeTest-395634699-project-member] Lock "d4d84b5c-530a-49b7-b6ce-b57347941bf3" acquired by "nova.context.set_target_cell..get_or_set_cached_cell_and_set_connections" :: waited 0.001s {{(pid=64030) inner /opt/stack/data/venv/lib/python3.10/site-packages/oslo_concurrency/lockutils.py:409}}
Oct 20 16:21:34 user devstack@n-api.service[64030]: DEBUG oslo_concurrency.lockutils [None req-4f27fafe-c0ba-4469-948c-4aec9baa1617 tempest-AttachVolumeNegativeTest-395634699 tempest-AttachVolumeNegativeTest-395634699-project-member] Lock "d4d84b5c-530a-49b7-b6ce-b57347941bf3" "released" by "nova.context.set_target_cell..get_or_set_cached_cell_and_set_connections" :: held 0.000s {{(pid=64030) inner /opt/stack/data/venv/lib/python3.10/site-packages/oslo_concurrency/lockutils.py:423}}
Oct 20 16:21:34 user devstack@n-api.service[64030]: DEBUG oslo_concurrency.lockutils [None req-4f27fafe-c0ba-4469-948c-4aec9baa1617 tempest-AttachVolumeNegativeTest-395634699 tempest-AttachVolumeNegativeTest-395634699-project-member] Acquiring lock "d4d84b5c-530a-49b7-b6ce-b57347941bf3" by "nova.context.set_target_cell..get_or_set_cached_cell_and_set_connections" {{(pid=64030) inner /opt/stack/data/venv/lib/python3.10/site-packages/oslo_concurrency/lockutils.py:404}}
Oct 20 16:21:34 user devstack@n-api.service[64029]: INFO nova.api.openstack.compute.server_external_events [req-218a6198-f93a-442a-bffd-dc6bc7b42a7a req-42ee74c2-b15a-403a-8c22-ba7df92bc016 service nova] Creating event network-changed:846a2357-b301-40b9-8bca-d3b22e092a24 for instance ee67f6fa-6b81-46b5-a3cc-ef756c0ad477 on user
Oct 20 16:21:34 user devstack@n-api.service[64030]: DEBUG oslo_concurrency.lockutils [None req-4f27fafe-c0ba-4469-948c-4aec9baa1617 tempest-AttachVolumeNegativeTest-395634699 tempest-AttachVolumeNegativeTest-395634699-project-member] Lock "d4d84b5c-530a-49b7-b6ce-b57347941bf3" acquired by "nova.context.set_target_cell..get_or_set_cached_cell_and_set_connections" :: waited 0.000s {{(pid=64030) inner /opt/stack/data/venv/lib/python3.10/site-packages/oslo_concurrency/lockutils.py:409}}
Oct 20 16:21:34 user devstack@n-api.service[64030]: DEBUG oslo_concurrency.lockutils [None req-4f27fafe-c0ba-4469-948c-4aec9baa1617 tempest-AttachVolumeNegativeTest-395634699 tempest-AttachVolumeNegativeTest-395634699-project-member] Lock "d4d84b5c-530a-49b7-b6ce-b57347941bf3" "released" by "nova.context.set_target_cell..get_or_set_cached_cell_and_set_connections" :: held 0.000s {{(pid=64030) inner /opt/stack/data/venv/lib/python3.10/site-packages/oslo_concurrency/lockutils.py:423}}
Oct 20 16:21:34 user devstack@n-api.service[64029]: INFO nova.api.openstack.requestlog [req-218a6198-f93a-442a-bffd-dc6bc7b42a7a req-42ee74c2-b15a-403a-8c22-ba7df92bc016 service nova] 10.0.0.210 "POST /compute/v2.1/os-server-external-events" status: 200 len: 179 microversion: 2.1 time: 0.046372
Oct 20 16:21:34 user devstack@n-api.service[64029]: [pid: 64029|app: 0|req: 46/130] 10.0.0.210 () {68 vars in 1394 bytes} [Fri Oct 20 16:21:34 2023] POST /compute/v2.1/os-server-external-events => generated 179 bytes in 48 msecs (HTTP/1.1 200) 9 headers in 357 bytes (1 switches on core 0)
Oct 20 16:21:34 user devstack@n-api.service[64028]: DEBUG nova.api.openstack.wsgi [None req-2dccda8b-5412-4686-af5d-c634d7d6b60b tempest-TaggedAttachmentsTest-595633563 tempest-TaggedAttachmentsTest-595633563-project-member] Calling method '>' {{(pid=64028) _process_stack /opt/stack/nova/nova/api/openstack/wsgi.py:513}}
Oct 20 16:21:34 user devstack@n-api.service[64028]: DEBUG nova.compute.api [None req-2dccda8b-5412-4686-af5d-c634d7d6b60b tempest-TaggedAttachmentsTest-595633563 tempest-TaggedAttachmentsTest-595633563-project-member] [instance: ee67f6fa-6b81-46b5-a3cc-ef756c0ad477] Fetching instance by UUID {{(pid=64028) get /opt/stack/nova/nova/compute/api.py:2978}}
Oct 20 16:21:34 user devstack@n-api.service[64028]: DEBUG oslo_concurrency.lockutils [None req-2dccda8b-5412-4686-af5d-c634d7d6b60b tempest-TaggedAttachmentsTest-595633563 tempest-TaggedAttachmentsTest-595633563-project-member] Acquiring lock "d4d84b5c-530a-49b7-b6ce-b57347941bf3" by "nova.context.set_target_cell..get_or_set_cached_cell_and_set_connections" {{(pid=64028) inner /opt/stack/data/venv/lib/python3.10/site-packages/oslo_concurrency/lockutils.py:404}}
Oct 20 16:21:34 user devstack@n-api.service[64028]: DEBUG oslo_concurrency.lockutils [None req-2dccda8b-5412-4686-af5d-c634d7d6b60b tempest-TaggedAttachmentsTest-595633563 tempest-TaggedAttachmentsTest-595633563-project-member] Lock "d4d84b5c-530a-49b7-b6ce-b57347941bf3" acquired by "nova.context.set_target_cell..get_or_set_cached_cell_and_set_connections" :: waited 0.001s {{(pid=64028) inner /opt/stack/data/venv/lib/python3.10/site-packages/oslo_concurrency/lockutils.py:409}}
Oct 20 16:21:34 user devstack@n-api.service[64028]: DEBUG oslo_concurrency.lockutils [None req-2dccda8b-5412-4686-af5d-c634d7d6b60b tempest-TaggedAttachmentsTest-595633563 tempest-TaggedAttachmentsTest-595633563-project-member] Lock "d4d84b5c-530a-49b7-b6ce-b57347941bf3" "released" by "nova.context.set_target_cell..get_or_set_cached_cell_and_set_connections" :: held 0.001s {{(pid=64028) inner /opt/stack/data/venv/lib/python3.10/site-packages/oslo_concurrency/lockutils.py:423}}
Oct 20 16:21:34 user devstack@n-api.service[64028]: DEBUG oslo_concurrency.lockutils [None req-2dccda8b-5412-4686-af5d-c634d7d6b60b tempest-TaggedAttachmentsTest-595633563 tempest-TaggedAttachmentsTest-595633563-project-member] Acquiring lock "d4d84b5c-530a-49b7-b6ce-b57347941bf3" by "nova.context.set_target_cell..get_or_set_cached_cell_and_set_connections" {{(pid=64028) inner /opt/stack/data/venv/lib/python3.10/site-packages/oslo_concurrency/lockutils.py:404}}
