Nov 14 12:26:44 user devstack@keystone.service[46527]: DEBUG keystone.server.flask.request_processing.req_logging [None req-898a48a8-9aba-43c4-b186-8c5e590523da admin admin] REQUEST_METHOD: `GET` {{(pid=46527) log_request_info /opt/stack/keystone/keystone/server/flask/request_processing/req_logging.py:27}}
Nov 14 12:26:44 user devstack@keystone.service[46527]: DEBUG keystone.server.flask.request_processing.req_logging [None req-898a48a8-9aba-43c4-b186-8c5e590523da admin admin] SCRIPT_NAME: `/identity` {{(pid=46527) log_request_info /opt/stack/keystone/keystone/server/flask/request_processing/req_logging.py:28}}
Nov 14 12:26:44 user devstack@keystone.service[46527]: DEBUG keystone.server.flask.request_processing.req_logging [None req-898a48a8-9aba-43c4-b186-8c5e590523da admin admin] PATH_INFO: `/v3/roles` {{(pid=46527) log_request_info /opt/stack/keystone/keystone/server/flask/request_processing/req_logging.py:29}}
Nov 14 12:26:44 user devstack@keystone.service[46527]: DEBUG keystone.common.rbac_enforcer.enforcer [None req-898a48a8-9aba-43c4-b186-8c5e590523da admin admin] RBAC: Adding query filter params (name=anotherrole) {{(pid=46527) _extract_filter_values /opt/stack/keystone/keystone/common/rbac_enforcer/enforcer.py:167}}
Nov 14 12:26:44 user devstack@keystone.service[46527]: DEBUG keystone.common.rbac_enforcer.enforcer [None req-898a48a8-9aba-43c4-b186-8c5e590523da admin admin] RBAC: Authorizing `identity:list_roles()` {{(pid=46527) enforce_call /opt/stack/keystone/keystone/common/rbac_enforcer/enforcer.py:449}}
Nov 14 12:26:44 user devstack@keystone.service[46527]: WARNING py.warnings [None req-898a48a8-9aba-43c4-b186-8c5e590523da admin admin] /opt/stack/data/venv/lib/python3.10/site-packages/oslo_policy/policy.py:1130: UserWarning: Policy "identity:list_roles": "role:reader and system_scope:all" failed scope check. The token used to make the request was project scoped but the policy requires ['system'] scope. This behavior may change in the future where using the intended scope is required
Nov 14 12:26:44 user devstack@keystone.service[46527]: warnings.warn(msg)
Nov 14 12:26:44 user devstack@keystone.service[46527]:
Nov 14 12:26:44 user devstack@keystone.service[46528]: DEBUG keystone.server.flask.request_processing.middleware.auth_context [None req-bbe9ba3c-5a6c-422d-83fa-6a7e454d74fc None None] Validating token access rules against request {{(pid=46528) validate_allowed_request /opt/stack/data/venv/lib/python3.10/site-packages/keystonemiddleware/auth_token/__init__.py:544}}
Nov 14 12:26:44 user devstack@keystone.service[46527]: DEBUG keystone.common.rbac_enforcer.enforcer [None req-898a48a8-9aba-43c4-b186-8c5e590523da admin admin] RBAC: Authorization granted {{(pid=46527) enforce_call /opt/stack/keystone/keystone/common/rbac_enforcer/enforcer.py:457}}
Nov 14 12:26:44 user devstack@keystone.service[46528]: DEBUG keystone.server.flask.request_processing.middleware.auth_context [None req-03ab9a02-2feb-4f53-b0a4-2d3353413573 admin admin] RBAC: auth_context: {'token': , 'domain_id': None, 'trust_id': None, 'trustor_id': None, 'trustee_id': None, 'domain_name': None, 'group_ids': [], 'user_id': '49e987744fe048afbbe5f50e5d50eee3', 'user_domain_id': 'default', 'system_scope': None, 'project_id': 'e9df3caeab9442b7b1d26e5e1a6df527', 'project_domain_id': 'default', 'roles': ['admin', 'reader', 'manager', 'member'], 'is_admin_project': True, 'service_user_id': None, 'service_user_domain_id': None, 'service_project_id': None, 'service_project_domain_id': None, 'service_roles': []} {{(pid=46528) fill_context /opt/stack/keystone/keystone/server/flask/request_processing/middleware/auth_context.py:480}}
Nov 14 12:26:44 user devstack@keystone.service[46529]: DEBUG keystone.server.flask.request_processing.middleware.auth_context [None req-6e12b159-e9e0-4e06-9fdf-6ab88d886109 None admin] RBAC: auth_context: {'token': , 'domain_id': None, 'trust_id': None, 'trustor_id': None, 'trustee_id': None, 'domain_name': None, 'group_ids': [], 'user_id': '49e987744fe048afbbe5f50e5d50eee3', 'user_domain_id': 'default', 'system_scope': 'all', 'project_id': None, 'project_domain_id': None, 'roles': ['admin', 'manager', 'member', 'reader'], 'is_admin_project': True, 'service_user_id': None, 'service_user_domain_id': None, 'service_project_id': None, 'service_project_domain_id': None, 'service_roles': []} {{(pid=46529) fill_context /opt/stack/keystone/keystone/server/flask/request_processing/middleware/auth_context.py:480}}
Nov 14 12:26:44 user devstack@keystone.service[46529]: DEBUG keystone.server.flask.request_processing.req_logging [None req-6e12b159-e9e0-4e06-9fdf-6ab88d886109 None admin] REQUEST_METHOD: `GET` {{(pid=46529) log_request_info /opt/stack/keystone/keystone/server/flask/request_processing/req_logging.py:27}}
Nov 14 12:26:44 user devstack@keystone.service[46528]: DEBUG keystone.server.flask.request_processing.req_logging [None req-03ab9a02-2feb-4f53-b0a4-2d3353413573 admin admin] REQUEST_METHOD: `GET` {{(pid=46528) log_request_info /opt/stack/keystone/keystone/server/flask/request_processing/req_logging.py:27}}
Nov 14 12:26:44 user devstack@keystone.service[46529]: DEBUG keystone.server.flask.request_processing.req_logging [None req-6e12b159-e9e0-4e06-9fdf-6ab88d886109 None admin] SCRIPT_NAME: `/identity` {{(pid=46529) log_request_info /opt/stack/keystone/keystone/server/flask/request_processing/req_logging.py:28}}
Nov 14 12:26:44 user devstack@keystone.service[46529]: DEBUG keystone.server.flask.request_processing.req_logging [None req-6e12b159-e9e0-4e06-9fdf-6ab88d886109 None admin] PATH_INFO: `/v3/roles` {{(pid=46529) log_request_info /opt/stack/keystone/keystone/server/flask/request_processing/req_logging.py:29}}
Nov 14 12:26:44 user devstack@keystone.service[46528]: DEBUG keystone.server.flask.request_processing.req_logging [None req-03ab9a02-2feb-4f53-b0a4-2d3353413573 admin admin] SCRIPT_NAME: `/identity` {{(pid=46528) log_request_info /opt/stack/keystone/keystone/server/flask/request_processing/req_logging.py:28}}
Nov 14 12:26:44 user devstack@keystone.service[46528]: DEBUG keystone.server.flask.request_processing.req_logging [None req-03ab9a02-2feb-4f53-b0a4-2d3353413573 admin admin] PATH_INFO: `/v3/roles/admin` {{(pid=46528) log_request_info /opt/stack/keystone/keystone/server/flask/request_processing/req_logging.py:29}}
Nov 14 12:26:44 user devstack@keystone.service[46527]: [pid: 46527|app: 0|req: 85/240] 10.0.0.210 () {56 vars in 1127 bytes} [Tue Nov 14 12:26:44 2023] GET /identity/v3/roles?name=anotherrole => generated 332 bytes in 27 msecs (HTTP/1.1 200) 5 headers in 177 bytes (1 switches on core 0)
Nov 14 12:26:44 user devstack@keystone.service[46529]: DEBUG keystone.common.rbac_enforcer.enforcer [None req-6e12b159-e9e0-4e06-9fdf-6ab88d886109 None admin] RBAC: Adding query filter params (name=reader) {{(pid=46529) _extract_filter_values /opt/stack/keystone/keystone/common/rbac_enforcer/enforcer.py:167}}
Nov 14 12:26:44 user devstack@keystone.service[46529]: DEBUG keystone.common.rbac_enforcer.enforcer [None req-6e12b159-e9e0-4e06-9fdf-6ab88d886109 None admin] RBAC: Authorizing `identity:list_roles()` {{(pid=46529) enforce_call /opt/stack/keystone/keystone/common/rbac_enforcer/enforcer.py:449}}
Nov 14 12:26:44 user devstack@keystone.service[46529]: DEBUG keystone.common.rbac_enforcer.enforcer [None req-6e12b159-e9e0-4e06-9fdf-6ab88d886109 None admin] RBAC: Authorization granted {{(pid=46529) enforce_call /opt/stack/keystone/keystone/common/rbac_enforcer/enforcer.py:457}}
Nov 14 12:26:44 user devstack@keystone.service[46527]: DEBUG keystone.server.flask.request_processing.middleware.auth_context [None req-898a48a8-9aba-43c4-b186-8c5e590523da admin admin] Authenticating user token {{(pid=46527) process_request /opt/stack/data/venv/lib/python3.10/site-packages/keystonemiddleware/auth_token/__init__.py:406}}
Nov 14 12:26:44 user devstack@keystone.service[46528]: DEBUG keystone.common.rbac_enforcer.enforcer [None req-03ab9a02-2feb-4f53-b0a4-2d3353413573 admin admin] Extracting inferred target data resulted in "NOT FOUND (404)". {{(pid=46528) enforce_call /opt/stack/keystone/keystone/common/rbac_enforcer/enforcer.py:409}}
Nov 14 12:26:44 user devstack@keystone.service[46529]: [pid: 46529|app: 0|req: 76/241] 10.0.0.210 () {56 vars in 1096 bytes} [Tue Nov 14 12:26:44 2023] GET /identity/v3/roles?name=reader => generated 339 bytes in 183 msecs (HTTP/1.1 200) 5 headers in 177 bytes (1 switches on core 0)
Nov 14 12:26:44 user devstack@keystone.service[46527]: DEBUG keystone.server.flask.request_processing.middleware.auth_context [None req-898a48a8-9aba-43c4-b186-8c5e590523da admin admin] Validating token access rules against request {{(pid=46527) validate_allowed_request /opt/stack/data/venv/lib/python3.10/site-packages/keystonemiddleware/auth_token/__init__.py:544}}
Nov 14 12:26:44 user devstack@keystone.service[46528]: ERROR keystone.server.flask.application [None req-03ab9a02-2feb-4f53-b0a4-2d3353413573 admin admin] Could not find role: admin.: keystone.exception.RoleNotFound: Could not find role: admin.
Nov 14 12:26:44 user devstack@keystone.service[46528]: ERROR keystone.server.flask.application
Traceback (most recent call last):
Nov 14 12:26:44 user devstack@keystone.service[46528]: ERROR keystone.server.flask.application
File "/opt/stack/data/venv/lib/python3.10/site-packages/flask/app.py", line 1823, in full_dispatch_request
Nov 14 12:26:44 user devstack@keystone.service[46528]: ERROR keystone.server.flask.application rv = self.dispatch_request()
Nov 14 12:26:44 user devstack@keystone.service[46528]: ERROR keystone.server.flask.application
File "/opt/stack/data/venv/lib/python3.10/site-packages/flask/app.py", line 1799, in dispatch_request
Nov 14 12:26:44 user devstack@keystone.service[46528]: ERROR keystone.server.flask.application return self.ensure_sync(self.view_functions[rule.endpoint])(**view_args)
Nov 14 12:26:44 user devstack@keystone.service[46528]: ERROR keystone.server.flask.application
File "/opt/stack/data/venv/lib/python3.10/site-packages/flask_restful/__init__.py", line 489, in wrapper
Nov 14 12:26:44 user devstack@keystone.service[46528]: ERROR keystone.server.flask.application resp = resource(*args, **kwargs)
Nov 14 12:26:44 user devstack@keystone.service[46528]: ERROR keystone.server.flask.application
File "/opt/stack/data/venv/lib/python3.10/site-packages/flask/views.py", line 107, in view
Nov 14 12:26:44 user devstack@keystone.service[46528]: ERROR keystone.server.flask.application return current_app.ensure_sync(self.dispatch_request)(**kwargs)
Nov 14 12:26:44 user devstack@keystone.service[46528]: ERROR keystone.server.flask.application
File "/opt/stack/data/venv/lib/python3.10/site-packages/flask_restful/__init__.py", line 604, in dispatch_request
Nov 14 12:26:44 user devstack@keystone.service[46528]: ERROR keystone.server.flask.application resp = meth(*args, **kwargs)
Nov 14 12:26:44 user devstack@keystone.service[46528]: ERROR keystone.server.flask.application
File "/opt/stack/keystone/keystone/api/roles.py", line 50, in get
Nov 14 12:26:44 user devstack@keystone.service[46528]: ERROR keystone.server.flask.application return self._get_role(role_id)
Nov 14 12:26:44 user devstack@keystone.service[46528]: ERROR keystone.server.flask.application
File "/opt/stack/keystone/keystone/api/roles.py", line 70, in _get_role
Nov 14 12:26:44 user devstack@keystone.service[46528]: ERROR keystone.server.flask.application ENFORCER.enforce_call(action='identity:get_role')
Nov 14 12:26:44 user devstack@keystone.service[46528]: ERROR keystone.server.flask.application
File "/opt/stack/keystone/keystone/common/rbac_enforcer/enforcer.py", line 402, in enforce_call
Nov 14 12:26:44 user devstack@keystone.service[46528]: ERROR keystone.server.flask.application policy_dict.update(cls._extract_member_target_data(
Nov 14 12:26:44 user devstack@keystone.service[46528]: ERROR keystone.server.flask.application
File "/opt/stack/keystone/keystone/common/rbac_enforcer/enforcer.py", line 234, in _extract_member_target_data
Nov 14 12:26:44 user devstack@keystone.service[46528]: ERROR keystone.server.flask.application member_name: func(flask.request.view_args[key])
Nov 14 12:26:44 user devstack@keystone.service[46528]: ERROR keystone.server.flask.application
File "/opt/stack/keystone/keystone/common/manager.py", line 115, in wrapped
Nov 14 12:26:44 user devstack@keystone.service[46528]: ERROR keystone.server.flask.application __ret_val = __f(*args, **kwargs)
Nov 14 12:26:44 user devstack@keystone.service[46528]: ERROR keystone.server.flask.application
File "/opt/stack/data/venv/lib/python3.10/site-packages/decorator.py", line 232, in fun
Nov 14 12:26:44 user devstack@keystone.service[46528]: ERROR keystone.server.flask.application return caller(func, *(extras + args), **kw)
Nov 14 12:26:44 user devstack@keystone.service[46528]: ERROR keystone.server.flask.application
File "/opt/stack/data/venv/lib/python3.10/site-packages/dogpile/cache/region.py", line 1594, in get_or_create_for_user_func
Nov 14 12:26:44 user devstack@keystone.service[46528]: ERROR keystone.server.flask.application return self.get_or_create(
Nov 14 12:26:44 user devstack@keystone.service[46528]: ERROR keystone.server.flask.application
File "/opt/stack/data/venv/lib/python3.10/site-packages/dogpile/cache/region.py", line 1054, in get_or_create
Nov 14 12:26:44 user devstack@keystone.service[46528]: ERROR keystone.server.flask.application with Lock(
Nov 14 12:26:44 user devstack@keystone.service[46528]: ERROR keystone.server.flask.application
File "/opt/stack/data/venv/lib/python3.10/site-packages/dogpile/lock.py", line 185, in __enter__
Nov 14 12:26:44 user devstack@keystone.service[46528]: ERROR keystone.server.flask.application return self._enter()
Nov 14 12:26:44 user devstack@keystone.service[46528]: ERROR keystone.server.flask.application
File "/opt/stack/data/venv/lib/python3.10/site-packages/dogpile/lock.py", line 94, in _enter
Nov 14 12:26:44 user devstack@keystone.service[46528]: ERROR keystone.server.flask.application generated = self._enter_create(value, createdtime)
Nov 14 12:26:44 user devstack@keystone.service[46528]: ERROR keystone.server.flask.application
File "/opt/stack/data/venv/lib/python3.10/site-packages/dogpile/lock.py", line 178, in _enter_create
Nov 14 12:26:44 user devstack@keystone.service[46528]: ERROR keystone.server.flask.application return self.creator()
Nov 14 12:26:44 user devstack@keystone.service[46528]: ERROR keystone.server.flask.application
File "/opt/stack/data/venv/lib/python3.10/site-packages/dogpile/cache/region.py", line 1007, in gen_value
Nov 14 12:26:44 user devstack@keystone.service[46528]: ERROR keystone.server.flask.application created_value = creator(
Nov 14 12:26:44 user devstack@keystone.service[46528]: ERROR keystone.server.flask.application
File "/opt/stack/keystone/keystone/assignment/core.py", line 1276, in get_role
Nov 14 12:26:44 user devstack@keystone.service[46528]: ERROR keystone.server.flask.application return self.driver.get_role(role_id)
Nov 14 12:26:44 user devstack@keystone.service[46528]: ERROR keystone.server.flask.application
File "/opt/stack/keystone/keystone/assignment/role_backends/sql.py", line 70, in get_role
Nov 14 12:26:44 user devstack@keystone.service[46528]: ERROR keystone.server.flask.application return self._get_role(session, role_id).to_dict()
Nov 14 12:26:44 user devstack@keystone.service[46528]: ERROR keystone.server.flask.application
File "/opt/stack/keystone/keystone/assignment/role_backends/sql.py", line 65, in _get_role
Nov 14 12:26:44 user devstack@keystone.service[46528]: ERROR keystone.server.flask.application raise exception.RoleNotFound(role_id=role_id)
Nov 14 12:26:44 user devstack@keystone.service[46528]: ERROR keystone.server.flask.application keystone.exception.RoleNotFound: Could not find role: admin.
Nov 14 12:26:44 user devstack@keystone.service[46528]: ERROR keystone.server.flask.application
Nov 14 12:26:44 user devstack@keystone.service[46529]: DEBUG keystone.server.flask.request_processing.middleware.auth_context [None req-6e12b159-e9e0-4e06-9fdf-6ab88d886109 None admin] Authenticating user token {{(pid=46529) process_request /opt/stack/data/venv/lib/python3.10/site-packages/keystonemiddleware/auth_token/__init__.py:406}}
Nov 14 12:26:44 user devstack@keystone.service[46527]: DEBUG keystone.server.flask.request_processing.middleware.auth_context [None req-9c1c42b5-0eec-47e4-b40a-19c442f50cee admin admin] RBAC: auth_context: {'token': , 'domain_id': None, 'trust_id': None, 'trustor_id': None, 'trustee_id': None, 'domain_name': None, 'group_ids': [], 'user_id': '49e987744fe048afbbe5f50e5d50eee3', 'user_domain_id': 'default', 'system_scope': None, 'project_id': 'e9df3caeab9442b7b1d26e5e1a6df527', 'project_domain_id': 'default', 'roles': ['admin', 'reader', 'manager', 'member'], 'is_admin_project': True, 'service_user_id': None, 'service_user_domain_id': None, 'service_project_id': None, 'service_project_domain_id': None, 'service_roles': []} {{(pid=46527) fill_context /opt/stack/keystone/keystone/server/flask/request_processing/middleware/auth_context.py:480}}
Nov 14 12:26:44 user devstack@keystone.service[46527]: DEBUG keystone.server.flask.request_processing.req_logging [None req-9c1c42b5-0eec-47e4-b40a-19c442f50cee admin admin] REQUEST_METHOD: `GET` {{(pid=46527) log_request_info /opt/stack/keystone/keystone/server/flask/request_processing/req_logging.py:27}}
Nov 14 12:26:44 user devstack@keystone.service[46527]: DEBUG keystone.server.flask.request_processing.req_logging [None req-9c1c42b5-0eec-47e4-b40a-19c442f50cee admin admin] SCRIPT_NAME: `/identity` {{(pid=46527) log_request_info /opt/stack/keystone/keystone/server/flask/request_processing/req_logging.py:28}}
Nov 14 12:26:44 user devstack@keystone.service[46527]: DEBUG keystone.server.flask.request_processing.req_logging [None req-9c1c42b5-0eec-47e4-b40a-19c442f50cee admin admin] PATH_INFO: `/v3/groups/095ce044aa79453ea91aa5b296e0082c` {{(pid=46527) log_request_info /opt/stack/keystone/keystone/server/flask/request_processing/req_logging.py:29}}
Nov 14 12:26:44 user devstack@keystone.service[46528]: [pid: 46528|app: 0|req: 81/242] 10.0.0.210 () {56 vars in 1112 bytes} [Tue Nov 14 12:26:44 2023] GET /identity/v3/roles/admin => generated 83 bytes in 47 msecs (HTTP/1.1 404) 5 headers in 183 bytes (1 switches on core 0)
Nov 14 12:26:44 user devstack@keystone.service[46527]: DEBUG keystone.common.rbac_enforcer.enforcer [None req-9c1c42b5-0eec-47e4-b40a-19c442f50cee admin admin] RBAC: Authorizing `identity:get_group(group_id=095ce044aa79453ea91aa5b296e0082c)` {{(pid=46527) enforce_call /opt/stack/keystone/keystone/common/rbac_enforcer/enforcer.py:449}}
Nov 14 12:26:44 user devstack@keystone.service[46527]: DEBUG keystone.common.rbac_enforcer.enforcer [None req-9c1c42b5-0eec-47e4-b40a-19c442f50cee admin admin] RBAC: Authorization granted {{(pid=46527) enforce_call /opt/stack/keystone/keystone/common/rbac_enforcer/enforcer.py:457}}
Nov 14 12:26:44 user devstack@keystone.service[46527]: [pid: 46527|app: 0|req: 86/243] 10.0.0.210 () {56 vars in 1196 bytes} [Tue Nov 14 12:26:44 2023] GET /identity/v3/groups/095ce044aa79453ea91aa5b296e0082c => generated 225 bytes in 21 msecs (HTTP/1.1 200) 5 headers in 177 bytes (1 switches on core 0)
Nov 14 12:26:44 user devstack@keystone.service[46528]: DEBUG keystone.server.flask.request_processing.middleware.auth_context [None req-03ab9a02-2feb-4f53-b0a4-2d3353413573 admin admin] Authenticating user token {{(pid=46528) process_request /opt/stack/data/venv/lib/python3.10/site-packages/keystonemiddleware/auth_token/__init__.py:406}}
Nov 14 12:26:44 user devstack@keystone.service[46527]: DEBUG keystone.server.flask.request_processing.middleware.auth_context [None req-9c1c42b5-0eec-47e4-b40a-19c442f50cee admin admin] Authenticating user token {{(pid=46527) process_request /opt/stack/data/venv/lib/python3.10/site-packages/keystonemiddleware/auth_token/__init__.py:406}}
Nov 14 12:26:44 user devstack@keystone.service[46527]: DEBUG keystone.server.flask.request_processing.middleware.auth_context [None req-9c1c42b5-0eec-47e4-b40a-19c442f50cee admin admin] Validating token access rules against request {{(pid=46527) validate_allowed_request /opt/stack/data/venv/lib/python3.10/site-packages/keystonemiddleware/auth_token/__init__.py:544}}
Nov 14 12:26:44 user devstack@keystone.service[46528]: DEBUG keystone.server.flask.request_processing.middleware.auth_context [None req-03ab9a02-2feb-4f53-b0a4-2d3353413573 admin admin] Validating token access rules against request {{(pid=46528) validate_allowed_request /opt/stack/data/venv/lib/python3.10/site-packages/keystonemiddleware/auth_token/__init__.py:544}}
Nov 14 12:26:44 user devstack@keystone.service[46527]: DEBUG keystone.server.flask.request_processing.middleware.auth_context [None req-2021e31c-726f-4dc7-ad90-86fc6713e30b admin admin] RBAC: auth_context: {'token': , 'domain_id': None, 'trust_id': None, 'trustor_id': None, 'trustee_id': None, 'domain_name': None, 'group_ids': [], 'user_id': '49e987744fe048afbbe5f50e5d50eee3', 'user_domain_id': 'default', 'system_scope': None, 'project_id': 'e9df3caeab9442b7b1d26e5e1a6df527', 'project_domain_id': 'default', 'roles': ['admin', 'reader', 'manager', 'member'], 'is_admin_project': True, 'service_user_id': None, 'service_user_domain_id': None, 'service_project_id': None, 'service_project_domain_id': None, 'service_roles': []} {{(pid=46527) fill_context /opt/stack/keystone/keystone/server/flask/request_processing/middleware/auth_context.py:480}}
Nov 14 12:26:44 user devstack@keystone.service[46527]: DEBUG keystone.server.flask.request_processing.req_logging [None req-2021e31c-726f-4dc7-ad90-86fc6713e30b admin admin] REQUEST_METHOD: `GET` {{(pid=46527) log_request_info /opt/stack/keystone/keystone/server/flask/request_processing/req_logging.py:27}}
Nov 14 12:26:44 user devstack@keystone.service[46527]: DEBUG keystone.server.flask.request_processing.req_logging [None req-2021e31c-726f-4dc7-ad90-86fc6713e30b admin admin] SCRIPT_NAME: `/identity` {{(pid=46527) log_request_info /opt/stack/keystone/keystone/server/flask/request_processing/req_logging.py:28}}
Nov 14 12:26:44 user devstack@keystone.service[46527]: DEBUG keystone.server.flask.request_processing.req_logging [None req-2021e31c-726f-4dc7-ad90-86fc6713e30b admin admin] PATH_INFO: `/v3/projects/b1d6a107e56e4cb89de0fc66e854178c` {{(pid=46527) log_request_info /opt/stack/keystone/keystone/server/flask/request_processing/req_logging.py:29}}
Nov 14 12:26:44 user devstack@keystone.service[46527]: DEBUG keystone.common.rbac_enforcer.enforcer [None req-2021e31c-726f-4dc7-ad90-86fc6713e30b admin admin] RBAC: Authorizing `identity:get_project(project_id=b1d6a107e56e4cb89de0fc66e854178c)` {{(pid=46527) enforce_call /opt/stack/keystone/keystone/common/rbac_enforcer/enforcer.py:449}}
Nov 14 12:26:44 user devstack@keystone.service[46528]: DEBUG keystone.server.flask.request_processing.middleware.auth_context [None req-4fed5253-31ce-482c-b667-04358b491554 admin admin] RBAC: auth_context: {'token': , 'domain_id': None, 'trust_id': None, 'trustor_id': None, 'trustee_id': None, 'domain_name': None, 'group_ids': [], 'user_id': '49e987744fe048afbbe5f50e5d50eee3', 'user_domain_id': 'default', 'system_scope': None, 'project_id': 'e9df3caeab9442b7b1d26e5e1a6df527', 'project_domain_id': 'default', 'roles': ['admin', 'reader', 'manager', 'member'], 'is_admin_project': True, 'service_user_id': None, 'service_user_domain_id': None, 'service_project_id': None, 'service_project_domain_id': None, 'service_roles': []} {{(pid=46528) fill_context /opt/stack/keystone/keystone/server/flask/request_processing/middleware/auth_context.py:480}}
Nov 14 12:26:44 user devstack@keystone.service[46527]: DEBUG keystone.common.rbac_enforcer.enforcer [None req-2021e31c-726f-4dc7-ad90-86fc6713e30b admin admin] RBAC: Authorization granted {{(pid=46527) enforce_call /opt/stack/keystone/keystone/common/rbac_enforcer/enforcer.py:457}}
Nov 14 12:26:44 user devstack@keystone.service[46528]: DEBUG keystone.server.flask.request_processing.req_logging [None req-4fed5253-31ce-482c-b667-04358b491554 admin admin] REQUEST_METHOD: `GET` {{(pid=46528) log_request_info /opt/stack/keystone/keystone/server/flask/request_processing/req_logging.py:27}}
Nov 14 12:26:44 user devstack@keystone.service[46528]: DEBUG keystone.server.flask.request_processing.req_logging [None req-4fed5253-31ce-482c-b667-04358b491554 admin admin] SCRIPT_NAME: `/identity` {{(pid=46528) log_request_info /opt/stack/keystone/keystone/server/flask/request_processing/req_logging.py:28}}
Nov 14 12:26:44 user devstack@keystone.service[46528]: DEBUG keystone.server.flask.request_processing.req_logging [None req-4fed5253-31ce-482c-b667-04358b491554 admin admin] PATH_INFO: `/v3/roles` {{(pid=46528) log_request_info /opt/stack/keystone/keystone/server/flask/request_processing/req_logging.py:29}}
Nov 14 12:26:44 user devstack@keystone.service[46527]: [pid: 46527|app: 0|req: 87/244] 10.0.0.210 () {56 vars in 1202 bytes} [Tue Nov 14 12:26:44 2023] GET /identity/v3/projects/b1d6a107e56e4cb89de0fc66e854178c => generated 301 bytes in 20 msecs (HTTP/1.1 200) 5 headers in 177 bytes (1 switches on core 0)
Nov 14 12:26:44 user devstack@keystone.service[46528]: DEBUG keystone.common.rbac_enforcer.enforcer [None req-4fed5253-31ce-482c-b667-04358b491554 admin admin] RBAC: Adding query filter params (name=admin) {{(pid=46528) _extract_filter_values /opt/stack/keystone/keystone/common/rbac_enforcer/enforcer.py:167}}
Nov 14 12:26:44 user devstack@keystone.service[46528]: DEBUG keystone.common.rbac_enforcer.enforcer [None req-4fed5253-31ce-482c-b667-04358b491554 admin admin] RBAC: Authorizing `identity:list_roles()` {{(pid=46528) enforce_call /opt/stack/keystone/keystone/common/rbac_enforcer/enforcer.py:449}}
Nov 14 12:26:44 user devstack@keystone.service[46528]: DEBUG keystone.common.rbac_enforcer.enforcer [None req-4fed5253-31ce-482c-b667-04358b491554 admin admin] RBAC: Authorization granted {{(pid=46528) enforce_call /opt/stack/keystone/keystone/common/rbac_enforcer/enforcer.py:457}}
Nov 14 12:26:44 user devstack@keystone.service[46527]: DEBUG keystone.server.flask.request_processing.middleware.auth_context [None req-2021e31c-726f-4dc7-ad90-86fc6713e30b admin admin] Authenticating user token {{(pid=46527) process_request /opt/stack/data/venv/lib/python3.10/site-packages/keystonemiddleware/auth_token/__init__.py:406}}
Nov 14 12:26:44 user devstack@keystone.service[46528]: [pid: 46528|app: 0|req: 82/245] 10.0.0.210 () {56 vars in 1115 bytes} [Tue Nov 14 12:26:44 2023] GET /identity/v3/roles?name=admin => generated 337 bytes in 38 msecs (HTTP/1.1 200) 5 headers in 177 bytes (1 switches on core 0)
Nov 14 12:26:44 user devstack@keystone.service[46527]: DEBUG keystone.server.flask.request_processing.middleware.auth_context [None req-2021e31c-726f-4dc7-ad90-86fc6713e30b admin admin] Validating token access rules against request {{(pid=46527) validate_allowed_request /opt/stack/data/venv/lib/python3.10/site-packages/keystonemiddleware/auth_token/__init__.py:544}}
Nov 14 12:26:44 user devstack@keystone.service[46527]: DEBUG keystone.server.flask.request_processing.middleware.auth_context [None req-e31f2f08-7b15-4ef4-b595-f45eb5ccd494 admin admin] RBAC: auth_context: {'token': , 'domain_id': None, 'trust_id': None, 'trustor_id': None, 'trustee_id': None, 'domain_name': None, 'group_ids': [], 'user_id': '49e987744fe048afbbe5f50e5d50eee3', 'user_domain_id': 'default', 'system_scope': None, 'project_id': 'e9df3caeab9442b7b1d26e5e1a6df527', 'project_domain_id': 'default', 'roles': ['admin', 'reader', 'manager', 'member'], 'is_admin_project': True, 'service_user_id': None, 'service_user_domain_id': None, 'service_project_id': None, 'service_project_domain_id': None, 'service_roles': []} {{(pid=46527) fill_context /opt/stack/keystone/keystone/server/flask/request_processing/middleware/auth_context.py:480}}
Nov 14 12:26:44 user devstack@keystone.service[46527]: DEBUG keystone.server.flask.request_processing.req_logging [None req-e31f2f08-7b15-4ef4-b595-f45eb5ccd494 admin admin] REQUEST_METHOD: `PUT` {{(pid=46527) log_request_info /opt/stack/keystone/keystone/server/flask/request_processing/req_logging.py:27}}
Nov 14 12:26:44 user devstack@keystone.service[46528]: DEBUG keystone.server.flask.request_processing.middleware.auth_context [None req-4fed5253-31ce-482c-b667-04358b491554 admin admin] Authenticating user token {{(pid=46528) process_request /opt/stack/data/venv/lib/python3.10/site-packages/keystonemiddleware/auth_token/__init__.py:406}}
Nov 14 12:26:44 user devstack@keystone.service[46527]: DEBUG keystone.server.flask.request_processing.req_logging [None req-e31f2f08-7b15-4ef4-b595-f45eb5ccd494 admin admin] SCRIPT_NAME: `/identity` {{(pid=46527) log_request_info /opt/stack/keystone/keystone/server/flask/request_processing/req_logging.py:28}}
Nov 14 12:26:44 user devstack@keystone.service[46527]: DEBUG keystone.server.flask.request_processing.req_logging [None req-e31f2f08-7b15-4ef4-b595-f45eb5ccd494 admin admin] PATH_INFO: `/v3/projects/b1d6a107e56e4cb89de0fc66e854178c/groups/095ce044aa79453ea91aa5b296e0082c/roles/865aa7bcd33446b2a5189e9508badf7c` {{(pid=46527) log_request_info /opt/stack/keystone/keystone/server/flask/request_processing/req_logging.py:29}}
Nov 14 12:26:44 user devstack@keystone.service[46527]: DEBUG keystone.common.rbac_enforcer.enforcer [None req-e31f2f08-7b15-4ef4-b595-f45eb5ccd494 admin admin] RBAC: Authorizing `identity:create_grant(project_id=b1d6a107e56e4cb89de0fc66e854178c, group_id=095ce044aa79453ea91aa5b296e0082c, role_id=865aa7bcd33446b2a5189e9508badf7c)` {{(pid=46527) enforce_call /opt/stack/keystone/keystone/common/rbac_enforcer/enforcer.py:449}}
Nov 14 12:26:44 user devstack@keystone.service[46527]: DEBUG keystone.common.rbac_enforcer.enforcer [None req-e31f2f08-7b15-4ef4-b595-f45eb5ccd494 admin admin] RBAC: Authorization granted {{(pid=46527) enforce_call /opt/stack/keystone/keystone/common/rbac_enforcer/enforcer.py:457}}
Nov 14 12:26:44 user devstack@keystone.service[46528]: DEBUG keystone.server.flask.request_processing.middleware.auth_context [None req-4fed5253-31ce-482c-b667-04358b491554 admin admin] Validating token access rules against request {{(pid=46528) validate_allowed_request /opt/stack/data/venv/lib/python3.10/site-packages/keystonemiddleware/auth_token/__init__.py:544}}
Nov 14 12:26:44 user devstack@keystone.service[46527]: [pid: 46527|app: 0|req: 88/246] 10.0.0.210 () {58 vars in 1458 bytes} [Tue Nov 14 12:26:44 2023] PUT /identity/v3/projects/b1d6a107e56e4cb89de0fc66e854178c/groups/095ce044aa79453ea91aa5b296e0082c/roles/865aa7bcd33446b2a5189e9508badf7c => generated 0 bytes in 31 msecs (HTTP/1.1 204) 3 headers in 132 bytes (0 switches on core 0)
Nov 14 12:26:44 user devstack@keystone.service[46529]: DEBUG keystone.server.flask.request_processing.middleware.auth_context [None req-6e12b159-e9e0-4e06-9fdf-6ab88d886109 None admin] Validating token access rules against request {{(pid=46529) validate_allowed_request /opt/stack/data/venv/lib/python3.10/site-packages/keystonemiddleware/auth_token/__init__.py:544}}
Nov 14 12:26:44 user devstack@keystone.service[46528]: DEBUG keystone.server.flask.request_processing.middleware.auth_context [None req-6a18d727-031c-4a01-840f-e691037c8f85 admin admin] RBAC: auth_context: {'token': , 'domain_id': None, 'trust_id': None, 'trustor_id': None, 'trustee_id': None, 'domain_name': None, 'group_ids': [], 'user_id': '49e987744fe048afbbe5f50e5d50eee3', 'user_domain_id': 'default', 'system_scope': None, 'project_id': 'e9df3caeab9442b7b1d26e5e1a6df527', 'project_domain_id': 'default', 'roles': ['admin', 'reader', 'manager', 'member'], 'is_admin_project': True, 'service_user_id': None, 'service_user_domain_id': None, 'service_project_id': None, 'service_project_domain_id': None, 'service_roles': []} {{(pid=46528) fill_context /opt/stack/keystone/keystone/server/flask/request_processing/middleware/auth_context.py:480}}
Nov 14 12:26:44 user devstack@keystone.service[46528]: DEBUG keystone.server.flask.request_processing.req_logging [None req-6a18d727-031c-4a01-840f-e691037c8f85 admin admin] REQUEST_METHOD: `GET` {{(pid=46528) log_request_info /opt/stack/keystone/keystone/server/flask/request_processing/req_logging.py:27}}
Nov 14 12:26:44 user devstack@keystone.service[46528]: DEBUG keystone.server.flask.request_processing.req_logging [None req-6a18d727-031c-4a01-840f-e691037c8f85 admin admin] SCRIPT_NAME: `/identity` {{(pid=46528) log_request_info /opt/stack/keystone/keystone/server/flask/request_processing/req_logging.py:28}}
Nov 14 12:26:44 user devstack@keystone.service[46528]: DEBUG keystone.server.flask.request_processing.req_logging [None req-6a18d727-031c-4a01-840f-e691037c8f85 admin admin] PATH_INFO: `/v3/groups/3f994e4fd8184b96bf5035614a5bcb55` {{(pid=46528) log_request_info /opt/stack/keystone/keystone/server/flask/request_processing/req_logging.py:29}}
Nov 14 12:26:44 user devstack@keystone.service[46528]: DEBUG keystone.common.rbac_enforcer.enforcer [None req-6a18d727-031c-4a01-840f-e691037c8f85 admin admin] RBAC: Authorizing `identity:get_group(group_id=3f994e4fd8184b96bf5035614a5bcb55)` {{(pid=46528) enforce_call /opt/stack/keystone/keystone/common/rbac_enforcer/enforcer.py:449}}
Nov 14 12:26:44 user devstack@keystone.service[46528]: DEBUG keystone.common.rbac_enforcer.enforcer [None req-6a18d727-031c-4a01-840f-e691037c8f85 admin admin] RBAC: Authorization granted {{(pid=46528) enforce_call /opt/stack/keystone/keystone/common/rbac_enforcer/enforcer.py:457}}
Nov 14 12:26:44 user devstack@keystone.service[46528]: [pid: 46528|app: 0|req: 83/247] 10.0.0.210 () {56 vars in 1196 bytes} [Tue Nov 14 12:26:44 2023] GET /identity/v3/groups/3f994e4fd8184b96bf5035614a5bcb55 => generated 228 bytes in 88 msecs (HTTP/1.1 200) 5 headers in 177 bytes (2 switches on core 0)
Nov 14 12:26:44 user devstack@keystone.service[46527]: DEBUG keystone.server.flask.request_processing.middleware.auth_context [None req-e31f2f08-7b15-4ef4-b595-f45eb5ccd494 admin admin] Authenticating user token {{(pid=46527) process_request /opt/stack/data/venv/lib/python3.10/site-packages/keystonemiddleware/auth_token/__init__.py:406}}
Nov 14 12:26:44 user devstack@keystone.service[46527]: DEBUG keystone.server.flask.request_processing.middleware.auth_context [None req-e31f2f08-7b15-4ef4-b595-f45eb5ccd494 admin admin] Validating token access rules against request {{(pid=46527) validate_allowed_request /opt/stack/data/venv/lib/python3.10/site-packages/keystonemiddleware/auth_token/__init__.py:544}}
Nov 14 12:26:44 user devstack@keystone.service[46527]: DEBUG keystone.server.flask.request_processing.middleware.auth_context [None req-3ed46226-407b-4bac-8298-729c959c71c1 admin admin] RBAC: auth_context: {'token': , 'domain_id': None, 'trust_id': None, 'trustor_id': None, 'trustee_id': None, 'domain_name': None, 'group_ids': [], 'user_id': '49e987744fe048afbbe5f50e5d50eee3', 'user_domain_id': 'default', 'system_scope': None, 'project_id': 'e9df3caeab9442b7b1d26e5e1a6df527', 'project_domain_id': 'default', 'roles': ['admin', 'reader', 'manager', 'member'], 'is_admin_project': True, 'service_user_id': None, 'service_user_domain_id': None, 'service_project_id': None, 'service_project_domain_id': None, 'service_roles': []} {{(pid=46527) fill_context /opt/stack/keystone/keystone/server/flask/request_processing/middleware/auth_context.py:480}}
Nov 14 12:26:44 user devstack@keystone.service[46527]: DEBUG keystone.server.flask.request_processing.req_logging [None req-3ed46226-407b-4bac-8298-729c959c71c1 admin admin] REQUEST_METHOD: `GET` {{(pid=46527) log_request_info /opt/stack/keystone/keystone/server/flask/request_processing/req_logging.py:27}}
Nov 14 12:26:44 user devstack@keystone.service[46527]: DEBUG keystone.server.flask.request_processing.req_logging [None req-3ed46226-407b-4bac-8298-729c959c71c1 admin admin] SCRIPT_NAME: `/identity` {{(pid=46527) log_request_info /opt/stack/keystone/keystone/server/flask/request_processing/req_logging.py:28}}
Nov 14 12:26:44 user devstack@keystone.service[46527]: DEBUG keystone.server.flask.request_processing.req_logging [None req-3ed46226-407b-4bac-8298-729c959c71c1 admin admin] PATH_INFO: `/v3/projects/e9df3caeab9442b7b1d26e5e1a6df527` {{(pid=46527) log_request_info /opt/stack/keystone/keystone/server/flask/request_processing/req_logging.py:29}}
Nov 14 12:26:44 user devstack@keystone.service[46529]: DEBUG keystone.server.flask.request_processing.middleware.auth_context [None req-813f6dfd-c70a-463b-849c-ad4b45be871f None admin] RBAC: auth_context: {'token': , 'domain_id': None, 'trust_id': None, 'trustor_id': None, 'trustee_id': None, 'domain_name': None, 'group_ids': [], 'user_id': '49e987744fe048afbbe5f50e5d50eee3', 'user_domain_id': 'default', 'system_scope': 'all', 'project_id': None, 'project_domain_id': None, 'roles': ['admin', 'manager', 'member', 'reader'], 'is_admin_project': True, 'service_user_id': None, 'service_user_domain_id': None, 'service_project_id': None, 'service_project_domain_id': None, 'service_roles': []} {{(pid=46529) fill_context /opt/stack/keystone/keystone/server/flask/request_processing/middleware/auth_context.py:480}}
Nov 14 12:26:44 user devstack@keystone.service[46527]: DEBUG keystone.common.rbac_enforcer.enforcer [None req-3ed46226-407b-4bac-8298-729c959c71c1 admin admin] RBAC: Authorizing `identity:get_project(project_id=e9df3caeab9442b7b1d26e5e1a6df527)` {{(pid=46527) enforce_call /opt/stack/keystone/keystone/common/rbac_enforcer/enforcer.py:449}}
Nov 14 12:26:44 user devstack@keystone.service[46529]: DEBUG keystone.server.flask.request_processing.req_logging [None req-813f6dfd-c70a-463b-849c-ad4b45be871f None admin] REQUEST_METHOD: `GET` {{(pid=46529) log_request_info /opt/stack/keystone/keystone/server/flask/request_processing/req_logging.py:27}}
Nov 14 12:26:44 user devstack@keystone.service[46529]: DEBUG keystone.server.flask.request_processing.req_logging [None req-813f6dfd-c70a-463b-849c-ad4b45be871f None admin] SCRIPT_NAME: `/identity` {{(pid=46529) log_request_info /opt/stack/keystone/keystone/server/flask/request_processing/req_logging.py:28}}
Nov 14 12:26:44 user devstack@keystone.service[46529]: DEBUG keystone.server.flask.request_processing.req_logging [None req-813f6dfd-c70a-463b-849c-ad4b45be871f None admin] PATH_INFO: `/v3/users/e294880740874f5aa074ae1871e961c6` {{(pid=46529) log_request_info /opt/stack/keystone/keystone/server/flask/request_processing/req_logging.py:29}}
Nov 14 12:26:44 user devstack@keystone.service[46527]: DEBUG keystone.common.rbac_enforcer.enforcer [None req-3ed46226-407b-4bac-8298-729c959c71c1 admin admin] RBAC: Authorization granted {{(pid=46527) enforce_call /opt/stack/keystone/keystone/common/rbac_enforcer/enforcer.py:457}}
Nov 14 12:26:44 user devstack@keystone.service[46529]: DEBUG keystone.common.rbac_enforcer.enforcer [None req-813f6dfd-c70a-463b-849c-ad4b45be871f None admin] RBAC: Authorizing `identity:get_user(user_id=e294880740874f5aa074ae1871e961c6)` {{(pid=46529) enforce_call /opt/stack/keystone/keystone/common/rbac_enforcer/enforcer.py:449}}
Nov 14 12:26:44 user devstack@keystone.service[46527]: [pid: 46527|app: 0|req: 89/248] 10.0.0.210 () {56 vars in 1202 bytes} [Tue Nov 14 12:26:44 2023] GET /identity/v3/projects/e9df3caeab9442b7b1d26e5e1a6df527 => generated 343 bytes in 22 msecs (HTTP/1.1 200) 5 headers in 177 bytes (1 switches on core 0)
Nov 14 12:26:44 user devstack@keystone.service[46529]: DEBUG keystone.common.rbac_enforcer.enforcer [None req-813f6dfd-c70a-463b-849c-ad4b45be871f None admin] RBAC: Authorization granted {{(pid=46529) enforce_call /opt/stack/keystone/keystone/common/rbac_enforcer/enforcer.py:457}}
Nov 14 12:26:44 user devstack@keystone.service[46529]: [pid: 46529|app: 0|req: 77/249] 10.0.0.210 () {56 vars in 1172 bytes} [Tue Nov 14 12:26:44 2023] GET /identity/v3/users/e294880740874f5aa074ae1871e961c6 => generated 292 bytes in 170 msecs (HTTP/1.1 200) 5 headers in 177 bytes (2 switches on core 0)
Nov 14 12:26:44 user devstack@keystone.service[46527]: DEBUG keystone.server.flask.request_processing.middleware.auth_context [None req-3ed46226-407b-4bac-8298-729c959c71c1 admin admin] Authenticating user token {{(pid=46527) process_request /opt/stack/data/venv/lib/python3.10/site-packages/keystonemiddleware/auth_token/__init__.py:406}}
Nov 14 12:26:44 user devstack@keystone.service[46528]: DEBUG keystone.server.flask.request_processing.middleware.auth_context [None req-6a18d727-031c-4a01-840f-e691037c8f85 admin admin] Authenticating user token {{(pid=46528) process_request /opt/stack/data/venv/lib/python3.10/site-packages/keystonemiddleware/auth_token/__init__.py:406}}
Nov 14 12:26:44 user devstack@keystone.service[46528]: DEBUG keystone.server.flask.request_processing.middleware.auth_context [None req-6a18d727-031c-4a01-840f-e691037c8f85 admin admin] Validating token access rules against request {{(pid=46528) validate_allowed_request /opt/stack/data/venv/lib/python3.10/site-packages/keystonemiddleware/auth_token/__init__.py:544}}
Nov 14 12:26:44 user devstack@keystone.service[46528]: DEBUG keystone.server.flask.request_processing.middleware.auth_context [None req-252a0eff-90ac-4e6e-b029-0dce6c42cee3 admin admin] RBAC: auth_context: {'token': , 'domain_id': None, 'trust_id': None, 'trustor_id': None, 'trustee_id': None, 'domain_name': None, 'group_ids': [], 'user_id': '49e987744fe048afbbe5f50e5d50eee3', 'user_domain_id': 'default', 'system_scope': None, 'project_id': 'e9df3caeab9442b7b1d26e5e1a6df527', 'project_domain_id': 'default', 'roles': ['admin', 'reader', 'manager', 'member'], 'is_admin_project': True, 'service_user_id': None, 'service_user_domain_id': None, 'service_project_id': None, 'service_project_domain_id': None, 'service_roles': []} {{(pid=46528) fill_context /opt/stack/keystone/keystone/server/flask/request_processing/middleware/auth_context.py:480}}
Nov 14 12:26:44 user devstack@keystone.service[46528]: DEBUG keystone.server.flask.request_processing.req_logging [None req-252a0eff-90ac-4e6e-b029-0dce6c42cee3 admin admin] REQUEST_METHOD: `PUT` {{(pid=46528) log_request_info /opt/stack/keystone/keystone/server/flask/request_processing/req_logging.py:27}}
Nov 14 12:26:44 user devstack@keystone.service[46528]: DEBUG keystone.server.flask.request_processing.req_logging [None req-252a0eff-90ac-4e6e-b029-0dce6c42cee3 admin admin] SCRIPT_NAME: `/identity` {{(pid=46528) log_request_info /opt/stack/keystone/keystone/server/flask/request_processing/req_logging.py:28}}
Nov 14 12:26:44 user devstack@keystone.service[46528]: DEBUG keystone.server.flask.request_processing.req_logging [None req-252a0eff-90ac-4e6e-b029-0dce6c42cee3 admin admin] PATH_INFO: `/v3/projects/e9df3caeab9442b7b1d26e5e1a6df527/groups/3f994e4fd8184b96bf5035614a5bcb55/roles/e3240ed740a547ba900fa635ab92b568` {{(pid=46528) log_request_info /opt/stack/keystone/keystone/server/flask/request_processing/req_logging.py:29}}
Nov 14 12:26:44 user devstack@keystone.service[46528]: DEBUG keystone.common.rbac_enforcer.enforcer [None req-252a0eff-90ac-4e6e-b029-0dce6c42cee3 admin admin] RBAC: Authorizing `identity:create_grant(project_id=e9df3caeab9442b7b1d26e5e1a6df527, group_id=3f994e4fd8184b96bf5035614a5bcb55, role_id=e3240ed740a547ba900fa635ab92b568)` {{(pid=46528) enforce_call /opt/stack/keystone/keystone/common/rbac_enforcer/enforcer.py:449}}
Nov 14 12:26:44 user devstack@keystone.service[46528]: WARNING py.warnings [None req-252a0eff-90ac-4e6e-b029-0dce6c42cee3 admin admin] /opt/stack/data/venv/lib/python3.10/site-packages/oslo_policy/policy.py:1130: UserWarning: Policy "identity:create_grant": "(role:admin and system_scope:all) or ((role:admin and domain_id:%(target.user.domain_id)s and domain_id:%(target.project.domain_id)s) or (role:admin and domain_id:%(target.user.domain_id)s and domain_id:%(target.domain.id)s) or (role:admin and domain_id:%(target.group.domain_id)s and domain_id:%(target.project.domain_id)s) or (role:admin and domain_id:%(target.group.domain_id)s and domain_id:%(target.domain.id)s)) and (domain_id:%(target.role.domain_id)s or None:%(target.role.domain_id)s)" failed scope check. The token used to make the request was project scoped but the policy requires ['system', 'domain'] scope. This behavior may change in the future where using the intended scope is required
Nov 14 12:26:44 user devstack@keystone.service[46528]: warnings.warn(msg)
Nov 14 12:26:44 user devstack@keystone.service[46528]:
Nov 14 12:26:44 user devstack@keystone.service[46528]: DEBUG keystone.common.rbac_enforcer.enforcer [None req-252a0eff-90ac-4e6e-b029-0dce6c42cee3 admin admin] RBAC: Authorization granted {{(pid=46528) enforce_call /opt/stack/keystone/keystone/common/rbac_enforcer/enforcer.py:457}}
Nov 14 12:26:44 user devstack@keystone.service[46528]: [pid: 46528|app: 0|req: 84/250] 10.0.0.210 () {58 vars in 1458 bytes} [Tue Nov 14 12:26:44 2023] PUT /identity/v3/projects/e9df3caeab9442b7b1d26e5e1a6df527/groups/3f994e4fd8184b96bf5035614a5bcb55/roles/e3240ed740a547ba900fa635ab92b568 => generated 0 bytes in 53 msecs (HTTP/1.1 204) 3 headers in 132 bytes (0 switches on core 0)
Nov 14 12:26:44 user devstack@keystone.service[46527]: DEBUG keystone.server.flask.request_processing.middleware.auth_context [None req-3ed46226-407b-4bac-8298-729c959c71c1 admin admin] Validating token access rules against request {{(pid=46527) validate_allowed_request /opt/stack/data/venv/lib/python3.10/site-packages/keystonemiddleware/auth_token/__init__.py:544}}
Nov 14 12:26:44 user devstack@keystone.service[46527]: DEBUG keystone.server.flask.request_processing.middleware.auth_context [None req-42c656a2-9df7-4881-bcd5-55386870a6b2 None admin] RBAC: auth_context: {'token': , 'domain_id': None, 'trust_id': None, 'trustor_id': None, 'trustee_id': None, 'domain_name': None, 'group_ids': [], 'user_id': '49e987744fe048afbbe5f50e5d50eee3', 'user_domain_id': 'default', 'system_scope': 'all', 'project_id': None, 'project_domain_id': None, 'roles': ['admin', 'manager', 'member', 'reader'], 'is_admin_project': True, 'service_user_id': None, 'service_user_domain_id': None, 'service_project_id': None, 'service_project_domain_id': None, 'service_roles': []} {{(pid=46527) fill_context /opt/stack/keystone/keystone/server/flask/request_processing/middleware/auth_context.py:480}}
Nov 14 12:26:44 user devstack@keystone.service[46527]: DEBUG keystone.server.flask.request_processing.req_logging [None req-42c656a2-9df7-4881-bcd5-55386870a6b2 None admin] REQUEST_METHOD: `GET` {{(pid=46527) log_request_info /opt/stack/keystone/keystone/server/flask/request_processing/req_logging.py:27}}
Nov 14 12:26:44 user devstack@keystone.service[46527]: DEBUG keystone.server.flask.request_processing.req_logging [None req-42c656a2-9df7-4881-bcd5-55386870a6b2 None admin] SCRIPT_NAME: `/identity` {{(pid=46527) log_request_info /opt/stack/keystone/keystone/server/flask/request_processing/req_logging.py:28}}
Nov 14 12:26:44 user devstack@keystone.service[46527]: DEBUG keystone.server.flask.request_processing.req_logging [None req-42c656a2-9df7-4881-bcd5-55386870a6b2 None admin] PATH_INFO: `/v3/role_assignments` {{(pid=46527) log_request_info /opt/stack/keystone/keystone/server/flask/request_processing/req_logging.py:29}}
Nov 14 12:26:44 user devstack@keystone.service[46527]: DEBUG keystone.common.rbac_enforcer.enforcer [None req-42c656a2-9df7-4881-bcd5-55386870a6b2 None admin] RBAC: Adding query filter params (role.id=10f6f9496f7b4b92aa4dea71cdcadc0d, user.id=e294880740874f5aa074ae1871e961c6, scope.system=all) {{(pid=46527) _extract_filter_values /opt/stack/keystone/keystone/common/rbac_enforcer/enforcer.py:167}}
Nov 14 12:26:44 user devstack@keystone.service[46527]: DEBUG keystone.common.rbac_enforcer.enforcer [None req-42c656a2-9df7-4881-bcd5-55386870a6b2 None admin] RBAC: Authorizing `identity:list_role_assignments()` {{(pid=46527) enforce_call /opt/stack/keystone/keystone/common/rbac_enforcer/enforcer.py:449}}
Nov 14 12:26:44 user devstack@keystone.service[46527]: DEBUG keystone.common.rbac_enforcer.enforcer [None req-42c656a2-9df7-4881-bcd5-55386870a6b2 None admin] RBAC: Authorization granted {{(pid=46527) enforce_call /opt/stack/keystone/keystone/common/rbac_enforcer/enforcer.py:457}}
Nov 14 12:26:44 user devstack@keystone.service[46527]: [pid: 46527|app: 0|req: 90/251] 10.0.0.210 () {56 vars in 1303 bytes} [Tue Nov 14 12:26:44 2023] GET /identity/v3/role_assignments?user.id=e294880740874f5aa074ae1871e961c6&scope.system=all&role.id=10f6f9496f7b4b92aa4dea71cdcadc0d => generated 508 bytes in 171 msecs (HTTP/1.1 200) 5 headers in 177 bytes (1 switches on core 0)
Nov 14 12:26:45 user devstack@keystone.service[46529]: DEBUG keystone.server.flask.request_processing.req_logging [None req-c08f067c-8d27-4bbc-a67c-1a0c08fee1e6 None None] REQUEST_METHOD: `GET` {{(pid=46529) log_request_info /opt/stack/keystone/keystone/server/flask/request_processing/req_logging.py:27}}
Nov 14 12:26:45 user devstack@keystone.service[46529]: DEBUG keystone.server.flask.request_processing.req_logging [None req-c08f067c-8d27-4bbc-a67c-1a0c08fee1e6 None None] SCRIPT_NAME: `/identity` {{(pid=46529) log_request_info /opt/stack/keystone/keystone/server/flask/request_processing/req_logging.py:28}}
Nov 14 12:26:45 user devstack@keystone.service[46529]: DEBUG keystone.server.flask.request_processing.req_logging [None req-c08f067c-8d27-4bbc-a67c-1a0c08fee1e6 None None] PATH_INFO: `/` {{(pid=46529) log_request_info /opt/stack/keystone/keystone/server/flask/request_processing/req_logging.py:29}}
Nov 14 12:26:45 user devstack@keystone.service[46529]: [pid: 46529|app: 0|req: 78/252] 10.0.0.210 () {54 vars in 921 bytes} [Tue Nov 14 12:26:45 2023] GET /identity => generated 269 bytes in 3 msecs (HTTP/1.1 300) 6 headers in 233 bytes (1 switches on core 0)
