Nov 14 12:26:24 user devstack@keystone.service[46527]: DEBUG keystone.common.rbac_enforcer.enforcer [None req-f37c9daa-8ad6-416b-82b5-b11f3ddd41e6 None admin] RBAC: Adding query filter params (name=anotherrole) {{(pid=46527) _extract_filter_values /opt/stack/keystone/keystone/common/rbac_enforcer/enforcer.py:167}}
Nov 14 12:26:24 user devstack@keystone.service[46528]: DEBUG keystone.server.flask.request_processing.req_logging [None req-06750db5-dfe2-4472-8e04-6cd2c3a636f3 None admin] PATH_INFO: `/v3/roles` {{(pid=46528) log_request_info /opt/stack/keystone/keystone/server/flask/request_processing/req_logging.py:29}}
Nov 14 12:26:24 user devstack@keystone.service[46527]: DEBUG keystone.common.rbac_enforcer.enforcer [None req-f37c9daa-8ad6-416b-82b5-b11f3ddd41e6 None admin] RBAC: Authorizing `identity:list_roles()` {{(pid=46527) enforce_call /opt/stack/keystone/keystone/common/rbac_enforcer/enforcer.py:449}}
Nov 14 12:26:24 user devstack@keystone.service[46528]: DEBUG keystone.common.rbac_enforcer.enforcer [None req-06750db5-dfe2-4472-8e04-6cd2c3a636f3 None admin] RBAC: Adding query filter params (name=reader) {{(pid=46528) _extract_filter_values /opt/stack/keystone/keystone/common/rbac_enforcer/enforcer.py:167}}
Nov 14 12:26:24 user devstack@keystone.service[46528]: DEBUG keystone.common.rbac_enforcer.enforcer [None req-06750db5-dfe2-4472-8e04-6cd2c3a636f3 None admin] RBAC: Authorizing `identity:list_roles()` {{(pid=46528) enforce_call /opt/stack/keystone/keystone/common/rbac_enforcer/enforcer.py:449}}
Nov 14 12:26:24 user devstack@keystone.service[46527]: DEBUG keystone.common.rbac_enforcer.enforcer [None req-f37c9daa-8ad6-416b-82b5-b11f3ddd41e6 None admin] RBAC: Authorization granted {{(pid=46527) enforce_call /opt/stack/keystone/keystone/common/rbac_enforcer/enforcer.py:457}}
Nov 14 12:26:24 user devstack@keystone.service[46528]: DEBUG keystone.common.rbac_enforcer.enforcer [None req-06750db5-dfe2-4472-8e04-6cd2c3a636f3 None admin] RBAC: Authorization granted {{(pid=46528) enforce_call /opt/stack/keystone/keystone/common/rbac_enforcer/enforcer.py:457}}
Nov 14 12:26:24 user devstack@keystone.service[46527]: [pid: 46527|app: 0|req: 30/91] 10.0.0.210 () {56 vars in 1106 bytes} [Tue Nov 14 12:26:24 2023] GET /identity/v3/roles?name=anotherrole => generated 332 bytes in 153 msecs (HTTP/1.1 200) 5 headers in 177 bytes (1 switches on core 0)
Nov 14 12:26:24 user devstack@keystone.service[46527]: DEBUG keystone.server.flask.request_processing.middleware.auth_context [None req-f37c9daa-8ad6-416b-82b5-b11f3ddd41e6 None admin] Authenticating user token {{(pid=46527) process_request /opt/stack/data/venv/lib/python3.10/site-packages/keystonemiddleware/auth_token/__init__.py:406}}
Nov 14 12:26:24 user devstack@keystone.service[46528]: [pid: 46528|app: 0|req: 35/92] 10.0.0.210 () {56 vars in 1096 bytes} [Tue Nov 14 12:26:24 2023] GET /identity/v3/roles?name=reader => generated 339 bytes in 197 msecs (HTTP/1.1 200) 5 headers in 177 bytes (1 switches on core 0)
Nov 14 12:26:24 user devstack@keystone.service[46528]: DEBUG keystone.server.flask.request_processing.middleware.auth_context [None req-06750db5-dfe2-4472-8e04-6cd2c3a636f3 None admin] Authenticating user token {{(pid=46528) process_request /opt/stack/data/venv/lib/python3.10/site-packages/keystonemiddleware/auth_token/__init__.py:406}}
Nov 14 12:26:24 user devstack@keystone.service[46529]: DEBUG keystone.server.flask.request_processing.middleware.auth_context [None req-14eed6a8-9461-4c37-83fa-9e30072896a1 None admin] Validating token access rules against request {{(pid=46529) validate_allowed_request /opt/stack/data/venv/lib/python3.10/site-packages/keystonemiddleware/auth_token/__init__.py:544}}
Nov 14 12:26:24 user devstack@keystone.service[46529]: DEBUG keystone.server.flask.request_processing.middleware.auth_context [None req-9e7ddd2b-4920-43b7-97b6-4e8e2aab19b0 None admin] RBAC: auth_context: {'token': , 'domain_id': None, 'trust_id': None, 'trustor_id': None, 'trustee_id': None, 'domain_name': None, 'group_ids': [], 'user_id': '49e987744fe048afbbe5f50e5d50eee3', 'user_domain_id': 'default', 'system_scope': 'all', 'project_id': None, 'project_domain_id': None, 'roles': ['admin', 'manager', 'member', 'reader'], 'is_admin_project': True, 'service_user_id': None, 'service_user_domain_id': None, 'service_project_id': None, 'service_project_domain_id': None, 'service_roles': []} {{(pid=46529) fill_context /opt/stack/keystone/keystone/server/flask/request_processing/middleware/auth_context.py:480}}
Nov 14 12:26:24 user devstack@keystone.service[46529]: DEBUG keystone.server.flask.request_processing.req_logging [None req-9e7ddd2b-4920-43b7-97b6-4e8e2aab19b0 None admin] REQUEST_METHOD: `GET` {{(pid=46529) log_request_info /opt/stack/keystone/keystone/server/flask/request_processing/req_logging.py:27}}
Nov 14 12:26:24 user devstack@keystone.service[46529]: DEBUG keystone.server.flask.request_processing.req_logging [None req-9e7ddd2b-4920-43b7-97b6-4e8e2aab19b0 None admin] SCRIPT_NAME: `/identity` {{(pid=46529) log_request_info /opt/stack/keystone/keystone/server/flask/request_processing/req_logging.py:28}}
Nov 14 12:26:24 user devstack@keystone.service[46529]: DEBUG keystone.server.flask.request_processing.req_logging [None req-9e7ddd2b-4920-43b7-97b6-4e8e2aab19b0 None admin] PATH_INFO: `/v3/roles/member` {{(pid=46529) log_request_info /opt/stack/keystone/keystone/server/flask/request_processing/req_logging.py:29}}
Nov 14 12:26:24 user devstack@keystone.service[46529]: DEBUG keystone.common.rbac_enforcer.enforcer [None req-9e7ddd2b-4920-43b7-97b6-4e8e2aab19b0 None admin] Extracting inferred target data resulted in "NOT FOUND (404)". {{(pid=46529) enforce_call /opt/stack/keystone/keystone/common/rbac_enforcer/enforcer.py:409}}
Nov 14 12:26:24 user devstack@keystone.service[46529]: ERROR keystone.server.flask.application [None req-9e7ddd2b-4920-43b7-97b6-4e8e2aab19b0 None admin] Could not find role: member.: keystone.exception.RoleNotFound: Could not find role: member.
Nov 14 12:26:24 user devstack@keystone.service[46529]: ERROR keystone.server.flask.application
Traceback (most recent call last):
Nov 14 12:26:24 user devstack@keystone.service[46529]: ERROR keystone.server.flask.application
File "/opt/stack/data/venv/lib/python3.10/site-packages/flask/app.py", line 1823, in full_dispatch_request
Nov 14 12:26:24 user devstack@keystone.service[46529]: ERROR keystone.server.flask.application rv = self.dispatch_request()
Nov 14 12:26:24 user devstack@keystone.service[46529]: ERROR keystone.server.flask.application
File "/opt/stack/data/venv/lib/python3.10/site-packages/flask/app.py", line 1799, in dispatch_request
Nov 14 12:26:24 user devstack@keystone.service[46529]: ERROR keystone.server.flask.application return self.ensure_sync(self.view_functions[rule.endpoint])(**view_args)
Nov 14 12:26:24 user devstack@keystone.service[46529]: ERROR keystone.server.flask.application
File "/opt/stack/data/venv/lib/python3.10/site-packages/flask_restful/__init__.py", line 489, in wrapper
Nov 14 12:26:24 user devstack@keystone.service[46529]: ERROR keystone.server.flask.application resp = resource(*args, **kwargs)
Nov 14 12:26:24 user devstack@keystone.service[46529]: ERROR keystone.server.flask.application
File "/opt/stack/data/venv/lib/python3.10/site-packages/flask/views.py", line 107, in view
Nov 14 12:26:24 user devstack@keystone.service[46529]: ERROR keystone.server.flask.application return current_app.ensure_sync(self.dispatch_request)(**kwargs)
Nov 14 12:26:24 user devstack@keystone.service[46529]: ERROR keystone.server.flask.application
File "/opt/stack/data/venv/lib/python3.10/site-packages/flask_restful/__init__.py", line 604, in dispatch_request
Nov 14 12:26:24 user devstack@keystone.service[46529]: ERROR keystone.server.flask.application resp = meth(*args, **kwargs)
Nov 14 12:26:24 user devstack@keystone.service[46529]: ERROR keystone.server.flask.application
File "/opt/stack/keystone/keystone/api/roles.py", line 50, in get
Nov 14 12:26:24 user devstack@keystone.service[46529]: ERROR keystone.server.flask.application return self._get_role(role_id)
Nov 14 12:26:24 user devstack@keystone.service[46529]: ERROR keystone.server.flask.application
File "/opt/stack/keystone/keystone/api/roles.py", line 70, in _get_role
Nov 14 12:26:24 user devstack@keystone.service[46529]: ERROR keystone.server.flask.application ENFORCER.enforce_call(action='identity:get_role')
Nov 14 12:26:24 user devstack@keystone.service[46529]: ERROR keystone.server.flask.application
File "/opt/stack/keystone/keystone/common/rbac_enforcer/enforcer.py", line 402, in enforce_call
Nov 14 12:26:24 user devstack@keystone.service[46529]: ERROR keystone.server.flask.application policy_dict.update(cls._extract_member_target_data(
Nov 14 12:26:24 user devstack@keystone.service[46529]: ERROR keystone.server.flask.application
File "/opt/stack/keystone/keystone/common/rbac_enforcer/enforcer.py", line 234, in _extract_member_target_data
Nov 14 12:26:24 user devstack@keystone.service[46529]: ERROR keystone.server.flask.application member_name: func(flask.request.view_args[key])
Nov 14 12:26:24 user devstack@keystone.service[46529]: ERROR keystone.server.flask.application
File "/opt/stack/keystone/keystone/common/manager.py", line 115, in wrapped
Nov 14 12:26:24 user devstack@keystone.service[46529]: ERROR keystone.server.flask.application __ret_val = __f(*args, **kwargs)
Nov 14 12:26:24 user devstack@keystone.service[46529]: ERROR keystone.server.flask.application
File "/opt/stack/data/venv/lib/python3.10/site-packages/decorator.py", line 232, in fun
Nov 14 12:26:24 user devstack@keystone.service[46529]: ERROR keystone.server.flask.application return caller(func, *(extras + args), **kw)
Nov 14 12:26:24 user devstack@keystone.service[46529]: ERROR keystone.server.flask.application
File "/opt/stack/data/venv/lib/python3.10/site-packages/dogpile/cache/region.py", line 1594, in get_or_create_for_user_func
Nov 14 12:26:24 user devstack@keystone.service[46529]: ERROR keystone.server.flask.application return self.get_or_create(
Nov 14 12:26:24 user devstack@keystone.service[46529]: ERROR keystone.server.flask.application
File "/opt/stack/data/venv/lib/python3.10/site-packages/dogpile/cache/region.py", line 1054, in get_or_create
Nov 14 12:26:24 user devstack@keystone.service[46529]: ERROR keystone.server.flask.application with Lock(
Nov 14 12:26:24 user devstack@keystone.service[46529]: ERROR keystone.server.flask.application
File "/opt/stack/data/venv/lib/python3.10/site-packages/dogpile/lock.py", line 185, in __enter__
Nov 14 12:26:24 user devstack@keystone.service[46529]: ERROR keystone.server.flask.application return self._enter()
Nov 14 12:26:24 user devstack@keystone.service[46529]: ERROR keystone.server.flask.application
File "/opt/stack/data/venv/lib/python3.10/site-packages/dogpile/lock.py", line 94, in _enter
Nov 14 12:26:24 user devstack@keystone.service[46529]: ERROR keystone.server.flask.application generated = self._enter_create(value, createdtime)
Nov 14 12:26:24 user devstack@keystone.service[46529]: ERROR keystone.server.flask.application
File "/opt/stack/data/venv/lib/python3.10/site-packages/dogpile/lock.py", line 178, in _enter_create
Nov 14 12:26:24 user devstack@keystone.service[46529]: ERROR keystone.server.flask.application return self.creator()
Nov 14 12:26:24 user devstack@keystone.service[46529]: ERROR keystone.server.flask.application
File "/opt/stack/data/venv/lib/python3.10/site-packages/dogpile/cache/region.py", line 1007, in gen_value
Nov 14 12:26:24 user devstack@keystone.service[46529]: ERROR keystone.server.flask.application created_value = creator(
Nov 14 12:26:24 user devstack@keystone.service[46529]: ERROR keystone.server.flask.application
File "/opt/stack/keystone/keystone/assignment/core.py", line 1276, in get_role
Nov 14 12:26:24 user devstack@keystone.service[46529]: ERROR keystone.server.flask.application return self.driver.get_role(role_id)
Nov 14 12:26:24 user devstack@keystone.service[46529]: ERROR keystone.server.flask.application
File "/opt/stack/keystone/keystone/assignment/role_backends/sql.py", line 70, in get_role
Nov 14 12:26:24 user devstack@keystone.service[46529]: ERROR keystone.server.flask.application return self._get_role(session, role_id).to_dict()
Nov 14 12:26:24 user devstack@keystone.service[46529]: ERROR keystone.server.flask.application
File "/opt/stack/keystone/keystone/assignment/role_backends/sql.py", line 65, in _get_role
Nov 14 12:26:24 user devstack@keystone.service[46529]: ERROR keystone.server.flask.application raise exception.RoleNotFound(role_id=role_id)
Nov 14 12:26:24 user devstack@keystone.service[46529]: ERROR keystone.server.flask.application keystone.exception.RoleNotFound: Could not find role: member.
Nov 14 12:26:24 user devstack@keystone.service[46529]: ERROR keystone.server.flask.application
Nov 14 12:26:24 user devstack@keystone.service[46529]: [pid: 46529|app: 0|req: 28/93] 10.0.0.210 () {56 vars in 1094 bytes} [Tue Nov 14 12:26:24 2023] GET /identity/v3/roles/member => generated 84 bytes in 150 msecs (HTTP/1.1 404) 5 headers in 183 bytes (1 switches on core 0)
Nov 14 12:26:24 user devstack@keystone.service[46529]: DEBUG keystone.server.flask.request_processing.middleware.auth_context [None req-9e7ddd2b-4920-43b7-97b6-4e8e2aab19b0 None admin] Authenticating user token {{(pid=46529) process_request /opt/stack/data/venv/lib/python3.10/site-packages/keystonemiddleware/auth_token/__init__.py:406}}
Nov 14 12:26:24 user devstack@keystone.service[46527]: DEBUG keystone.server.flask.request_processing.middleware.auth_context [None req-f37c9daa-8ad6-416b-82b5-b11f3ddd41e6 None admin] Validating token access rules against request {{(pid=46527) validate_allowed_request /opt/stack/data/venv/lib/python3.10/site-packages/keystonemiddleware/auth_token/__init__.py:544}}
Nov 14 12:26:24 user devstack@keystone.service[46528]: DEBUG keystone.server.flask.request_processing.middleware.auth_context [None req-06750db5-dfe2-4472-8e04-6cd2c3a636f3 None admin] Validating token access rules against request {{(pid=46528) validate_allowed_request /opt/stack/data/venv/lib/python3.10/site-packages/keystonemiddleware/auth_token/__init__.py:544}}
Nov 14 12:26:24 user devstack@keystone.service[46527]: DEBUG keystone.server.flask.request_processing.middleware.auth_context [None req-de5550f3-a463-4b9b-a89a-c4c4ec67936b None admin] RBAC: auth_context: {'token': , 'domain_id': None, 'trust_id': None, 'trustor_id': None, 'trustee_id': None, 'domain_name': None, 'group_ids': [], 'user_id': '49e987744fe048afbbe5f50e5d50eee3', 'user_domain_id': 'default', 'system_scope': 'all', 'project_id': None, 'project_domain_id': None, 'roles': ['admin', 'manager', 'member', 'reader'], 'is_admin_project': True, 'service_user_id': None, 'service_user_domain_id': None, 'service_project_id': None, 'service_project_domain_id': None, 'service_roles': []} {{(pid=46527) fill_context /opt/stack/keystone/keystone/server/flask/request_processing/middleware/auth_context.py:480}}
Nov 14 12:26:24 user devstack@keystone.service[46528]: DEBUG keystone.server.flask.request_processing.middleware.auth_context [None req-d483f678-bb17-4e68-ae76-241936fa7c1d None admin] RBAC: auth_context: {'token': , 'domain_id': None, 'trust_id': None, 'trustor_id': None, 'trustee_id': None, 'domain_name': None, 'group_ids': [], 'user_id': '49e987744fe048afbbe5f50e5d50eee3', 'user_domain_id': 'default', 'system_scope': 'all', 'project_id': None, 'project_domain_id': None, 'roles': ['admin', 'manager', 'member', 'reader'], 'is_admin_project': True, 'service_user_id': None, 'service_user_domain_id': None, 'service_project_id': None, 'service_project_domain_id': None, 'service_roles': []} {{(pid=46528) fill_context /opt/stack/keystone/keystone/server/flask/request_processing/middleware/auth_context.py:480}}
Nov 14 12:26:24 user devstack@keystone.service[46527]: DEBUG keystone.server.flask.request_processing.req_logging [None req-de5550f3-a463-4b9b-a89a-c4c4ec67936b None admin] REQUEST_METHOD: `GET` {{(pid=46527) log_request_info /opt/stack/keystone/keystone/server/flask/request_processing/req_logging.py:27}}
Nov 14 12:26:24 user devstack@keystone.service[46528]: DEBUG keystone.server.flask.request_processing.req_logging [None req-d483f678-bb17-4e68-ae76-241936fa7c1d None admin] REQUEST_METHOD: `GET` {{(pid=46528) log_request_info /opt/stack/keystone/keystone/server/flask/request_processing/req_logging.py:27}}
Nov 14 12:26:24 user devstack@keystone.service[46527]: DEBUG keystone.server.flask.request_processing.req_logging [None req-de5550f3-a463-4b9b-a89a-c4c4ec67936b None admin] SCRIPT_NAME: `/identity` {{(pid=46527) log_request_info /opt/stack/keystone/keystone/server/flask/request_processing/req_logging.py:28}}
Nov 14 12:26:24 user devstack@keystone.service[46528]: DEBUG keystone.server.flask.request_processing.req_logging [None req-d483f678-bb17-4e68-ae76-241936fa7c1d None admin] SCRIPT_NAME: `/identity` {{(pid=46528) log_request_info /opt/stack/keystone/keystone/server/flask/request_processing/req_logging.py:28}}
Nov 14 12:26:24 user devstack@keystone.service[46527]: DEBUG keystone.server.flask.request_processing.req_logging [None req-de5550f3-a463-4b9b-a89a-c4c4ec67936b None admin] PATH_INFO: `/v3/projects/5f16f0f2879242c38a83bd17401bbc64` {{(pid=46527) log_request_info /opt/stack/keystone/keystone/server/flask/request_processing/req_logging.py:29}}
Nov 14 12:26:24 user devstack@keystone.service[46528]: DEBUG keystone.server.flask.request_processing.req_logging [None req-d483f678-bb17-4e68-ae76-241936fa7c1d None admin] PATH_INFO: `/v3/domains/default` {{(pid=46528) log_request_info /opt/stack/keystone/keystone/server/flask/request_processing/req_logging.py:29}}
Nov 14 12:26:24 user devstack@keystone.service[46528]: DEBUG keystone.common.rbac_enforcer.enforcer [None req-d483f678-bb17-4e68-ae76-241936fa7c1d None admin] RBAC: Authorizing `identity:get_domain(domain_id=default)` {{(pid=46528) enforce_call /opt/stack/keystone/keystone/common/rbac_enforcer/enforcer.py:449}}
Nov 14 12:26:24 user devstack@keystone.service[46527]: DEBUG keystone.common.rbac_enforcer.enforcer [None req-de5550f3-a463-4b9b-a89a-c4c4ec67936b None admin] RBAC: Authorizing `identity:get_project(project_id=5f16f0f2879242c38a83bd17401bbc64)` {{(pid=46527) enforce_call /opt/stack/keystone/keystone/common/rbac_enforcer/enforcer.py:449}}
Nov 14 12:26:24 user devstack@keystone.service[46527]: DEBUG keystone.common.rbac_enforcer.enforcer [None req-de5550f3-a463-4b9b-a89a-c4c4ec67936b None admin] RBAC: Authorization granted {{(pid=46527) enforce_call /opt/stack/keystone/keystone/common/rbac_enforcer/enforcer.py:457}}
Nov 14 12:26:24 user devstack@keystone.service[46528]: DEBUG keystone.common.rbac_enforcer.enforcer [None req-d483f678-bb17-4e68-ae76-241936fa7c1d None admin] RBAC: Authorization granted {{(pid=46528) enforce_call /opt/stack/keystone/keystone/common/rbac_enforcer/enforcer.py:457}}
Nov 14 12:26:24 user devstack@keystone.service[46527]: [pid: 46527|app: 0|req: 31/94] 10.0.0.210 () {56 vars in 1181 bytes} [Tue Nov 14 12:26:24 2023] GET /identity/v3/projects/5f16f0f2879242c38a83bd17401bbc64 => generated 297 bytes in 142 msecs (HTTP/1.1 200) 5 headers in 177 bytes (1 switches on core 0)
Nov 14 12:26:24 user devstack@keystone.service[46528]: [pid: 46528|app: 0|req: 36/95] 10.0.0.210 () {56 vars in 1103 bytes} [Tue Nov 14 12:26:24 2023] GET /identity/v3/domains/default => generated 198 bytes in 137 msecs (HTTP/1.1 200) 5 headers in 177 bytes (1 switches on core 0)
Nov 14 12:26:24 user devstack@keystone.service[46527]: DEBUG keystone.server.flask.request_processing.middleware.auth_context [None req-de5550f3-a463-4b9b-a89a-c4c4ec67936b None admin] Authenticating user token {{(pid=46527) process_request /opt/stack/data/venv/lib/python3.10/site-packages/keystonemiddleware/auth_token/__init__.py:406}}
Nov 14 12:26:24 user devstack@keystone.service[46528]: DEBUG keystone.server.flask.request_processing.middleware.auth_context [None req-d483f678-bb17-4e68-ae76-241936fa7c1d None admin] Authenticating user token {{(pid=46528) process_request /opt/stack/data/venv/lib/python3.10/site-packages/keystonemiddleware/auth_token/__init__.py:406}}
Nov 14 12:26:24 user devstack@keystone.service[46529]: DEBUG keystone.server.flask.request_processing.middleware.auth_context [None req-9e7ddd2b-4920-43b7-97b6-4e8e2aab19b0 None admin] Validating token access rules against request {{(pid=46529) validate_allowed_request /opt/stack/data/venv/lib/python3.10/site-packages/keystonemiddleware/auth_token/__init__.py:544}}
Nov 14 12:26:24 user devstack@keystone.service[46529]: DEBUG keystone.server.flask.request_processing.middleware.auth_context [None req-26fd0669-dbcf-4c7b-88e4-e7cfceacd329 None admin] RBAC: auth_context: {'token': , 'domain_id': None, 'trust_id': None, 'trustor_id': None, 'trustee_id': None, 'domain_name': None, 'group_ids': [], 'user_id': '49e987744fe048afbbe5f50e5d50eee3', 'user_domain_id': 'default', 'system_scope': 'all', 'project_id': None, 'project_domain_id': None, 'roles': ['admin', 'manager', 'member', 'reader'], 'is_admin_project': True, 'service_user_id': None, 'service_user_domain_id': None, 'service_project_id': None, 'service_project_domain_id': None, 'service_roles': []} {{(pid=46529) fill_context /opt/stack/keystone/keystone/server/flask/request_processing/middleware/auth_context.py:480}}
Nov 14 12:26:24 user devstack@keystone.service[46529]: DEBUG keystone.server.flask.request_processing.req_logging [None req-26fd0669-dbcf-4c7b-88e4-e7cfceacd329 None admin] REQUEST_METHOD: `GET` {{(pid=46529) log_request_info /opt/stack/keystone/keystone/server/flask/request_processing/req_logging.py:27}}
Nov 14 12:26:24 user devstack@keystone.service[46529]: DEBUG keystone.server.flask.request_processing.req_logging [None req-26fd0669-dbcf-4c7b-88e4-e7cfceacd329 None admin] SCRIPT_NAME: `/identity` {{(pid=46529) log_request_info /opt/stack/keystone/keystone/server/flask/request_processing/req_logging.py:28}}
Nov 14 12:26:24 user devstack@keystone.service[46529]: DEBUG keystone.server.flask.request_processing.req_logging [None req-26fd0669-dbcf-4c7b-88e4-e7cfceacd329 None admin] PATH_INFO: `/v3/projects/5f16f0f2879242c38a83bd17401bbc64` {{(pid=46529) log_request_info /opt/stack/keystone/keystone/server/flask/request_processing/req_logging.py:29}}
Nov 14 12:26:24 user devstack@keystone.service[46529]: DEBUG keystone.common.rbac_enforcer.enforcer [None req-26fd0669-dbcf-4c7b-88e4-e7cfceacd329 None admin] RBAC: Authorizing `identity:get_project(project_id=5f16f0f2879242c38a83bd17401bbc64)` {{(pid=46529) enforce_call /opt/stack/keystone/keystone/common/rbac_enforcer/enforcer.py:449}}
Nov 14 12:26:24 user devstack@keystone.service[46529]: DEBUG keystone.common.rbac_enforcer.enforcer [None req-26fd0669-dbcf-4c7b-88e4-e7cfceacd329 None admin] RBAC: Authorization granted {{(pid=46529) enforce_call /opt/stack/keystone/keystone/common/rbac_enforcer/enforcer.py:457}}
Nov 14 12:26:24 user devstack@keystone.service[46529]: [pid: 46529|app: 0|req: 29/96] 10.0.0.210 () {56 vars in 1181 bytes} [Tue Nov 14 12:26:24 2023] GET /identity/v3/projects/5f16f0f2879242c38a83bd17401bbc64 => generated 297 bytes in 165 msecs (HTTP/1.1 200) 5 headers in 177 bytes (1 switches on core 0)
Nov 14 12:26:24 user devstack@keystone.service[46529]: DEBUG keystone.server.flask.request_processing.middleware.auth_context [None req-26fd0669-dbcf-4c7b-88e4-e7cfceacd329 None admin] Authenticating user token {{(pid=46529) process_request /opt/stack/data/venv/lib/python3.10/site-packages/keystonemiddleware/auth_token/__init__.py:406}}
Nov 14 12:26:24 user devstack@keystone.service[46527]: DEBUG keystone.server.flask.request_processing.middleware.auth_context [None req-de5550f3-a463-4b9b-a89a-c4c4ec67936b None admin] Validating token access rules against request {{(pid=46527) validate_allowed_request /opt/stack/data/venv/lib/python3.10/site-packages/keystonemiddleware/auth_token/__init__.py:544}}
Nov 14 12:26:24 user devstack@keystone.service[46528]: DEBUG keystone.server.flask.request_processing.middleware.auth_context [None req-d483f678-bb17-4e68-ae76-241936fa7c1d None admin] Validating token access rules against request {{(pid=46528) validate_allowed_request /opt/stack/data/venv/lib/python3.10/site-packages/keystonemiddleware/auth_token/__init__.py:544}}
Nov 14 12:26:24 user devstack@keystone.service[46527]: DEBUG keystone.server.flask.request_processing.middleware.auth_context [None req-3b828b61-dc9b-4df4-bf31-4e5ac8400f46 None admin] RBAC: auth_context: {'token': , 'domain_id': None, 'trust_id': None, 'trustor_id': None, 'trustee_id': None, 'domain_name': None, 'group_ids': [], 'user_id': '49e987744fe048afbbe5f50e5d50eee3', 'user_domain_id': 'default', 'system_scope': 'all', 'project_id': None, 'project_domain_id': None, 'roles': ['admin', 'manager', 'member', 'reader'], 'is_admin_project': True, 'service_user_id': None, 'service_user_domain_id': None, 'service_project_id': None, 'service_project_domain_id': None, 'service_roles': []} {{(pid=46527) fill_context /opt/stack/keystone/keystone/server/flask/request_processing/middleware/auth_context.py:480}}
Nov 14 12:26:24 user devstack@keystone.service[46527]: DEBUG keystone.server.flask.request_processing.req_logging [None req-3b828b61-dc9b-4df4-bf31-4e5ac8400f46 None admin] REQUEST_METHOD: `GET` {{(pid=46527) log_request_info /opt/stack/keystone/keystone/server/flask/request_processing/req_logging.py:27}}
Nov 14 12:26:24 user devstack@keystone.service[46527]: DEBUG keystone.server.flask.request_processing.req_logging [None req-3b828b61-dc9b-4df4-bf31-4e5ac8400f46 None admin] SCRIPT_NAME: `/identity` {{(pid=46527) log_request_info /opt/stack/keystone/keystone/server/flask/request_processing/req_logging.py:28}}
Nov 14 12:26:24 user devstack@keystone.service[46527]: DEBUG keystone.server.flask.request_processing.req_logging [None req-3b828b61-dc9b-4df4-bf31-4e5ac8400f46 None admin] PATH_INFO: `/v3/users/123a596a459c4cc2b5ac6945cba5e495` {{(pid=46527) log_request_info /opt/stack/keystone/keystone/server/flask/request_processing/req_logging.py:29}}
Nov 14 12:26:24 user devstack@keystone.service[46527]: DEBUG keystone.common.rbac_enforcer.enforcer [None req-3b828b61-dc9b-4df4-bf31-4e5ac8400f46 None admin] RBAC: Authorizing `identity:get_user(user_id=123a596a459c4cc2b5ac6945cba5e495)` {{(pid=46527) enforce_call /opt/stack/keystone/keystone/common/rbac_enforcer/enforcer.py:449}}
Nov 14 12:26:24 user devstack@keystone.service[46527]: DEBUG keystone.common.rbac_enforcer.enforcer [None req-3b828b61-dc9b-4df4-bf31-4e5ac8400f46 None admin] RBAC: Authorization granted {{(pid=46527) enforce_call /opt/stack/keystone/keystone/common/rbac_enforcer/enforcer.py:457}}
Nov 14 12:26:24 user devstack@keystone.service[46527]: [pid: 46527|app: 0|req: 32/97] 10.0.0.210 () {56 vars in 1172 bytes} [Tue Nov 14 12:26:24 2023] GET /identity/v3/users/123a596a459c4cc2b5ac6945cba5e495 => generated 274 bytes in 153 msecs (HTTP/1.1 200) 5 headers in 177 bytes (1 switches on core 0)
Nov 14 12:26:24 user devstack@keystone.service[46527]: DEBUG keystone.server.flask.request_processing.middleware.auth_context [None req-3b828b61-dc9b-4df4-bf31-4e5ac8400f46 None admin] Authenticating user token {{(pid=46527) process_request /opt/stack/data/venv/lib/python3.10/site-packages/keystonemiddleware/auth_token/__init__.py:406}}
Nov 14 12:26:24 user devstack@keystone.service[46528]: DEBUG keystone.server.flask.request_processing.middleware.auth_context [None req-8b8d2afd-24ec-4e48-bf33-74aa2e86f453 None admin] RBAC: auth_context: {'token': , 'domain_id': None, 'trust_id': None, 'trustor_id': None, 'trustee_id': None, 'domain_name': None, 'group_ids': [], 'user_id': '49e987744fe048afbbe5f50e5d50eee3', 'user_domain_id': 'default', 'system_scope': 'all', 'project_id': None, 'project_domain_id': None, 'roles': ['admin', 'manager', 'member', 'reader'], 'is_admin_project': True, 'service_user_id': None, 'service_user_domain_id': None, 'service_project_id': None, 'service_project_domain_id': None, 'service_roles': []} {{(pid=46528) fill_context /opt/stack/keystone/keystone/server/flask/request_processing/middleware/auth_context.py:480}}
Nov 14 12:26:24 user devstack@keystone.service[46528]: DEBUG keystone.server.flask.request_processing.req_logging [None req-8b8d2afd-24ec-4e48-bf33-74aa2e86f453 None admin] REQUEST_METHOD: `GET` {{(pid=46528) log_request_info /opt/stack/keystone/keystone/server/flask/request_processing/req_logging.py:27}}
Nov 14 12:26:24 user devstack@keystone.service[46528]: DEBUG keystone.server.flask.request_processing.req_logging [None req-8b8d2afd-24ec-4e48-bf33-74aa2e86f453 None admin] SCRIPT_NAME: `/identity` {{(pid=46528) log_request_info /opt/stack/keystone/keystone/server/flask/request_processing/req_logging.py:28}}
Nov 14 12:26:24 user devstack@keystone.service[46528]: DEBUG keystone.server.flask.request_processing.req_logging [None req-8b8d2afd-24ec-4e48-bf33-74aa2e86f453 None admin] PATH_INFO: `/v3/users/c09d83772b714f42827d1fd7c7a79c26` {{(pid=46528) log_request_info /opt/stack/keystone/keystone/server/flask/request_processing/req_logging.py:29}}
Nov 14 12:26:24 user devstack@keystone.service[46529]: DEBUG keystone.server.flask.request_processing.middleware.auth_context [None req-26fd0669-dbcf-4c7b-88e4-e7cfceacd329 None admin] Validating token access rules against request {{(pid=46529) validate_allowed_request /opt/stack/data/venv/lib/python3.10/site-packages/keystonemiddleware/auth_token/__init__.py:544}}
Nov 14 12:26:24 user devstack@keystone.service[46528]: DEBUG keystone.common.rbac_enforcer.enforcer [None req-8b8d2afd-24ec-4e48-bf33-74aa2e86f453 None admin] RBAC: Authorizing `identity:get_user(user_id=c09d83772b714f42827d1fd7c7a79c26)` {{(pid=46528) enforce_call /opt/stack/keystone/keystone/common/rbac_enforcer/enforcer.py:449}}
Nov 14 12:26:24 user devstack@keystone.service[46528]: DEBUG keystone.common.rbac_enforcer.enforcer [None req-8b8d2afd-24ec-4e48-bf33-74aa2e86f453 None admin] RBAC: Authorization granted {{(pid=46528) enforce_call /opt/stack/keystone/keystone/common/rbac_enforcer/enforcer.py:457}}
Nov 14 12:26:24 user devstack@keystone.service[46528]: [pid: 46528|app: 0|req: 37/98] 10.0.0.210 () {56 vars in 1172 bytes} [Tue Nov 14 12:26:24 2023] GET /identity/v3/users/c09d83772b714f42827d1fd7c7a79c26 => generated 288 bytes in 196 msecs (HTTP/1.1 200) 5 headers in 177 bytes (1 switches on core 0)
Nov 14 12:26:24 user devstack@keystone.service[46528]: DEBUG keystone.server.flask.request_processing.middleware.auth_context [None req-8b8d2afd-24ec-4e48-bf33-74aa2e86f453 None admin] Authenticating user token {{(pid=46528) process_request /opt/stack/data/venv/lib/python3.10/site-packages/keystonemiddleware/auth_token/__init__.py:406}}
Nov 14 12:26:24 user devstack@keystone.service[46529]: DEBUG keystone.server.flask.request_processing.middleware.auth_context [None req-f3bcd6d9-6f71-4b0e-9edd-567fc7f5b703 None admin] RBAC: auth_context: {'token': , 'domain_id': None, 'trust_id': None, 'trustor_id': None, 'trustee_id': None, 'domain_name': None, 'group_ids': [], 'user_id': '49e987744fe048afbbe5f50e5d50eee3', 'user_domain_id': 'default', 'system_scope': 'all', 'project_id': None, 'project_domain_id': None, 'roles': ['admin', 'manager', 'member', 'reader'], 'is_admin_project': True, 'service_user_id': None, 'service_user_domain_id': None, 'service_project_id': None, 'service_project_domain_id': None, 'service_roles': []} {{(pid=46529) fill_context /opt/stack/keystone/keystone/server/flask/request_processing/middleware/auth_context.py:480}}
Nov 14 12:26:24 user devstack@keystone.service[46529]: DEBUG keystone.server.flask.request_processing.req_logging [None req-f3bcd6d9-6f71-4b0e-9edd-567fc7f5b703 None admin] REQUEST_METHOD: `GET` {{(pid=46529) log_request_info /opt/stack/keystone/keystone/server/flask/request_processing/req_logging.py:27}}
Nov 14 12:26:24 user devstack@keystone.service[46529]: DEBUG keystone.server.flask.request_processing.req_logging [None req-f3bcd6d9-6f71-4b0e-9edd-567fc7f5b703 None admin] SCRIPT_NAME: `/identity` {{(pid=46529) log_request_info /opt/stack/keystone/keystone/server/flask/request_processing/req_logging.py:28}}
Nov 14 12:26:24 user devstack@keystone.service[46529]: DEBUG keystone.server.flask.request_processing.req_logging [None req-f3bcd6d9-6f71-4b0e-9edd-567fc7f5b703 None admin] PATH_INFO: `/v3/roles` {{(pid=46529) log_request_info /opt/stack/keystone/keystone/server/flask/request_processing/req_logging.py:29}}
Nov 14 12:26:24 user devstack@keystone.service[46529]: DEBUG keystone.common.rbac_enforcer.enforcer [None req-f3bcd6d9-6f71-4b0e-9edd-567fc7f5b703 None admin] RBAC: Adding query filter params (name=member) {{(pid=46529) _extract_filter_values /opt/stack/keystone/keystone/common/rbac_enforcer/enforcer.py:167}}
Nov 14 12:26:24 user devstack@keystone.service[46529]: DEBUG keystone.common.rbac_enforcer.enforcer [None req-f3bcd6d9-6f71-4b0e-9edd-567fc7f5b703 None admin] RBAC: Authorizing `identity:list_roles()` {{(pid=46529) enforce_call /opt/stack/keystone/keystone/common/rbac_enforcer/enforcer.py:449}}
Nov 14 12:26:24 user devstack@keystone.service[46529]: DEBUG keystone.common.rbac_enforcer.enforcer [None req-f3bcd6d9-6f71-4b0e-9edd-567fc7f5b703 None admin] RBAC: Authorization granted {{(pid=46529) enforce_call /opt/stack/keystone/keystone/common/rbac_enforcer/enforcer.py:457}}
Nov 14 12:26:24 user devstack@keystone.service[46529]: [pid: 46529|app: 0|req: 30/99] 10.0.0.210 () {56 vars in 1096 bytes} [Tue Nov 14 12:26:24 2023] GET /identity/v3/roles?name=member => generated 339 bytes in 141 msecs (HTTP/1.1 200) 5 headers in 177 bytes (1 switches on core 0)
Nov 14 12:26:24 user devstack@keystone.service[46529]: DEBUG keystone.server.flask.request_processing.middleware.auth_context [None req-f3bcd6d9-6f71-4b0e-9edd-567fc7f5b703 None admin] Authenticating user token {{(pid=46529) process_request /opt/stack/data/venv/lib/python3.10/site-packages/keystonemiddleware/auth_token/__init__.py:406}}
Nov 14 12:26:24 user devstack@keystone.service[46527]: DEBUG keystone.server.flask.request_processing.middleware.auth_context [None req-3b828b61-dc9b-4df4-bf31-4e5ac8400f46 None admin] Validating token access rules against request {{(pid=46527) validate_allowed_request /opt/stack/data/venv/lib/python3.10/site-packages/keystonemiddleware/auth_token/__init__.py:544}}
Nov 14 12:26:24 user devstack@keystone.service[46527]: DEBUG keystone.server.flask.request_processing.middleware.auth_context [None req-60eb8674-c689-4fcd-b6de-ebb69c9ce1b8 None admin] RBAC: auth_context: {'token': , 'domain_id': None, 'trust_id': None, 'trustor_id': None, 'trustee_id': None, 'domain_name': None, 'group_ids': [], 'user_id': '49e987744fe048afbbe5f50e5d50eee3', 'user_domain_id': 'default', 'system_scope': 'all', 'project_id': None, 'project_domain_id': None, 'roles': ['admin', 'manager', 'member', 'reader'], 'is_admin_project': True, 'service_user_id': None, 'service_user_domain_id': None, 'service_project_id': None, 'service_project_domain_id': None, 'service_roles': []} {{(pid=46527) fill_context /opt/stack/keystone/keystone/server/flask/request_processing/middleware/auth_context.py:480}}
Nov 14 12:26:24 user devstack@keystone.service[46527]: DEBUG keystone.server.flask.request_processing.req_logging [None req-60eb8674-c689-4fcd-b6de-ebb69c9ce1b8 None admin] REQUEST_METHOD: `GET` {{(pid=46527) log_request_info /opt/stack/keystone/keystone/server/flask/request_processing/req_logging.py:27}}
Nov 14 12:26:24 user devstack@keystone.service[46527]: DEBUG keystone.server.flask.request_processing.req_logging [None req-60eb8674-c689-4fcd-b6de-ebb69c9ce1b8 None admin] SCRIPT_NAME: `/identity` {{(pid=46527) log_request_info /opt/stack/keystone/keystone/server/flask/request_processing/req_logging.py:28}}
Nov 14 12:26:24 user devstack@keystone.service[46527]: DEBUG keystone.server.flask.request_processing.req_logging [None req-60eb8674-c689-4fcd-b6de-ebb69c9ce1b8 None admin] PATH_INFO: `/v3/role_assignments` {{(pid=46527) log_request_info /opt/stack/keystone/keystone/server/flask/request_processing/req_logging.py:29}}
Nov 14 12:26:24 user devstack@keystone.service[46527]: DEBUG keystone.common.rbac_enforcer.enforcer [None req-60eb8674-c689-4fcd-b6de-ebb69c9ce1b8 None admin] RBAC: Adding query filter params (role.id=93b99ae0743c491894a798b491fd61ab, scope.project.id=5f16f0f2879242c38a83bd17401bbc64, user.id=123a596a459c4cc2b5ac6945cba5e495) {{(pid=46527) _extract_filter_values /opt/stack/keystone/keystone/common/rbac_enforcer/enforcer.py:167}}
Nov 14 12:26:24 user devstack@keystone.service[46527]: DEBUG keystone.common.rbac_enforcer.enforcer [None req-60eb8674-c689-4fcd-b6de-ebb69c9ce1b8 None admin] RBAC: Authorizing `identity:list_role_assignments()` {{(pid=46527) enforce_call /opt/stack/keystone/keystone/common/rbac_enforcer/enforcer.py:449}}
Nov 14 12:26:24 user devstack@keystone.service[46527]: DEBUG keystone.common.rbac_enforcer.enforcer [None req-60eb8674-c689-4fcd-b6de-ebb69c9ce1b8 None admin] RBAC: Authorization granted {{(pid=46527) enforce_call /opt/stack/keystone/keystone/common/rbac_enforcer/enforcer.py:457}}
Nov 14 12:26:24 user devstack@keystone.service[46527]: [pid: 46527|app: 0|req: 33/100] 10.0.0.210 () {56 vars in 1369 bytes} [Tue Nov 14 12:26:24 2023] GET /identity/v3/role_assignments?user.id=123a596a459c4cc2b5ac6945cba5e495&scope.project.id=5f16f0f2879242c38a83bd17401bbc64&role.id=93b99ae0743c491894a798b491fd61ab => generated 606 bytes in 144 msecs (HTTP/1.1 200) 5 headers in 177 bytes (1 switches on core 0)
Nov 14 12:26:24 user devstack@keystone.service[46527]: DEBUG keystone.server.flask.request_processing.middleware.auth_context [None req-60eb8674-c689-4fcd-b6de-ebb69c9ce1b8 None admin] Authenticating user token {{(pid=46527) process_request /opt/stack/data/venv/lib/python3.10/site-packages/keystonemiddleware/auth_token/__init__.py:406}}
Nov 14 12:26:24 user devstack@keystone.service[46528]: DEBUG keystone.server.flask.request_processing.middleware.auth_context [None req-8b8d2afd-24ec-4e48-bf33-74aa2e86f453 None admin] Validating token access rules against request {{(pid=46528) validate_allowed_request /opt/stack/data/venv/lib/python3.10/site-packages/keystonemiddleware/auth_token/__init__.py:544}}
Nov 14 12:26:24 user devstack@keystone.service[46529]: DEBUG keystone.server.flask.request_processing.middleware.auth_context [None req-f3bcd6d9-6f71-4b0e-9edd-567fc7f5b703 None admin] Validating token access rules against request {{(pid=46529) validate_allowed_request /opt/stack/data/venv/lib/python3.10/site-packages/keystonemiddleware/auth_token/__init__.py:544}}
Nov 14 12:26:24 user devstack@keystone.service[46528]: DEBUG keystone.server.flask.request_processing.middleware.auth_context [None req-b9e5c428-edef-428d-952f-8a57fb35454b None admin] RBAC: auth_context: {'token': , 'domain_id': None, 'trust_id': None, 'trustor_id': None, 'trustee_id': None, 'domain_name': None, 'group_ids': [], 'user_id': '49e987744fe048afbbe5f50e5d50eee3', 'user_domain_id': 'default', 'system_scope': 'all', 'project_id': None, 'project_domain_id': None, 'roles': ['admin', 'manager', 'member', 'reader'], 'is_admin_project': True, 'service_user_id': None, 'service_user_domain_id': None, 'service_project_id': None, 'service_project_domain_id': None, 'service_roles': []} {{(pid=46528) fill_context /opt/stack/keystone/keystone/server/flask/request_processing/middleware/auth_context.py:480}}
Nov 14 12:26:24 user devstack@keystone.service[46528]: DEBUG keystone.server.flask.request_processing.req_logging [None req-b9e5c428-edef-428d-952f-8a57fb35454b None admin] REQUEST_METHOD: `POST` {{(pid=46528) log_request_info /opt/stack/keystone/keystone/server/flask/request_processing/req_logging.py:27}}
Nov 14 12:26:24 user devstack@keystone.service[46528]: DEBUG keystone.server.flask.request_processing.req_logging [None req-b9e5c428-edef-428d-952f-8a57fb35454b None admin] SCRIPT_NAME: `/identity` {{(pid=46528) log_request_info /opt/stack/keystone/keystone/server/flask/request_processing/req_logging.py:28}}
Nov 14 12:26:24 user devstack@keystone.service[46528]: DEBUG keystone.server.flask.request_processing.req_logging [None req-b9e5c428-edef-428d-952f-8a57fb35454b None admin] PATH_INFO: `/v3/projects` {{(pid=46528) log_request_info /opt/stack/keystone/keystone/server/flask/request_processing/req_logging.py:29}}
Nov 14 12:26:24 user devstack@keystone.service[46528]: DEBUG keystone.common.rbac_enforcer.enforcer [None req-b9e5c428-edef-428d-952f-8a57fb35454b None admin] RBAC: Authorizing `identity:create_project()` {{(pid=46528) enforce_call /opt/stack/keystone/keystone/common/rbac_enforcer/enforcer.py:449}}
Nov 14 12:26:24 user devstack@keystone.service[46528]: DEBUG keystone.common.rbac_enforcer.enforcer [None req-b9e5c428-edef-428d-952f-8a57fb35454b None admin] RBAC: Authorization granted {{(pid=46528) enforce_call /opt/stack/keystone/keystone/common/rbac_enforcer/enforcer.py:457}}
Nov 14 12:26:24 user devstack@keystone.service[46529]: DEBUG keystone.server.flask.request_processing.middleware.auth_context [None req-cd18ea8b-fb3f-4ac2-99a3-acb1e5af5453 None admin] RBAC: auth_context: {'token': , 'domain_id': None, 'trust_id': None, 'trustor_id': None, 'trustee_id': None, 'domain_name': None, 'group_ids': [], 'user_id': '49e987744fe048afbbe5f50e5d50eee3', 'user_domain_id': 'default', 'system_scope': 'all', 'project_id': None, 'project_domain_id': None, 'roles': ['admin', 'manager', 'member', 'reader'], 'is_admin_project': True, 'service_user_id': None, 'service_user_domain_id': None, 'service_project_id': None, 'service_project_domain_id': None, 'service_roles': []} {{(pid=46529) fill_context /opt/stack/keystone/keystone/server/flask/request_processing/middleware/auth_context.py:480}}
Nov 14 12:26:24 user devstack@keystone.service[46529]: DEBUG keystone.server.flask.request_processing.req_logging [None req-cd18ea8b-fb3f-4ac2-99a3-acb1e5af5453 None admin] REQUEST_METHOD: `GET` {{(pid=46529) log_request_info /opt/stack/keystone/keystone/server/flask/request_processing/req_logging.py:27}}
Nov 14 12:26:24 user devstack@keystone.service[46529]: DEBUG keystone.server.flask.request_processing.req_logging [None req-cd18ea8b-fb3f-4ac2-99a3-acb1e5af5453 None admin] SCRIPT_NAME: `/identity` {{(pid=46529) log_request_info /opt/stack/keystone/keystone/server/flask/request_processing/req_logging.py:28}}
Nov 14 12:26:24 user devstack@keystone.service[46529]: DEBUG keystone.server.flask.request_processing.req_logging [None req-cd18ea8b-fb3f-4ac2-99a3-acb1e5af5453 None admin] PATH_INFO: `/v3/role_assignments` {{(pid=46529) log_request_info /opt/stack/keystone/keystone/server/flask/request_processing/req_logging.py:29}}
Nov 14 12:26:24 user devstack@keystone.service[46529]: DEBUG keystone.common.rbac_enforcer.enforcer [None req-cd18ea8b-fb3f-4ac2-99a3-acb1e5af5453 None admin] RBAC: Adding query filter params (role.id=e3240ed740a547ba900fa635ab92b568, scope.project.id=5f16f0f2879242c38a83bd17401bbc64, user.id=49e987744fe048afbbe5f50e5d50eee3) {{(pid=46529) _extract_filter_values /opt/stack/keystone/keystone/common/rbac_enforcer/enforcer.py:167}}
Nov 14 12:26:24 user devstack@keystone.service[46529]: DEBUG keystone.common.rbac_enforcer.enforcer [None req-cd18ea8b-fb3f-4ac2-99a3-acb1e5af5453 None admin] RBAC: Authorizing `identity:list_role_assignments()` {{(pid=46529) enforce_call /opt/stack/keystone/keystone/common/rbac_enforcer/enforcer.py:449}}
Nov 14 12:26:24 user devstack@keystone.service[46529]: DEBUG keystone.common.rbac_enforcer.enforcer [None req-cd18ea8b-fb3f-4ac2-99a3-acb1e5af5453 None admin] RBAC: Authorization granted {{(pid=46529) enforce_call /opt/stack/keystone/keystone/common/rbac_enforcer/enforcer.py:457}}
Nov 14 12:26:24 user devstack@keystone.service[46529]: [pid: 46529|app: 0|req: 31/101] 10.0.0.210 () {56 vars in 1369 bytes} [Tue Nov 14 12:26:24 2023] GET /identity/v3/role_assignments?user.id=49e987744fe048afbbe5f50e5d50eee3&scope.project.id=5f16f0f2879242c38a83bd17401bbc64&role.id=e3240ed740a547ba900fa635ab92b568 => generated 606 bytes in 138 msecs (HTTP/1.1 200) 5 headers in 177 bytes (1 switches on core 0)
Nov 14 12:26:24 user devstack@keystone.service[46529]: DEBUG keystone.server.flask.request_processing.middleware.auth_context [None req-cd18ea8b-fb3f-4ac2-99a3-acb1e5af5453 None admin] Authenticating user token {{(pid=46529) process_request /opt/stack/data/venv/lib/python3.10/site-packages/keystonemiddleware/auth_token/__init__.py:406}}
Nov 14 12:26:24 user devstack@keystone.service[46528]: [pid: 46528|app: 0|req: 38/102] 10.0.0.210 () {60 vars in 1136 bytes} [Tue Nov 14 12:26:24 2023] POST /identity/v3/projects => generated 301 bytes in 178 msecs (HTTP/1.1 201) 5 headers in 182 bytes (1 switches on core 0)
Nov 14 12:26:24 user devstack@keystone.service[46528]: DEBUG keystone.server.flask.request_processing.middleware.auth_context [None req-b9e5c428-edef-428d-952f-8a57fb35454b None admin] Authenticating user token {{(pid=46528) process_request /opt/stack/data/venv/lib/python3.10/site-packages/keystonemiddleware/auth_token/__init__.py:406}}
Nov 14 12:26:24 user devstack@keystone.service[46527]: DEBUG keystone.server.flask.request_processing.middleware.auth_context [None req-60eb8674-c689-4fcd-b6de-ebb69c9ce1b8 None admin] Validating token access rules against request {{(pid=46527) validate_allowed_request /opt/stack/data/venv/lib/python3.10/site-packages/keystonemiddleware/auth_token/__init__.py:544}}
Nov 14 12:26:24 user devstack@keystone.service[46527]: DEBUG keystone.server.flask.request_processing.middleware.auth_context [None req-bb75b345-7477-414b-bedc-0d0c3aa27c48 None admin] RBAC: auth_context: {'token': , 'domain_id': None, 'trust_id': None, 'trustor_id': None, 'trustee_id': None, 'domain_name': None, 'group_ids': [], 'user_id': '49e987744fe048afbbe5f50e5d50eee3', 'user_domain_id': 'default', 'system_scope': 'all', 'project_id': None, 'project_domain_id': None, 'roles': ['admin', 'manager', 'member', 'reader'], 'is_admin_project': True, 'service_user_id': None, 'service_user_domain_id': None, 'service_project_id': None, 'service_project_domain_id': None, 'service_roles': []} {{(pid=46527) fill_context /opt/stack/keystone/keystone/server/flask/request_processing/middleware/auth_context.py:480}}
Nov 14 12:26:24 user devstack@keystone.service[46527]: DEBUG keystone.server.flask.request_processing.req_logging [None req-bb75b345-7477-414b-bedc-0d0c3aa27c48 None admin] REQUEST_METHOD: `GET` {{(pid=46527) log_request_info /opt/stack/keystone/keystone/server/flask/request_processing/req_logging.py:27}}
Nov 14 12:26:24 user devstack@keystone.service[46527]: DEBUG keystone.server.flask.request_processing.req_logging [None req-bb75b345-7477-414b-bedc-0d0c3aa27c48 None admin] SCRIPT_NAME: `/identity` {{(pid=46527) log_request_info /opt/stack/keystone/keystone/server/flask/request_processing/req_logging.py:28}}
Nov 14 12:26:24 user devstack@keystone.service[46527]: DEBUG keystone.server.flask.request_processing.req_logging [None req-bb75b345-7477-414b-bedc-0d0c3aa27c48 None admin] PATH_INFO: `/v3/auth/tokens` {{(pid=46527) log_request_info /opt/stack/keystone/keystone/server/flask/request_processing/req_logging.py:29}}
Nov 14 12:26:24 user devstack@keystone.service[46529]: DEBUG keystone.server.flask.request_processing.middleware.auth_context [None req-cd18ea8b-fb3f-4ac2-99a3-acb1e5af5453 None admin] Validating token access rules against request {{(pid=46529) validate_allowed_request /opt/stack/data/venv/lib/python3.10/site-packages/keystonemiddleware/auth_token/__init__.py:544}}
Nov 14 12:26:24 user devstack@keystone.service[46528]: DEBUG keystone.server.flask.request_processing.middleware.auth_context [None req-b9e5c428-edef-428d-952f-8a57fb35454b None admin] Validating token access rules against request {{(pid=46528) validate_allowed_request /opt/stack/data/venv/lib/python3.10/site-packages/keystonemiddleware/auth_token/__init__.py:544}}
Nov 14 12:26:24 user devstack@keystone.service[46529]: DEBUG keystone.server.flask.request_processing.middleware.auth_context [None req-3337cb09-d1a5-4f64-a33d-682aee0a3287 None admin] RBAC: auth_context: {'token': , 'domain_id': None, 'trust_id': None, 'trustor_id': None, 'trustee_id': None, 'domain_name': None, 'group_ids': [], 'user_id': '49e987744fe048afbbe5f50e5d50eee3', 'user_domain_id': 'default', 'system_scope': 'all', 'project_id': None, 'project_domain_id': None, 'roles': ['admin', 'manager', 'member', 'reader'], 'is_admin_project': True, 'service_user_id': None, 'service_user_domain_id': None, 'service_project_id': None, 'service_project_domain_id': None, 'service_roles': []} {{(pid=46529) fill_context /opt/stack/keystone/keystone/server/flask/request_processing/middleware/auth_context.py:480}}
Nov 14 12:26:24 user devstack@keystone.service[46529]: DEBUG keystone.server.flask.request_processing.req_logging [None req-3337cb09-d1a5-4f64-a33d-682aee0a3287 None admin] REQUEST_METHOD: `GET` {{(pid=46529) log_request_info /opt/stack/keystone/keystone/server/flask/request_processing/req_logging.py:27}}
Nov 14 12:26:24 user devstack@keystone.service[46529]: DEBUG keystone.server.flask.request_processing.req_logging [None req-3337cb09-d1a5-4f64-a33d-682aee0a3287 None admin] SCRIPT_NAME: `/identity` {{(pid=46529) log_request_info /opt/stack/keystone/keystone/server/flask/request_processing/req_logging.py:28}}
Nov 14 12:26:24 user devstack@keystone.service[46529]: DEBUG keystone.server.flask.request_processing.req_logging [None req-3337cb09-d1a5-4f64-a33d-682aee0a3287 None admin] PATH_INFO: `/v3/projects/5f16f0f2879242c38a83bd17401bbc64` {{(pid=46529) log_request_info /opt/stack/keystone/keystone/server/flask/request_processing/req_logging.py:29}}
