Aug 14 22:50:57 user devstack@n-api-meta.service[69999]: DEBUG nova.api.openstack.wsgi_app [-] oslo_limit.service_name = None {{(pid=69999) log_opt_values /opt/stack/data/venv/lib/python3.10/site-packages/oslo_config/cfg.py:2609}}
Aug 14 22:50:57 user devstack@n-api-meta.service[69999]: DEBUG nova.api.openstack.wsgi_app [-] oslo_limit.service_type = None {{(pid=69999) log_opt_values /opt/stack/data/venv/lib/python3.10/site-packages/oslo_config/cfg.py:2609}}
Aug 14 22:50:57 user devstack@n-api-meta.service[69999]: DEBUG nova.api.openstack.wsgi_app [-] oslo_limit.split_loggers = False {{(pid=69999) log_opt_values /opt/stack/data/venv/lib/python3.10/site-packages/oslo_config/cfg.py:2609}}
Aug 14 22:50:57 user devstack@n-api-meta.service[69999]: DEBUG nova.api.openstack.wsgi_app [-] oslo_limit.status_code_retries = None {{(pid=69999) log_opt_values /opt/stack/data/venv/lib/python3.10/site-packages/oslo_config/cfg.py:2609}}
Aug 14 22:50:57 user devstack@n-api-meta.service[69999]: DEBUG nova.api.openstack.wsgi_app [-] oslo_limit.status_code_retry_delay = None {{(pid=69999) log_opt_values /opt/stack/data/venv/lib/python3.10/site-packages/oslo_config/cfg.py:2609}}
Aug 14 22:50:57 user devstack@n-api-meta.service[69999]: DEBUG nova.api.openstack.wsgi_app [-] oslo_limit.timeout = None {{(pid=69999) log_opt_values /opt/stack/data/venv/lib/python3.10/site-packages/oslo_config/cfg.py:2609}}
Aug 14 22:50:57 user devstack@n-api-meta.service[69999]: DEBUG nova.api.openstack.wsgi_app [-] oslo_limit.valid_interfaces = None {{(pid=69999) log_opt_values /opt/stack/data/venv/lib/python3.10/site-packages/oslo_config/cfg.py:2609}}
Aug 14 22:50:57 user devstack@n-api-meta.service[69999]: DEBUG nova.api.openstack.wsgi_app [-] oslo_limit.version = None {{(pid=69999) log_opt_values /opt/stack/data/venv/lib/python3.10/site-packages/oslo_config/cfg.py:2609}}
Aug 14 22:50:57 user devstack@n-api-meta.service[69999]: DEBUG nova.api.openstack.wsgi_app [-] oslo_messaging_rabbit.amqp_auto_delete = False {{(pid=69999) log_opt_values /opt/stack/data/venv/lib/python3.10/site-packages/oslo_config/cfg.py:2609}}
Aug 14 22:50:57 user devstack@n-api-meta.service[69999]: DEBUG nova.api.openstack.wsgi_app [-] oslo_messaging_rabbit.amqp_durable_queues = False {{(pid=69999) log_opt_values /opt/stack/data/venv/lib/python3.10/site-packages/oslo_config/cfg.py:2609}}
Aug 14 22:50:57 user devstack@n-api-meta.service[69999]: DEBUG nova.api.openstack.wsgi_app [-] oslo_messaging_rabbit.conn_pool_min_size = 2 {{(pid=69999) log_opt_values /opt/stack/data/venv/lib/python3.10/site-packages/oslo_config/cfg.py:2609}}
Aug 14 22:50:57 user devstack@n-api-meta.service[69999]: DEBUG nova.api.openstack.wsgi_app [-] oslo_messaging_rabbit.conn_pool_ttl = 1200 {{(pid=69999) log_opt_values /opt/stack/data/venv/lib/python3.10/site-packages/oslo_config/cfg.py:2609}}
Aug 14 22:50:57 user devstack@n-api-meta.service[69999]: DEBUG nova.api.openstack.wsgi_app [-] oslo_messaging_rabbit.direct_mandatory_flag = True {{(pid=69999) log_opt_values /opt/stack/data/venv/lib/python3.10/site-packages/oslo_config/cfg.py:2609}}
Aug 14 22:50:57 user devstack@n-api-meta.service[69999]: DEBUG nova.api.openstack.wsgi_app [-] oslo_messaging_rabbit.enable_cancel_on_failover = False {{(pid=69999) log_opt_values /opt/stack/data/venv/lib/python3.10/site-packages/oslo_config/cfg.py:2609}}
Aug 14 22:50:57 user devstack@n-api-meta.service[69999]: DEBUG nova.api.openstack.wsgi_app [-] oslo_messaging_rabbit.heartbeat_in_pthread = False {{(pid=69999) log_opt_values /opt/stack/data/venv/lib/python3.10/site-packages/oslo_config/cfg.py:2609}}
Aug 14 22:50:57 user devstack@n-api-meta.service[69999]: DEBUG nova.api.openstack.wsgi_app [-] oslo_messaging_rabbit.heartbeat_rate = 2 {{(pid=69999) log_opt_values /opt/stack/data/venv/lib/python3.10/site-packages/oslo_config/cfg.py:2609}}
Aug 14 22:50:57 user devstack@n-api-meta.service[69999]: DEBUG nova.api.openstack.wsgi_app [-] oslo_messaging_rabbit.heartbeat_timeout_threshold = 60 {{(pid=69999) log_opt_values /opt/stack/data/venv/lib/python3.10/site-packages/oslo_config/cfg.py:2609}}
Aug 14 22:50:57 user devstack@n-api-meta.service[69999]: DEBUG nova.api.openstack.wsgi_app [-] oslo_messaging_rabbit.kombu_compression = None {{(pid=69999) log_opt_values /opt/stack/data/venv/lib/python3.10/site-packages/oslo_config/cfg.py:2609}}
Aug 14 22:50:57 user devstack@n-api-meta.service[69999]: DEBUG nova.api.openstack.wsgi_app [-] oslo_messaging_rabbit.kombu_failover_strategy = round-robin {{(pid=69999) log_opt_values /opt/stack/data/venv/lib/python3.10/site-packages/oslo_config/cfg.py:2609}}
Aug 14 22:50:57 user devstack@n-api-meta.service[69999]: DEBUG nova.api.openstack.wsgi_app [-] oslo_messaging_rabbit.kombu_missing_consumer_retry_timeout = 60 {{(pid=69999) log_opt_values /opt/stack/data/venv/lib/python3.10/site-packages/oslo_config/cfg.py:2609}}
Aug 14 22:50:57 user devstack@n-api-meta.service[69999]: DEBUG nova.api.openstack.wsgi_app [-] oslo_messaging_rabbit.kombu_reconnect_delay = 1.0 {{(pid=69999) log_opt_values /opt/stack/data/venv/lib/python3.10/site-packages/oslo_config/cfg.py:2609}}
Aug 14 22:50:57 user devstack@n-api-meta.service[69999]: DEBUG nova.api.openstack.wsgi_app [-] oslo_messaging_rabbit.rabbit_ha_queues = False {{(pid=69999) log_opt_values /opt/stack/data/venv/lib/python3.10/site-packages/oslo_config/cfg.py:2609}}
Aug 14 22:50:57 user devstack@n-api-meta.service[69999]: DEBUG nova.api.openstack.wsgi_app [-] oslo_messaging_rabbit.rabbit_interval_max = 30 {{(pid=69999) log_opt_values /opt/stack/data/venv/lib/python3.10/site-packages/oslo_config/cfg.py:2609}}
Aug 14 22:50:57 user devstack@n-api-meta.service[69999]: DEBUG nova.api.openstack.wsgi_app [-] oslo_messaging_rabbit.rabbit_login_method = AMQPLAIN {{(pid=69999) log_opt_values /opt/stack/data/venv/lib/python3.10/site-packages/oslo_config/cfg.py:2609}}
Aug 14 22:50:57 user devstack@n-api-meta.service[69999]: DEBUG nova.api.openstack.wsgi_app [-] oslo_messaging_rabbit.rabbit_qos_prefetch_count = 0 {{(pid=69999) log_opt_values /opt/stack/data/venv/lib/python3.10/site-packages/oslo_config/cfg.py:2609}}
Aug 14 22:50:57 user devstack@n-api-meta.service[69999]: DEBUG nova.api.openstack.wsgi_app [-] oslo_messaging_rabbit.rabbit_quorum_delivery_limit = 0 {{(pid=69999) log_opt_values /opt/stack/data/venv/lib/python3.10/site-packages/oslo_config/cfg.py:2609}}
Aug 14 22:50:57 user devstack@n-api-meta.service[69999]: DEBUG nova.api.openstack.wsgi_app [-] oslo_messaging_rabbit.rabbit_quorum_max_memory_bytes = 0 {{(pid=69999) log_opt_values /opt/stack/data/venv/lib/python3.10/site-packages/oslo_config/cfg.py:2609}}
Aug 14 22:50:57 user devstack@n-api-meta.service[69999]: DEBUG nova.api.openstack.wsgi_app [-] oslo_messaging_rabbit.rabbit_quorum_max_memory_length = 0 {{(pid=69999) log_opt_values /opt/stack/data/venv/lib/python3.10/site-packages/oslo_config/cfg.py:2609}}
Aug 14 22:50:57 user devstack@n-api-meta.service[69999]: DEBUG nova.api.openstack.wsgi_app [-] oslo_messaging_rabbit.rabbit_quorum_queue = False {{(pid=69999) log_opt_values /opt/stack/data/venv/lib/python3.10/site-packages/oslo_config/cfg.py:2609}}
Aug 14 22:50:57 user devstack@n-api-meta.service[69999]: DEBUG nova.api.openstack.wsgi_app [-] oslo_messaging_rabbit.rabbit_retry_backoff = 2 {{(pid=69999) log_opt_values /opt/stack/data/venv/lib/python3.10/site-packages/oslo_config/cfg.py:2609}}
Aug 14 22:50:57 user devstack@n-api-meta.service[69999]: DEBUG nova.api.openstack.wsgi_app [-] oslo_messaging_rabbit.rabbit_retry_interval = 1 {{(pid=69999) log_opt_values /opt/stack/data/venv/lib/python3.10/site-packages/oslo_config/cfg.py:2609}}
Aug 14 22:50:57 user devstack@n-api-meta.service[69999]: DEBUG nova.api.openstack.wsgi_app [-] oslo_messaging_rabbit.rabbit_transient_queues_ttl = 1800 {{(pid=69999) log_opt_values /opt/stack/data/venv/lib/python3.10/site-packages/oslo_config/cfg.py:2609}}
Aug 14 22:50:57 user devstack@n-api-meta.service[69999]: DEBUG nova.api.openstack.wsgi_app [-] oslo_messaging_rabbit.rpc_conn_pool_size = 30 {{(pid=69999) log_opt_values /opt/stack/data/venv/lib/python3.10/site-packages/oslo_config/cfg.py:2609}}
Aug 14 22:50:57 user devstack@n-api-meta.service[69999]: DEBUG nova.api.openstack.wsgi_app [-] oslo_messaging_rabbit.ssl = False {{(pid=69999) log_opt_values /opt/stack/data/venv/lib/python3.10/site-packages/oslo_config/cfg.py:2609}}
Aug 14 22:50:57 user devstack@n-api-meta.service[69999]: DEBUG nova.api.openstack.wsgi_app [-] oslo_messaging_rabbit.ssl_ca_file = {{(pid=69999) log_opt_values /opt/stack/data/venv/lib/python3.10/site-packages/oslo_config/cfg.py:2609}}
Aug 14 22:50:57 user devstack@n-api-meta.service[69999]: DEBUG nova.api.openstack.wsgi_app [-] oslo_messaging_rabbit.ssl_cert_file = {{(pid=69999) log_opt_values /opt/stack/data/venv/lib/python3.10/site-packages/oslo_config/cfg.py:2609}}
Aug 14 22:50:57 user devstack@n-api-meta.service[69999]: DEBUG nova.api.openstack.wsgi_app [-] oslo_messaging_rabbit.ssl_enforce_fips_mode = False {{(pid=69999) log_opt_values /opt/stack/data/venv/lib/python3.10/site-packages/oslo_config/cfg.py:2609}}
Aug 14 22:50:57 user devstack@n-api-meta.service[69999]: DEBUG nova.api.openstack.wsgi_app [-] oslo_messaging_rabbit.ssl_key_file = {{(pid=69999) log_opt_values /opt/stack/data/venv/lib/python3.10/site-packages/oslo_config/cfg.py:2609}}
Aug 14 22:50:57 user devstack@n-api-meta.service[69999]: DEBUG nova.api.openstack.wsgi_app [-] oslo_messaging_rabbit.ssl_version = {{(pid=69999) log_opt_values /opt/stack/data/venv/lib/python3.10/site-packages/oslo_config/cfg.py:2609}}
Aug 14 22:50:57 user devstack@n-api-meta.service[69999]: DEBUG nova.api.openstack.wsgi_app [-] oslo_messaging_notifications.driver = ['messagingv2'] {{(pid=69999) log_opt_values /opt/stack/data/venv/lib/python3.10/site-packages/oslo_config/cfg.py:2609}}
Aug 14 22:50:57 user devstack@n-api-meta.service[69999]: DEBUG nova.api.openstack.wsgi_app [-] oslo_messaging_notifications.retry = -1 {{(pid=69999) log_opt_values /opt/stack/data/venv/lib/python3.10/site-packages/oslo_config/cfg.py:2609}}
Aug 14 22:50:57 user devstack@n-api-meta.service[69999]: DEBUG nova.api.openstack.wsgi_app [-] oslo_messaging_notifications.topics = ['notifications'] {{(pid=69999) log_opt_values /opt/stack/data/venv/lib/python3.10/site-packages/oslo_config/cfg.py:2609}}
Aug 14 22:50:57 user devstack@n-api-meta.service[69999]: DEBUG nova.api.openstack.wsgi_app [-] oslo_messaging_notifications.transport_url = **** {{(pid=69999) log_opt_values /opt/stack/data/venv/lib/python3.10/site-packages/oslo_config/cfg.py:2609}}
Aug 14 22:50:57 user devstack@n-api-meta.service[69999]: DEBUG nova.api.openstack.wsgi_app [-] oslo_reports.file_event_handler = None {{(pid=69999) log_opt_values /opt/stack/data/venv/lib/python3.10/site-packages/oslo_config/cfg.py:2609}}
Aug 14 22:50:57 user devstack@n-api-meta.service[69999]: DEBUG nova.api.openstack.wsgi_app [-] oslo_reports.file_event_handler_interval = 1 {{(pid=69999) log_opt_values /opt/stack/data/venv/lib/python3.10/site-packages/oslo_config/cfg.py:2609}}
Aug 14 22:50:57 user devstack@n-api-meta.service[69999]: DEBUG nova.api.openstack.wsgi_app [-] oslo_reports.log_dir = None {{(pid=69999) log_opt_values /opt/stack/data/venv/lib/python3.10/site-packages/oslo_config/cfg.py:2609}}
Aug 14 22:50:57 user devstack@n-api-meta.service[69999]: DEBUG nova.api.openstack.wsgi_app [-] ******************************************************************************** {{(pid=69999) log_opt_values /opt/stack/data/venv/lib/python3.10/site-packages/oslo_config/cfg.py:2613}}
Aug 14 22:50:57 user devstack@n-api-meta.service[69998]: INFO dbcounter [None req-8257cde1-958b-4e26-b913-18e40944a1c0 None None] Registered counter for database nova_api
Aug 14 22:50:57 user devstack@n-api-meta.service[69998]: DEBUG oslo_db.sqlalchemy.engines [None req-8257cde1-958b-4e26-b913-18e40944a1c0 None None] MySQL server mode set to STRICT_TRANS_TABLES,STRICT_ALL_TABLES,NO_ZERO_IN_DATE,NO_ZERO_DATE,ERROR_FOR_DIVISION_BY_ZERO,TRADITIONAL,NO_ENGINE_SUBSTITUTION {{(pid=69998) _check_effective_sql_mode /opt/stack/data/venv/lib/python3.10/site-packages/oslo_db/sqlalchemy/engines.py:335}}
Aug 14 22:50:57 user devstack@n-api-meta.service[69998]: DEBUG dbcounter [-] [69998] Writer thread running {{(pid=69998) stat_writer /opt/stack/data/venv/lib/python3.10/site-packages/dbcounter.py:102}}
Aug 14 22:50:57 user devstack@n-api-meta.service[70000]: INFO dbcounter [None req-d681d4d1-b7d3-49cb-aea9-46a9366f6c31 None None] Registered counter for database nova_api
Aug 14 22:50:57 user devstack@n-api-meta.service[69999]: INFO dbcounter [None req-0cfa7825-aa36-4770-b2e7-ad3bb935175f None None] Registered counter for database nova_api
Aug 14 22:50:57 user devstack@n-api-meta.service[70000]: DEBUG oslo_db.sqlalchemy.engines [None req-d681d4d1-b7d3-49cb-aea9-46a9366f6c31 None None] MySQL server mode set to STRICT_TRANS_TABLES,STRICT_ALL_TABLES,NO_ZERO_IN_DATE,NO_ZERO_DATE,ERROR_FOR_DIVISION_BY_ZERO,TRADITIONAL,NO_ENGINE_SUBSTITUTION {{(pid=70000) _check_effective_sql_mode /opt/stack/data/venv/lib/python3.10/site-packages/oslo_db/sqlalchemy/engines.py:335}}
Aug 14 22:50:57 user devstack@n-api-meta.service[69999]: DEBUG oslo_db.sqlalchemy.engines [None req-0cfa7825-aa36-4770-b2e7-ad3bb935175f None None] MySQL server mode set to STRICT_TRANS_TABLES,STRICT_ALL_TABLES,NO_ZERO_IN_DATE,NO_ZERO_DATE,ERROR_FOR_DIVISION_BY_ZERO,TRADITIONAL,NO_ENGINE_SUBSTITUTION {{(pid=69999) _check_effective_sql_mode /opt/stack/data/venv/lib/python3.10/site-packages/oslo_db/sqlalchemy/engines.py:335}}
Aug 14 22:50:57 user devstack@n-api-meta.service[69999]: DEBUG dbcounter [-] [69999] Writer thread running {{(pid=69999) stat_writer /opt/stack/data/venv/lib/python3.10/site-packages/dbcounter.py:102}}
Aug 14 22:50:57 user devstack@n-api-meta.service[70000]: DEBUG dbcounter [-] [70000] Writer thread running {{(pid=70000) stat_writer /opt/stack/data/venv/lib/python3.10/site-packages/dbcounter.py:102}}
Aug 14 22:50:57 user devstack@n-api-meta.service[69998]: DEBUG nova.context [None req-8257cde1-958b-4e26-b913-18e40944a1c0 None None] Found 2 cells: 00000000-0000-0000-0000-000000000000(cell0),b40b8029-2fea-4f71-9622-b8b8a17abaa5(cell1) {{(pid=69998) load_cells /opt/stack/nova/nova/context.py:464}}
Aug 14 22:50:57 user devstack@n-api-meta.service[69998]: DEBUG oslo_concurrency.lockutils [None req-8257cde1-958b-4e26-b913-18e40944a1c0 None None] Acquiring lock "00000000-0000-0000-0000-000000000000" by "nova.context.set_target_cell..get_or_set_cached_cell_and_set_connections" {{(pid=69998) inner /opt/stack/data/venv/lib/python3.10/site-packages/oslo_concurrency/lockutils.py:404}}
Aug 14 22:50:57 user devstack@n-api-meta.service[69998]: DEBUG oslo_concurrency.lockutils [None req-8257cde1-958b-4e26-b913-18e40944a1c0 None None] Lock "00000000-0000-0000-0000-000000000000" acquired by "nova.context.set_target_cell..get_or_set_cached_cell_and_set_connections" :: waited 0.000s {{(pid=69998) inner /opt/stack/data/venv/lib/python3.10/site-packages/oslo_concurrency/lockutils.py:409}}
Aug 14 22:50:57 user devstack@n-api-meta.service[69998]: DEBUG oslo_concurrency.lockutils [None req-8257cde1-958b-4e26-b913-18e40944a1c0 None None] Lock "00000000-0000-0000-0000-000000000000" "released" by "nova.context.set_target_cell..get_or_set_cached_cell_and_set_connections" :: held 0.001s {{(pid=69998) inner /opt/stack/data/venv/lib/python3.10/site-packages/oslo_concurrency/lockutils.py:423}}
Aug 14 22:50:57 user devstack@n-api-meta.service[69998]: DEBUG oslo_concurrency.lockutils [None req-8257cde1-958b-4e26-b913-18e40944a1c0 None None] Acquiring lock "b40b8029-2fea-4f71-9622-b8b8a17abaa5" by "nova.context.set_target_cell..get_or_set_cached_cell_and_set_connections" {{(pid=69998) inner /opt/stack/data/venv/lib/python3.10/site-packages/oslo_concurrency/lockutils.py:404}}
Aug 14 22:50:57 user devstack@n-api-meta.service[69998]: DEBUG oslo_concurrency.lockutils [None req-8257cde1-958b-4e26-b913-18e40944a1c0 None None] Lock "b40b8029-2fea-4f71-9622-b8b8a17abaa5" acquired by "nova.context.set_target_cell..get_or_set_cached_cell_and_set_connections" :: waited 0.000s {{(pid=69998) inner /opt/stack/data/venv/lib/python3.10/site-packages/oslo_concurrency/lockutils.py:409}}
Aug 14 22:50:57 user devstack@n-api-meta.service[69998]: DEBUG oslo_concurrency.lockutils [None req-8257cde1-958b-4e26-b913-18e40944a1c0 None None] Lock "b40b8029-2fea-4f71-9622-b8b8a17abaa5" "released" by "nova.context.set_target_cell..get_or_set_cached_cell_and_set_connections" :: held 0.001s {{(pid=69998) inner /opt/stack/data/venv/lib/python3.10/site-packages/oslo_concurrency/lockutils.py:423}}
Aug 14 22:50:57 user devstack@n-api-meta.service[69998]: INFO dbcounter [None req-8257cde1-958b-4e26-b913-18e40944a1c0 None None] Registered counter for database nova_cell0
Aug 14 22:50:57 user devstack@n-api-meta.service[69998]: INFO dbcounter [None req-8257cde1-958b-4e26-b913-18e40944a1c0 None None] Registered counter for database nova_cell1
Aug 14 22:50:57 user devstack@n-api-meta.service[69998]: DEBUG oslo_db.sqlalchemy.engines [None req-8257cde1-958b-4e26-b913-18e40944a1c0 None None] MySQL server mode set to STRICT_TRANS_TABLES,STRICT_ALL_TABLES,NO_ZERO_IN_DATE,NO_ZERO_DATE,ERROR_FOR_DIVISION_BY_ZERO,TRADITIONAL,NO_ENGINE_SUBSTITUTION {{(pid=69998) _check_effective_sql_mode /opt/stack/data/venv/lib/python3.10/site-packages/oslo_db/sqlalchemy/engines.py:335}}
Aug 14 22:50:57 user devstack@n-api-meta.service[69998]: DEBUG oslo_db.sqlalchemy.engines [None req-8257cde1-958b-4e26-b913-18e40944a1c0 None None] MySQL server mode set to STRICT_TRANS_TABLES,STRICT_ALL_TABLES,NO_ZERO_IN_DATE,NO_ZERO_DATE,ERROR_FOR_DIVISION_BY_ZERO,TRADITIONAL,NO_ENGINE_SUBSTITUTION {{(pid=69998) _check_effective_sql_mode /opt/stack/data/venv/lib/python3.10/site-packages/oslo_db/sqlalchemy/engines.py:335}}
Aug 14 22:50:57 user devstack@n-api-meta.service[69998]: DEBUG dbcounter [-] [69998] Writer thread running {{(pid=69998) stat_writer /opt/stack/data/venv/lib/python3.10/site-packages/dbcounter.py:102}}
Aug 14 22:50:57 user devstack@n-api-meta.service[69999]: DEBUG nova.context [None req-0cfa7825-aa36-4770-b2e7-ad3bb935175f None None] Found 2 cells: 00000000-0000-0000-0000-000000000000(cell0),b40b8029-2fea-4f71-9622-b8b8a17abaa5(cell1) {{(pid=69999) load_cells /opt/stack/nova/nova/context.py:464}}
Aug 14 22:50:57 user devstack@n-api-meta.service[69999]: DEBUG oslo_concurrency.lockutils [None req-0cfa7825-aa36-4770-b2e7-ad3bb935175f None None] Acquiring lock "00000000-0000-0000-0000-000000000000" by "nova.context.set_target_cell..get_or_set_cached_cell_and_set_connections" {{(pid=69999) inner /opt/stack/data/venv/lib/python3.10/site-packages/oslo_concurrency/lockutils.py:404}}
Aug 14 22:50:57 user devstack@n-api-meta.service[69999]: DEBUG oslo_concurrency.lockutils [None req-0cfa7825-aa36-4770-b2e7-ad3bb935175f None None] Lock "00000000-0000-0000-0000-000000000000" acquired by "nova.context.set_target_cell..get_or_set_cached_cell_and_set_connections" :: waited 0.000s {{(pid=69999) inner /opt/stack/data/venv/lib/python3.10/site-packages/oslo_concurrency/lockutils.py:409}}
Aug 14 22:50:57 user devstack@n-api-meta.service[69999]: DEBUG oslo_concurrency.lockutils [None req-0cfa7825-aa36-4770-b2e7-ad3bb935175f None None] Lock "00000000-0000-0000-0000-000000000000" "released" by "nova.context.set_target_cell..get_or_set_cached_cell_and_set_connections" :: held 0.001s {{(pid=69999) inner /opt/stack/data/venv/lib/python3.10/site-packages/oslo_concurrency/lockutils.py:423}}
Aug 14 22:50:57 user devstack@n-api-meta.service[69999]: DEBUG oslo_concurrency.lockutils [None req-0cfa7825-aa36-4770-b2e7-ad3bb935175f None None] Acquiring lock "b40b8029-2fea-4f71-9622-b8b8a17abaa5" by "nova.context.set_target_cell..get_or_set_cached_cell_and_set_connections" {{(pid=69999) inner /opt/stack/data/venv/lib/python3.10/site-packages/oslo_concurrency/lockutils.py:404}}
Aug 14 22:50:57 user devstack@n-api-meta.service[69999]: DEBUG oslo_concurrency.lockutils [None req-0cfa7825-aa36-4770-b2e7-ad3bb935175f None None] Lock "b40b8029-2fea-4f71-9622-b8b8a17abaa5" acquired by "nova.context.set_target_cell..get_or_set_cached_cell_and_set_connections" :: waited 0.000s {{(pid=69999) inner /opt/stack/data/venv/lib/python3.10/site-packages/oslo_concurrency/lockutils.py:409}}
Aug 14 22:50:57 user devstack@n-api-meta.service[69999]: DEBUG oslo_concurrency.lockutils [None req-0cfa7825-aa36-4770-b2e7-ad3bb935175f None None] Lock "b40b8029-2fea-4f71-9622-b8b8a17abaa5" "released" by "nova.context.set_target_cell..get_or_set_cached_cell_and_set_connections" :: held 0.002s {{(pid=69999) inner /opt/stack/data/venv/lib/python3.10/site-packages/oslo_concurrency/lockutils.py:423}}
Aug 14 22:50:57 user devstack@n-api-meta.service[69999]: INFO dbcounter [None req-0cfa7825-aa36-4770-b2e7-ad3bb935175f None None] Registered counter for database nova_cell0
Aug 14 22:50:57 user devstack@n-api-meta.service[69999]: INFO dbcounter [None req-0cfa7825-aa36-4770-b2e7-ad3bb935175f None None] Registered counter for database nova_cell1
Aug 14 22:50:57 user devstack@n-api-meta.service[70000]: DEBUG nova.context [None req-d681d4d1-b7d3-49cb-aea9-46a9366f6c31 None None] Found 2 cells: 00000000-0000-0000-0000-000000000000(cell0),b40b8029-2fea-4f71-9622-b8b8a17abaa5(cell1) {{(pid=70000) load_cells /opt/stack/nova/nova/context.py:464}}
Aug 14 22:50:57 user devstack@n-api-meta.service[70000]: DEBUG oslo_concurrency.lockutils [None req-d681d4d1-b7d3-49cb-aea9-46a9366f6c31 None None] Acquiring lock "00000000-0000-0000-0000-000000000000" by "nova.context.set_target_cell..get_or_set_cached_cell_and_set_connections" {{(pid=70000) inner /opt/stack/data/venv/lib/python3.10/site-packages/oslo_concurrency/lockutils.py:404}}
Aug 14 22:50:57 user devstack@n-api-meta.service[70000]: DEBUG oslo_concurrency.lockutils [None req-d681d4d1-b7d3-49cb-aea9-46a9366f6c31 None None] Lock "00000000-0000-0000-0000-000000000000" acquired by "nova.context.set_target_cell..get_or_set_cached_cell_and_set_connections" :: waited 0.000s {{(pid=70000) inner /opt/stack/data/venv/lib/python3.10/site-packages/oslo_concurrency/lockutils.py:409}}
Aug 14 22:50:57 user devstack@n-api-meta.service[70000]: DEBUG oslo_concurrency.lockutils [None req-d681d4d1-b7d3-49cb-aea9-46a9366f6c31 None None] Lock "00000000-0000-0000-0000-000000000000" "released" by "nova.context.set_target_cell..get_or_set_cached_cell_and_set_connections" :: held 0.001s {{(pid=70000) inner /opt/stack/data/venv/lib/python3.10/site-packages/oslo_concurrency/lockutils.py:423}}
Aug 14 22:50:57 user devstack@n-api-meta.service[70000]: DEBUG oslo_concurrency.lockutils [None req-d681d4d1-b7d3-49cb-aea9-46a9366f6c31 None None] Acquiring lock "b40b8029-2fea-4f71-9622-b8b8a17abaa5" by "nova.context.set_target_cell..get_or_set_cached_cell_and_set_connections" {{(pid=70000) inner /opt/stack/data/venv/lib/python3.10/site-packages/oslo_concurrency/lockutils.py:404}}
Aug 14 22:50:57 user devstack@n-api-meta.service[70000]: DEBUG oslo_concurrency.lockutils [None req-d681d4d1-b7d3-49cb-aea9-46a9366f6c31 None None] Lock "b40b8029-2fea-4f71-9622-b8b8a17abaa5" acquired by "nova.context.set_target_cell..get_or_set_cached_cell_and_set_connections" :: waited 0.000s {{(pid=70000) inner /opt/stack/data/venv/lib/python3.10/site-packages/oslo_concurrency/lockutils.py:409}}
Aug 14 22:50:57 user devstack@n-api-meta.service[70000]: DEBUG oslo_concurrency.lockutils [None req-d681d4d1-b7d3-49cb-aea9-46a9366f6c31 None None] Lock "b40b8029-2fea-4f71-9622-b8b8a17abaa5" "released" by "nova.context.set_target_cell..get_or_set_cached_cell_and_set_connections" :: held 0.002s {{(pid=70000) inner /opt/stack/data/venv/lib/python3.10/site-packages/oslo_concurrency/lockutils.py:423}}
Aug 14 22:50:57 user devstack@n-api-meta.service[69999]: DEBUG oslo_db.sqlalchemy.engines [None req-0cfa7825-aa36-4770-b2e7-ad3bb935175f None None] MySQL server mode set to STRICT_TRANS_TABLES,STRICT_ALL_TABLES,NO_ZERO_IN_DATE,NO_ZERO_DATE,ERROR_FOR_DIVISION_BY_ZERO,TRADITIONAL,NO_ENGINE_SUBSTITUTION {{(pid=69999) _check_effective_sql_mode /opt/stack/data/venv/lib/python3.10/site-packages/oslo_db/sqlalchemy/engines.py:335}}
Aug 14 22:50:58 user devstack@n-api-meta.service[70000]: INFO dbcounter [None req-d681d4d1-b7d3-49cb-aea9-46a9366f6c31 None None] Registered counter for database nova_cell0
Aug 14 22:50:58 user devstack@n-api-meta.service[69999]: DEBUG dbcounter [-] [69999] Writer thread running {{(pid=69999) stat_writer /opt/stack/data/venv/lib/python3.10/site-packages/dbcounter.py:102}}
Aug 14 22:50:58 user devstack@n-api-meta.service[70000]: INFO dbcounter [None req-d681d4d1-b7d3-49cb-aea9-46a9366f6c31 None None] Registered counter for database nova_cell1
Aug 14 22:50:58 user devstack@n-api-meta.service[70000]: DEBUG oslo_db.sqlalchemy.engines [None req-d681d4d1-b7d3-49cb-aea9-46a9366f6c31 None None] MySQL server mode set to STRICT_TRANS_TABLES,STRICT_ALL_TABLES,NO_ZERO_IN_DATE,NO_ZERO_DATE,ERROR_FOR_DIVISION_BY_ZERO,TRADITIONAL,NO_ENGINE_SUBSTITUTION {{(pid=70000) _check_effective_sql_mode /opt/stack/data/venv/lib/python3.10/site-packages/oslo_db/sqlalchemy/engines.py:335}}
Aug 14 22:50:58 user devstack@n-api-meta.service[70000]: DEBUG oslo_db.sqlalchemy.engines [None req-d681d4d1-b7d3-49cb-aea9-46a9366f6c31 None None] MySQL server mode set to STRICT_TRANS_TABLES,STRICT_ALL_TABLES,NO_ZERO_IN_DATE,NO_ZERO_DATE,ERROR_FOR_DIVISION_BY_ZERO,TRADITIONAL,NO_ENGINE_SUBSTITUTION {{(pid=70000) _check_effective_sql_mode /opt/stack/data/venv/lib/python3.10/site-packages/oslo_db/sqlalchemy/engines.py:335}}
Aug 14 22:50:58 user devstack@n-api-meta.service[70000]: DEBUG dbcounter [-] [70000] Writer thread running {{(pid=70000) stat_writer /opt/stack/data/venv/lib/python3.10/site-packages/dbcounter.py:102}}
Aug 14 22:50:58 user devstack@n-api-meta.service[69998]: DEBUG dbcounter [-] [69998] Writer thread running {{(pid=69998) stat_writer /opt/stack/data/venv/lib/python3.10/site-packages/dbcounter.py:102}}
Aug 14 22:50:58 user devstack@n-api-meta.service[69998]: INFO dbcounter [None req-8257cde1-958b-4e26-b913-18e40944a1c0 None None] Registered counter for database nova_cell0
Aug 14 22:50:58 user devstack@n-api-meta.service[69998]: DEBUG oslo_db.sqlalchemy.engines [None req-8257cde1-958b-4e26-b913-18e40944a1c0 None None] MySQL server mode set to STRICT_TRANS_TABLES,STRICT_ALL_TABLES,NO_ZERO_IN_DATE,NO_ZERO_DATE,ERROR_FOR_DIVISION_BY_ZERO,TRADITIONAL,NO_ENGINE_SUBSTITUTION {{(pid=69998) _check_effective_sql_mode /opt/stack/data/venv/lib/python3.10/site-packages/oslo_db/sqlalchemy/engines.py:335}}
Aug 14 22:50:58 user devstack@n-api-meta.service[69998]: DEBUG dbcounter [-] [69998] Writer thread running {{(pid=69998) stat_writer /opt/stack/data/venv/lib/python3.10/site-packages/dbcounter.py:102}}
Aug 14 22:50:58 user devstack@n-api-meta.service[70000]: DEBUG dbcounter [-] [70000] Writer thread running {{(pid=70000) stat_writer /opt/stack/data/venv/lib/python3.10/site-packages/dbcounter.py:102}}
Aug 14 22:50:58 user devstack@n-api-meta.service[69999]: DEBUG oslo_db.sqlalchemy.engines [None req-0cfa7825-aa36-4770-b2e7-ad3bb935175f None None] MySQL server mode set to STRICT_TRANS_TABLES,STRICT_ALL_TABLES,NO_ZERO_IN_DATE,NO_ZERO_DATE,ERROR_FOR_DIVISION_BY_ZERO,TRADITIONAL,NO_ENGINE_SUBSTITUTION {{(pid=69999) _check_effective_sql_mode /opt/stack/data/venv/lib/python3.10/site-packages/oslo_db/sqlalchemy/engines.py:335}}
Aug 14 22:50:58 user devstack@n-api-meta.service[70000]: INFO dbcounter [None req-d681d4d1-b7d3-49cb-aea9-46a9366f6c31 None None] Registered counter for database nova_cell0
Aug 14 22:50:58 user devstack@n-api-meta.service[69999]: DEBUG dbcounter [-] [69999] Writer thread running {{(pid=69999) stat_writer /opt/stack/data/venv/lib/python3.10/site-packages/dbcounter.py:102}}
Aug 14 22:50:58 user devstack@n-api-meta.service[70000]: DEBUG oslo_db.sqlalchemy.engines [None req-d681d4d1-b7d3-49cb-aea9-46a9366f6c31 None None] MySQL server mode set to STRICT_TRANS_TABLES,STRICT_ALL_TABLES,NO_ZERO_IN_DATE,NO_ZERO_DATE,ERROR_FOR_DIVISION_BY_ZERO,TRADITIONAL,NO_ENGINE_SUBSTITUTION {{(pid=70000) _check_effective_sql_mode /opt/stack/data/venv/lib/python3.10/site-packages/oslo_db/sqlalchemy/engines.py:335}}
Aug 14 22:50:58 user devstack@n-api-meta.service[69999]: INFO dbcounter [None req-0cfa7825-aa36-4770-b2e7-ad3bb935175f None None] Registered counter for database nova_cell0
Aug 14 22:50:58 user devstack@n-api-meta.service[70000]: DEBUG dbcounter [-] [70000] Writer thread running {{(pid=70000) stat_writer /opt/stack/data/venv/lib/python3.10/site-packages/dbcounter.py:102}}
Aug 14 22:50:58 user devstack@n-api-meta.service[69999]: DEBUG oslo_db.sqlalchemy.engines [None req-0cfa7825-aa36-4770-b2e7-ad3bb935175f None None] MySQL server mode set to STRICT_TRANS_TABLES,STRICT_ALL_TABLES,NO_ZERO_IN_DATE,NO_ZERO_DATE,ERROR_FOR_DIVISION_BY_ZERO,TRADITIONAL,NO_ENGINE_SUBSTITUTION {{(pid=69999) _check_effective_sql_mode /opt/stack/data/venv/lib/python3.10/site-packages/oslo_db/sqlalchemy/engines.py:335}}
Aug 14 22:50:58 user devstack@n-api-meta.service[69999]: DEBUG dbcounter [-] [69999] Writer thread running {{(pid=69999) stat_writer /opt/stack/data/venv/lib/python3.10/site-packages/dbcounter.py:102}}
Aug 14 22:50:58 user devstack@n-api-meta.service[69998]: WARNING nova.api.metadata.handler [None req-8257cde1-958b-4e26-b913-18e40944a1c0 None None] metadata_proxy_shared_secret is not configured, the metadata information returned by the proxy cannot be trusted
Aug 14 22:50:58 user devstack@n-api-meta.service[69998]: WSGI app 0 (mountpoint='') ready in 4 seconds on interpreter 0x564564d5d0d0 pid: 69998 (default app)
Aug 14 22:50:58 user devstack@n-api-meta.service[70000]: WARNING nova.api.metadata.handler [None req-d681d4d1-b7d3-49cb-aea9-46a9366f6c31 None None] metadata_proxy_shared_secret is not configured, the metadata information returned by the proxy cannot be trusted
Aug 14 22:50:58 user devstack@n-api-meta.service[70000]: WSGI app 0 (mountpoint='') ready in 4 seconds on interpreter 0x564564d5d0d0 pid: 70000 (default app)
Aug 14 22:50:58 user devstack@n-api-meta.service[69999]: WARNING nova.api.metadata.handler [None req-0cfa7825-aa36-4770-b2e7-ad3bb935175f None None] metadata_proxy_shared_secret is not configured, the metadata information returned by the proxy cannot be trusted
Aug 14 22:50:58 user devstack@n-api-meta.service[69999]: WSGI app 0 (mountpoint='') ready in 4 seconds on interpreter 0x564564d5d0d0 pid: 69999 (default app)
Aug 14 22:56:04 user devstack@n-api-meta.service[69998]: DEBUG nova.api.metadata.handler [None req-8257cde1-958b-4e26-b913-18e40944a1c0 None None] Metadata request headers: {'Host': '10.0.0.210:8775', 'User-Agent': 'python-requests/2.28.2', 'Accept-Encoding': 'gzip, deflate', 'Accept': '*/*', 'Connection': 'keep-alive', 'X-Forwarded-For': '10.0.0.14', 'X-Instance-Id': '023e16fd-7e7d-4a3d-8f66-5f1cd5b085aa', 'X-Tenant-Id': '77c9d8bf74b94b4c9d82ec1308a7036e', 'X-Instance-Id-Signature': '8ae225310db43a9f7dc0454a673123932bd49196820ae35b406d678bc6a5ec3e'} {{(pid=69998) __call__ /opt/stack/nova/nova/api/metadata/handler.py:110}}
Aug 14 22:56:04 user devstack@n-api-meta.service[69998]: DEBUG dbcounter [-] [69998] Writing DB stats nova_api:SELECT=3 {{(pid=69998) stat_writer /opt/stack/data/venv/lib/python3.10/site-packages/dbcounter.py:115}}
Aug 14 22:56:04 user devstack@n-api-meta.service[69998]: DEBUG dbcounter [-] [69998] Writing DB stats nova_cell0:SELECT=3 {{(pid=69998) stat_writer /opt/stack/data/venv/lib/python3.10/site-packages/dbcounter.py:115}}
Aug 14 22:56:04 user devstack@n-api-meta.service[69998]: DEBUG dbcounter [-] [69998] Writing DB stats nova_cell1:SELECT=3 {{(pid=69998) stat_writer /opt/stack/data/venv/lib/python3.10/site-packages/dbcounter.py:115}}
Aug 14 22:56:04 user devstack@n-api-meta.service[69998]: DEBUG dbcounter [-] [69998] Writing DB stats nova_cell0:SELECT=6,nova_cell0:INSERT=1 {{(pid=69998) stat_writer /opt/stack/data/venv/lib/python3.10/site-packages/dbcounter.py:115}}
Aug 14 22:56:04 user devstack@n-api-meta.service[69998]: DEBUG oslo_concurrency.lockutils [None req-ded2ee4b-b7db-48dd-ac4c-dc4ec584c300 None None] Acquiring lock "b40b8029-2fea-4f71-9622-b8b8a17abaa5" by "nova.context.set_target_cell..get_or_set_cached_cell_and_set_connections" {{(pid=69998) inner /opt/stack/data/venv/lib/python3.10/site-packages/oslo_concurrency/lockutils.py:404}}
Aug 14 22:56:04 user devstack@n-api-meta.service[69998]: DEBUG oslo_concurrency.lockutils [None req-ded2ee4b-b7db-48dd-ac4c-dc4ec584c300 None None] Lock "b40b8029-2fea-4f71-9622-b8b8a17abaa5" acquired by "nova.context.set_target_cell..get_or_set_cached_cell_and_set_connections" :: waited 0.001s {{(pid=69998) inner /opt/stack/data/venv/lib/python3.10/site-packages/oslo_concurrency/lockutils.py:409}}
Aug 14 22:56:04 user devstack@n-api-meta.service[69998]: DEBUG oslo_concurrency.lockutils [None req-ded2ee4b-b7db-48dd-ac4c-dc4ec584c300 None None] Lock "b40b8029-2fea-4f71-9622-b8b8a17abaa5" "released" by "nova.context.set_target_cell..get_or_set_cached_cell_and_set_connections" :: held 0.000s {{(pid=69998) inner /opt/stack/data/venv/lib/python3.10/site-packages/oslo_concurrency/lockutils.py:423}}
Aug 14 22:56:06 user devstack@n-api-meta.service[70000]: DEBUG nova.api.metadata.handler [None req-d681d4d1-b7d3-49cb-aea9-46a9366f6c31 None None] Metadata request headers: {'Host': '10.0.0.210:8775', 'User-Agent': 'python-requests/2.28.2', 'Accept-Encoding': 'gzip, deflate', 'Accept': '*/*', 'Connection': 'keep-alive', 'X-Forwarded-For': '10.0.0.7', 'X-Instance-Id': 'b563c62d-d117-4bb5-9157-7387c51ed641', 'X-Tenant-Id': '142137ab929f4e5289b06319af10751b', 'X-Instance-Id-Signature': 'e4c787014a59009a794151ae236a11aaa047ef3bff7beedb7a3e2c71b653d0db'} {{(pid=70000) __call__ /opt/stack/nova/nova/api/metadata/handler.py:110}}
Aug 14 22:56:06 user devstack@n-api-meta.service[70000]: DEBUG dbcounter [-] [70000] Writing DB stats nova_api:SELECT=3 {{(pid=70000) stat_writer /opt/stack/data/venv/lib/python3.10/site-packages/dbcounter.py:115}}
Aug 14 22:56:06 user devstack@n-api-meta.service[70000]: DEBUG dbcounter [-] [70000] Writing DB stats nova_cell0:SELECT=3 {{(pid=70000) stat_writer /opt/stack/data/venv/lib/python3.10/site-packages/dbcounter.py:115}}
Aug 14 22:56:06 user devstack@n-api-meta.service[70000]: DEBUG dbcounter [-] [70000] Writing DB stats nova_cell1:SELECT=3 {{(pid=70000) stat_writer /opt/stack/data/venv/lib/python3.10/site-packages/dbcounter.py:115}}
Aug 14 22:56:06 user devstack@n-api-meta.service[70000]: DEBUG dbcounter [-] [70000] Writing DB stats nova_cell0:SELECT=3 {{(pid=70000) stat_writer /opt/stack/data/venv/lib/python3.10/site-packages/dbcounter.py:115}}
Aug 14 22:56:06 user devstack@n-api-meta.service[70000]: DEBUG oslo_concurrency.lockutils [None req-a4f78c29-92ca-4a1e-a8cf-7be992d87a1a None None] Acquiring lock "b40b8029-2fea-4f71-9622-b8b8a17abaa5" by "nova.context.set_target_cell..get_or_set_cached_cell_and_set_connections" {{(pid=70000) inner /opt/stack/data/venv/lib/python3.10/site-packages/oslo_concurrency/lockutils.py:404}}
Aug 14 22:56:06 user devstack@n-api-meta.service[70000]: DEBUG oslo_concurrency.lockutils [None req-a4f78c29-92ca-4a1e-a8cf-7be992d87a1a None None] Lock "b40b8029-2fea-4f71-9622-b8b8a17abaa5" acquired by "nova.context.set_target_cell..get_or_set_cached_cell_and_set_connections" :: waited 0.001s {{(pid=70000) inner /opt/stack/data/venv/lib/python3.10/site-packages/oslo_concurrency/lockutils.py:409}}
Aug 14 22:56:06 user devstack@n-api-meta.service[70000]: DEBUG oslo_concurrency.lockutils [None req-a4f78c29-92ca-4a1e-a8cf-7be992d87a1a None None] Lock "b40b8029-2fea-4f71-9622-b8b8a17abaa5" "released" by "nova.context.set_target_cell..get_or_set_cached_cell_and_set_connections" :: held 0.001s {{(pid=70000) inner /opt/stack/data/venv/lib/python3.10/site-packages/oslo_concurrency/lockutils.py:423}}
Aug 14 22:56:06 user devstack@n-api-meta.service[69998]: [pid: 69998|app: 0|req: 1/1] 10.0.0.210 () {40 vars in 667 bytes} [Mon Aug 14 22:56:04 2023] GET /2009-04-04/meta-data/instance-id => generated 10 bytes in 1386 msecs (HTTP/1.1 200) 3 headers in 99 bytes (1 switches on core 0)
Aug 14 22:56:06 user devstack@n-api-meta.service[69999]: DEBUG nova.api.metadata.handler [None req-0cfa7825-aa36-4770-b2e7-ad3bb935175f None None] Metadata request headers: {'Host': '10.0.0.210:8775', 'User-Agent': 'python-requests/2.28.2', 'Accept-Encoding': 'gzip, deflate', 'Accept': '*/*', 'Connection': 'keep-alive', 'X-Forwarded-For': '10.0.0.14', 'X-Instance-Id': '023e16fd-7e7d-4a3d-8f66-5f1cd5b085aa', 'X-Tenant-Id': '77c9d8bf74b94b4c9d82ec1308a7036e', 'X-Instance-Id-Signature': '8ae225310db43a9f7dc0454a673123932bd49196820ae35b406d678bc6a5ec3e'} {{(pid=69999) __call__ /opt/stack/nova/nova/api/metadata/handler.py:110}}
Aug 14 22:56:06 user devstack@n-api-meta.service[69999]: DEBUG dbcounter [-] [69999] Writing DB stats nova_api:SELECT=3 {{(pid=69999) stat_writer /opt/stack/data/venv/lib/python3.10/site-packages/dbcounter.py:115}}
Aug 14 22:56:06 user devstack@n-api-meta.service[69999]: DEBUG dbcounter [-] [69999] Writing DB stats nova_cell0:SELECT=3 {{(pid=69999) stat_writer /opt/stack/data/venv/lib/python3.10/site-packages/dbcounter.py:115}}
Aug 14 22:56:06 user devstack@n-api-meta.service[69999]: DEBUG dbcounter [-] [69999] Writing DB stats nova_cell1:SELECT=3 {{(pid=69999) stat_writer /opt/stack/data/venv/lib/python3.10/site-packages/dbcounter.py:115}}
Aug 14 22:56:06 user devstack@n-api-meta.service[69999]: DEBUG dbcounter [-] [69999] Writing DB stats nova_cell0:SELECT=3 {{(pid=69999) stat_writer /opt/stack/data/venv/lib/python3.10/site-packages/dbcounter.py:115}}
Aug 14 22:56:06 user devstack@n-api-meta.service[69999]: DEBUG nova.api.metadata.handler [None req-0cfa7825-aa36-4770-b2e7-ad3bb935175f None None] Using cached metadata for instance 023e16fd-7e7d-4a3d-8f66-5f1cd5b085aa {{(pid=69999) get_metadata_by_instance_id /opt/stack/nova/nova/api/metadata/handler.py:85}}
Aug 14 22:56:06 user devstack@n-api-meta.service[69999]: [pid: 69999|app: 0|req: 1/2] 10.0.0.210 () {40 vars in 668 bytes} [Mon Aug 14 22:56:06 2023] GET /2009-04-04/meta-data/public-keys => generated 154 bytes in 56 msecs (HTTP/1.1 404) 3 headers in 106 bytes (1 switches on core 0)
Aug 14 22:56:06 user devstack@n-api-meta.service[69998]: DEBUG nova.api.metadata.handler [None req-ded2ee4b-b7db-48dd-ac4c-dc4ec584c300 None None] Metadata request headers: {'Host': '10.0.0.210:8775', 'User-Agent': 'python-requests/2.28.2', 'Accept-Encoding': 'gzip, deflate', 'Accept': '*/*', 'Connection': 'keep-alive', 'X-Forwarded-For': '10.0.0.14', 'X-Instance-Id': '023e16fd-7e7d-4a3d-8f66-5f1cd5b085aa', 'X-Tenant-Id': '77c9d8bf74b94b4c9d82ec1308a7036e', 'X-Instance-Id-Signature': '8ae225310db43a9f7dc0454a673123932bd49196820ae35b406d678bc6a5ec3e'} {{(pid=69998) __call__ /opt/stack/nova/nova/api/metadata/handler.py:110}}
Aug 14 22:56:06 user devstack@n-api-meta.service[69998]: DEBUG nova.api.metadata.handler [None req-ded2ee4b-b7db-48dd-ac4c-dc4ec584c300 None None] Using cached metadata for instance 023e16fd-7e7d-4a3d-8f66-5f1cd5b085aa {{(pid=69998) get_metadata_by_instance_id /opt/stack/nova/nova/api/metadata/handler.py:85}}
Aug 14 22:56:06 user devstack@n-api-meta.service[69998]: [pid: 69998|app: 0|req: 2/3] 10.0.0.210 () {40 vars in 668 bytes} [Mon Aug 14 22:56:06 2023] GET /2009-04-04/meta-data/instance-id => generated 10 bytes in 9 msecs (HTTP/1.1 200) 3 headers in 99 bytes (1 switches on core 0)
Aug 14 22:56:06 user devstack@n-api-meta.service[69999]: DEBUG nova.api.metadata.handler [None req-0cfa7825-aa36-4770-b2e7-ad3bb935175f None None] Metadata request headers: {'Host': '10.0.0.210:8775', 'User-Agent': 'python-requests/2.28.2', 'Accept-Encoding': 'gzip, deflate', 'Accept': '*/*', 'Connection': 'keep-alive', 'X-Forwarded-For': '10.0.0.14', 'X-Instance-Id': '023e16fd-7e7d-4a3d-8f66-5f1cd5b085aa', 'X-Tenant-Id': '77c9d8bf74b94b4c9d82ec1308a7036e', 'X-Instance-Id-Signature': '8ae225310db43a9f7dc0454a673123932bd49196820ae35b406d678bc6a5ec3e'} {{(pid=69999) __call__ /opt/stack/nova/nova/api/metadata/handler.py:110}}
Aug 14 22:56:06 user devstack@n-api-meta.service[69999]: DEBUG nova.api.metadata.handler [None req-0cfa7825-aa36-4770-b2e7-ad3bb935175f None None] Using cached metadata for instance 023e16fd-7e7d-4a3d-8f66-5f1cd5b085aa {{(pid=69999) get_metadata_by_instance_id /opt/stack/nova/nova/api/metadata/handler.py:85}}
Aug 14 22:56:06 user devstack@n-api-meta.service[69999]: [pid: 69999|app: 0|req: 2/4] 10.0.0.210 () {40 vars in 678 bytes} [Mon Aug 14 22:56:06 2023] GET /2009-04-04/meta-data/ami-launch-index => generated 1 bytes in 20 msecs (HTTP/1.1 200) 3 headers in 98 bytes (1 switches on core 0)
Aug 14 22:56:06 user devstack@n-api-meta.service[69998]: DEBUG nova.api.metadata.handler [None req-ded2ee4b-b7db-48dd-ac4c-dc4ec584c300 None None] Metadata request headers: {'Host': '10.0.0.210:8775', 'User-Agent': 'python-requests/2.28.2', 'Accept-Encoding': 'gzip, deflate', 'Accept': '*/*', 'Connection': 'keep-alive', 'X-Forwarded-For': '10.0.0.14', 'X-Instance-Id': '023e16fd-7e7d-4a3d-8f66-5f1cd5b085aa', 'X-Tenant-Id': '77c9d8bf74b94b4c9d82ec1308a7036e', 'X-Instance-Id-Signature': '8ae225310db43a9f7dc0454a673123932bd49196820ae35b406d678bc6a5ec3e'} {{(pid=69998) __call__ /opt/stack/nova/nova/api/metadata/handler.py:110}}
Aug 14 22:56:06 user devstack@n-api-meta.service[69998]: DEBUG nova.api.metadata.handler [None req-ded2ee4b-b7db-48dd-ac4c-dc4ec584c300 None None] Using cached metadata for instance 023e16fd-7e7d-4a3d-8f66-5f1cd5b085aa {{(pid=69998) get_metadata_by_instance_id /opt/stack/nova/nova/api/metadata/handler.py:85}}
Aug 14 22:56:06 user devstack@n-api-meta.service[69998]: [pid: 69998|app: 0|req: 3/5] 10.0.0.210 () {40 vars in 672 bytes} [Mon Aug 14 22:56:06 2023] GET /2009-04-04/meta-data/instance-type => generated 7 bytes in 10 msecs (HTTP/1.1 200) 3 headers in 98 bytes (1 switches on core 0)
Aug 14 22:56:06 user devstack@n-api-meta.service[69999]: DEBUG nova.api.metadata.handler [None req-0cfa7825-aa36-4770-b2e7-ad3bb935175f None None] Metadata request headers: {'Host': '10.0.0.210:8775', 'User-Agent': 'python-requests/2.28.2', 'Accept-Encoding': 'gzip, deflate', 'Accept': '*/*', 'Connection': 'keep-alive', 'X-Forwarded-For': '10.0.0.14', 'X-Instance-Id': '023e16fd-7e7d-4a3d-8f66-5f1cd5b085aa', 'X-Tenant-Id': '77c9d8bf74b94b4c9d82ec1308a7036e', 'X-Instance-Id-Signature': '8ae225310db43a9f7dc0454a673123932bd49196820ae35b406d678bc6a5ec3e'} {{(pid=69999) __call__ /opt/stack/nova/nova/api/metadata/handler.py:110}}
Aug 14 22:56:06 user devstack@n-api-meta.service[69999]: DEBUG nova.api.metadata.handler [None req-0cfa7825-aa36-4770-b2e7-ad3bb935175f None None] Using cached metadata for instance 023e16fd-7e7d-4a3d-8f66-5f1cd5b085aa {{(pid=69999) get_metadata_by_instance_id /opt/stack/nova/nova/api/metadata/handler.py:85}}
Aug 14 22:56:06 user devstack@n-api-meta.service[69999]: [pid: 69999|app: 0|req: 3/6] 10.0.0.210 () {40 vars in 666 bytes} [Mon Aug 14 22:56:06 2023] GET /2009-04-04/meta-data/local-ipv4 => generated 9 bytes in 8 msecs (HTTP/1.1 200) 3 headers in 98 bytes (1 switches on core 0)
Aug 14 22:56:06 user devstack@n-api-meta.service[69998]: DEBUG nova.api.metadata.handler [None req-ded2ee4b-b7db-48dd-ac4c-dc4ec584c300 None None] Metadata request headers: {'Host': '10.0.0.210:8775', 'User-Agent': 'python-requests/2.28.2', 'Accept-Encoding': 'gzip, deflate', 'Accept': '*/*', 'Connection': 'keep-alive', 'X-Forwarded-For': '10.0.0.14', 'X-Instance-Id': '023e16fd-7e7d-4a3d-8f66-5f1cd5b085aa', 'X-Tenant-Id': '77c9d8bf74b94b4c9d82ec1308a7036e', 'X-Instance-Id-Signature': '8ae225310db43a9f7dc0454a673123932bd49196820ae35b406d678bc6a5ec3e'} {{(pid=69998) __call__ /opt/stack/nova/nova/api/metadata/handler.py:110}}
Aug 14 22:56:06 user devstack@n-api-meta.service[69998]: DEBUG nova.api.metadata.handler [None req-ded2ee4b-b7db-48dd-ac4c-dc4ec584c300 None None] Using cached metadata for instance 023e16fd-7e7d-4a3d-8f66-5f1cd5b085aa {{(pid=69998) get_metadata_by_instance_id /opt/stack/nova/nova/api/metadata/handler.py:85}}
Aug 14 22:56:06 user devstack@n-api-meta.service[69998]: [pid: 69998|app: 0|req: 4/7] 10.0.0.210 () {40 vars in 668 bytes} [Mon Aug 14 22:56:06 2023] GET /2009-04-04/meta-data/public-ipv4 => generated 0 bytes in 8 msecs (HTTP/1.1 200) 3 headers in 98 bytes (1 switches on core 0)
Aug 14 22:56:06 user devstack@n-api-meta.service[69999]: DEBUG nova.api.metadata.handler [None req-0cfa7825-aa36-4770-b2e7-ad3bb935175f None None] Metadata request headers: {'Host': '10.0.0.210:8775', 'User-Agent': 'python-requests/2.28.2', 'Accept-Encoding': 'gzip, deflate', 'Accept': '*/*', 'Connection': 'keep-alive', 'X-Forwarded-For': '10.0.0.14', 'X-Instance-Id': '023e16fd-7e7d-4a3d-8f66-5f1cd5b085aa', 'X-Tenant-Id': '77c9d8bf74b94b4c9d82ec1308a7036e', 'X-Instance-Id-Signature': '8ae225310db43a9f7dc0454a673123932bd49196820ae35b406d678bc6a5ec3e'} {{(pid=69999) __call__ /opt/stack/nova/nova/api/metadata/handler.py:110}}
Aug 14 22:56:06 user devstack@n-api-meta.service[69999]: DEBUG nova.api.metadata.handler [None req-0cfa7825-aa36-4770-b2e7-ad3bb935175f None None] Using cached metadata for instance 023e16fd-7e7d-4a3d-8f66-5f1cd5b085aa {{(pid=69999) get_metadata_by_instance_id /opt/stack/nova/nova/api/metadata/handler.py:85}}
Aug 14 22:56:06 user devstack@n-api-meta.service[69999]: [pid: 69999|app: 0|req: 4/8] 10.0.0.210 () {40 vars in 662 bytes} [Mon Aug 14 22:56:06 2023] GET /2009-04-04/meta-data/hostname => generated 56 bytes in 7 msecs (HTTP/1.1 200) 3 headers in 99 bytes (1 switches on core 0)
Aug 14 22:56:06 user devstack@n-api-meta.service[69998]: DEBUG nova.api.metadata.handler [None req-ded2ee4b-b7db-48dd-ac4c-dc4ec584c300 None None] Metadata request headers: {'Host': '10.0.0.210:8775', 'User-Agent': 'python-requests/2.28.2', 'Accept-Encoding': 'gzip, deflate', 'Accept': '*/*', 'Connection': 'keep-alive', 'X-Forwarded-For': '10.0.0.14', 'X-Instance-Id': '023e16fd-7e7d-4a3d-8f66-5f1cd5b085aa', 'X-Tenant-Id': '77c9d8bf74b94b4c9d82ec1308a7036e', 'X-Instance-Id-Signature': '8ae225310db43a9f7dc0454a673123932bd49196820ae35b406d678bc6a5ec3e'} {{(pid=69998) __call__ /opt/stack/nova/nova/api/metadata/handler.py:110}}
Aug 14 22:56:06 user devstack@n-api-meta.service[69998]: DEBUG nova.api.metadata.handler [None req-ded2ee4b-b7db-48dd-ac4c-dc4ec584c300 None None] Using cached metadata for instance 023e16fd-7e7d-4a3d-8f66-5f1cd5b085aa {{(pid=69998) get_metadata_by_instance_id /opt/stack/nova/nova/api/metadata/handler.py:85}}
Aug 14 22:56:06 user devstack@n-api-meta.service[69998]: [pid: 69998|app: 0|req: 5/9] 10.0.0.210 () {40 vars in 674 bytes} [Mon Aug 14 22:56:06 2023] GET /2009-04-04/meta-data/local-hostname => generated 56 bytes in 7 msecs (HTTP/1.1 200) 3 headers in 99 bytes (1 switches on core 0)
Aug 14 22:56:06 user devstack@n-api-meta.service[69999]: DEBUG nova.api.metadata.handler [None req-0cfa7825-aa36-4770-b2e7-ad3bb935175f None None] Metadata request headers: {'Host': '10.0.0.210:8775', 'User-Agent': 'python-requests/2.28.2', 'Accept-Encoding': 'gzip, deflate', 'Accept': '*/*', 'Connection': 'keep-alive', 'X-Forwarded-For': '10.0.0.13', 'X-Instance-Id': '87712dfd-d67b-4e5e-a75d-ca2dd7c764b1', 'X-Tenant-Id': '6942d31258304de68c9f7f8bb9304acb', 'X-Instance-Id-Signature': 'eb96a9669494ff10cf57bb81f9ba30c75ac8ee0e6cf053c7dc7801036a80ccd8'} {{(pid=69999) __call__ /opt/stack/nova/nova/api/metadata/handler.py:110}}
Aug 14 22:56:06 user devstack@n-api-meta.service[69998]: DEBUG nova.api.metadata.handler [None req-ded2ee4b-b7db-48dd-ac4c-dc4ec584c300 None None] Metadata request headers: {'Host': '10.0.0.210:8775', 'User-Agent': 'python-requests/2.28.2', 'Accept-Encoding': 'gzip, deflate', 'Accept': '*/*', 'Connection': 'keep-alive', 'X-Forwarded-For': '10.0.0.14', 'X-Instance-Id': '023e16fd-7e7d-4a3d-8f66-5f1cd5b085aa', 'X-Tenant-Id': '77c9d8bf74b94b4c9d82ec1308a7036e', 'X-Instance-Id-Signature': '8ae225310db43a9f7dc0454a673123932bd49196820ae35b406d678bc6a5ec3e'} {{(pid=69998) __call__ /opt/stack/nova/nova/api/metadata/handler.py:110}}
Aug 14 22:56:06 user devstack@n-api-meta.service[69998]: DEBUG nova.api.metadata.handler [None req-ded2ee4b-b7db-48dd-ac4c-dc4ec584c300 None None] Using cached metadata for instance 023e16fd-7e7d-4a3d-8f66-5f1cd5b085aa {{(pid=69998) get_metadata_by_instance_id /opt/stack/nova/nova/api/metadata/handler.py:85}}
Aug 14 22:56:06 user devstack@n-api-meta.service[69998]: [pid: 69998|app: 0|req: 6/10] 10.0.0.210 () {40 vars in 644 bytes} [Mon Aug 14 22:56:06 2023] GET /2009-04-04/user-data => generated 154 bytes in 8 msecs (HTTP/1.1 404) 3 headers in 106 bytes (1 switches on core 0)
Aug 14 22:56:07 user devstack@n-api-meta.service[69999]: DEBUG oslo_concurrency.lockutils [None req-8ea04a9f-1cb7-44b6-bd11-d6882a613d3e None None] Acquiring lock "b40b8029-2fea-4f71-9622-b8b8a17abaa5" by "nova.context.set_target_cell..get_or_set_cached_cell_and_set_connections" {{(pid=69999) inner /opt/stack/data/venv/lib/python3.10/site-packages/oslo_concurrency/lockutils.py:404}}
Aug 14 22:56:07 user devstack@n-api-meta.service[69999]: DEBUG oslo_concurrency.lockutils [None req-8ea04a9f-1cb7-44b6-bd11-d6882a613d3e None None] Lock "b40b8029-2fea-4f71-9622-b8b8a17abaa5" acquired by "nova.context.set_target_cell..get_or_set_cached_cell_and_set_connections" :: waited 0.002s {{(pid=69999) inner /opt/stack/data/venv/lib/python3.10/site-packages/oslo_concurrency/lockutils.py:409}}
Aug 14 22:56:07 user devstack@n-api-meta.service[69999]: DEBUG oslo_concurrency.lockutils [None req-8ea04a9f-1cb7-44b6-bd11-d6882a613d3e None None] Lock "b40b8029-2fea-4f71-9622-b8b8a17abaa5" "released" by "nova.context.set_target_cell..get_or_set_cached_cell_and_set_connections" :: held 0.001s {{(pid=69999) inner /opt/stack/data/venv/lib/python3.10/site-packages/oslo_concurrency/lockutils.py:423}}
