Aug 16 12:02:36 user devstack@keystone.service[44509]: DEBUG keystone.auth.core [None req-c408433e-05f5-49dc-85ff-d0b87c4f4db0 None None] MFA Rules not processed for user `751f92c11270495baf399ff5457709d0`. Rule list: `[]` (Enabled: `True`). {{(pid=44509) check_auth_methods_against_rules /opt/stack/keystone/keystone/auth/core.py:438}}
Aug 16 12:02:36 user devstack@keystone.service[44509]: DEBUG keystone.common.fernet_utils [None req-c408433e-05f5-49dc-85ff-d0b87c4f4db0 None None] Loaded 2 Fernet keys from /etc/keystone/fernet-keys/, but `[fernet_tokens] max_active_keys = 3`; perhaps there have not been enough key rotations to reach `max_active_keys` yet? {{(pid=44509) load_keys /opt/stack/keystone/keystone/common/fernet_utils.py:286}}
Aug 16 12:02:36 user devstack@keystone.service[44507]: [pid: 44507|app: 0|req: 34/112] 10.0.0.210 () {60 vars in 1136 bytes} [Wed Aug 16 12:02:36 2023] POST /identity/v3/projects => generated 301 bytes in 145 msecs (HTTP/1.1 201) 5 headers in 182 bytes (1 switches on core 0)
Aug 16 12:02:36 user devstack@keystone.service[44507]: DEBUG keystone.server.flask.request_processing.middleware.auth_context [None req-acdf179a-9db1-4f80-9cde-8918104af5cc None admin] Authenticating user token {{(pid=44507) process_request /opt/stack/data/venv/lib/python3.10/site-packages/keystonemiddleware/auth_token/__init__.py:406}}
Aug 16 12:02:36 user devstack@keystone.service[44510]: DEBUG keystone.common.rbac_enforcer.enforcer [None req-42ff6f56-f7df-4f4f-8936-4df352cb6bba None admin] RBAC: Authorizing `identity:validate_token()` {{(pid=44510) enforce_call /opt/stack/keystone/keystone/common/rbac_enforcer/enforcer.py:449}}
Aug 16 12:02:36 user devstack@keystone.service[44509]: [pid: 44509|app: 0|req: 38/113] 10.0.0.210 () {58 vars in 1018 bytes} [Wed Aug 16 12:02:36 2023] POST /identity/v3/auth/tokens => generated 798 bytes in 78 msecs (HTTP/1.1 201) 6 headers in 363 bytes (1 switches on core 0)
Aug 16 12:02:36 user devstack@keystone.service[44510]: DEBUG keystone.common.rbac_enforcer.enforcer [None req-42ff6f56-f7df-4f4f-8936-4df352cb6bba None admin] RBAC: Authorization granted {{(pid=44510) enforce_call /opt/stack/keystone/keystone/common/rbac_enforcer/enforcer.py:457}}
Aug 16 12:02:36 user devstack@keystone.service[44509]: DEBUG keystone.server.flask.request_processing.middleware.auth_context [None req-c408433e-05f5-49dc-85ff-d0b87c4f4db0 None None] Authenticating user token {{(pid=44509) process_request /opt/stack/data/venv/lib/python3.10/site-packages/keystonemiddleware/auth_token/__init__.py:406}}
Aug 16 12:02:36 user devstack@keystone.service[44507]: DEBUG keystone.server.flask.request_processing.middleware.auth_context [None req-acdf179a-9db1-4f80-9cde-8918104af5cc None admin] Validating token access rules against request {{(pid=44507) validate_allowed_request /opt/stack/data/venv/lib/python3.10/site-packages/keystonemiddleware/auth_token/__init__.py:544}}
Aug 16 12:02:36 user devstack@keystone.service[44509]: DEBUG keystone.server.flask.request_processing.middleware.auth_context [None req-c408433e-05f5-49dc-85ff-d0b87c4f4db0 None None] Validating token access rules against request {{(pid=44509) validate_allowed_request /opt/stack/data/venv/lib/python3.10/site-packages/keystonemiddleware/auth_token/__init__.py:544}}
Aug 16 12:02:36 user devstack@keystone.service[44510]: [pid: 44510|app: 0|req: 42/114] 10.0.0.210 () {58 vars in 1277 bytes} [Wed Aug 16 12:02:36 2023] GET /identity/v3/auth/tokens => generated 798 bytes in 252 msecs (HTTP/1.1 200) 6 headers in 358 bytes (1 switches on core 0)
Aug 16 12:02:36 user devstack@keystone.service[44510]: DEBUG keystone.server.flask.request_processing.middleware.auth_context [None req-42ff6f56-f7df-4f4f-8936-4df352cb6bba None admin] Authenticating user token {{(pid=44510) process_request /opt/stack/data/venv/lib/python3.10/site-packages/keystonemiddleware/auth_token/__init__.py:406}}
Aug 16 12:02:36 user devstack@keystone.service[44507]: DEBUG keystone.server.flask.request_processing.middleware.auth_context [None req-4f46f4e6-1916-45b5-9b24-1dd9d873f9bd None admin] RBAC: auth_context: {'token': , 'domain_id': None, 'trust_id': None, 'trustor_id': None, 'trustee_id': None, 'domain_name': None, 'group_ids': [], 'user_id': '751f92c11270495baf399ff5457709d0', 'user_domain_id': 'default', 'system_scope': 'all', 'project_id': None, 'project_domain_id': None, 'roles': ['admin', 'member', 'reader'], 'is_admin_project': True, 'service_user_id': None, 'service_user_domain_id': None, 'service_project_id': None, 'service_project_domain_id': None, 'service_roles': []} {{(pid=44507) fill_context /opt/stack/keystone/keystone/server/flask/request_processing/middleware/auth_context.py:480}}
Aug 16 12:02:36 user devstack@keystone.service[44507]: DEBUG keystone.server.flask.request_processing.req_logging [None req-4f46f4e6-1916-45b5-9b24-1dd9d873f9bd None admin] REQUEST_METHOD: `GET` {{(pid=44507) log_request_info /opt/stack/keystone/keystone/server/flask/request_processing/req_logging.py:27}}
Aug 16 12:02:36 user devstack@keystone.service[44507]: DEBUG keystone.server.flask.request_processing.req_logging [None req-4f46f4e6-1916-45b5-9b24-1dd9d873f9bd None admin] SCRIPT_NAME: `/identity` {{(pid=44507) log_request_info /opt/stack/keystone/keystone/server/flask/request_processing/req_logging.py:28}}
Aug 16 12:02:36 user devstack@keystone.service[44507]: DEBUG keystone.server.flask.request_processing.req_logging [None req-4f46f4e6-1916-45b5-9b24-1dd9d873f9bd None admin] PATH_INFO: `/v3/users/c4bbd2e2e1bb4c53b1c1c5a981e118f2` {{(pid=44507) log_request_info /opt/stack/keystone/keystone/server/flask/request_processing/req_logging.py:29}}
Aug 16 12:02:36 user devstack@keystone.service[44507]: DEBUG keystone.common.rbac_enforcer.enforcer [None req-4f46f4e6-1916-45b5-9b24-1dd9d873f9bd None admin] RBAC: Authorizing `identity:get_user(user_id=c4bbd2e2e1bb4c53b1c1c5a981e118f2)` {{(pid=44507) enforce_call /opt/stack/keystone/keystone/common/rbac_enforcer/enforcer.py:449}}
Aug 16 12:02:36 user devstack@keystone.service[44507]: DEBUG keystone.common.rbac_enforcer.enforcer [None req-4f46f4e6-1916-45b5-9b24-1dd9d873f9bd None admin] RBAC: Authorization granted {{(pid=44507) enforce_call /opt/stack/keystone/keystone/common/rbac_enforcer/enforcer.py:457}}
Aug 16 12:02:36 user devstack@keystone.service[44507]: [pid: 44507|app: 0|req: 35/115] 10.0.0.210 () {56 vars in 1172 bytes} [Wed Aug 16 12:02:36 2023] GET /identity/v3/users/c4bbd2e2e1bb4c53b1c1c5a981e118f2 => generated 288 bytes in 156 msecs (HTTP/1.1 200) 5 headers in 177 bytes (1 switches on core 0)
Aug 16 12:02:36 user devstack@keystone.service[44507]: DEBUG keystone.server.flask.request_processing.middleware.auth_context [None req-4f46f4e6-1916-45b5-9b24-1dd9d873f9bd None admin] Authenticating user token {{(pid=44507) process_request /opt/stack/data/venv/lib/python3.10/site-packages/keystonemiddleware/auth_token/__init__.py:406}}
Aug 16 12:02:36 user devstack@keystone.service[44509]: DEBUG keystone.server.flask.request_processing.middleware.auth_context [None req-f5d475b6-24cf-4332-a685-bff4f6dd8e4b None admin] RBAC: auth_context: {'token': , 'domain_id': None, 'trust_id': None, 'trustor_id': None, 'trustee_id': None, 'domain_name': None, 'group_ids': [], 'user_id': '751f92c11270495baf399ff5457709d0', 'user_domain_id': 'default', 'system_scope': 'all', 'project_id': None, 'project_domain_id': None, 'roles': ['admin', 'member', 'reader'], 'is_admin_project': True, 'service_user_id': None, 'service_user_domain_id': None, 'service_project_id': None, 'service_project_domain_id': None, 'service_roles': []} {{(pid=44509) fill_context /opt/stack/keystone/keystone/server/flask/request_processing/middleware/auth_context.py:480}}
Aug 16 12:02:36 user devstack@keystone.service[44509]: DEBUG keystone.server.flask.request_processing.req_logging [None req-f5d475b6-24cf-4332-a685-bff4f6dd8e4b None admin] REQUEST_METHOD: `GET` {{(pid=44509) log_request_info /opt/stack/keystone/keystone/server/flask/request_processing/req_logging.py:27}}
Aug 16 12:02:36 user devstack@keystone.service[44509]: DEBUG keystone.server.flask.request_processing.req_logging [None req-f5d475b6-24cf-4332-a685-bff4f6dd8e4b None admin] SCRIPT_NAME: `/identity` {{(pid=44509) log_request_info /opt/stack/keystone/keystone/server/flask/request_processing/req_logging.py:28}}
Aug 16 12:02:36 user devstack@keystone.service[44509]: DEBUG keystone.server.flask.request_processing.req_logging [None req-f5d475b6-24cf-4332-a685-bff4f6dd8e4b None admin] PATH_INFO: `/v3/users/ec1b45526a844d358caaa293783e0c10` {{(pid=44509) log_request_info /opt/stack/keystone/keystone/server/flask/request_processing/req_logging.py:29}}
Aug 16 12:02:36 user devstack@keystone.service[44509]: DEBUG keystone.common.rbac_enforcer.enforcer [None req-f5d475b6-24cf-4332-a685-bff4f6dd8e4b None admin] RBAC: Authorizing `identity:get_user(user_id=ec1b45526a844d358caaa293783e0c10)` {{(pid=44509) enforce_call /opt/stack/keystone/keystone/common/rbac_enforcer/enforcer.py:449}}
Aug 16 12:02:36 user devstack@keystone.service[44509]: DEBUG keystone.common.rbac_enforcer.enforcer [None req-f5d475b6-24cf-4332-a685-bff4f6dd8e4b None admin] RBAC: Authorization granted {{(pid=44509) enforce_call /opt/stack/keystone/keystone/common/rbac_enforcer/enforcer.py:457}}
Aug 16 12:02:36 user devstack@keystone.service[44509]: [pid: 44509|app: 0|req: 39/116] 10.0.0.210 () {56 vars in 1172 bytes} [Wed Aug 16 12:02:36 2023] GET /identity/v3/users/ec1b45526a844d358caaa293783e0c10 => generated 274 bytes in 122 msecs (HTTP/1.1 200) 5 headers in 177 bytes (1 switches on core 0)
Aug 16 12:02:36 user devstack@keystone.service[44509]: DEBUG keystone.server.flask.request_processing.middleware.auth_context [None req-f5d475b6-24cf-4332-a685-bff4f6dd8e4b None admin] Authenticating user token {{(pid=44509) process_request /opt/stack/data/venv/lib/python3.10/site-packages/keystonemiddleware/auth_token/__init__.py:406}}
Aug 16 12:02:36 user devstack@keystone.service[44510]: DEBUG keystone.server.flask.request_processing.middleware.auth_context [None req-42ff6f56-f7df-4f4f-8936-4df352cb6bba None admin] Validating token access rules against request {{(pid=44510) validate_allowed_request /opt/stack/data/venv/lib/python3.10/site-packages/keystonemiddleware/auth_token/__init__.py:544}}
Aug 16 12:02:36 user devstack@keystone.service[44507]: DEBUG keystone.server.flask.request_processing.middleware.auth_context [None req-4f46f4e6-1916-45b5-9b24-1dd9d873f9bd None admin] Validating token access rules against request {{(pid=44507) validate_allowed_request /opt/stack/data/venv/lib/python3.10/site-packages/keystonemiddleware/auth_token/__init__.py:544}}
Aug 16 12:02:36 user devstack@keystone.service[44510]: DEBUG keystone.server.flask.request_processing.middleware.auth_context [None req-fee15185-dd1e-4d61-87b0-6a4ed5d50a86 None admin] RBAC: auth_context: {'token': , 'domain_id': None, 'trust_id': None, 'trustor_id': None, 'trustee_id': None, 'domain_name': None, 'group_ids': [], 'user_id': '751f92c11270495baf399ff5457709d0', 'user_domain_id': 'default', 'system_scope': 'all', 'project_id': None, 'project_domain_id': None, 'roles': ['admin', 'member', 'reader'], 'is_admin_project': True, 'service_user_id': None, 'service_user_domain_id': None, 'service_project_id': None, 'service_project_domain_id': None, 'service_roles': []} {{(pid=44510) fill_context /opt/stack/keystone/keystone/server/flask/request_processing/middleware/auth_context.py:480}}
Aug 16 12:02:36 user devstack@keystone.service[44510]: DEBUG keystone.server.flask.request_processing.req_logging [None req-fee15185-dd1e-4d61-87b0-6a4ed5d50a86 None admin] REQUEST_METHOD: `GET` {{(pid=44510) log_request_info /opt/stack/keystone/keystone/server/flask/request_processing/req_logging.py:27}}
Aug 16 12:02:36 user devstack@keystone.service[44510]: DEBUG keystone.server.flask.request_processing.req_logging [None req-fee15185-dd1e-4d61-87b0-6a4ed5d50a86 None admin] SCRIPT_NAME: `/identity` {{(pid=44510) log_request_info /opt/stack/keystone/keystone/server/flask/request_processing/req_logging.py:28}}
Aug 16 12:02:36 user devstack@keystone.service[44510]: DEBUG keystone.server.flask.request_processing.req_logging [None req-fee15185-dd1e-4d61-87b0-6a4ed5d50a86 None admin] PATH_INFO: `/v3/projects/99b98af57523428389bdc5870650bb55` {{(pid=44510) log_request_info /opt/stack/keystone/keystone/server/flask/request_processing/req_logging.py:29}}
Aug 16 12:02:36 user devstack@keystone.service[44510]: DEBUG keystone.common.rbac_enforcer.enforcer [None req-fee15185-dd1e-4d61-87b0-6a4ed5d50a86 None admin] RBAC: Authorizing `identity:get_project(project_id=99b98af57523428389bdc5870650bb55)` {{(pid=44510) enforce_call /opt/stack/keystone/keystone/common/rbac_enforcer/enforcer.py:449}}
Aug 16 12:02:36 user devstack@keystone.service[44510]: DEBUG keystone.common.rbac_enforcer.enforcer [None req-fee15185-dd1e-4d61-87b0-6a4ed5d50a86 None admin] RBAC: Authorization granted {{(pid=44510) enforce_call /opt/stack/keystone/keystone/common/rbac_enforcer/enforcer.py:457}}
Aug 16 12:02:36 user devstack@keystone.service[44510]: [pid: 44510|app: 0|req: 43/117] 10.0.0.210 () {56 vars in 1181 bytes} [Wed Aug 16 12:02:36 2023] GET /identity/v3/projects/99b98af57523428389bdc5870650bb55 => generated 297 bytes in 129 msecs (HTTP/1.1 200) 5 headers in 177 bytes (1 switches on core 0)
Aug 16 12:02:36 user devstack@keystone.service[44510]: DEBUG keystone.server.flask.request_processing.middleware.auth_context [None req-fee15185-dd1e-4d61-87b0-6a4ed5d50a86 None admin] Authenticating user token {{(pid=44510) process_request /opt/stack/data/venv/lib/python3.10/site-packages/keystonemiddleware/auth_token/__init__.py:406}}
Aug 16 12:02:36 user devstack@keystone.service[44509]: DEBUG keystone.server.flask.request_processing.middleware.auth_context [None req-f5d475b6-24cf-4332-a685-bff4f6dd8e4b None admin] Validating token access rules against request {{(pid=44509) validate_allowed_request /opt/stack/data/venv/lib/python3.10/site-packages/keystonemiddleware/auth_token/__init__.py:544}}
Aug 16 12:02:36 user devstack@keystone.service[44507]: DEBUG keystone.server.flask.request_processing.middleware.auth_context [None req-6c121216-a9e8-4516-ae30-7ff38e03f263 None admin] RBAC: auth_context: {'token': , 'domain_id': None, 'trust_id': None, 'trustor_id': None, 'trustee_id': None, 'domain_name': None, 'group_ids': [], 'user_id': '751f92c11270495baf399ff5457709d0', 'user_domain_id': 'default', 'system_scope': 'all', 'project_id': None, 'project_domain_id': None, 'roles': ['admin', 'member', 'reader'], 'is_admin_project': True, 'service_user_id': None, 'service_user_domain_id': None, 'service_project_id': None, 'service_project_domain_id': None, 'service_roles': []} {{(pid=44507) fill_context /opt/stack/keystone/keystone/server/flask/request_processing/middleware/auth_context.py:480}}
Aug 16 12:02:36 user devstack@keystone.service[44509]: DEBUG keystone.server.flask.request_processing.middleware.auth_context [None req-91b84d83-2dbc-4d9e-a6d8-a6042421064c None admin] RBAC: auth_context: {'token': , 'domain_id': None, 'trust_id': None, 'trustor_id': None, 'trustee_id': None, 'domain_name': None, 'group_ids': [], 'user_id': '751f92c11270495baf399ff5457709d0', 'user_domain_id': 'default', 'system_scope': 'all', 'project_id': None, 'project_domain_id': None, 'roles': ['admin', 'member', 'reader'], 'is_admin_project': True, 'service_user_id': None, 'service_user_domain_id': None, 'service_project_id': None, 'service_project_domain_id': None, 'service_roles': []} {{(pid=44509) fill_context /opt/stack/keystone/keystone/server/flask/request_processing/middleware/auth_context.py:480}}
Aug 16 12:02:36 user devstack@keystone.service[44509]: DEBUG keystone.server.flask.request_processing.req_logging [None req-91b84d83-2dbc-4d9e-a6d8-a6042421064c None admin] REQUEST_METHOD: `GET` {{(pid=44509) log_request_info /opt/stack/keystone/keystone/server/flask/request_processing/req_logging.py:27}}
Aug 16 12:02:36 user devstack@keystone.service[44509]: DEBUG keystone.server.flask.request_processing.req_logging [None req-91b84d83-2dbc-4d9e-a6d8-a6042421064c None admin] SCRIPT_NAME: `/identity` {{(pid=44509) log_request_info /opt/stack/keystone/keystone/server/flask/request_processing/req_logging.py:28}}
Aug 16 12:02:36 user devstack@keystone.service[44509]: DEBUG keystone.server.flask.request_processing.req_logging [None req-91b84d83-2dbc-4d9e-a6d8-a6042421064c None admin] PATH_INFO: `/v3/projects/99b98af57523428389bdc5870650bb55` {{(pid=44509) log_request_info /opt/stack/keystone/keystone/server/flask/request_processing/req_logging.py:29}}
Aug 16 12:02:36 user devstack@keystone.service[44507]: DEBUG keystone.server.flask.request_processing.req_logging [None req-6c121216-a9e8-4516-ae30-7ff38e03f263 None admin] REQUEST_METHOD: `GET` {{(pid=44507) log_request_info /opt/stack/keystone/keystone/server/flask/request_processing/req_logging.py:27}}
Aug 16 12:02:36 user devstack@keystone.service[44507]: DEBUG keystone.server.flask.request_processing.req_logging [None req-6c121216-a9e8-4516-ae30-7ff38e03f263 None admin] SCRIPT_NAME: `/identity` {{(pid=44507) log_request_info /opt/stack/keystone/keystone/server/flask/request_processing/req_logging.py:28}}
Aug 16 12:02:36 user devstack@keystone.service[44507]: DEBUG keystone.server.flask.request_processing.req_logging [None req-6c121216-a9e8-4516-ae30-7ff38e03f263 None admin] PATH_INFO: `/v3/projects/99b98af57523428389bdc5870650bb55` {{(pid=44507) log_request_info /opt/stack/keystone/keystone/server/flask/request_processing/req_logging.py:29}}
Aug 16 12:02:36 user devstack@keystone.service[44509]: DEBUG keystone.common.rbac_enforcer.enforcer [None req-91b84d83-2dbc-4d9e-a6d8-a6042421064c None admin] RBAC: Authorizing `identity:get_project(project_id=99b98af57523428389bdc5870650bb55)` {{(pid=44509) enforce_call /opt/stack/keystone/keystone/common/rbac_enforcer/enforcer.py:449}}
Aug 16 12:02:36 user devstack@keystone.service[44509]: DEBUG keystone.common.rbac_enforcer.enforcer [None req-91b84d83-2dbc-4d9e-a6d8-a6042421064c None admin] RBAC: Authorization granted {{(pid=44509) enforce_call /opt/stack/keystone/keystone/common/rbac_enforcer/enforcer.py:457}}
Aug 16 12:02:36 user devstack@keystone.service[44507]: DEBUG keystone.common.rbac_enforcer.enforcer [None req-6c121216-a9e8-4516-ae30-7ff38e03f263 None admin] RBAC: Authorizing `identity:get_project(project_id=99b98af57523428389bdc5870650bb55)` {{(pid=44507) enforce_call /opt/stack/keystone/keystone/common/rbac_enforcer/enforcer.py:449}}
Aug 16 12:02:36 user devstack@keystone.service[44509]: [pid: 44509|app: 0|req: 40/118] 10.0.0.210 () {56 vars in 1181 bytes} [Wed Aug 16 12:02:36 2023] GET /identity/v3/projects/99b98af57523428389bdc5870650bb55 => generated 297 bytes in 135 msecs (HTTP/1.1 200) 5 headers in 177 bytes (1 switches on core 0)
Aug 16 12:02:36 user devstack@keystone.service[44509]: DEBUG keystone.server.flask.request_processing.middleware.auth_context [None req-91b84d83-2dbc-4d9e-a6d8-a6042421064c None admin] Authenticating user token {{(pid=44509) process_request /opt/stack/data/venv/lib/python3.10/site-packages/keystonemiddleware/auth_token/__init__.py:406}}
Aug 16 12:02:36 user devstack@keystone.service[44507]: DEBUG keystone.common.rbac_enforcer.enforcer [None req-6c121216-a9e8-4516-ae30-7ff38e03f263 None admin] RBAC: Authorization granted {{(pid=44507) enforce_call /opt/stack/keystone/keystone/common/rbac_enforcer/enforcer.py:457}}
Aug 16 12:02:36 user devstack@keystone.service[44507]: [pid: 44507|app: 0|req: 36/119] 10.0.0.210 () {56 vars in 1181 bytes} [Wed Aug 16 12:02:36 2023] GET /identity/v3/projects/99b98af57523428389bdc5870650bb55 => generated 297 bytes in 165 msecs (HTTP/1.1 200) 5 headers in 177 bytes (1 switches on core 0)
Aug 16 12:02:36 user devstack@keystone.service[44507]: DEBUG keystone.server.flask.request_processing.middleware.auth_context [None req-6c121216-a9e8-4516-ae30-7ff38e03f263 None admin] Authenticating user token {{(pid=44507) process_request /opt/stack/data/venv/lib/python3.10/site-packages/keystonemiddleware/auth_token/__init__.py:406}}
Aug 16 12:02:36 user devstack@keystone.service[44510]: DEBUG keystone.server.flask.request_processing.middleware.auth_context [None req-fee15185-dd1e-4d61-87b0-6a4ed5d50a86 None admin] Validating token access rules against request {{(pid=44510) validate_allowed_request /opt/stack/data/venv/lib/python3.10/site-packages/keystonemiddleware/auth_token/__init__.py:544}}
Aug 16 12:02:36 user devstack@keystone.service[44510]: DEBUG keystone.server.flask.request_processing.middleware.auth_context [None req-0ae17287-f8db-4be5-a215-4d2459ac8638 None admin] RBAC: auth_context: {'token': , 'domain_id': None, 'trust_id': None, 'trustor_id': None, 'trustee_id': None, 'domain_name': None, 'group_ids': [], 'user_id': '751f92c11270495baf399ff5457709d0', 'user_domain_id': 'default', 'system_scope': 'all', 'project_id': None, 'project_domain_id': None, 'roles': ['admin', 'member', 'reader'], 'is_admin_project': True, 'service_user_id': None, 'service_user_domain_id': None, 'service_project_id': None, 'service_project_domain_id': None, 'service_roles': []} {{(pid=44510) fill_context /opt/stack/keystone/keystone/server/flask/request_processing/middleware/auth_context.py:480}}
Aug 16 12:02:36 user devstack@keystone.service[44510]: DEBUG keystone.server.flask.request_processing.req_logging [None req-0ae17287-f8db-4be5-a215-4d2459ac8638 None admin] REQUEST_METHOD: `GET` {{(pid=44510) log_request_info /opt/stack/keystone/keystone/server/flask/request_processing/req_logging.py:27}}
Aug 16 12:02:36 user devstack@keystone.service[44510]: DEBUG keystone.server.flask.request_processing.req_logging [None req-0ae17287-f8db-4be5-a215-4d2459ac8638 None admin] SCRIPT_NAME: `/identity` {{(pid=44510) log_request_info /opt/stack/keystone/keystone/server/flask/request_processing/req_logging.py:28}}
Aug 16 12:02:36 user devstack@keystone.service[44510]: DEBUG keystone.server.flask.request_processing.req_logging [None req-0ae17287-f8db-4be5-a215-4d2459ac8638 None admin] PATH_INFO: `/v3/auth/tokens` {{(pid=44510) log_request_info /opt/stack/keystone/keystone/server/flask/request_processing/req_logging.py:29}}
Aug 16 12:02:36 user devstack@keystone.service[44509]: DEBUG keystone.server.flask.request_processing.middleware.auth_context [None req-91b84d83-2dbc-4d9e-a6d8-a6042421064c None admin] Validating token access rules against request {{(pid=44509) validate_allowed_request /opt/stack/data/venv/lib/python3.10/site-packages/keystonemiddleware/auth_token/__init__.py:544}}
Aug 16 12:02:36 user devstack@keystone.service[44507]: DEBUG keystone.server.flask.request_processing.middleware.auth_context [None req-6c121216-a9e8-4516-ae30-7ff38e03f263 None admin] Validating token access rules against request {{(pid=44507) validate_allowed_request /opt/stack/data/venv/lib/python3.10/site-packages/keystonemiddleware/auth_token/__init__.py:544}}
Aug 16 12:02:36 user devstack@keystone.service[44509]: DEBUG keystone.server.flask.request_processing.middleware.auth_context [None req-9f9f781f-db43-4069-820f-7a2453711bb0 None admin] RBAC: auth_context: {'token': , 'domain_id': None, 'trust_id': None, 'trustor_id': None, 'trustee_id': None, 'domain_name': None, 'group_ids': [], 'user_id': '751f92c11270495baf399ff5457709d0', 'user_domain_id': 'default', 'system_scope': 'all', 'project_id': None, 'project_domain_id': None, 'roles': ['admin', 'member', 'reader'], 'is_admin_project': True, 'service_user_id': None, 'service_user_domain_id': None, 'service_project_id': None, 'service_project_domain_id': None, 'service_roles': []} {{(pid=44509) fill_context /opt/stack/keystone/keystone/server/flask/request_processing/middleware/auth_context.py:480}}
Aug 16 12:02:36 user devstack@keystone.service[44509]: DEBUG keystone.server.flask.request_processing.req_logging [None req-9f9f781f-db43-4069-820f-7a2453711bb0 None admin] REQUEST_METHOD: `GET` {{(pid=44509) log_request_info /opt/stack/keystone/keystone/server/flask/request_processing/req_logging.py:27}}
Aug 16 12:02:36 user devstack@keystone.service[44509]: DEBUG keystone.server.flask.request_processing.req_logging [None req-9f9f781f-db43-4069-820f-7a2453711bb0 None admin] SCRIPT_NAME: `/identity` {{(pid=44509) log_request_info /opt/stack/keystone/keystone/server/flask/request_processing/req_logging.py:28}}
Aug 16 12:02:36 user devstack@keystone.service[44509]: DEBUG keystone.server.flask.request_processing.req_logging [None req-9f9f781f-db43-4069-820f-7a2453711bb0 None admin] PATH_INFO: `/v3/roles/member` {{(pid=44509) log_request_info /opt/stack/keystone/keystone/server/flask/request_processing/req_logging.py:29}}
Aug 16 12:02:36 user devstack@keystone.service[44507]: DEBUG keystone.server.flask.request_processing.middleware.auth_context [None req-0458fc8f-e1e6-4586-a694-5514dd39d983 None admin] RBAC: auth_context: {'token': , 'domain_id': None, 'trust_id': None, 'trustor_id': None, 'trustee_id': None, 'domain_name': None, 'group_ids': [], 'user_id': '751f92c11270495baf399ff5457709d0', 'user_domain_id': 'default', 'system_scope': 'all', 'project_id': None, 'project_domain_id': None, 'roles': ['admin', 'member', 'reader'], 'is_admin_project': True, 'service_user_id': None, 'service_user_domain_id': None, 'service_project_id': None, 'service_project_domain_id': None, 'service_roles': []} {{(pid=44507) fill_context /opt/stack/keystone/keystone/server/flask/request_processing/middleware/auth_context.py:480}}
Aug 16 12:02:36 user devstack@keystone.service[44507]: DEBUG keystone.server.flask.request_processing.req_logging [None req-0458fc8f-e1e6-4586-a694-5514dd39d983 None admin] REQUEST_METHOD: `GET` {{(pid=44507) log_request_info /opt/stack/keystone/keystone/server/flask/request_processing/req_logging.py:27}}
Aug 16 12:02:36 user devstack@keystone.service[44507]: DEBUG keystone.server.flask.request_processing.req_logging [None req-0458fc8f-e1e6-4586-a694-5514dd39d983 None admin] SCRIPT_NAME: `/identity` {{(pid=44507) log_request_info /opt/stack/keystone/keystone/server/flask/request_processing/req_logging.py:28}}
Aug 16 12:02:36 user devstack@keystone.service[44509]: DEBUG keystone.common.rbac_enforcer.enforcer [None req-9f9f781f-db43-4069-820f-7a2453711bb0 None admin] Extracting inferred target data resulted in "NOT FOUND (404)". {{(pid=44509) enforce_call /opt/stack/keystone/keystone/common/rbac_enforcer/enforcer.py:409}}
Aug 16 12:02:36 user devstack@keystone.service[44507]: DEBUG keystone.server.flask.request_processing.req_logging [None req-0458fc8f-e1e6-4586-a694-5514dd39d983 None admin] PATH_INFO: `/v3/role_assignments` {{(pid=44507) log_request_info /opt/stack/keystone/keystone/server/flask/request_processing/req_logging.py:29}}
Aug 16 12:02:36 user devstack@keystone.service[44507]: DEBUG keystone.common.rbac_enforcer.enforcer [None req-0458fc8f-e1e6-4586-a694-5514dd39d983 None admin] RBAC: Adding query filter params (role.id=d8f4e78f0fdf487abe7511c44efe2742, scope.project.id=99b98af57523428389bdc5870650bb55, user.id=ec1b45526a844d358caaa293783e0c10) {{(pid=44507) _extract_filter_values /opt/stack/keystone/keystone/common/rbac_enforcer/enforcer.py:167}}
Aug 16 12:02:36 user devstack@keystone.service[44507]: DEBUG keystone.common.rbac_enforcer.enforcer [None req-0458fc8f-e1e6-4586-a694-5514dd39d983 None admin] RBAC: Authorizing `identity:list_role_assignments()` {{(pid=44507) enforce_call /opt/stack/keystone/keystone/common/rbac_enforcer/enforcer.py:449}}
Aug 16 12:02:36 user devstack@keystone.service[44510]: DEBUG keystone.common.rbac_enforcer.enforcer [None req-0ae17287-f8db-4be5-a215-4d2459ac8638 None admin] RBAC: Authorizing `identity:validate_token()` {{(pid=44510) enforce_call /opt/stack/keystone/keystone/common/rbac_enforcer/enforcer.py:449}}
Aug 16 12:02:36 user devstack@keystone.service[44507]: DEBUG keystone.common.rbac_enforcer.enforcer [None req-0458fc8f-e1e6-4586-a694-5514dd39d983 None admin] RBAC: Authorization granted {{(pid=44507) enforce_call /opt/stack/keystone/keystone/common/rbac_enforcer/enforcer.py:457}}
Aug 16 12:02:36 user devstack@keystone.service[44510]: DEBUG keystone.common.rbac_enforcer.enforcer [None req-0ae17287-f8db-4be5-a215-4d2459ac8638 None admin] RBAC: Authorization granted {{(pid=44510) enforce_call /opt/stack/keystone/keystone/common/rbac_enforcer/enforcer.py:457}}
Aug 16 12:02:36 user devstack@keystone.service[44509]: ERROR keystone.server.flask.application [None req-9f9f781f-db43-4069-820f-7a2453711bb0 None admin] Could not find role: member.: keystone.exception.RoleNotFound: Could not find role: member.
Aug 16 12:02:36 user devstack@keystone.service[44509]: ERROR keystone.server.flask.application
Traceback (most recent call last):
Aug 16 12:02:36 user devstack@keystone.service[44509]: ERROR keystone.server.flask.application
File "/opt/stack/data/venv/lib/python3.10/site-packages/flask/app.py", line 1823, in full_dispatch_request
Aug 16 12:02:36 user devstack@keystone.service[44509]: ERROR keystone.server.flask.application rv = self.dispatch_request()
Aug 16 12:02:36 user devstack@keystone.service[44509]: ERROR keystone.server.flask.application
File "/opt/stack/data/venv/lib/python3.10/site-packages/flask/app.py", line 1799, in dispatch_request
Aug 16 12:02:36 user devstack@keystone.service[44509]: ERROR keystone.server.flask.application return self.ensure_sync(self.view_functions[rule.endpoint])(**view_args)
Aug 16 12:02:36 user devstack@keystone.service[44509]: ERROR keystone.server.flask.application
File "/opt/stack/data/venv/lib/python3.10/site-packages/flask_restful/__init__.py", line 467, in wrapper
Aug 16 12:02:36 user devstack@keystone.service[44509]: ERROR keystone.server.flask.application resp = resource(*args, **kwargs)
Aug 16 12:02:36 user devstack@keystone.service[44509]: ERROR keystone.server.flask.application
File "/opt/stack/data/venv/lib/python3.10/site-packages/flask/views.py", line 107, in view
Aug 16 12:02:36 user devstack@keystone.service[44509]: ERROR keystone.server.flask.application return current_app.ensure_sync(self.dispatch_request)(**kwargs)
Aug 16 12:02:36 user devstack@keystone.service[44509]: ERROR keystone.server.flask.application
File "/opt/stack/data/venv/lib/python3.10/site-packages/flask_restful/__init__.py", line 582, in dispatch_request
Aug 16 12:02:36 user devstack@keystone.service[44509]: ERROR keystone.server.flask.application resp = meth(*args, **kwargs)
Aug 16 12:02:36 user devstack@keystone.service[44509]: ERROR keystone.server.flask.application
File "/opt/stack/keystone/keystone/api/roles.py", line 50, in get
Aug 16 12:02:36 user devstack@keystone.service[44509]: ERROR keystone.server.flask.application return self._get_role(role_id)
Aug 16 12:02:36 user devstack@keystone.service[44509]: ERROR keystone.server.flask.application
File "/opt/stack/keystone/keystone/api/roles.py", line 70, in _get_role
Aug 16 12:02:36 user devstack@keystone.service[44509]: ERROR keystone.server.flask.application ENFORCER.enforce_call(action='identity:get_role')
Aug 16 12:02:36 user devstack@keystone.service[44509]: ERROR keystone.server.flask.application
File "/opt/stack/keystone/keystone/common/rbac_enforcer/enforcer.py", line 402, in enforce_call
Aug 16 12:02:36 user devstack@keystone.service[44509]: ERROR keystone.server.flask.application policy_dict.update(cls._extract_member_target_data(
Aug 16 12:02:36 user devstack@keystone.service[44509]: ERROR keystone.server.flask.application
File "/opt/stack/keystone/keystone/common/rbac_enforcer/enforcer.py", line 234, in _extract_member_target_data
Aug 16 12:02:36 user devstack@keystone.service[44509]: ERROR keystone.server.flask.application member_name: func(flask.request.view_args[key])
Aug 16 12:02:36 user devstack@keystone.service[44509]: ERROR keystone.server.flask.application
File "/opt/stack/keystone/keystone/common/manager.py", line 115, in wrapped
Aug 16 12:02:36 user devstack@keystone.service[44509]: ERROR keystone.server.flask.application __ret_val = __f(*args, **kwargs)
Aug 16 12:02:36 user devstack@keystone.service[44509]: ERROR keystone.server.flask.application
File "/opt/stack/data/venv/lib/python3.10/site-packages/decorator.py", line 232, in fun
Aug 16 12:02:36 user devstack@keystone.service[44509]: ERROR keystone.server.flask.application return caller(func, *(extras + args), **kw)
Aug 16 12:02:36 user devstack@keystone.service[44509]: ERROR keystone.server.flask.application
File "/opt/stack/data/venv/lib/python3.10/site-packages/dogpile/cache/region.py", line 1577, in get_or_create_for_user_func
Aug 16 12:02:36 user devstack@keystone.service[44509]: ERROR keystone.server.flask.application return self.get_or_create(
Aug 16 12:02:36 user devstack@keystone.service[44509]: ERROR keystone.server.flask.application
File "/opt/stack/data/venv/lib/python3.10/site-packages/dogpile/cache/region.py", line 1042, in get_or_create
Aug 16 12:02:36 user devstack@keystone.service[44509]: ERROR keystone.server.flask.application with Lock(
Aug 16 12:02:36 user devstack@keystone.service[44509]: ERROR keystone.server.flask.application
File "/opt/stack/data/venv/lib/python3.10/site-packages/dogpile/lock.py", line 185, in __enter__
Aug 16 12:02:36 user devstack@keystone.service[44509]: ERROR keystone.server.flask.application return self._enter()
Aug 16 12:02:36 user devstack@keystone.service[44509]: ERROR keystone.server.flask.application
File "/opt/stack/data/venv/lib/python3.10/site-packages/dogpile/lock.py", line 94, in _enter
Aug 16 12:02:36 user devstack@keystone.service[44509]: ERROR keystone.server.flask.application generated = self._enter_create(value, createdtime)
Aug 16 12:02:36 user devstack@keystone.service[44509]: ERROR keystone.server.flask.application
File "/opt/stack/data/venv/lib/python3.10/site-packages/dogpile/lock.py", line 178, in _enter_create
Aug 16 12:02:36 user devstack@keystone.service[44509]: ERROR keystone.server.flask.application return self.creator()
Aug 16 12:02:36 user devstack@keystone.service[44509]: ERROR keystone.server.flask.application
File "/opt/stack/data/venv/lib/python3.10/site-packages/dogpile/cache/region.py", line 995, in gen_value
Aug 16 12:02:36 user devstack@keystone.service[44509]: ERROR keystone.server.flask.application created_value = creator(
Aug 16 12:02:36 user devstack@keystone.service[44509]: ERROR keystone.server.flask.application
File "/opt/stack/keystone/keystone/assignment/core.py", line 1276, in get_role
Aug 16 12:02:36 user devstack@keystone.service[44509]: ERROR keystone.server.flask.application return self.driver.get_role(role_id)
Aug 16 12:02:36 user devstack@keystone.service[44509]: ERROR keystone.server.flask.application
File "/opt/stack/keystone/keystone/assignment/role_backends/sql.py", line 70, in get_role
Aug 16 12:02:36 user devstack@keystone.service[44509]: ERROR keystone.server.flask.application return self._get_role(session, role_id).to_dict()
Aug 16 12:02:36 user devstack@keystone.service[44509]: ERROR keystone.server.flask.application
File "/opt/stack/keystone/keystone/assignment/role_backends/sql.py", line 65, in _get_role
Aug 16 12:02:36 user devstack@keystone.service[44509]: ERROR keystone.server.flask.application raise exception.RoleNotFound(role_id=role_id)
Aug 16 12:02:36 user devstack@keystone.service[44509]: ERROR keystone.server.flask.application keystone.exception.RoleNotFound: Could not find role: member.
Aug 16 12:02:36 user devstack@keystone.service[44509]: ERROR keystone.server.flask.application
Aug 16 12:02:36 user devstack@keystone.service[44509]: [pid: 44509|app: 0|req: 41/120] 10.0.0.210 () {56 vars in 1094 bytes} [Wed Aug 16 12:02:36 2023] GET /identity/v3/roles/member => generated 84 bytes in 137 msecs (HTTP/1.1 404) 5 headers in 183 bytes (1 switches on core 0)
Aug 16 12:02:36 user devstack@keystone.service[44509]: DEBUG keystone.server.flask.request_processing.middleware.auth_context [None req-9f9f781f-db43-4069-820f-7a2453711bb0 None admin] Authenticating user token {{(pid=44509) process_request /opt/stack/data/venv/lib/python3.10/site-packages/keystonemiddleware/auth_token/__init__.py:406}}
Aug 16 12:02:36 user devstack@keystone.service[44507]: [pid: 44507|app: 0|req: 37/121] 10.0.0.210 () {56 vars in 1369 bytes} [Wed Aug 16 12:02:36 2023] GET /identity/v3/role_assignments?user.id=ec1b45526a844d358caaa293783e0c10&scope.project.id=99b98af57523428389bdc5870650bb55&role.id=d8f4e78f0fdf487abe7511c44efe2742 => generated 606 bytes in 133 msecs (HTTP/1.1 200) 5 headers in 177 bytes (1 switches on core 0)
Aug 16 12:02:36 user devstack@keystone.service[44507]: DEBUG keystone.server.flask.request_processing.middleware.auth_context [None req-0458fc8f-e1e6-4586-a694-5514dd39d983 None admin] Authenticating user token {{(pid=44507) process_request /opt/stack/data/venv/lib/python3.10/site-packages/keystonemiddleware/auth_token/__init__.py:406}}
Aug 16 12:02:36 user devstack@keystone.service[44510]: [pid: 44510|app: 0|req: 44/122] 10.0.0.210 () {58 vars in 1277 bytes} [Wed Aug 16 12:02:36 2023] GET /identity/v3/auth/tokens => generated 798 bytes in 266 msecs (HTTP/1.1 200) 6 headers in 358 bytes (1 switches on core 0)
Aug 16 12:02:36 user devstack@keystone.service[44510]: DEBUG keystone.server.flask.request_processing.middleware.auth_context [None req-0ae17287-f8db-4be5-a215-4d2459ac8638 None admin] Authenticating user token {{(pid=44510) process_request /opt/stack/data/venv/lib/python3.10/site-packages/keystonemiddleware/auth_token/__init__.py:406}}
Aug 16 12:02:36 user devstack@keystone.service[44507]: DEBUG keystone.server.flask.request_processing.middleware.auth_context [None req-0458fc8f-e1e6-4586-a694-5514dd39d983 None admin] Validating token access rules against request {{(pid=44507) validate_allowed_request /opt/stack/data/venv/lib/python3.10/site-packages/keystonemiddleware/auth_token/__init__.py:544}}
Aug 16 12:02:36 user devstack@keystone.service[44509]: DEBUG keystone.server.flask.request_processing.middleware.auth_context [None req-9f9f781f-db43-4069-820f-7a2453711bb0 None admin] Validating token access rules against request {{(pid=44509) validate_allowed_request /opt/stack/data/venv/lib/python3.10/site-packages/keystonemiddleware/auth_token/__init__.py:544}}
Aug 16 12:02:36 user devstack@keystone.service[44507]: DEBUG keystone.server.flask.request_processing.middleware.auth_context [None req-5713e02c-6bdf-4600-88c6-79e532676202 None admin] RBAC: auth_context: {'token': , 'domain_id': None, 'trust_id': None, 'trustor_id': None, 'trustee_id': None, 'domain_name': None, 'group_ids': [], 'user_id': '751f92c11270495baf399ff5457709d0', 'user_domain_id': 'default', 'system_scope': 'all', 'project_id': None, 'project_domain_id': None, 'roles': ['admin', 'member', 'reader'], 'is_admin_project': True, 'service_user_id': None, 'service_user_domain_id': None, 'service_project_id': None, 'service_project_domain_id': None, 'service_roles': []} {{(pid=44507) fill_context /opt/stack/keystone/keystone/server/flask/request_processing/middleware/auth_context.py:480}}
Aug 16 12:02:36 user devstack@keystone.service[44507]: DEBUG keystone.server.flask.request_processing.req_logging [None req-5713e02c-6bdf-4600-88c6-79e532676202 None admin] REQUEST_METHOD: `GET` {{(pid=44507) log_request_info /opt/stack/keystone/keystone/server/flask/request_processing/req_logging.py:27}}
Aug 16 12:02:36 user devstack@keystone.service[44507]: DEBUG keystone.server.flask.request_processing.req_logging [None req-5713e02c-6bdf-4600-88c6-79e532676202 None admin] SCRIPT_NAME: `/identity` {{(pid=44507) log_request_info /opt/stack/keystone/keystone/server/flask/request_processing/req_logging.py:28}}
Aug 16 12:02:36 user devstack@keystone.service[44507]: DEBUG keystone.server.flask.request_processing.req_logging [None req-5713e02c-6bdf-4600-88c6-79e532676202 None admin] PATH_INFO: `/v3/role_assignments` {{(pid=44507) log_request_info /opt/stack/keystone/keystone/server/flask/request_processing/req_logging.py:29}}
Aug 16 12:02:36 user devstack@keystone.service[44507]: DEBUG keystone.common.rbac_enforcer.enforcer [None req-5713e02c-6bdf-4600-88c6-79e532676202 None admin] RBAC: Adding query filter params (role.id=2d4ffccbb29c425f9c69b6590049e4f2, scope.project.id=99b98af57523428389bdc5870650bb55, user.id=751f92c11270495baf399ff5457709d0) {{(pid=44507) _extract_filter_values /opt/stack/keystone/keystone/common/rbac_enforcer/enforcer.py:167}}
Aug 16 12:02:36 user devstack@keystone.service[44507]: DEBUG keystone.common.rbac_enforcer.enforcer [None req-5713e02c-6bdf-4600-88c6-79e532676202 None admin] RBAC: Authorizing `identity:list_role_assignments()` {{(pid=44507) enforce_call /opt/stack/keystone/keystone/common/rbac_enforcer/enforcer.py:449}}
Aug 16 12:02:36 user devstack@keystone.service[44507]: DEBUG keystone.common.rbac_enforcer.enforcer [None req-5713e02c-6bdf-4600-88c6-79e532676202 None admin] RBAC: Authorization granted {{(pid=44507) enforce_call /opt/stack/keystone/keystone/common/rbac_enforcer/enforcer.py:457}}
Aug 16 12:02:36 user devstack@keystone.service[44509]: DEBUG keystone.server.flask.request_processing.middleware.auth_context [None req-82e0fc9a-ff3e-444d-9cb4-cadbad449a2b None admin] RBAC: auth_context: {'token': , 'domain_id': None, 'trust_id': None, 'trustor_id': None, 'trustee_id': None, 'domain_name': None, 'group_ids': [], 'user_id': '751f92c11270495baf399ff5457709d0', 'user_domain_id': 'default', 'system_scope': 'all', 'project_id': None, 'project_domain_id': None, 'roles': ['admin', 'member', 'reader'], 'is_admin_project': True, 'service_user_id': None, 'service_user_domain_id': None, 'service_project_id': None, 'service_project_domain_id': None, 'service_roles': []} {{(pid=44509) fill_context /opt/stack/keystone/keystone/server/flask/request_processing/middleware/auth_context.py:480}}
Aug 16 12:02:36 user devstack@keystone.service[44509]: DEBUG keystone.server.flask.request_processing.req_logging [None req-82e0fc9a-ff3e-444d-9cb4-cadbad449a2b None admin] REQUEST_METHOD: `PUT` {{(pid=44509) log_request_info /opt/stack/keystone/keystone/server/flask/request_processing/req_logging.py:27}}
Aug 16 12:02:36 user devstack@keystone.service[44507]: [pid: 44507|app: 0|req: 38/123] 10.0.0.210 () {56 vars in 1369 bytes} [Wed Aug 16 12:02:36 2023] GET /identity/v3/role_assignments?user.id=751f92c11270495baf399ff5457709d0&scope.project.id=99b98af57523428389bdc5870650bb55&role.id=2d4ffccbb29c425f9c69b6590049e4f2 => generated 606 bytes in 121 msecs (HTTP/1.1 200) 5 headers in 177 bytes (1 switches on core 0)
Aug 16 12:02:36 user devstack@keystone.service[44509]: DEBUG keystone.server.flask.request_processing.req_logging [None req-82e0fc9a-ff3e-444d-9cb4-cadbad449a2b None admin] SCRIPT_NAME: `/identity` {{(pid=44509) log_request_info /opt/stack/keystone/keystone/server/flask/request_processing/req_logging.py:28}}
Aug 16 12:02:36 user devstack@keystone.service[44509]: DEBUG keystone.server.flask.request_processing.req_logging [None req-82e0fc9a-ff3e-444d-9cb4-cadbad449a2b None admin] PATH_INFO: `/v3/projects/99b98af57523428389bdc5870650bb55/users/c4bbd2e2e1bb4c53b1c1c5a981e118f2/roles/5766d4548d8c4f4eaa7ae8a6f6146e1b` {{(pid=44509) log_request_info /opt/stack/keystone/keystone/server/flask/request_processing/req_logging.py:29}}
Aug 16 12:02:36 user devstack@keystone.service[44507]: DEBUG keystone.server.flask.request_processing.middleware.auth_context [None req-5713e02c-6bdf-4600-88c6-79e532676202 None admin] Authenticating user token {{(pid=44507) process_request /opt/stack/data/venv/lib/python3.10/site-packages/keystonemiddleware/auth_token/__init__.py:406}}
Aug 16 12:02:36 user devstack@keystone.service[44509]: DEBUG keystone.common.rbac_enforcer.enforcer [None req-82e0fc9a-ff3e-444d-9cb4-cadbad449a2b None admin] RBAC: Authorizing `identity:create_grant(project_id=99b98af57523428389bdc5870650bb55, user_id=c4bbd2e2e1bb4c53b1c1c5a981e118f2, role_id=5766d4548d8c4f4eaa7ae8a6f6146e1b)` {{(pid=44509) enforce_call /opt/stack/keystone/keystone/common/rbac_enforcer/enforcer.py:449}}
Aug 16 12:02:36 user devstack@keystone.service[44509]: DEBUG keystone.common.rbac_enforcer.enforcer [None req-82e0fc9a-ff3e-444d-9cb4-cadbad449a2b None admin] RBAC: Authorization granted {{(pid=44509) enforce_call /opt/stack/keystone/keystone/common/rbac_enforcer/enforcer.py:457}}
Aug 16 12:02:36 user devstack@keystone.service[44509]: [pid: 44509|app: 0|req: 42/124] 10.0.0.210 () {58 vars in 1434 bytes} [Wed Aug 16 12:02:36 2023] PUT /identity/v3/projects/99b98af57523428389bdc5870650bb55/users/c4bbd2e2e1bb4c53b1c1c5a981e118f2/roles/5766d4548d8c4f4eaa7ae8a6f6146e1b => generated 0 bytes in 141 msecs (HTTP/1.1 204) 3 headers in 132 bytes (0 switches on core 0)
Aug 16 12:02:36 user devstack@keystone.service[44510]: DEBUG keystone.server.flask.request_processing.middleware.auth_context [None req-0ae17287-f8db-4be5-a215-4d2459ac8638 None admin] Validating token access rules against request {{(pid=44510) validate_allowed_request /opt/stack/data/venv/lib/python3.10/site-packages/keystonemiddleware/auth_token/__init__.py:544}}
Aug 16 12:02:37 user devstack@keystone.service[44507]: DEBUG keystone.server.flask.request_processing.middleware.auth_context [None req-5713e02c-6bdf-4600-88c6-79e532676202 None admin] Validating token access rules against request {{(pid=44507) validate_allowed_request /opt/stack/data/venv/lib/python3.10/site-packages/keystonemiddleware/auth_token/__init__.py:544}}
Aug 16 12:02:37 user devstack@keystone.service[44510]: DEBUG keystone.server.flask.request_processing.middleware.auth_context [None req-24fac5e2-36dc-412c-8dae-48d3162c7e6e None admin] RBAC: auth_context: {'token': , 'domain_id': None, 'trust_id': None, 'trustor_id': None, 'trustee_id': None, 'domain_name': None, 'group_ids': [], 'user_id': '751f92c11270495baf399ff5457709d0', 'user_domain_id': 'default', 'system_scope': 'all', 'project_id': None, 'project_domain_id': None, 'roles': ['admin', 'member', 'reader'], 'is_admin_project': True, 'service_user_id': None, 'service_user_domain_id': None, 'service_project_id': None, 'service_project_domain_id': None, 'service_roles': []} {{(pid=44510) fill_context /opt/stack/keystone/keystone/server/flask/request_processing/middleware/auth_context.py:480}}
Aug 16 12:02:37 user devstack@keystone.service[44510]: DEBUG keystone.server.flask.request_processing.req_logging [None req-24fac5e2-36dc-412c-8dae-48d3162c7e6e None admin] REQUEST_METHOD: `GET` {{(pid=44510) log_request_info /opt/stack/keystone/keystone/server/flask/request_processing/req_logging.py:27}}
Aug 16 12:02:37 user devstack@keystone.service[44510]: DEBUG keystone.server.flask.request_processing.req_logging [None req-24fac5e2-36dc-412c-8dae-48d3162c7e6e None admin] SCRIPT_NAME: `/identity` {{(pid=44510) log_request_info /opt/stack/keystone/keystone/server/flask/request_processing/req_logging.py:28}}
Aug 16 12:02:37 user devstack@keystone.service[44510]: DEBUG keystone.server.flask.request_processing.req_logging [None req-24fac5e2-36dc-412c-8dae-48d3162c7e6e None admin] PATH_INFO: `/v3/roles` {{(pid=44510) log_request_info /opt/stack/keystone/keystone/server/flask/request_processing/req_logging.py:29}}
Aug 16 12:02:37 user devstack@keystone.service[44510]: DEBUG keystone.common.rbac_enforcer.enforcer [None req-24fac5e2-36dc-412c-8dae-48d3162c7e6e None admin] RBAC: Adding query filter params (name=member) {{(pid=44510) _extract_filter_values /opt/stack/keystone/keystone/common/rbac_enforcer/enforcer.py:167}}
Aug 16 12:02:37 user devstack@keystone.service[44510]: DEBUG keystone.common.rbac_enforcer.enforcer [None req-24fac5e2-36dc-412c-8dae-48d3162c7e6e None admin] RBAC: Authorizing `identity:list_roles()` {{(pid=44510) enforce_call /opt/stack/keystone/keystone/common/rbac_enforcer/enforcer.py:449}}
Aug 16 12:02:37 user devstack@keystone.service[44507]: DEBUG keystone.server.flask.request_processing.middleware.auth_context [None req-914ffeb7-25c9-4d4e-af11-d8ee67f0e09d None admin] RBAC: auth_context: {'token': , 'domain_id': None, 'trust_id': None, 'trustor_id': None, 'trustee_id': None, 'domain_name': None, 'group_ids': [], 'user_id': '751f92c11270495baf399ff5457709d0', 'user_domain_id': 'default', 'system_scope': 'all', 'project_id': None, 'project_domain_id': None, 'roles': ['admin', 'member', 'reader'], 'is_admin_project': True, 'service_user_id': None, 'service_user_domain_id': None, 'service_project_id': None, 'service_project_domain_id': None, 'service_roles': []} {{(pid=44507) fill_context /opt/stack/keystone/keystone/server/flask/request_processing/middleware/auth_context.py:480}}
Aug 16 12:02:37 user devstack@keystone.service[44510]: DEBUG keystone.common.rbac_enforcer.enforcer [None req-24fac5e2-36dc-412c-8dae-48d3162c7e6e None admin] RBAC: Authorization granted {{(pid=44510) enforce_call /opt/stack/keystone/keystone/common/rbac_enforcer/enforcer.py:457}}
Aug 16 12:02:37 user devstack@keystone.service[44507]: DEBUG keystone.server.flask.request_processing.req_logging [None req-914ffeb7-25c9-4d4e-af11-d8ee67f0e09d None admin] REQUEST_METHOD: `GET` {{(pid=44507) log_request_info /opt/stack/keystone/keystone/server/flask/request_processing/req_logging.py:27}}
Aug 16 12:02:37 user devstack@keystone.service[44507]: DEBUG keystone.server.flask.request_processing.req_logging [None req-914ffeb7-25c9-4d4e-af11-d8ee67f0e09d None admin] SCRIPT_NAME: `/identity` {{(pid=44507) log_request_info /opt/stack/keystone/keystone/server/flask/request_processing/req_logging.py:28}}
Aug 16 12:02:37 user devstack@keystone.service[44507]: DEBUG keystone.server.flask.request_processing.req_logging [None req-914ffeb7-25c9-4d4e-af11-d8ee67f0e09d None admin] PATH_INFO: `/v3/projects/99b98af57523428389bdc5870650bb55` {{(pid=44507) log_request_info /opt/stack/keystone/keystone/server/flask/request_processing/req_logging.py:29}}
