Aug 16 22:15:07 user devstack@keystone.service[44202]: DEBUG keystone.server.flask.request_processing.middleware.auth_context [None req-685ecf5e-d2c7-4d3e-b3b9-70f50056cbd5 None admin] RBAC: auth_context: {'token': , 'domain_id': None, 'trust_id': None, 'trustor_id': None, 'trustee_id': None, 'domain_name': None, 'group_ids': [], 'user_id': '503b40941a8d4af78d02f596dced05ac', 'user_domain_id': 'default', 'system_scope': 'all', 'project_id': None, 'project_domain_id': None, 'roles': ['admin', 'member', 'reader'], 'is_admin_project': True, 'service_user_id': None, 'service_user_domain_id': None, 'service_project_id': None, 'service_project_domain_id': None, 'service_roles': []} {{(pid=44202) fill_context /opt/stack/keystone/keystone/server/flask/request_processing/middleware/auth_context.py:480}}
Aug 16 22:15:07 user devstack@keystone.service[44202]: DEBUG keystone.server.flask.request_processing.req_logging [None req-685ecf5e-d2c7-4d3e-b3b9-70f50056cbd5 None admin] REQUEST_METHOD: `GET` {{(pid=44202) log_request_info /opt/stack/keystone/keystone/server/flask/request_processing/req_logging.py:27}}
Aug 16 22:15:07 user devstack@keystone.service[44202]: DEBUG keystone.server.flask.request_processing.req_logging [None req-685ecf5e-d2c7-4d3e-b3b9-70f50056cbd5 None admin] SCRIPT_NAME: `/identity` {{(pid=44202) log_request_info /opt/stack/keystone/keystone/server/flask/request_processing/req_logging.py:28}}
Aug 16 22:15:07 user devstack@keystone.service[44202]: DEBUG keystone.server.flask.request_processing.req_logging [None req-685ecf5e-d2c7-4d3e-b3b9-70f50056cbd5 None admin] PATH_INFO: `/v3/auth/tokens` {{(pid=44202) log_request_info /opt/stack/keystone/keystone/server/flask/request_processing/req_logging.py:29}}
Aug 16 22:15:07 user devstack@keystone.service[44200]: DEBUG keystone.server.flask.request_processing.middleware.auth_context [None req-7a2e8762-4d65-4ada-997e-fc3995b8efdf None admin] Validating token access rules against request {{(pid=44200) validate_allowed_request /opt/stack/data/venv/lib/python3.10/site-packages/keystonemiddleware/auth_token/__init__.py:544}}
Aug 16 22:15:07 user devstack@keystone.service[44202]: DEBUG keystone.common.rbac_enforcer.enforcer [None req-685ecf5e-d2c7-4d3e-b3b9-70f50056cbd5 None admin] RBAC: Authorizing `identity:validate_token()` {{(pid=44202) enforce_call /opt/stack/keystone/keystone/common/rbac_enforcer/enforcer.py:449}}
Aug 16 22:15:07 user devstack@keystone.service[44200]: DEBUG keystone.server.flask.request_processing.middleware.auth_context [None req-9beb7adc-da43-4357-8a22-3913446f47b6 None admin] RBAC: auth_context: {'token': , 'domain_id': None, 'trust_id': None, 'trustor_id': None, 'trustee_id': None, 'domain_name': None, 'group_ids': [], 'user_id': '503b40941a8d4af78d02f596dced05ac', 'user_domain_id': 'default', 'system_scope': 'all', 'project_id': None, 'project_domain_id': None, 'roles': ['admin', 'member', 'reader'], 'is_admin_project': True, 'service_user_id': None, 'service_user_domain_id': None, 'service_project_id': None, 'service_project_domain_id': None, 'service_roles': []} {{(pid=44200) fill_context /opt/stack/keystone/keystone/server/flask/request_processing/middleware/auth_context.py:480}}
Aug 16 22:15:07 user devstack@keystone.service[44200]: DEBUG keystone.server.flask.request_processing.req_logging [None req-9beb7adc-da43-4357-8a22-3913446f47b6 None admin] REQUEST_METHOD: `GET` {{(pid=44200) log_request_info /opt/stack/keystone/keystone/server/flask/request_processing/req_logging.py:27}}
Aug 16 22:15:07 user devstack@keystone.service[44200]: DEBUG keystone.server.flask.request_processing.req_logging [None req-9beb7adc-da43-4357-8a22-3913446f47b6 None admin] SCRIPT_NAME: `/identity` {{(pid=44200) log_request_info /opt/stack/keystone/keystone/server/flask/request_processing/req_logging.py:28}}
Aug 16 22:15:07 user devstack@keystone.service[44200]: DEBUG keystone.server.flask.request_processing.req_logging [None req-9beb7adc-da43-4357-8a22-3913446f47b6 None admin] PATH_INFO: `/v3/auth/tokens` {{(pid=44200) log_request_info /opt/stack/keystone/keystone/server/flask/request_processing/req_logging.py:29}}
Aug 16 22:15:07 user devstack@keystone.service[44202]: DEBUG keystone.common.rbac_enforcer.enforcer [None req-685ecf5e-d2c7-4d3e-b3b9-70f50056cbd5 None admin] RBAC: Authorization granted {{(pid=44202) enforce_call /opt/stack/keystone/keystone/common/rbac_enforcer/enforcer.py:457}}
Aug 16 22:15:07 user devstack@keystone.service[44201]: DEBUG keystone.server.flask.request_processing.middleware.auth_context [None req-6355bdba-abc6-4fa2-875c-6f35fd98bb11 None admin] Validating token access rules against request {{(pid=44201) validate_allowed_request /opt/stack/data/venv/lib/python3.10/site-packages/keystonemiddleware/auth_token/__init__.py:544}}
Aug 16 22:15:07 user devstack@keystone.service[44201]: DEBUG keystone.server.flask.request_processing.middleware.auth_context [None req-c62e5f41-3640-4ce6-93da-f1712d2161b5 None admin] RBAC: auth_context: {'token': , 'domain_id': None, 'trust_id': None, 'trustor_id': None, 'trustee_id': None, 'domain_name': None, 'group_ids': [], 'user_id': '503b40941a8d4af78d02f596dced05ac', 'user_domain_id': 'default', 'system_scope': 'all', 'project_id': None, 'project_domain_id': None, 'roles': ['admin', 'member', 'reader'], 'is_admin_project': True, 'service_user_id': None, 'service_user_domain_id': None, 'service_project_id': None, 'service_project_domain_id': None, 'service_roles': []} {{(pid=44201) fill_context /opt/stack/keystone/keystone/server/flask/request_processing/middleware/auth_context.py:480}}
Aug 16 22:15:07 user devstack@keystone.service[44201]: DEBUG keystone.server.flask.request_processing.req_logging [None req-c62e5f41-3640-4ce6-93da-f1712d2161b5 None admin] REQUEST_METHOD: `GET` {{(pid=44201) log_request_info /opt/stack/keystone/keystone/server/flask/request_processing/req_logging.py:27}}
Aug 16 22:15:07 user devstack@keystone.service[44201]: DEBUG keystone.server.flask.request_processing.req_logging [None req-c62e5f41-3640-4ce6-93da-f1712d2161b5 None admin] SCRIPT_NAME: `/identity` {{(pid=44201) log_request_info /opt/stack/keystone/keystone/server/flask/request_processing/req_logging.py:28}}
Aug 16 22:15:07 user devstack@keystone.service[44201]: DEBUG keystone.server.flask.request_processing.req_logging [None req-c62e5f41-3640-4ce6-93da-f1712d2161b5 None admin] PATH_INFO: `/v3/projects/40535fc0b53549be86d0a908e5e02470` {{(pid=44201) log_request_info /opt/stack/keystone/keystone/server/flask/request_processing/req_logging.py:29}}
Aug 16 22:15:07 user devstack@keystone.service[44201]: DEBUG keystone.common.rbac_enforcer.enforcer [None req-c62e5f41-3640-4ce6-93da-f1712d2161b5 None admin] RBAC: Authorizing `identity:get_project(project_id=40535fc0b53549be86d0a908e5e02470)` {{(pid=44201) enforce_call /opt/stack/keystone/keystone/common/rbac_enforcer/enforcer.py:449}}
Aug 16 22:15:07 user devstack@keystone.service[44201]: DEBUG keystone.common.rbac_enforcer.enforcer [None req-c62e5f41-3640-4ce6-93da-f1712d2161b5 None admin] RBAC: Authorization granted {{(pid=44201) enforce_call /opt/stack/keystone/keystone/common/rbac_enforcer/enforcer.py:457}}
Aug 16 22:15:07 user devstack@keystone.service[44201]: [pid: 44201|app: 0|req: 66/181] 10.0.0.210 () {56 vars in 1181 bytes} [Wed Aug 16 22:15:07 2023] GET /identity/v3/projects/40535fc0b53549be86d0a908e5e02470 => generated 301 bytes in 152 msecs (HTTP/1.1 200) 5 headers in 177 bytes (2 switches on core 0)
Aug 16 22:15:07 user devstack@keystone.service[44201]: DEBUG keystone.server.flask.request_processing.middleware.auth_context [None req-c62e5f41-3640-4ce6-93da-f1712d2161b5 None admin] Authenticating user token {{(pid=44201) process_request /opt/stack/data/venv/lib/python3.10/site-packages/keystonemiddleware/auth_token/__init__.py:406}}
Aug 16 22:15:07 user devstack@keystone.service[44200]: DEBUG keystone.common.rbac_enforcer.enforcer [None req-9beb7adc-da43-4357-8a22-3913446f47b6 None admin] RBAC: Authorizing `identity:validate_token()` {{(pid=44200) enforce_call /opt/stack/keystone/keystone/common/rbac_enforcer/enforcer.py:449}}
Aug 16 22:15:07 user devstack@keystone.service[44200]: DEBUG keystone.common.rbac_enforcer.enforcer [None req-9beb7adc-da43-4357-8a22-3913446f47b6 None admin] RBAC: Authorization granted {{(pid=44200) enforce_call /opt/stack/keystone/keystone/common/rbac_enforcer/enforcer.py:457}}
Aug 16 22:15:07 user devstack@keystone.service[44202]: [pid: 44202|app: 0|req: 57/182] 10.0.0.210 () {58 vars in 1277 bytes} [Wed Aug 16 22:15:07 2023] GET /identity/v3/auth/tokens => generated 798 bytes in 290 msecs (HTTP/1.1 200) 6 headers in 358 bytes (2 switches on core 0)
Aug 16 22:15:07 user devstack@keystone.service[44202]: DEBUG keystone.server.flask.request_processing.middleware.auth_context [None req-685ecf5e-d2c7-4d3e-b3b9-70f50056cbd5 None admin] Authenticating user token {{(pid=44202) process_request /opt/stack/data/venv/lib/python3.10/site-packages/keystonemiddleware/auth_token/__init__.py:406}}
Aug 16 22:15:07 user devstack@keystone.service[44201]: DEBUG keystone.server.flask.request_processing.middleware.auth_context [None req-c62e5f41-3640-4ce6-93da-f1712d2161b5 None admin] Validating token access rules against request {{(pid=44201) validate_allowed_request /opt/stack/data/venv/lib/python3.10/site-packages/keystonemiddleware/auth_token/__init__.py:544}}
Aug 16 22:15:07 user devstack@keystone.service[44200]: [pid: 44200|app: 0|req: 60/183] 10.0.0.210 () {58 vars in 1277 bytes} [Wed Aug 16 22:15:07 2023] GET /identity/v3/auth/tokens => generated 798 bytes in 279 msecs (HTTP/1.1 200) 6 headers in 358 bytes (2 switches on core 0)
Aug 16 22:15:07 user devstack@keystone.service[44200]: DEBUG keystone.server.flask.request_processing.middleware.auth_context [None req-9beb7adc-da43-4357-8a22-3913446f47b6 None admin] Authenticating user token {{(pid=44200) process_request /opt/stack/data/venv/lib/python3.10/site-packages/keystonemiddleware/auth_token/__init__.py:406}}
Aug 16 22:15:07 user devstack@keystone.service[44202]: DEBUG keystone.server.flask.request_processing.middleware.auth_context [None req-685ecf5e-d2c7-4d3e-b3b9-70f50056cbd5 None admin] Validating token access rules against request {{(pid=44202) validate_allowed_request /opt/stack/data/venv/lib/python3.10/site-packages/keystonemiddleware/auth_token/__init__.py:544}}
Aug 16 22:15:07 user devstack@keystone.service[44201]: DEBUG keystone.server.flask.request_processing.middleware.auth_context [None req-b1667d69-35d8-461d-8146-b12ff0235acf None admin] RBAC: auth_context: {'token': , 'domain_id': None, 'trust_id': None, 'trustor_id': None, 'trustee_id': None, 'domain_name': None, 'group_ids': [], 'user_id': '503b40941a8d4af78d02f596dced05ac', 'user_domain_id': 'default', 'system_scope': 'all', 'project_id': None, 'project_domain_id': None, 'roles': ['admin', 'member', 'reader'], 'is_admin_project': True, 'service_user_id': None, 'service_user_domain_id': None, 'service_project_id': None, 'service_project_domain_id': None, 'service_roles': []} {{(pid=44201) fill_context /opt/stack/keystone/keystone/server/flask/request_processing/middleware/auth_context.py:480}}
Aug 16 22:15:07 user devstack@keystone.service[44201]: DEBUG keystone.server.flask.request_processing.req_logging [None req-b1667d69-35d8-461d-8146-b12ff0235acf None admin] REQUEST_METHOD: `PUT` {{(pid=44201) log_request_info /opt/stack/keystone/keystone/server/flask/request_processing/req_logging.py:27}}
Aug 16 22:15:07 user devstack@keystone.service[44201]: DEBUG keystone.server.flask.request_processing.req_logging [None req-b1667d69-35d8-461d-8146-b12ff0235acf None admin] SCRIPT_NAME: `/identity` {{(pid=44201) log_request_info /opt/stack/keystone/keystone/server/flask/request_processing/req_logging.py:28}}
Aug 16 22:15:07 user devstack@keystone.service[44201]: DEBUG keystone.server.flask.request_processing.req_logging [None req-b1667d69-35d8-461d-8146-b12ff0235acf None admin] PATH_INFO: `/v3/projects/40535fc0b53549be86d0a908e5e02470/users/1381301d371049918856ba91800319b9/roles/6a10e87a677840318f82e38f6ab86fa6` {{(pid=44201) log_request_info /opt/stack/keystone/keystone/server/flask/request_processing/req_logging.py:29}}
Aug 16 22:15:07 user devstack@keystone.service[44201]: DEBUG keystone.common.rbac_enforcer.enforcer [None req-b1667d69-35d8-461d-8146-b12ff0235acf None admin] RBAC: Authorizing `identity:create_grant(project_id=40535fc0b53549be86d0a908e5e02470, user_id=1381301d371049918856ba91800319b9, role_id=6a10e87a677840318f82e38f6ab86fa6)` {{(pid=44201) enforce_call /opt/stack/keystone/keystone/common/rbac_enforcer/enforcer.py:449}}
Aug 16 22:15:07 user devstack@keystone.service[44201]: DEBUG keystone.common.rbac_enforcer.enforcer [None req-b1667d69-35d8-461d-8146-b12ff0235acf None admin] RBAC: Authorization granted {{(pid=44201) enforce_call /opt/stack/keystone/keystone/common/rbac_enforcer/enforcer.py:457}}
Aug 16 22:15:07 user devstack@keystone.service[44202]: DEBUG keystone.server.flask.request_processing.middleware.auth_context [None req-252149d5-ec68-4661-983f-7ec9b7f4e143 None admin] RBAC: auth_context: {'token': , 'domain_id': None, 'trust_id': None, 'trustor_id': None, 'trustee_id': None, 'domain_name': None, 'group_ids': [], 'user_id': '503b40941a8d4af78d02f596dced05ac', 'user_domain_id': 'default', 'system_scope': 'all', 'project_id': None, 'project_domain_id': None, 'roles': ['admin', 'member', 'reader'], 'is_admin_project': True, 'service_user_id': None, 'service_user_domain_id': None, 'service_project_id': None, 'service_project_domain_id': None, 'service_roles': []} {{(pid=44202) fill_context /opt/stack/keystone/keystone/server/flask/request_processing/middleware/auth_context.py:480}}
Aug 16 22:15:07 user devstack@keystone.service[44202]: DEBUG keystone.server.flask.request_processing.req_logging [None req-252149d5-ec68-4661-983f-7ec9b7f4e143 None admin] REQUEST_METHOD: `GET` {{(pid=44202) log_request_info /opt/stack/keystone/keystone/server/flask/request_processing/req_logging.py:27}}
Aug 16 22:15:07 user devstack@keystone.service[44202]: DEBUG keystone.server.flask.request_processing.req_logging [None req-252149d5-ec68-4661-983f-7ec9b7f4e143 None admin] SCRIPT_NAME: `/identity` {{(pid=44202) log_request_info /opt/stack/keystone/keystone/server/flask/request_processing/req_logging.py:28}}
Aug 16 22:15:07 user devstack@keystone.service[44202]: DEBUG keystone.server.flask.request_processing.req_logging [None req-252149d5-ec68-4661-983f-7ec9b7f4e143 None admin] PATH_INFO: `/v3/projects/40535fc0b53549be86d0a908e5e02470` {{(pid=44202) log_request_info /opt/stack/keystone/keystone/server/flask/request_processing/req_logging.py:29}}
Aug 16 22:15:07 user devstack@keystone.service[44201]: [pid: 44201|app: 0|req: 67/184] 10.0.0.210 () {58 vars in 1434 bytes} [Wed Aug 16 22:15:07 2023] PUT /identity/v3/projects/40535fc0b53549be86d0a908e5e02470/users/1381301d371049918856ba91800319b9/roles/6a10e87a677840318f82e38f6ab86fa6 => generated 0 bytes in 149 msecs (HTTP/1.1 204) 3 headers in 132 bytes (0 switches on core 0)
Aug 16 22:15:07 user devstack@keystone.service[44202]: DEBUG keystone.common.rbac_enforcer.enforcer [None req-252149d5-ec68-4661-983f-7ec9b7f4e143 None admin] RBAC: Authorizing `identity:get_project(project_id=40535fc0b53549be86d0a908e5e02470)` {{(pid=44202) enforce_call /opt/stack/keystone/keystone/common/rbac_enforcer/enforcer.py:449}}
Aug 16 22:15:07 user devstack@keystone.service[44202]: DEBUG keystone.common.rbac_enforcer.enforcer [None req-252149d5-ec68-4661-983f-7ec9b7f4e143 None admin] RBAC: Authorization granted {{(pid=44202) enforce_call /opt/stack/keystone/keystone/common/rbac_enforcer/enforcer.py:457}}
Aug 16 22:15:07 user devstack@keystone.service[44202]: [pid: 44202|app: 0|req: 58/185] 10.0.0.210 () {56 vars in 1181 bytes} [Wed Aug 16 22:15:07 2023] GET /identity/v3/projects/40535fc0b53549be86d0a908e5e02470 => generated 301 bytes in 121 msecs (HTTP/1.1 200) 5 headers in 177 bytes (2 switches on core 0)
Aug 16 22:15:07 user devstack@keystone.service[44201]: DEBUG keystone.server.flask.request_processing.middleware.auth_context [None req-b1667d69-35d8-461d-8146-b12ff0235acf None admin] Authenticating user token {{(pid=44201) process_request /opt/stack/data/venv/lib/python3.10/site-packages/keystonemiddleware/auth_token/__init__.py:406}}
Aug 16 22:15:07 user devstack@keystone.service[44200]: DEBUG keystone.server.flask.request_processing.middleware.auth_context [None req-9beb7adc-da43-4357-8a22-3913446f47b6 None admin] Validating token access rules against request {{(pid=44200) validate_allowed_request /opt/stack/data/venv/lib/python3.10/site-packages/keystonemiddleware/auth_token/__init__.py:544}}
Aug 16 22:15:07 user devstack@keystone.service[44201]: DEBUG keystone.server.flask.request_processing.middleware.auth_context [None req-b1667d69-35d8-461d-8146-b12ff0235acf None admin] Validating token access rules against request {{(pid=44201) validate_allowed_request /opt/stack/data/venv/lib/python3.10/site-packages/keystonemiddleware/auth_token/__init__.py:544}}
Aug 16 22:15:07 user devstack@keystone.service[44200]: DEBUG keystone.server.flask.request_processing.middleware.auth_context [None req-7fb32b93-849f-4090-b6fa-9dc41c7f45ff None admin] RBAC: auth_context: {'token': , 'domain_id': None, 'trust_id': None, 'trustor_id': None, 'trustee_id': None, 'domain_name': None, 'group_ids': [], 'user_id': '503b40941a8d4af78d02f596dced05ac', 'user_domain_id': 'default', 'system_scope': 'all', 'project_id': None, 'project_domain_id': None, 'roles': ['admin', 'member', 'reader'], 'is_admin_project': True, 'service_user_id': None, 'service_user_domain_id': None, 'service_project_id': None, 'service_project_domain_id': None, 'service_roles': []} {{(pid=44200) fill_context /opt/stack/keystone/keystone/server/flask/request_processing/middleware/auth_context.py:480}}
Aug 16 22:15:07 user devstack@keystone.service[44200]: DEBUG keystone.server.flask.request_processing.req_logging [None req-7fb32b93-849f-4090-b6fa-9dc41c7f45ff None admin] REQUEST_METHOD: `GET` {{(pid=44200) log_request_info /opt/stack/keystone/keystone/server/flask/request_processing/req_logging.py:27}}
Aug 16 22:15:07 user devstack@keystone.service[44200]: DEBUG keystone.server.flask.request_processing.req_logging [None req-7fb32b93-849f-4090-b6fa-9dc41c7f45ff None admin] SCRIPT_NAME: `/identity` {{(pid=44200) log_request_info /opt/stack/keystone/keystone/server/flask/request_processing/req_logging.py:28}}
Aug 16 22:15:07 user devstack@keystone.service[44200]: DEBUG keystone.server.flask.request_processing.req_logging [None req-7fb32b93-849f-4090-b6fa-9dc41c7f45ff None admin] PATH_INFO: `/v3/projects/40535fc0b53549be86d0a908e5e02470` {{(pid=44200) log_request_info /opt/stack/keystone/keystone/server/flask/request_processing/req_logging.py:29}}
Aug 16 22:15:07 user devstack@keystone.service[44200]: DEBUG keystone.common.rbac_enforcer.enforcer [None req-7fb32b93-849f-4090-b6fa-9dc41c7f45ff None admin] RBAC: Authorizing `identity:get_project(project_id=40535fc0b53549be86d0a908e5e02470)` {{(pid=44200) enforce_call /opt/stack/keystone/keystone/common/rbac_enforcer/enforcer.py:449}}
Aug 16 22:15:07 user devstack@keystone.service[44200]: DEBUG keystone.common.rbac_enforcer.enforcer [None req-7fb32b93-849f-4090-b6fa-9dc41c7f45ff None admin] RBAC: Authorization granted {{(pid=44200) enforce_call /opt/stack/keystone/keystone/common/rbac_enforcer/enforcer.py:457}}
Aug 16 22:15:07 user devstack@keystone.service[44200]: [pid: 44200|app: 0|req: 61/186] 10.0.0.210 () {56 vars in 1181 bytes} [Wed Aug 16 22:15:07 2023] GET /identity/v3/projects/40535fc0b53549be86d0a908e5e02470 => generated 301 bytes in 182 msecs (HTTP/1.1 200) 5 headers in 177 bytes (2 switches on core 0)
Aug 16 22:15:07 user devstack@keystone.service[44201]: DEBUG keystone.server.flask.request_processing.middleware.auth_context [None req-65fc3faf-0c05-416d-ab35-73c9dec57ba3 None admin] RBAC: auth_context: {'token': , 'domain_id': None, 'trust_id': None, 'trustor_id': None, 'trustee_id': None, 'domain_name': None, 'group_ids': [], 'user_id': '503b40941a8d4af78d02f596dced05ac', 'user_domain_id': 'default', 'system_scope': 'all', 'project_id': None, 'project_domain_id': None, 'roles': ['admin', 'member', 'reader'], 'is_admin_project': True, 'service_user_id': None, 'service_user_domain_id': None, 'service_project_id': None, 'service_project_domain_id': None, 'service_roles': []} {{(pid=44201) fill_context /opt/stack/keystone/keystone/server/flask/request_processing/middleware/auth_context.py:480}}
Aug 16 22:15:07 user devstack@keystone.service[44201]: DEBUG keystone.server.flask.request_processing.req_logging [None req-65fc3faf-0c05-416d-ab35-73c9dec57ba3 None admin] REQUEST_METHOD: `GET` {{(pid=44201) log_request_info /opt/stack/keystone/keystone/server/flask/request_processing/req_logging.py:27}}
Aug 16 22:15:07 user devstack@keystone.service[44201]: DEBUG keystone.server.flask.request_processing.req_logging [None req-65fc3faf-0c05-416d-ab35-73c9dec57ba3 None admin] SCRIPT_NAME: `/identity` {{(pid=44201) log_request_info /opt/stack/keystone/keystone/server/flask/request_processing/req_logging.py:28}}
Aug 16 22:15:07 user devstack@keystone.service[44201]: DEBUG keystone.server.flask.request_processing.req_logging [None req-65fc3faf-0c05-416d-ab35-73c9dec57ba3 None admin] PATH_INFO: `/v3/role_assignments` {{(pid=44201) log_request_info /opt/stack/keystone/keystone/server/flask/request_processing/req_logging.py:29}}
Aug 16 22:15:07 user devstack@keystone.service[44201]: DEBUG keystone.common.rbac_enforcer.enforcer [None req-65fc3faf-0c05-416d-ab35-73c9dec57ba3 None admin] RBAC: Adding query filter params (role.id=71f37300c7934980b02608b87d11225f, scope.project.id=40535fc0b53549be86d0a908e5e02470, user.id=7530a46e63e14592b32dc2392a20ee5e) {{(pid=44201) _extract_filter_values /opt/stack/keystone/keystone/common/rbac_enforcer/enforcer.py:167}}
Aug 16 22:15:07 user devstack@keystone.service[44201]: DEBUG keystone.common.rbac_enforcer.enforcer [None req-65fc3faf-0c05-416d-ab35-73c9dec57ba3 None admin] RBAC: Authorizing `identity:list_role_assignments()` {{(pid=44201) enforce_call /opt/stack/keystone/keystone/common/rbac_enforcer/enforcer.py:449}}
Aug 16 22:15:07 user devstack@keystone.service[44201]: DEBUG keystone.common.rbac_enforcer.enforcer [None req-65fc3faf-0c05-416d-ab35-73c9dec57ba3 None admin] RBAC: Authorization granted {{(pid=44201) enforce_call /opt/stack/keystone/keystone/common/rbac_enforcer/enforcer.py:457}}
Aug 16 22:15:07 user devstack@keystone.service[44202]: DEBUG keystone.server.flask.request_processing.middleware.auth_context [None req-252149d5-ec68-4661-983f-7ec9b7f4e143 None admin] Authenticating user token {{(pid=44202) process_request /opt/stack/data/venv/lib/python3.10/site-packages/keystonemiddleware/auth_token/__init__.py:406}}
Aug 16 22:15:07 user devstack@keystone.service[44201]: [pid: 44201|app: 0|req: 68/187] 10.0.0.210 () {56 vars in 1369 bytes} [Wed Aug 16 22:15:07 2023] GET /identity/v3/role_assignments?user.id=7530a46e63e14592b32dc2392a20ee5e&scope.project.id=40535fc0b53549be86d0a908e5e02470&role.id=71f37300c7934980b02608b87d11225f => generated 606 bytes in 140 msecs (HTTP/1.1 200) 5 headers in 177 bytes (1 switches on core 0)
Aug 16 22:15:07 user devstack@keystone.service[44202]: DEBUG keystone.server.flask.request_processing.middleware.auth_context [None req-252149d5-ec68-4661-983f-7ec9b7f4e143 None admin] Validating token access rules against request {{(pid=44202) validate_allowed_request /opt/stack/data/venv/lib/python3.10/site-packages/keystonemiddleware/auth_token/__init__.py:544}}
Aug 16 22:15:07 user devstack@keystone.service[44202]: DEBUG keystone.server.flask.request_processing.middleware.auth_context [None req-7283c75a-a9ff-435c-862c-454e9e6e5839 None admin] RBAC: auth_context: {'token': , 'domain_id': None, 'trust_id': None, 'trustor_id': None, 'trustee_id': None, 'domain_name': None, 'group_ids': [], 'user_id': '503b40941a8d4af78d02f596dced05ac', 'user_domain_id': 'default', 'system_scope': 'all', 'project_id': None, 'project_domain_id': None, 'roles': ['admin', 'member', 'reader'], 'is_admin_project': True, 'service_user_id': None, 'service_user_domain_id': None, 'service_project_id': None, 'service_project_domain_id': None, 'service_roles': []} {{(pid=44202) fill_context /opt/stack/keystone/keystone/server/flask/request_processing/middleware/auth_context.py:480}}
Aug 16 22:15:07 user devstack@keystone.service[44202]: DEBUG keystone.server.flask.request_processing.req_logging [None req-7283c75a-a9ff-435c-862c-454e9e6e5839 None admin] REQUEST_METHOD: `GET` {{(pid=44202) log_request_info /opt/stack/keystone/keystone/server/flask/request_processing/req_logging.py:27}}
Aug 16 22:15:07 user devstack@keystone.service[44202]: DEBUG keystone.server.flask.request_processing.req_logging [None req-7283c75a-a9ff-435c-862c-454e9e6e5839 None admin] SCRIPT_NAME: `/identity` {{(pid=44202) log_request_info /opt/stack/keystone/keystone/server/flask/request_processing/req_logging.py:28}}
Aug 16 22:15:07 user devstack@keystone.service[44202]: DEBUG keystone.server.flask.request_processing.req_logging [None req-7283c75a-a9ff-435c-862c-454e9e6e5839 None admin] PATH_INFO: `/v3/role_assignments` {{(pid=44202) log_request_info /opt/stack/keystone/keystone/server/flask/request_processing/req_logging.py:29}}
Aug 16 22:15:07 user devstack@keystone.service[44202]: DEBUG keystone.common.rbac_enforcer.enforcer [None req-7283c75a-a9ff-435c-862c-454e9e6e5839 None admin] RBAC: Adding query filter params (role.id=2acbac07c2664256aa1fd2316260aff9, scope.project.id=40535fc0b53549be86d0a908e5e02470, user.id=7530a46e63e14592b32dc2392a20ee5e) {{(pid=44202) _extract_filter_values /opt/stack/keystone/keystone/common/rbac_enforcer/enforcer.py:167}}
Aug 16 22:15:07 user devstack@keystone.service[44202]: DEBUG keystone.common.rbac_enforcer.enforcer [None req-7283c75a-a9ff-435c-862c-454e9e6e5839 None admin] RBAC: Authorizing `identity:list_role_assignments()` {{(pid=44202) enforce_call /opt/stack/keystone/keystone/common/rbac_enforcer/enforcer.py:449}}
Aug 16 22:15:07 user devstack@keystone.service[44202]: DEBUG keystone.common.rbac_enforcer.enforcer [None req-7283c75a-a9ff-435c-862c-454e9e6e5839 None admin] RBAC: Authorization granted {{(pid=44202) enforce_call /opt/stack/keystone/keystone/common/rbac_enforcer/enforcer.py:457}}
Aug 16 22:15:07 user devstack@keystone.service[44202]: [pid: 44202|app: 0|req: 59/188] 10.0.0.210 () {56 vars in 1369 bytes} [Wed Aug 16 22:15:07 2023] GET /identity/v3/role_assignments?user.id=7530a46e63e14592b32dc2392a20ee5e&scope.project.id=40535fc0b53549be86d0a908e5e02470&role.id=2acbac07c2664256aa1fd2316260aff9 => generated 606 bytes in 125 msecs (HTTP/1.1 200) 5 headers in 177 bytes (1 switches on core 0)
Aug 16 22:15:08 user devstack@keystone.service[44200]: DEBUG keystone.server.flask.request_processing.req_logging [None req-78c843f5-5304-4a59-94b9-1896f7446148 None None] REQUEST_METHOD: `GET` {{(pid=44200) log_request_info /opt/stack/keystone/keystone/server/flask/request_processing/req_logging.py:27}}
Aug 16 22:15:08 user devstack@keystone.service[44200]: DEBUG keystone.server.flask.request_processing.req_logging [None req-78c843f5-5304-4a59-94b9-1896f7446148 None None] SCRIPT_NAME: `/identity` {{(pid=44200) log_request_info /opt/stack/keystone/keystone/server/flask/request_processing/req_logging.py:28}}
Aug 16 22:15:08 user devstack@keystone.service[44200]: DEBUG keystone.server.flask.request_processing.req_logging [None req-78c843f5-5304-4a59-94b9-1896f7446148 None None] PATH_INFO: `/` {{(pid=44200) log_request_info /opt/stack/keystone/keystone/server/flask/request_processing/req_logging.py:29}}
Aug 16 22:15:08 user devstack@keystone.service[44200]: [pid: 44200|app: 0|req: 62/189] 10.0.0.210 () {54 vars in 921 bytes} [Wed Aug 16 22:15:08 2023] GET /identity => generated 269 bytes in 3 msecs (HTTP/1.1 300) 6 headers in 233 bytes (1 switches on core 0)
Aug 16 22:15:08 user devstack@keystone.service[44201]: DEBUG keystone.server.flask.request_processing.req_logging [None req-59b67b42-66ba-435a-99fb-6f19cdc1535b None None] REQUEST_METHOD: `POST` {{(pid=44201) log_request_info /opt/stack/keystone/keystone/server/flask/request_processing/req_logging.py:27}}
Aug 16 22:15:08 user devstack@keystone.service[44201]: DEBUG keystone.server.flask.request_processing.req_logging [None req-59b67b42-66ba-435a-99fb-6f19cdc1535b None None] SCRIPT_NAME: `/identity` {{(pid=44201) log_request_info /opt/stack/keystone/keystone/server/flask/request_processing/req_logging.py:28}}
Aug 16 22:15:08 user devstack@keystone.service[44201]: DEBUG keystone.server.flask.request_processing.req_logging [None req-59b67b42-66ba-435a-99fb-6f19cdc1535b None None] PATH_INFO: `/v3/auth/tokens` {{(pid=44201) log_request_info /opt/stack/keystone/keystone/server/flask/request_processing/req_logging.py:29}}
Aug 16 22:15:08 user devstack@keystone.service[44201]: WARNING keystone.common.password_hashing [None req-59b67b42-66ba-435a-99fb-6f19cdc1535b None None] Truncating password to algorithm specific maximum length 72 characters.
Aug 16 22:15:08 user devstack@keystone.service[44201]: DEBUG keystone.auth.core [None req-59b67b42-66ba-435a-99fb-6f19cdc1535b None None] MFA Rules not processed for user `503b40941a8d4af78d02f596dced05ac`. Rule list: `[]` (Enabled: `True`). {{(pid=44201) check_auth_methods_against_rules /opt/stack/keystone/keystone/auth/core.py:438}}
Aug 16 22:15:08 user devstack@keystone.service[44201]: DEBUG keystone.common.fernet_utils [None req-59b67b42-66ba-435a-99fb-6f19cdc1535b None None] Loaded 2 Fernet keys from /etc/keystone/fernet-keys/, but `[fernet_tokens] max_active_keys = 3`; perhaps there have not been enough key rotations to reach `max_active_keys` yet? {{(pid=44201) load_keys /opt/stack/keystone/keystone/common/fernet_utils.py:286}}
Aug 16 22:15:08 user devstack@keystone.service[44201]: [pid: 44201|app: 0|req: 69/190] 10.0.0.210 () {58 vars in 1018 bytes} [Wed Aug 16 22:15:08 2023] POST /identity/v3/auth/tokens => generated 798 bytes in 86 msecs (HTTP/1.1 201) 6 headers in 363 bytes (1 switches on core 0)
Aug 16 22:15:08 user devstack@keystone.service[44202]: DEBUG keystone.server.flask.request_processing.req_logging [None req-ee1381c2-c852-4b11-8e57-47eab83b47b7 None None] REQUEST_METHOD: `GET` {{(pid=44202) log_request_info /opt/stack/keystone/keystone/server/flask/request_processing/req_logging.py:27}}
Aug 16 22:15:08 user devstack@keystone.service[44202]: DEBUG keystone.server.flask.request_processing.req_logging [None req-ee1381c2-c852-4b11-8e57-47eab83b47b7 None None] SCRIPT_NAME: `/identity` {{(pid=44202) log_request_info /opt/stack/keystone/keystone/server/flask/request_processing/req_logging.py:28}}
Aug 16 22:15:08 user devstack@keystone.service[44202]: DEBUG keystone.server.flask.request_processing.req_logging [None req-ee1381c2-c852-4b11-8e57-47eab83b47b7 None None] PATH_INFO: `/` {{(pid=44202) log_request_info /opt/stack/keystone/keystone/server/flask/request_processing/req_logging.py:29}}
Aug 16 22:15:08 user devstack@keystone.service[44202]: [pid: 44202|app: 0|req: 60/191] 10.0.0.210 () {54 vars in 921 bytes} [Wed Aug 16 22:15:08 2023] GET /identity => generated 269 bytes in 3 msecs (HTTP/1.1 300) 6 headers in 233 bytes (1 switches on core 0)
Aug 16 22:15:08 user devstack@keystone.service[44200]: DEBUG keystone.server.flask.request_processing.req_logging [None req-9dc223cd-8ea9-4dcd-924a-51bb336131df None None] REQUEST_METHOD: `POST` {{(pid=44200) log_request_info /opt/stack/keystone/keystone/server/flask/request_processing/req_logging.py:27}}
Aug 16 22:15:08 user devstack@keystone.service[44200]: DEBUG keystone.server.flask.request_processing.req_logging [None req-9dc223cd-8ea9-4dcd-924a-51bb336131df None None] SCRIPT_NAME: `/identity` {{(pid=44200) log_request_info /opt/stack/keystone/keystone/server/flask/request_processing/req_logging.py:28}}
Aug 16 22:15:08 user devstack@keystone.service[44200]: DEBUG keystone.server.flask.request_processing.req_logging [None req-9dc223cd-8ea9-4dcd-924a-51bb336131df None None] PATH_INFO: `/v3/auth/tokens` {{(pid=44200) log_request_info /opt/stack/keystone/keystone/server/flask/request_processing/req_logging.py:29}}
Aug 16 22:15:08 user devstack@keystone.service[44200]: WARNING keystone.common.password_hashing [None req-9dc223cd-8ea9-4dcd-924a-51bb336131df None None] Truncating password to algorithm specific maximum length 72 characters.
Aug 16 22:15:08 user devstack@keystone.service[44200]: DEBUG keystone.auth.core [None req-9dc223cd-8ea9-4dcd-924a-51bb336131df None None] MFA Rules not processed for user `503b40941a8d4af78d02f596dced05ac`. Rule list: `[]` (Enabled: `True`). {{(pid=44200) check_auth_methods_against_rules /opt/stack/keystone/keystone/auth/core.py:438}}
Aug 16 22:15:08 user devstack@keystone.service[44200]: DEBUG keystone.common.fernet_utils [None req-9dc223cd-8ea9-4dcd-924a-51bb336131df None None] Loaded 2 Fernet keys from /etc/keystone/fernet-keys/, but `[fernet_tokens] max_active_keys = 3`; perhaps there have not been enough key rotations to reach `max_active_keys` yet? {{(pid=44200) load_keys /opt/stack/keystone/keystone/common/fernet_utils.py:286}}
Aug 16 22:15:09 user devstack@keystone.service[44200]: [pid: 44200|app: 0|req: 63/192] 10.0.0.210 () {58 vars in 1018 bytes} [Wed Aug 16 22:15:08 2023] POST /identity/v3/auth/tokens => generated 798 bytes in 82 msecs (HTTP/1.1 201) 6 headers in 363 bytes (1 switches on core 0)
Aug 16 22:15:09 user devstack@keystone.service[44201]: DEBUG keystone.server.flask.request_processing.middleware.auth_context [None req-59b67b42-66ba-435a-99fb-6f19cdc1535b None None] Authenticating user token {{(pid=44201) process_request /opt/stack/data/venv/lib/python3.10/site-packages/keystonemiddleware/auth_token/__init__.py:406}}
Aug 16 22:15:09 user devstack@keystone.service[44201]: DEBUG keystone.server.flask.request_processing.middleware.auth_context [None req-59b67b42-66ba-435a-99fb-6f19cdc1535b None None] Validating token access rules against request {{(pid=44201) validate_allowed_request /opt/stack/data/venv/lib/python3.10/site-packages/keystonemiddleware/auth_token/__init__.py:544}}
Aug 16 22:15:09 user devstack@keystone.service[44202]: DEBUG keystone.server.flask.request_processing.middleware.auth_context [None req-ee1381c2-c852-4b11-8e57-47eab83b47b7 None None] Authenticating user token {{(pid=44202) process_request /opt/stack/data/venv/lib/python3.10/site-packages/keystonemiddleware/auth_token/__init__.py:406}}
Aug 16 22:15:09 user devstack@keystone.service[44201]: DEBUG keystone.server.flask.request_processing.middleware.auth_context [None req-9d22d484-93db-4311-9c7c-cc72bba53de1 None admin] RBAC: auth_context: {'token': , 'domain_id': None, 'trust_id': None, 'trustor_id': None, 'trustee_id': None, 'domain_name': None, 'group_ids': [], 'user_id': '503b40941a8d4af78d02f596dced05ac', 'user_domain_id': 'default', 'system_scope': 'all', 'project_id': None, 'project_domain_id': None, 'roles': ['admin', 'member', 'reader'], 'is_admin_project': True, 'service_user_id': None, 'service_user_domain_id': None, 'service_project_id': None, 'service_project_domain_id': None, 'service_roles': []} {{(pid=44201) fill_context /opt/stack/keystone/keystone/server/flask/request_processing/middleware/auth_context.py:480}}
Aug 16 22:15:09 user devstack@keystone.service[44201]: DEBUG keystone.server.flask.request_processing.req_logging [None req-9d22d484-93db-4311-9c7c-cc72bba53de1 None admin] REQUEST_METHOD: `GET` {{(pid=44201) log_request_info /opt/stack/keystone/keystone/server/flask/request_processing/req_logging.py:27}}
Aug 16 22:15:09 user devstack@keystone.service[44201]: DEBUG keystone.server.flask.request_processing.req_logging [None req-9d22d484-93db-4311-9c7c-cc72bba53de1 None admin] SCRIPT_NAME: `/identity` {{(pid=44201) log_request_info /opt/stack/keystone/keystone/server/flask/request_processing/req_logging.py:28}}
Aug 16 22:15:09 user devstack@keystone.service[44201]: DEBUG keystone.server.flask.request_processing.req_logging [None req-9d22d484-93db-4311-9c7c-cc72bba53de1 None admin] PATH_INFO: `/v3/roles/reader` {{(pid=44201) log_request_info /opt/stack/keystone/keystone/server/flask/request_processing/req_logging.py:29}}
Aug 16 22:15:09 user devstack@keystone.service[44201]: DEBUG keystone.common.rbac_enforcer.enforcer [None req-9d22d484-93db-4311-9c7c-cc72bba53de1 None admin] Extracting inferred target data resulted in "NOT FOUND (404)". {{(pid=44201) enforce_call /opt/stack/keystone/keystone/common/rbac_enforcer/enforcer.py:409}}
Aug 16 22:15:09 user devstack@keystone.service[44201]: ERROR keystone.server.flask.application [None req-9d22d484-93db-4311-9c7c-cc72bba53de1 None admin] Could not find role: reader.: keystone.exception.RoleNotFound: Could not find role: reader.
Aug 16 22:15:09 user devstack@keystone.service[44201]: ERROR keystone.server.flask.application
Traceback (most recent call last):
Aug 16 22:15:09 user devstack@keystone.service[44201]: ERROR keystone.server.flask.application
File "/opt/stack/data/venv/lib/python3.10/site-packages/flask/app.py", line 1823, in full_dispatch_request
Aug 16 22:15:09 user devstack@keystone.service[44201]: ERROR keystone.server.flask.application rv = self.dispatch_request()
Aug 16 22:15:09 user devstack@keystone.service[44201]: ERROR keystone.server.flask.application
File "/opt/stack/data/venv/lib/python3.10/site-packages/flask/app.py", line 1799, in dispatch_request
Aug 16 22:15:09 user devstack@keystone.service[44201]: ERROR keystone.server.flask.application return self.ensure_sync(self.view_functions[rule.endpoint])(**view_args)
Aug 16 22:15:09 user devstack@keystone.service[44201]: ERROR keystone.server.flask.application
File "/opt/stack/data/venv/lib/python3.10/site-packages/flask_restful/__init__.py", line 467, in wrapper
Aug 16 22:15:09 user devstack@keystone.service[44201]: ERROR keystone.server.flask.application resp = resource(*args, **kwargs)
Aug 16 22:15:09 user devstack@keystone.service[44201]: ERROR keystone.server.flask.application
File "/opt/stack/data/venv/lib/python3.10/site-packages/flask/views.py", line 107, in view
Aug 16 22:15:09 user devstack@keystone.service[44201]: ERROR keystone.server.flask.application return current_app.ensure_sync(self.dispatch_request)(**kwargs)
Aug 16 22:15:09 user devstack@keystone.service[44201]: ERROR keystone.server.flask.application
File "/opt/stack/data/venv/lib/python3.10/site-packages/flask_restful/__init__.py", line 582, in dispatch_request
Aug 16 22:15:09 user devstack@keystone.service[44201]: ERROR keystone.server.flask.application resp = meth(*args, **kwargs)
Aug 16 22:15:09 user devstack@keystone.service[44201]: ERROR keystone.server.flask.application
File "/opt/stack/keystone/keystone/api/roles.py", line 50, in get
Aug 16 22:15:09 user devstack@keystone.service[44201]: ERROR keystone.server.flask.application return self._get_role(role_id)
Aug 16 22:15:09 user devstack@keystone.service[44201]: ERROR keystone.server.flask.application
File "/opt/stack/keystone/keystone/api/roles.py", line 70, in _get_role
Aug 16 22:15:09 user devstack@keystone.service[44201]: ERROR keystone.server.flask.application ENFORCER.enforce_call(action='identity:get_role')
Aug 16 22:15:09 user devstack@keystone.service[44201]: ERROR keystone.server.flask.application
File "/opt/stack/keystone/keystone/common/rbac_enforcer/enforcer.py", line 402, in enforce_call
Aug 16 22:15:09 user devstack@keystone.service[44201]: ERROR keystone.server.flask.application policy_dict.update(cls._extract_member_target_data(
Aug 16 22:15:09 user devstack@keystone.service[44201]: ERROR keystone.server.flask.application
File "/opt/stack/keystone/keystone/common/rbac_enforcer/enforcer.py", line 234, in _extract_member_target_data
Aug 16 22:15:09 user devstack@keystone.service[44201]: ERROR keystone.server.flask.application member_name: func(flask.request.view_args[key])
Aug 16 22:15:09 user devstack@keystone.service[44201]: ERROR keystone.server.flask.application
File "/opt/stack/keystone/keystone/common/manager.py", line 115, in wrapped
Aug 16 22:15:09 user devstack@keystone.service[44201]: ERROR keystone.server.flask.application __ret_val = __f(*args, **kwargs)
Aug 16 22:15:09 user devstack@keystone.service[44201]: ERROR keystone.server.flask.application
File "/opt/stack/data/venv/lib/python3.10/site-packages/decorator.py", line 232, in fun
Aug 16 22:15:09 user devstack@keystone.service[44201]: ERROR keystone.server.flask.application return caller(func, *(extras + args), **kw)
Aug 16 22:15:09 user devstack@keystone.service[44201]: ERROR keystone.server.flask.application
File "/opt/stack/data/venv/lib/python3.10/site-packages/dogpile/cache/region.py", line 1577, in get_or_create_for_user_func
Aug 16 22:15:09 user devstack@keystone.service[44201]: ERROR keystone.server.flask.application return self.get_or_create(
Aug 16 22:15:09 user devstack@keystone.service[44201]: ERROR keystone.server.flask.application
File "/opt/stack/data/venv/lib/python3.10/site-packages/dogpile/cache/region.py", line 1042, in get_or_create
Aug 16 22:15:09 user devstack@keystone.service[44201]: ERROR keystone.server.flask.application with Lock(
Aug 16 22:15:09 user devstack@keystone.service[44201]: ERROR keystone.server.flask.application
File "/opt/stack/data/venv/lib/python3.10/site-packages/dogpile/lock.py", line 185, in __enter__
Aug 16 22:15:09 user devstack@keystone.service[44201]: ERROR keystone.server.flask.application return self._enter()
Aug 16 22:15:09 user devstack@keystone.service[44201]: ERROR keystone.server.flask.application
File "/opt/stack/data/venv/lib/python3.10/site-packages/dogpile/lock.py", line 94, in _enter
Aug 16 22:15:09 user devstack@keystone.service[44201]: ERROR keystone.server.flask.application generated = self._enter_create(value, createdtime)
Aug 16 22:15:09 user devstack@keystone.service[44201]: ERROR keystone.server.flask.application
File "/opt/stack/data/venv/lib/python3.10/site-packages/dogpile/lock.py", line 178, in _enter_create
Aug 16 22:15:09 user devstack@keystone.service[44201]: ERROR keystone.server.flask.application return self.creator()
Aug 16 22:15:09 user devstack@keystone.service[44201]: ERROR keystone.server.flask.application
File "/opt/stack/data/venv/lib/python3.10/site-packages/dogpile/cache/region.py", line 995, in gen_value
Aug 16 22:15:09 user devstack@keystone.service[44201]: ERROR keystone.server.flask.application created_value = creator(
Aug 16 22:15:09 user devstack@keystone.service[44201]: ERROR keystone.server.flask.application
File "/opt/stack/keystone/keystone/assignment/core.py", line 1276, in get_role
Aug 16 22:15:09 user devstack@keystone.service[44201]: ERROR keystone.server.flask.application return self.driver.get_role(role_id)
Aug 16 22:15:09 user devstack@keystone.service[44201]: ERROR keystone.server.flask.application
File "/opt/stack/keystone/keystone/assignment/role_backends/sql.py", line 70, in get_role
Aug 16 22:15:09 user devstack@keystone.service[44201]: ERROR keystone.server.flask.application return self._get_role(session, role_id).to_dict()
Aug 16 22:15:09 user devstack@keystone.service[44201]: ERROR keystone.server.flask.application
File "/opt/stack/keystone/keystone/assignment/role_backends/sql.py", line 65, in _get_role
Aug 16 22:15:09 user devstack@keystone.service[44201]: ERROR keystone.server.flask.application raise exception.RoleNotFound(role_id=role_id)
Aug 16 22:15:09 user devstack@keystone.service[44201]: ERROR keystone.server.flask.application keystone.exception.RoleNotFound: Could not find role: reader.
Aug 16 22:15:09 user devstack@keystone.service[44201]: ERROR keystone.server.flask.application
Aug 16 22:15:09 user devstack@keystone.service[44201]: [pid: 44201|app: 0|req: 70/193] 10.0.0.210 () {56 vars in 1094 bytes} [Wed Aug 16 22:15:09 2023] GET /identity/v3/roles/reader => generated 84 bytes in 143 msecs (HTTP/1.1 404) 5 headers in 183 bytes (1 switches on core 0)
Aug 16 22:15:09 user devstack@keystone.service[44200]: DEBUG keystone.server.flask.request_processing.middleware.auth_context [None req-9dc223cd-8ea9-4dcd-924a-51bb336131df None None] Authenticating user token {{(pid=44200) process_request /opt/stack/data/venv/lib/python3.10/site-packages/keystonemiddleware/auth_token/__init__.py:406}}
Aug 16 22:15:09 user devstack@keystone.service[44202]: DEBUG keystone.server.flask.request_processing.middleware.auth_context [None req-ee1381c2-c852-4b11-8e57-47eab83b47b7 None None] Validating token access rules against request {{(pid=44202) validate_allowed_request /opt/stack/data/venv/lib/python3.10/site-packages/keystonemiddleware/auth_token/__init__.py:544}}
Aug 16 22:15:09 user devstack@keystone.service[44202]: DEBUG keystone.server.flask.request_processing.middleware.auth_context [None req-7c5ad657-b2de-4bc7-8062-278676466db4 None admin] RBAC: auth_context: {'token': , 'domain_id': None, 'trust_id': None, 'trustor_id': None, 'trustee_id': None, 'domain_name': None, 'group_ids': [], 'user_id': '503b40941a8d4af78d02f596dced05ac', 'user_domain_id': 'default', 'system_scope': 'all', 'project_id': None, 'project_domain_id': None, 'roles': ['admin', 'member', 'reader'], 'is_admin_project': True, 'service_user_id': None, 'service_user_domain_id': None, 'service_project_id': None, 'service_project_domain_id': None, 'service_roles': []} {{(pid=44202) fill_context /opt/stack/keystone/keystone/server/flask/request_processing/middleware/auth_context.py:480}}
Aug 16 22:15:09 user devstack@keystone.service[44202]: DEBUG keystone.server.flask.request_processing.req_logging [None req-7c5ad657-b2de-4bc7-8062-278676466db4 None admin] REQUEST_METHOD: `GET` {{(pid=44202) log_request_info /opt/stack/keystone/keystone/server/flask/request_processing/req_logging.py:27}}
Aug 16 22:15:09 user devstack@keystone.service[44202]: DEBUG keystone.server.flask.request_processing.req_logging [None req-7c5ad657-b2de-4bc7-8062-278676466db4 None admin] SCRIPT_NAME: `/identity` {{(pid=44202) log_request_info /opt/stack/keystone/keystone/server/flask/request_processing/req_logging.py:28}}
Aug 16 22:15:09 user devstack@keystone.service[44202]: DEBUG keystone.server.flask.request_processing.req_logging [None req-7c5ad657-b2de-4bc7-8062-278676466db4 None admin] PATH_INFO: `/v3/domains/default` {{(pid=44202) log_request_info /opt/stack/keystone/keystone/server/flask/request_processing/req_logging.py:29}}
Aug 16 22:15:09 user devstack@keystone.service[44200]: DEBUG keystone.server.flask.request_processing.middleware.auth_context [None req-9dc223cd-8ea9-4dcd-924a-51bb336131df None None] Validating token access rules against request {{(pid=44200) validate_allowed_request /opt/stack/data/venv/lib/python3.10/site-packages/keystonemiddleware/auth_token/__init__.py:544}}
Aug 16 22:15:09 user devstack@keystone.service[44202]: DEBUG keystone.common.rbac_enforcer.enforcer [None req-7c5ad657-b2de-4bc7-8062-278676466db4 None admin] RBAC: Authorizing `identity:get_domain(domain_id=default)` {{(pid=44202) enforce_call /opt/stack/keystone/keystone/common/rbac_enforcer/enforcer.py:449}}
Aug 16 22:15:09 user devstack@keystone.service[44202]: DEBUG keystone.common.rbac_enforcer.enforcer [None req-7c5ad657-b2de-4bc7-8062-278676466db4 None admin] RBAC: Authorization granted {{(pid=44202) enforce_call /opt/stack/keystone/keystone/common/rbac_enforcer/enforcer.py:457}}
Aug 16 22:15:09 user devstack@keystone.service[44202]: [pid: 44202|app: 0|req: 61/194] 10.0.0.210 () {56 vars in 1103 bytes} [Wed Aug 16 22:15:09 2023] GET /identity/v3/domains/default => generated 198 bytes in 149 msecs (HTTP/1.1 200) 5 headers in 177 bytes (1 switches on core 0)
Aug 16 22:15:09 user devstack@keystone.service[44201]: DEBUG keystone.server.flask.request_processing.middleware.auth_context [None req-9d22d484-93db-4311-9c7c-cc72bba53de1 None admin] Authenticating user token {{(pid=44201) process_request /opt/stack/data/venv/lib/python3.10/site-packages/keystonemiddleware/auth_token/__init__.py:406}}
Aug 16 22:15:09 user devstack@keystone.service[44202]: DEBUG keystone.server.flask.request_processing.req_logging [None req-96a98d8f-4be4-44cd-8b5f-1ec7d9a2eb18 None None] REQUEST_METHOD: `GET` {{(pid=44202) log_request_info /opt/stack/keystone/keystone/server/flask/request_processing/req_logging.py:27}}
Aug 16 22:15:09 user devstack@keystone.service[44202]: DEBUG keystone.server.flask.request_processing.req_logging [None req-96a98d8f-4be4-44cd-8b5f-1ec7d9a2eb18 None None] SCRIPT_NAME: `/identity` {{(pid=44202) log_request_info /opt/stack/keystone/keystone/server/flask/request_processing/req_logging.py:28}}
Aug 16 22:15:09 user devstack@keystone.service[44202]: DEBUG keystone.server.flask.request_processing.req_logging [None req-96a98d8f-4be4-44cd-8b5f-1ec7d9a2eb18 None None] PATH_INFO: `/` {{(pid=44202) log_request_info /opt/stack/keystone/keystone/server/flask/request_processing/req_logging.py:29}}
Aug 16 22:15:09 user devstack@keystone.service[44202]: [pid: 44202|app: 0|req: 62/195] 10.0.0.210 () {54 vars in 921 bytes} [Wed Aug 16 22:15:09 2023] GET /identity => generated 269 bytes in 2 msecs (HTTP/1.1 300) 6 headers in 233 bytes (1 switches on core 0)
Aug 16 22:15:09 user devstack@keystone.service[44202]: DEBUG keystone.server.flask.request_processing.req_logging [None req-8150f850-b06c-4960-998f-90f28ad67db4 None None] REQUEST_METHOD: `POST` {{(pid=44202) log_request_info /opt/stack/keystone/keystone/server/flask/request_processing/req_logging.py:27}}
Aug 16 22:15:09 user devstack@keystone.service[44202]: DEBUG keystone.server.flask.request_processing.req_logging [None req-8150f850-b06c-4960-998f-90f28ad67db4 None None] SCRIPT_NAME: `/identity` {{(pid=44202) log_request_info /opt/stack/keystone/keystone/server/flask/request_processing/req_logging.py:28}}
