Nov 09 02:02:21 user devstack@n-api.service[65230]: INFO nova.api.openstack.requestlog [None req-ed236499-7660-4edb-9dc4-b8b6443d21ca tempest-VolumesSnapshotsTestJSON-473292631 tempest-VolumesSnapshotsTestJSON-473292631-project-member] 10.0.0.210 "GET /compute/v2.1/os-snapshots/0b156dbe-bd8c-42b7-b1e5-eed6b6261a6d" status: 200 len: 287 microversion: 2.1 time: 0.042626
Nov 09 02:02:21 user devstack@n-api.service[65230]: [pid: 65230|app: 0|req: 27/78] 10.0.0.210 () {62 vars in 1328 bytes} [Thu Nov 9 02:02:21 2023] GET /compute/v2.1/os-snapshots/0b156dbe-bd8c-42b7-b1e5-eed6b6261a6d => generated 287 bytes in 44 msecs (HTTP/1.1 200) 9 headers in 357 bytes (1 switches on core 0)
Nov 09 02:02:22 user devstack@n-api.service[65228]: DEBUG nova.api.openstack.wsgi [None req-2a457504-5af6-404e-a9d0-963db5b4664c tempest-VolumesGetTestJSON-1013274578 tempest-VolumesGetTestJSON-1013274578-project-member] Calling method '.version_select at 0x7f49fa9531c0>' {{(pid=65228) _process_stack /opt/stack/nova/nova/api/openstack/wsgi.py:513}}
Nov 09 02:02:22 user devstack@n-api.service[65228]: INFO nova.api.openstack.requestlog [None req-2a457504-5af6-404e-a9d0-963db5b4664c tempest-VolumesGetTestJSON-1013274578 tempest-VolumesGetTestJSON-1013274578-project-member] 10.0.0.210 "GET /compute/v2.1/os-volumes/c2f104d2-74c3-465c-88eb-b6681a3d9cd7" status: 200 len: 352 microversion: 2.1 time: 0.057204
Nov 09 02:02:22 user devstack@n-api.service[65228]: [pid: 65228|app: 0|req: 27/79] 10.0.0.210 () {62 vars in 1322 bytes} [Thu Nov 9 02:02:22 2023] GET /compute/v2.1/os-volumes/c2f104d2-74c3-465c-88eb-b6681a3d9cd7 => generated 352 bytes in 59 msecs (HTTP/1.1 200) 9 headers in 357 bytes (1 switches on core 0)
Nov 09 02:02:22 user devstack@n-api.service[65230]: DEBUG nova.api.openstack.wsgi [None req-101e9ef8-cae7-4a16-971f-0e8be8ca3659 tempest-VolumesSnapshotsTestJSON-473292631 tempest-VolumesSnapshotsTestJSON-473292631-project-member] Calling method '.version_select at 0x7f49fa80d510>' {{(pid=65230) _process_stack /opt/stack/nova/nova/api/openstack/wsgi.py:513}}
Nov 09 02:02:22 user devstack@n-api.service[65230]: INFO nova.api.openstack.requestlog [None req-101e9ef8-cae7-4a16-971f-0e8be8ca3659 tempest-VolumesSnapshotsTestJSON-473292631 tempest-VolumesSnapshotsTestJSON-473292631-project-member] 10.0.0.210 "GET /compute/v2.1/os-snapshots/0b156dbe-bd8c-42b7-b1e5-eed6b6261a6d" status: 200 len: 287 microversion: 2.1 time: 0.053254
Nov 09 02:02:22 user devstack@n-api.service[65230]: [pid: 65230|app: 0|req: 28/80] 10.0.0.210 () {62 vars in 1328 bytes} [Thu Nov 9 02:02:22 2023] GET /compute/v2.1/os-snapshots/0b156dbe-bd8c-42b7-b1e5-eed6b6261a6d => generated 287 bytes in 55 msecs (HTTP/1.1 200) 9 headers in 357 bytes (1 switches on core 0)
Nov 09 02:02:23 user devstack@n-api.service[65229]: DEBUG nova.virt.hardware [None req-49591f4d-7d60-48f2-8f91-31edf09ffbb3 tempest-DeleteServersTestJSON-653233604 tempest-DeleteServersTestJSON-653233604-project-member] Flavor limits 0:0:0 {{(pid=65229) get_cpu_topology_constraints /opt/stack/nova/nova/virt/hardware.py:348}}
Nov 09 02:02:23 user devstack@n-api.service[65229]: DEBUG nova.virt.hardware [None req-49591f4d-7d60-48f2-8f91-31edf09ffbb3 tempest-DeleteServersTestJSON-653233604 tempest-DeleteServersTestJSON-653233604-project-member] Image limits 0:0:0 {{(pid=65229) get_cpu_topology_constraints /opt/stack/nova/nova/virt/hardware.py:352}}
Nov 09 02:02:23 user devstack@n-api.service[65229]: DEBUG nova.virt.hardware [None req-49591f4d-7d60-48f2-8f91-31edf09ffbb3 tempest-DeleteServersTestJSON-653233604 tempest-DeleteServersTestJSON-653233604-project-member] Flavor pref 0:0:0 {{(pid=65229) get_cpu_topology_constraints /opt/stack/nova/nova/virt/hardware.py:388}}
Nov 09 02:02:23 user devstack@n-api.service[65229]: DEBUG nova.virt.hardware [None req-49591f4d-7d60-48f2-8f91-31edf09ffbb3 tempest-DeleteServersTestJSON-653233604 tempest-DeleteServersTestJSON-653233604-project-member] Image pref 0:0:0 {{(pid=65229) get_cpu_topology_constraints /opt/stack/nova/nova/virt/hardware.py:392}}
Nov 09 02:02:23 user devstack@n-api.service[65229]: DEBUG nova.virt.hardware [None req-49591f4d-7d60-48f2-8f91-31edf09ffbb3 tempest-DeleteServersTestJSON-653233604 tempest-DeleteServersTestJSON-653233604-project-member] Chose sockets=0, cores=0, threads=0; limits were sockets=65536, cores=65536, threads=65536 {{(pid=65229) get_cpu_topology_constraints /opt/stack/nova/nova/virt/hardware.py:430}}
Nov 09 02:02:23 user devstack@n-api.service[65229]: DEBUG oslo_concurrency.lockutils [None req-49591f4d-7d60-48f2-8f91-31edf09ffbb3 tempest-DeleteServersTestJSON-653233604 tempest-DeleteServersTestJSON-653233604-project-member] Acquiring lock "00000000-0000-0000-0000-000000000000" by "nova.context.set_target_cell..get_or_set_cached_cell_and_set_connections" {{(pid=65229) inner /opt/stack/data/venv/lib/python3.10/site-packages/oslo_concurrency/lockutils.py:404}}
Nov 09 02:02:23 user devstack@n-api.service[65229]: DEBUG oslo_concurrency.lockutils [None req-49591f4d-7d60-48f2-8f91-31edf09ffbb3 tempest-DeleteServersTestJSON-653233604 tempest-DeleteServersTestJSON-653233604-project-member] Lock "00000000-0000-0000-0000-000000000000" acquired by "nova.context.set_target_cell..get_or_set_cached_cell_and_set_connections" :: waited 0.001s {{(pid=65229) inner /opt/stack/data/venv/lib/python3.10/site-packages/oslo_concurrency/lockutils.py:409}}
Nov 09 02:02:23 user devstack@n-api.service[65229]: DEBUG oslo_concurrency.lockutils [None req-49591f4d-7d60-48f2-8f91-31edf09ffbb3 tempest-DeleteServersTestJSON-653233604 tempest-DeleteServersTestJSON-653233604-project-member] Lock "00000000-0000-0000-0000-000000000000" "released" by "nova.context.set_target_cell..get_or_set_cached_cell_and_set_connections" :: held 0.001s {{(pid=65229) inner /opt/stack/data/venv/lib/python3.10/site-packages/oslo_concurrency/lockutils.py:423}}
Nov 09 02:02:23 user devstack@n-api.service[65229]: DEBUG oslo_concurrency.lockutils [None req-49591f4d-7d60-48f2-8f91-31edf09ffbb3 tempest-DeleteServersTestJSON-653233604 tempest-DeleteServersTestJSON-653233604-project-member] Acquiring lock "d207cd2a-e850-422c-9dbf-6ffaf9be5ba7" by "nova.context.set_target_cell..get_or_set_cached_cell_and_set_connections" {{(pid=65229) inner /opt/stack/data/venv/lib/python3.10/site-packages/oslo_concurrency/lockutils.py:404}}
Nov 09 02:02:23 user devstack@n-api.service[65229]: DEBUG oslo_concurrency.lockutils [None req-49591f4d-7d60-48f2-8f91-31edf09ffbb3 tempest-DeleteServersTestJSON-653233604 tempest-DeleteServersTestJSON-653233604-project-member] Lock "d207cd2a-e850-422c-9dbf-6ffaf9be5ba7" acquired by "nova.context.set_target_cell..get_or_set_cached_cell_and_set_connections" :: waited 0.001s {{(pid=65229) inner /opt/stack/data/venv/lib/python3.10/site-packages/oslo_concurrency/lockutils.py:409}}
Nov 09 02:02:23 user devstack@n-api.service[65229]: DEBUG oslo_concurrency.lockutils [None req-49591f4d-7d60-48f2-8f91-31edf09ffbb3 tempest-DeleteServersTestJSON-653233604 tempest-DeleteServersTestJSON-653233604-project-member] Lock "d207cd2a-e850-422c-9dbf-6ffaf9be5ba7" "released" by "nova.context.set_target_cell..get_or_set_cached_cell_and_set_connections" :: held 0.001s {{(pid=65229) inner /opt/stack/data/venv/lib/python3.10/site-packages/oslo_concurrency/lockutils.py:423}}
Nov 09 02:02:23 user devstack@n-api.service[65228]: DEBUG nova.api.openstack.wsgi [None req-dd7d56ce-f692-4fa1-8864-ce3a6f94821e tempest-VolumesGetTestJSON-1013274578 tempest-VolumesGetTestJSON-1013274578-project-member] Calling method '.version_select at 0x7f49fa9edf30>' {{(pid=65228) _process_stack /opt/stack/nova/nova/api/openstack/wsgi.py:513}}
Nov 09 02:02:23 user devstack@n-api.service[65229]: DEBUG nova.quota [None req-49591f4d-7d60-48f2-8f91-31edf09ffbb3 tempest-DeleteServersTestJSON-653233604 tempest-DeleteServersTestJSON-653233604-project-member] Getting quotas for project f222b77aad794a479937ad3ce632421a. Resources: {'cores', 'instances', 'ram'} {{(pid=65229) _get_quotas /opt/stack/nova/nova/quota.py:393}}
Nov 09 02:02:23 user devstack@n-api.service[65229]: DEBUG nova.quota [None req-49591f4d-7d60-48f2-8f91-31edf09ffbb3 tempest-DeleteServersTestJSON-653233604 tempest-DeleteServersTestJSON-653233604-project-member] Getting quotas for user aabdffb27b96446997cf07a179f19636 and project f222b77aad794a479937ad3ce632421a. Resources: {'cores', 'instances', 'ram'} {{(pid=65229) _get_quotas /opt/stack/nova/nova/quota.py:383}}
Nov 09 02:02:23 user devstack@n-api.service[65229]: DEBUG nova.compute.api [None req-49591f4d-7d60-48f2-8f91-31edf09ffbb3 tempest-DeleteServersTestJSON-653233604 tempest-DeleteServersTestJSON-653233604-project-member] Going to run 1 instances... {{(pid=65229) _provision_instances /opt/stack/nova/nova/compute/api.py:1404}}
Nov 09 02:02:23 user devstack@n-api.service[65229]: DEBUG nova.compute.api [None req-49591f4d-7d60-48f2-8f91-31edf09ffbb3 tempest-DeleteServersTestJSON-653233604 tempest-DeleteServersTestJSON-653233604-project-member] [instance: 1ba28925-aff6-48f5-a4c9-8498efc7c809] block_device_mapping [BlockDeviceMapping(attachment_id=,boot_index=0,connection_info=None,created_at=,delete_on_termination=True,deleted=,deleted_at=,destination_type='local',device_name=None,device_type='disk',disk_bus=None,encrypted=False,encryption_format=None,encryption_options=None,encryption_secret_uuid=None,guest_format=None,id=,image_id='f16943d9-f085-4472-9bf0-c9432a882a19',instance=,instance_uuid=,no_device=False,snapshot_id=None,source_type='image',tag=None,updated_at=,uuid=,volume_id=None,volume_size=None,volume_type=None)] {{(pid=65229) _bdm_validate_set_size_and_instance /opt/stack/nova/nova/compute/api.py:1865}}
Nov 09 02:02:23 user devstack@n-api.service[65228]: INFO nova.api.openstack.requestlog [None req-dd7d56ce-f692-4fa1-8864-ce3a6f94821e tempest-VolumesGetTestJSON-1013274578 tempest-VolumesGetTestJSON-1013274578-project-member] 10.0.0.210 "GET /compute/v2.1/os-volumes/c2f104d2-74c3-465c-88eb-b6681a3d9cd7" status: 200 len: 352 microversion: 2.1 time: 0.072114
Nov 09 02:02:23 user devstack@n-api.service[65228]: [pid: 65228|app: 0|req: 28/81] 10.0.0.210 () {62 vars in 1322 bytes} [Thu Nov 9 02:02:23 2023] GET /compute/v2.1/os-volumes/c2f104d2-74c3-465c-88eb-b6681a3d9cd7 => generated 352 bytes in 74 msecs (HTTP/1.1 200) 9 headers in 357 bytes (1 switches on core 0)
Nov 09 02:02:23 user devstack@n-api.service[65229]: INFO nova.api.openstack.requestlog [None req-49591f4d-7d60-48f2-8f91-31edf09ffbb3 tempest-DeleteServersTestJSON-653233604 tempest-DeleteServersTestJSON-653233604-project-member] 10.0.0.210 "POST /compute/v2.1/servers" status: 202 len: 378 microversion: 2.1 time: 2.385574
Nov 09 02:02:23 user devstack@n-api.service[65229]: [pid: 65229|app: 0|req: 26/82] 10.0.0.210 () {64 vars in 1224 bytes} [Thu Nov 9 02:02:20 2023] POST /compute/v2.1/servers => generated 378 bytes in 2388 msecs (HTTP/1.1 202) 10 headers in 450 bytes (1 switches on core 0)
Nov 09 02:02:23 user devstack@n-api.service[65230]: DEBUG nova.api.openstack.wsgi [None req-f8f4f8c7-1271-4d66-83ab-56a865d242d0 tempest-DeleteServersTestJSON-653233604 tempest-DeleteServersTestJSON-653233604-project-member] Calling method '>' {{(pid=65230) _process_stack /opt/stack/nova/nova/api/openstack/wsgi.py:513}}
Nov 09 02:02:23 user devstack@n-api.service[65230]: DEBUG nova.compute.api [None req-f8f4f8c7-1271-4d66-83ab-56a865d242d0 tempest-DeleteServersTestJSON-653233604 tempest-DeleteServersTestJSON-653233604-project-member] [instance: 1ba28925-aff6-48f5-a4c9-8498efc7c809] Fetching instance by UUID {{(pid=65230) get /opt/stack/nova/nova/compute/api.py:2978}}
Nov 09 02:02:23 user devstack@n-api.service[65228]: DEBUG nova.api.openstack.wsgi [None req-c834b2d5-6429-4a13-a83f-e3957c8b66e7 tempest-VolumesSnapshotsTestJSON-473292631 tempest-VolumesSnapshotsTestJSON-473292631-project-member] Calling method '.version_select at 0x7f49fa9ee680>' {{(pid=65228) _process_stack /opt/stack/nova/nova/api/openstack/wsgi.py:513}}
Nov 09 02:02:23 user devstack@n-api.service[65230]: DEBUG nova.policy [None req-f8f4f8c7-1271-4d66-83ab-56a865d242d0 tempest-DeleteServersTestJSON-653233604 tempest-DeleteServersTestJSON-653233604-project-member] Policy check for os_compute_api:os-extended-server-attributes failed with credentials {'is_admin': False, 'user_id': 'aabdffb27b96446997cf07a179f19636', 'user_domain_id': 'default', 'system_scope': None, 'domain_id': None, 'project_id': 'f222b77aad794a479937ad3ce632421a', 'project_domain_id': 'default', 'roles': ['reader', 'member'], 'is_admin_project': True, 'service_user_id': None, 'service_user_domain_id': None, 'service_project_id': None, 'service_project_domain_id': None, 'service_roles': []} {{(pid=65230) authorize /opt/stack/nova/nova/policy.py:203}}
Nov 09 02:02:23 user devstack@n-api.service[65228]: INFO nova.api.openstack.requestlog [None req-c834b2d5-6429-4a13-a83f-e3957c8b66e7 tempest-VolumesSnapshotsTestJSON-473292631 tempest-VolumesSnapshotsTestJSON-473292631-project-member] 10.0.0.210 "GET /compute/v2.1/os-snapshots/0b156dbe-bd8c-42b7-b1e5-eed6b6261a6d" status: 200 len: 287 microversion: 2.1 time: 0.055193
Nov 09 02:02:23 user devstack@n-api.service[65228]: [pid: 65228|app: 0|req: 29/83] 10.0.0.210 () {62 vars in 1328 bytes} [Thu Nov 9 02:02:23 2023] GET /compute/v2.1/os-snapshots/0b156dbe-bd8c-42b7-b1e5-eed6b6261a6d => generated 287 bytes in 57 msecs (HTTP/1.1 200) 9 headers in 357 bytes (1 switches on core 0)
Nov 09 02:02:23 user devstack@n-api.service[65230]: INFO nova.api.openstack.requestlog [None req-f8f4f8c7-1271-4d66-83ab-56a865d242d0 tempest-DeleteServersTestJSON-653233604 tempest-DeleteServersTestJSON-653233604-project-member] 10.0.0.210 "GET /compute/v2.1/servers/1ba28925-aff6-48f5-a4c9-8498efc7c809" status: 200 len: 1207 microversion: 2.1 time: 0.240841
Nov 09 02:02:23 user devstack@n-api.service[65230]: [pid: 65230|app: 0|req: 29/84] 10.0.0.210 () {62 vars in 1313 bytes} [Thu Nov 9 02:02:23 2023] GET /compute/v2.1/servers/1ba28925-aff6-48f5-a4c9-8498efc7c809 => generated 1207 bytes in 243 msecs (HTTP/1.1 200) 9 headers in 358 bytes (1 switches on core 0)
Nov 09 02:02:24 user devstack@n-api.service[65229]: DEBUG nova.api.openstack.wsgi [None req-4d178e81-1874-419b-9572-0f5939a56deb tempest-VolumesGetTestJSON-1013274578 tempest-VolumesGetTestJSON-1013274578-project-member] Calling method '.version_select at 0x7f49fa872a70>' {{(pid=65229) _process_stack /opt/stack/nova/nova/api/openstack/wsgi.py:513}}
Nov 09 02:02:24 user devstack@n-api.service[65229]: INFO nova.api.openstack.requestlog [None req-4d178e81-1874-419b-9572-0f5939a56deb tempest-VolumesGetTestJSON-1013274578 tempest-VolumesGetTestJSON-1013274578-project-member] 10.0.0.210 "GET /compute/v2.1/os-volumes/c2f104d2-74c3-465c-88eb-b6681a3d9cd7" status: 200 len: 352 microversion: 2.1 time: 0.073188
Nov 09 02:02:24 user devstack@n-api.service[65229]: [pid: 65229|app: 0|req: 27/85] 10.0.0.210 () {62 vars in 1322 bytes} [Thu Nov 9 02:02:24 2023] GET /compute/v2.1/os-volumes/c2f104d2-74c3-465c-88eb-b6681a3d9cd7 => generated 352 bytes in 76 msecs (HTTP/1.1 200) 9 headers in 357 bytes (1 switches on core 0)
Nov 09 02:02:24 user devstack@n-api.service[65230]: DEBUG nova.api.openstack.wsgi [None req-59947c31-f0ce-4fd6-bb68-1cea4057e4e0 tempest-VolumesSnapshotsTestJSON-473292631 tempest-VolumesSnapshotsTestJSON-473292631-project-member] Calling method '.version_select at 0x7f49fa80e0e0>' {{(pid=65230) _process_stack /opt/stack/nova/nova/api/openstack/wsgi.py:513}}
Nov 09 02:02:24 user devstack@n-api.service[65230]: INFO nova.api.openstack.requestlog [None req-59947c31-f0ce-4fd6-bb68-1cea4057e4e0 tempest-VolumesSnapshotsTestJSON-473292631 tempest-VolumesSnapshotsTestJSON-473292631-project-member] 10.0.0.210 "GET /compute/v2.1/os-snapshots/0b156dbe-bd8c-42b7-b1e5-eed6b6261a6d" status: 200 len: 287 microversion: 2.1 time: 0.044707
Nov 09 02:02:24 user devstack@n-api.service[65230]: [pid: 65230|app: 0|req: 30/86] 10.0.0.210 () {62 vars in 1328 bytes} [Thu Nov 9 02:02:24 2023] GET /compute/v2.1/os-snapshots/0b156dbe-bd8c-42b7-b1e5-eed6b6261a6d => generated 287 bytes in 47 msecs (HTTP/1.1 200) 9 headers in 357 bytes (1 switches on core 0)
Nov 09 02:02:24 user devstack@n-api.service[65228]: DEBUG nova.api.openstack.wsgi [None req-61be342d-8042-4789-a5d5-8cf762611a9f tempest-ServerRescueNegativeTestJSON-655487496 tempest-ServerRescueNegativeTestJSON-655487496-project-member] Action: 'create', calling method: >, body: {"server": {"name": "tempest-ServerRescueNegativeTestJSON-server-1073959700", "imageRef": "f16943d9-f085-4472-9bf0-c9432a882a19", "flavorRef": "1", "adminPass": "***", "networks": [{"uuid": "}]}} {{(pid=65228) _process_stack /opt/stack/nova/nova/api/openstack/wsgi.py:511}}
Nov 09 02:02:25 user devstack@n-api.service[65228]: DEBUG nova.network.neutron [None req-61be342d-8042-4789-a5d5-8cf762611a9f tempest-ServerRescueNegativeTestJSON-655487496 tempest-ServerRescueNegativeTestJSON-655487496-project-member] validate_networks() for [('c8299279-04b3-4387-affa-a5a091e16add', None, None, None, None, None)] {{(pid=65228) validate_networks /opt/stack/nova/nova/network/neutron.py:2645}}
Nov 09 02:02:25 user devstack@n-api.service[65229]: DEBUG nova.api.openstack.wsgi [None req-5979ec27-3bbf-4672-9510-456768dc6e8b tempest-VolumesGetTestJSON-1013274578 tempest-VolumesGetTestJSON-1013274578-project-member] Calling method '.version_select at 0x7f49fa718040>' {{(pid=65229) _process_stack /opt/stack/nova/nova/api/openstack/wsgi.py:513}}
Nov 09 02:02:25 user devstack@n-api.service[65229]: INFO nova.api.openstack.requestlog [None req-5979ec27-3bbf-4672-9510-456768dc6e8b tempest-VolumesGetTestJSON-1013274578 tempest-VolumesGetTestJSON-1013274578-project-member] 10.0.0.210 "GET /compute/v2.1/os-volumes/c2f104d2-74c3-465c-88eb-b6681a3d9cd7" status: 200 len: 352 microversion: 2.1 time: 0.098567
Nov 09 02:02:25 user devstack@n-api.service[65229]: [pid: 65229|app: 0|req: 28/87] 10.0.0.210 () {62 vars in 1322 bytes} [Thu Nov 9 02:02:25 2023] GET /compute/v2.1/os-volumes/c2f104d2-74c3-465c-88eb-b6681a3d9cd7 => generated 352 bytes in 101 msecs (HTTP/1.1 200) 9 headers in 357 bytes (1 switches on core 0)
Nov 09 02:02:25 user devstack@n-api.service[65230]: DEBUG nova.api.openstack.wsgi [None req-f8aff0c2-bbf2-4ff4-86fb-3075141a2b57 tempest-VolumesSnapshotsTestJSON-473292631 tempest-VolumesSnapshotsTestJSON-473292631-project-member] Calling method '.version_select at 0x7f49fa80e320>' {{(pid=65230) _process_stack /opt/stack/nova/nova/api/openstack/wsgi.py:513}}
Nov 09 02:02:25 user devstack@n-api.service[65230]: INFO nova.api.openstack.requestlog [None req-f8aff0c2-bbf2-4ff4-86fb-3075141a2b57 tempest-VolumesSnapshotsTestJSON-473292631 tempest-VolumesSnapshotsTestJSON-473292631-project-member] 10.0.0.210 "GET /compute/v2.1/os-snapshots/0b156dbe-bd8c-42b7-b1e5-eed6b6261a6d" status: 200 len: 287 microversion: 2.1 time: 0.067027
Nov 09 02:02:25 user devstack@n-api.service[65230]: [pid: 65230|app: 0|req: 31/88] 10.0.0.210 () {62 vars in 1328 bytes} [Thu Nov 9 02:02:25 2023] GET /compute/v2.1/os-snapshots/0b156dbe-bd8c-42b7-b1e5-eed6b6261a6d => generated 287 bytes in 70 msecs (HTTP/1.1 200) 9 headers in 357 bytes (1 switches on core 0)
Nov 09 02:02:26 user devstack@n-api.service[65229]: DEBUG nova.api.openstack.wsgi [None req-bbb5de99-cd51-447c-aca9-e940e50106d5 tempest-ServerActionsTestOtherB-1383355237 tempest-ServerActionsTestOtherB-1383355237-project-member] Action: 'create', calling method: >, body: {"server": {"name": "tempest-ServerActionsTestOtherB-server-900109230", "imageRef": "f16943d9-f085-4472-9bf0-c9432a882a19", "flavorRef": "1", "adminPass": "***", "networks": [{"uuid": "91b39d3a-728a-47c0-8234-b28f30df97c0"}], "security_groups": [{"name": "tempest-securitygroup--1447142240"}], "key_name": "tempest-keypair-601371148", "user_data": "}} {{(pid=65229) _process_stack /opt/stack/nova/nova/api/openstack/wsgi.py:511}}
Nov 09 02:02:26 user devstack@n-api.service[65230]: DEBUG nova.api.openstack.wsgi [None req-6518a0b3-a830-4144-83d9-f350f6aab504 tempest-VolumesGetTestJSON-1013274578 tempest-VolumesGetTestJSON-1013274578-project-member] Calling method '.version_select at 0x7f49fa80f640>' {{(pid=65230) _process_stack /opt/stack/nova/nova/api/openstack/wsgi.py:513}}
Nov 09 02:02:26 user devstack@n-api.service[65229]: DEBUG nova.network.neutron [None req-bbb5de99-cd51-447c-aca9-e940e50106d5 tempest-ServerActionsTestOtherB-1383355237 tempest-ServerActionsTestOtherB-1383355237-project-member] validate_networks() for [('91b39d3a-728a-47c0-8234-b28f30df97c0', None, None, None, None, None)] {{(pid=65229) validate_networks /opt/stack/nova/nova/network/neutron.py:2645}}
Nov 09 02:02:26 user devstack@n-api.service[65230]: INFO nova.api.openstack.requestlog [None req-6518a0b3-a830-4144-83d9-f350f6aab504 tempest-VolumesGetTestJSON-1013274578 tempest-VolumesGetTestJSON-1013274578-project-member] 10.0.0.210 "GET /compute/v2.1/os-volumes/c2f104d2-74c3-465c-88eb-b6681a3d9cd7" status: 200 len: 352 microversion: 2.1 time: 0.078713
Nov 09 02:02:26 user devstack@n-api.service[65230]: [pid: 65230|app: 0|req: 32/89] 10.0.0.210 () {62 vars in 1322 bytes} [Thu Nov 9 02:02:26 2023] GET /compute/v2.1/os-volumes/c2f104d2-74c3-465c-88eb-b6681a3d9cd7 => generated 352 bytes in 81 msecs (HTTP/1.1 200) 9 headers in 357 bytes (1 switches on core 0)
Nov 09 02:02:26 user devstack@n-api.service[65228]: DEBUG nova.virt.hardware [None req-61be342d-8042-4789-a5d5-8cf762611a9f tempest-ServerRescueNegativeTestJSON-655487496 tempest-ServerRescueNegativeTestJSON-655487496-project-member] Flavor limits 0:0:0 {{(pid=65228) get_cpu_topology_constraints /opt/stack/nova/nova/virt/hardware.py:348}}
Nov 09 02:02:26 user devstack@n-api.service[65228]: DEBUG nova.virt.hardware [None req-61be342d-8042-4789-a5d5-8cf762611a9f tempest-ServerRescueNegativeTestJSON-655487496 tempest-ServerRescueNegativeTestJSON-655487496-project-member] Image limits 0:0:0 {{(pid=65228) get_cpu_topology_constraints /opt/stack/nova/nova/virt/hardware.py:352}}
Nov 09 02:02:26 user devstack@n-api.service[65228]: DEBUG nova.virt.hardware [None req-61be342d-8042-4789-a5d5-8cf762611a9f tempest-ServerRescueNegativeTestJSON-655487496 tempest-ServerRescueNegativeTestJSON-655487496-project-member] Flavor pref 0:0:0 {{(pid=65228) get_cpu_topology_constraints /opt/stack/nova/nova/virt/hardware.py:388}}
Nov 09 02:02:26 user devstack@n-api.service[65228]: DEBUG nova.virt.hardware [None req-61be342d-8042-4789-a5d5-8cf762611a9f tempest-ServerRescueNegativeTestJSON-655487496 tempest-ServerRescueNegativeTestJSON-655487496-project-member] Image pref 0:0:0 {{(pid=65228) get_cpu_topology_constraints /opt/stack/nova/nova/virt/hardware.py:392}}
Nov 09 02:02:26 user devstack@n-api.service[65228]: DEBUG nova.virt.hardware [None req-61be342d-8042-4789-a5d5-8cf762611a9f tempest-ServerRescueNegativeTestJSON-655487496 tempest-ServerRescueNegativeTestJSON-655487496-project-member] Chose sockets=0, cores=0, threads=0; limits were sockets=65536, cores=65536, threads=65536 {{(pid=65228) get_cpu_topology_constraints /opt/stack/nova/nova/virt/hardware.py:430}}
Nov 09 02:02:26 user devstack@n-api.service[65228]: DEBUG oslo_concurrency.lockutils [None req-61be342d-8042-4789-a5d5-8cf762611a9f tempest-ServerRescueNegativeTestJSON-655487496 tempest-ServerRescueNegativeTestJSON-655487496-project-member] Acquiring lock "00000000-0000-0000-0000-000000000000" by "nova.context.set_target_cell..get_or_set_cached_cell_and_set_connections" {{(pid=65228) inner /opt/stack/data/venv/lib/python3.10/site-packages/oslo_concurrency/lockutils.py:404}}
Nov 09 02:02:26 user devstack@n-api.service[65228]: DEBUG oslo_concurrency.lockutils [None req-61be342d-8042-4789-a5d5-8cf762611a9f tempest-ServerRescueNegativeTestJSON-655487496 tempest-ServerRescueNegativeTestJSON-655487496-project-member] Lock "00000000-0000-0000-0000-000000000000" acquired by "nova.context.set_target_cell..get_or_set_cached_cell_and_set_connections" :: waited 0.002s {{(pid=65228) inner /opt/stack/data/venv/lib/python3.10/site-packages/oslo_concurrency/lockutils.py:409}}
Nov 09 02:02:26 user devstack@n-api.service[65228]: DEBUG oslo_concurrency.lockutils [None req-61be342d-8042-4789-a5d5-8cf762611a9f tempest-ServerRescueNegativeTestJSON-655487496 tempest-ServerRescueNegativeTestJSON-655487496-project-member] Lock "00000000-0000-0000-0000-000000000000" "released" by "nova.context.set_target_cell..get_or_set_cached_cell_and_set_connections" :: held 0.001s {{(pid=65228) inner /opt/stack/data/venv/lib/python3.10/site-packages/oslo_concurrency/lockutils.py:423}}
Nov 09 02:02:26 user devstack@n-api.service[65228]: DEBUG oslo_concurrency.lockutils [None req-61be342d-8042-4789-a5d5-8cf762611a9f tempest-ServerRescueNegativeTestJSON-655487496 tempest-ServerRescueNegativeTestJSON-655487496-project-member] Acquiring lock "d207cd2a-e850-422c-9dbf-6ffaf9be5ba7" by "nova.context.set_target_cell..get_or_set_cached_cell_and_set_connections" {{(pid=65228) inner /opt/stack/data/venv/lib/python3.10/site-packages/oslo_concurrency/lockutils.py:404}}
Nov 09 02:02:26 user devstack@n-api.service[65228]: DEBUG oslo_concurrency.lockutils [None req-61be342d-8042-4789-a5d5-8cf762611a9f tempest-ServerRescueNegativeTestJSON-655487496 tempest-ServerRescueNegativeTestJSON-655487496-project-member] Lock "d207cd2a-e850-422c-9dbf-6ffaf9be5ba7" acquired by "nova.context.set_target_cell..get_or_set_cached_cell_and_set_connections" :: waited 0.001s {{(pid=65228) inner /opt/stack/data/venv/lib/python3.10/site-packages/oslo_concurrency/lockutils.py:409}}
Nov 09 02:02:26 user devstack@n-api.service[65228]: DEBUG oslo_concurrency.lockutils [None req-61be342d-8042-4789-a5d5-8cf762611a9f tempest-ServerRescueNegativeTestJSON-655487496 tempest-ServerRescueNegativeTestJSON-655487496-project-member] Lock "d207cd2a-e850-422c-9dbf-6ffaf9be5ba7" "released" by "nova.context.set_target_cell..get_or_set_cached_cell_and_set_connections" :: held 0.001s {{(pid=65228) inner /opt/stack/data/venv/lib/python3.10/site-packages/oslo_concurrency/lockutils.py:423}}
Nov 09 02:02:26 user devstack@n-api.service[65230]: DEBUG nova.api.openstack.wsgi [None req-3152354c-2b8a-4cfc-a49b-07b3bd22b033 tempest-VolumesSnapshotsTestJSON-473292631 tempest-VolumesSnapshotsTestJSON-473292631-project-member] Calling method '.version_select at 0x7f49fa80fac0>' {{(pid=65230) _process_stack /opt/stack/nova/nova/api/openstack/wsgi.py:513}}
Nov 09 02:02:26 user devstack@n-api.service[65228]: DEBUG nova.quota [None req-61be342d-8042-4789-a5d5-8cf762611a9f tempest-ServerRescueNegativeTestJSON-655487496 tempest-ServerRescueNegativeTestJSON-655487496-project-member] Getting quotas for project 92bdfa4af42b4c9796dd143f0c4c3da1. Resources: {'cores', 'instances', 'ram'} {{(pid=65228) _get_quotas /opt/stack/nova/nova/quota.py:393}}
Nov 09 02:02:26 user devstack@n-api.service[65228]: DEBUG nova.quota [None req-61be342d-8042-4789-a5d5-8cf762611a9f tempest-ServerRescueNegativeTestJSON-655487496 tempest-ServerRescueNegativeTestJSON-655487496-project-member] Getting quotas for user ab1818da0f7a44fe8ae3f9ffce360386 and project 92bdfa4af42b4c9796dd143f0c4c3da1. Resources: {'cores', 'instances', 'ram'} {{(pid=65228) _get_quotas /opt/stack/nova/nova/quota.py:383}}
Nov 09 02:02:26 user devstack@n-api.service[65230]: INFO nova.api.openstack.requestlog [None req-3152354c-2b8a-4cfc-a49b-07b3bd22b033 tempest-VolumesSnapshotsTestJSON-473292631 tempest-VolumesSnapshotsTestJSON-473292631-project-member] 10.0.0.210 "GET /compute/v2.1/os-snapshots/0b156dbe-bd8c-42b7-b1e5-eed6b6261a6d" status: 200 len: 288 microversion: 2.1 time: 0.049203
Nov 09 02:02:26 user devstack@n-api.service[65230]: [pid: 65230|app: 0|req: 33/90] 10.0.0.210 () {62 vars in 1328 bytes} [Thu Nov 9 02:02:26 2023] GET /compute/v2.1/os-snapshots/0b156dbe-bd8c-42b7-b1e5-eed6b6261a6d => generated 288 bytes in 51 msecs (HTTP/1.1 200) 9 headers in 357 bytes (1 switches on core 0)
Nov 09 02:02:26 user devstack@n-api.service[65228]: DEBUG nova.compute.api [None req-61be342d-8042-4789-a5d5-8cf762611a9f tempest-ServerRescueNegativeTestJSON-655487496 tempest-ServerRescueNegativeTestJSON-655487496-project-member] Going to run 1 instances... {{(pid=65228) _provision_instances /opt/stack/nova/nova/compute/api.py:1404}}
Nov 09 02:02:26 user devstack@n-api.service[65228]: DEBUG nova.compute.api [None req-61be342d-8042-4789-a5d5-8cf762611a9f tempest-ServerRescueNegativeTestJSON-655487496 tempest-ServerRescueNegativeTestJSON-655487496-project-member] [instance: 3be630c7-6913-421f-aa2e-19f3208b12e7] block_device_mapping [BlockDeviceMapping(attachment_id=,boot_index=0,connection_info=None,created_at=,delete_on_termination=True,deleted=,deleted_at=,destination_type='local',device_name=None,device_type='disk',disk_bus=None,encrypted=False,encryption_format=None,encryption_options=None,encryption_secret_uuid=None,guest_format=None,id=,image_id='f16943d9-f085-4472-9bf0-c9432a882a19',instance=,instance_uuid=,no_device=False,snapshot_id=None,source_type='image',tag=None,updated_at=,uuid=,volume_id=None,volume_size=None,volume_type=None)] {{(pid=65228) _bdm_validate_set_size_and_instance /opt/stack/nova/nova/compute/api.py:1865}}
Nov 09 02:02:26 user devstack@n-api.service[65230]: DEBUG nova.api.openstack.wsgi [None req-120294e4-1f79-45b0-a5e1-1d2392f9b706 tempest-VolumesSnapshotsTestJSON-473292631 tempest-VolumesSnapshotsTestJSON-473292631-project-member] Calling method '.version_select at 0x7f49fa80f6d0>' {{(pid=65230) _process_stack /opt/stack/nova/nova/api/openstack/wsgi.py:513}}
Nov 09 02:02:26 user devstack@n-api.service[65230]: INFO nova.api.openstack.requestlog [None req-120294e4-1f79-45b0-a5e1-1d2392f9b706 tempest-VolumesSnapshotsTestJSON-473292631 tempest-VolumesSnapshotsTestJSON-473292631-project-member] 10.0.0.210 "DELETE /compute/v2.1/os-snapshots/0b156dbe-bd8c-42b7-b1e5-eed6b6261a6d" status: 202 len: 0 microversion: 2.1 time: 0.132608
Nov 09 02:02:26 user devstack@n-api.service[65230]: [pid: 65230|app: 0|req: 34/91] 10.0.0.210 () {62 vars in 1331 bytes} [Thu Nov 9 02:02:26 2023] DELETE /compute/v2.1/os-snapshots/0b156dbe-bd8c-42b7-b1e5-eed6b6261a6d => generated 0 bytes in 134 msecs (HTTP/1.1 202) 9 headers in 361 bytes (2 switches on core 0)
Nov 09 02:02:26 user devstack@n-api.service[65230]: DEBUG nova.api.openstack.wsgi [None req-8b2fd8e3-7594-4355-8a79-e5cee9ac763b tempest-VolumesSnapshotsTestJSON-473292631 tempest-VolumesSnapshotsTestJSON-473292631-project-member] Calling method '.version_select at 0x7f49fa80f250>' {{(pid=65230) _process_stack /opt/stack/nova/nova/api/openstack/wsgi.py:513}}
Nov 09 02:02:26 user devstack@n-api.service[65228]: INFO nova.api.openstack.requestlog [None req-61be342d-8042-4789-a5d5-8cf762611a9f tempest-ServerRescueNegativeTestJSON-655487496 tempest-ServerRescueNegativeTestJSON-655487496-project-member] 10.0.0.210 "POST /compute/v2.1/servers" status: 202 len: 381 microversion: 2.1 time: 2.384584
Nov 09 02:02:26 user devstack@n-api.service[65228]: [pid: 65228|app: 0|req: 30/92] 10.0.0.210 () {64 vars in 1224 bytes} [Thu Nov 9 02:02:24 2023] POST /compute/v2.1/servers => generated 381 bytes in 2393 msecs (HTTP/1.1 202) 10 headers in 450 bytes (1 switches on core 0)
Nov 09 02:02:26 user devstack@n-api.service[65228]: DEBUG nova.api.openstack.wsgi [None req-d32cbbc1-7bae-4e7a-a814-8add463bcb68 tempest-ServerRescueNegativeTestJSON-655487496 tempest-ServerRescueNegativeTestJSON-655487496-project-member] Calling method '>' {{(pid=65228) _process_stack /opt/stack/nova/nova/api/openstack/wsgi.py:513}}
Nov 09 02:02:26 user devstack@n-api.service[65228]: DEBUG nova.compute.api [None req-d32cbbc1-7bae-4e7a-a814-8add463bcb68 tempest-ServerRescueNegativeTestJSON-655487496 tempest-ServerRescueNegativeTestJSON-655487496-project-member] [instance: 3be630c7-6913-421f-aa2e-19f3208b12e7] Fetching instance by UUID {{(pid=65228) get /opt/stack/nova/nova/compute/api.py:2978}}
Nov 09 02:02:26 user devstack@n-api.service[65230]: INFO nova.api.openstack.requestlog [None req-8b2fd8e3-7594-4355-8a79-e5cee9ac763b tempest-VolumesSnapshotsTestJSON-473292631 tempest-VolumesSnapshotsTestJSON-473292631-project-member] 10.0.0.210 "GET /compute/v2.1/os-snapshots/0b156dbe-bd8c-42b7-b1e5-eed6b6261a6d" status: 200 len: 287 microversion: 2.1 time: 0.050003
Nov 09 02:02:26 user devstack@n-api.service[65230]: [pid: 65230|app: 0|req: 35/93] 10.0.0.210 () {62 vars in 1328 bytes} [Thu Nov 9 02:02:26 2023] GET /compute/v2.1/os-snapshots/0b156dbe-bd8c-42b7-b1e5-eed6b6261a6d => generated 287 bytes in 54 msecs (HTTP/1.1 200) 9 headers in 357 bytes (1 switches on core 0)
Nov 09 02:02:27 user devstack@n-api.service[65228]: DEBUG nova.policy [None req-d32cbbc1-7bae-4e7a-a814-8add463bcb68 tempest-ServerRescueNegativeTestJSON-655487496 tempest-ServerRescueNegativeTestJSON-655487496-project-member] Policy check for os_compute_api:os-extended-server-attributes failed with credentials {'is_admin': False, 'user_id': 'ab1818da0f7a44fe8ae3f9ffce360386', 'user_domain_id': 'default', 'system_scope': None, 'domain_id': None, 'project_id': '92bdfa4af42b4c9796dd143f0c4c3da1', 'project_domain_id': 'default', 'roles': ['reader', 'member'], 'is_admin_project': True, 'service_user_id': None, 'service_user_domain_id': None, 'service_project_id': None, 'service_project_domain_id': None, 'service_roles': []} {{(pid=65228) authorize /opt/stack/nova/nova/policy.py:203}}
Nov 09 02:02:27 user devstack@n-api.service[65228]: INFO nova.api.openstack.requestlog [None req-d32cbbc1-7bae-4e7a-a814-8add463bcb68 tempest-ServerRescueNegativeTestJSON-655487496 tempest-ServerRescueNegativeTestJSON-655487496-project-member] 10.0.0.210 "GET /compute/v2.1/servers/3be630c7-6913-421f-aa2e-19f3208b12e7" status: 200 len: 1214 microversion: 2.1 time: 0.332308
Nov 09 02:02:27 user devstack@n-api.service[65228]: [pid: 65228|app: 0|req: 31/94] 10.0.0.210 () {62 vars in 1313 bytes} [Thu Nov 9 02:02:26 2023] GET /compute/v2.1/servers/3be630c7-6913-421f-aa2e-19f3208b12e7 => generated 1214 bytes in 337 msecs (HTTP/1.1 200) 9 headers in 358 bytes (1 switches on core 0)
Nov 09 02:02:27 user devstack@n-api.service[65230]: DEBUG nova.api.openstack.wsgi [None req-00b301a2-0055-4873-bd6e-8b16de17c929 tempest-ServerRescueNegativeTestJSON-655487496 tempest-ServerRescueNegativeTestJSON-655487496-project-member] Action: 'create', calling method: >, body: {"server": {"name": "tempest-ServerRescueNegativeTestJSON-server-296716460", "imageRef": "f16943d9-f085-4472-9bf0-c9432a882a19", "flavorRef": "1", "adminPass": "***", "networks": [{"uuid": "}]}} {{(pid=65230) _process_stack /opt/stack/nova/nova/api/openstack/wsgi.py:511}}
Nov 09 02:02:27 user devstack@n-api.service[65230]: DEBUG nova.network.neutron [None req-00b301a2-0055-4873-bd6e-8b16de17c929 tempest-ServerRescueNegativeTestJSON-655487496 tempest-ServerRescueNegativeTestJSON-655487496-project-member] validate_networks() for [('c8299279-04b3-4387-affa-a5a091e16add', None, None, None, None, None)] {{(pid=65230) validate_networks /opt/stack/nova/nova/network/neutron.py:2645}}
Nov 09 02:02:27 user devstack@n-api.service[65228]: DEBUG nova.api.openstack.wsgi [None req-aab6eab5-606d-4ca2-9f43-d3da80a1146c tempest-VolumesGetTestJSON-1013274578 tempest-VolumesGetTestJSON-1013274578-project-member] Calling method '.version_select at 0x7f49f9f00e50>' {{(pid=65228) _process_stack /opt/stack/nova/nova/api/openstack/wsgi.py:513}}
Nov 09 02:02:27 user devstack@n-api.service[65228]: INFO nova.api.openstack.requestlog [None req-aab6eab5-606d-4ca2-9f43-d3da80a1146c tempest-VolumesGetTestJSON-1013274578 tempest-VolumesGetTestJSON-1013274578-project-member] 10.0.0.210 "GET /compute/v2.1/os-volumes/c2f104d2-74c3-465c-88eb-b6681a3d9cd7" status: 200 len: 352 microversion: 2.1 time: 0.077413
Nov 09 02:02:27 user devstack@n-api.service[65228]: [pid: 65228|app: 0|req: 32/95] 10.0.0.210 () {62 vars in 1322 bytes} [Thu Nov 9 02:02:27 2023] GET /compute/v2.1/os-volumes/c2f104d2-74c3-465c-88eb-b6681a3d9cd7 => generated 352 bytes in 80 msecs (HTTP/1.1 200) 9 headers in 357 bytes (1 switches on core 0)
Nov 09 02:02:27 user devstack@n-api.service[65229]: DEBUG nova.virt.hardware [None req-bbb5de99-cd51-447c-aca9-e940e50106d5 tempest-ServerActionsTestOtherB-1383355237 tempest-ServerActionsTestOtherB-1383355237-project-member] Flavor limits 0:0:0 {{(pid=65229) get_cpu_topology_constraints /opt/stack/nova/nova/virt/hardware.py:348}}
Nov 09 02:02:27 user devstack@n-api.service[65229]: DEBUG nova.virt.hardware [None req-bbb5de99-cd51-447c-aca9-e940e50106d5 tempest-ServerActionsTestOtherB-1383355237 tempest-ServerActionsTestOtherB-1383355237-project-member] Image limits 0:0:0 {{(pid=65229) get_cpu_topology_constraints /opt/stack/nova/nova/virt/hardware.py:352}}
Nov 09 02:02:27 user devstack@n-api.service[65229]: DEBUG nova.virt.hardware [None req-bbb5de99-cd51-447c-aca9-e940e50106d5 tempest-ServerActionsTestOtherB-1383355237 tempest-ServerActionsTestOtherB-1383355237-project-member] Flavor pref 0:0:0 {{(pid=65229) get_cpu_topology_constraints /opt/stack/nova/nova/virt/hardware.py:388}}
Nov 09 02:02:27 user devstack@n-api.service[65229]: DEBUG nova.virt.hardware [None req-bbb5de99-cd51-447c-aca9-e940e50106d5 tempest-ServerActionsTestOtherB-1383355237 tempest-ServerActionsTestOtherB-1383355237-project-member] Image pref 0:0:0 {{(pid=65229) get_cpu_topology_constraints /opt/stack/nova/nova/virt/hardware.py:392}}
Nov 09 02:02:27 user devstack@n-api.service[65229]: DEBUG nova.virt.hardware [None req-bbb5de99-cd51-447c-aca9-e940e50106d5 tempest-ServerActionsTestOtherB-1383355237 tempest-ServerActionsTestOtherB-1383355237-project-member] Chose sockets=0, cores=0, threads=0; limits were sockets=65536, cores=65536, threads=65536 {{(pid=65229) get_cpu_topology_constraints /opt/stack/nova/nova/virt/hardware.py:430}}
Nov 09 02:02:27 user devstack@n-api.service[65229]: DEBUG oslo_concurrency.lockutils [None req-bbb5de99-cd51-447c-aca9-e940e50106d5 tempest-ServerActionsTestOtherB-1383355237 tempest-ServerActionsTestOtherB-1383355237-project-member] Acquiring lock "00000000-0000-0000-0000-000000000000" by "nova.context.set_target_cell..get_or_set_cached_cell_and_set_connections" {{(pid=65229) inner /opt/stack/data/venv/lib/python3.10/site-packages/oslo_concurrency/lockutils.py:404}}
Nov 09 02:02:27 user devstack@n-api.service[65229]: DEBUG oslo_concurrency.lockutils [None req-bbb5de99-cd51-447c-aca9-e940e50106d5 tempest-ServerActionsTestOtherB-1383355237 tempest-ServerActionsTestOtherB-1383355237-project-member] Lock "00000000-0000-0000-0000-000000000000" acquired by "nova.context.set_target_cell..get_or_set_cached_cell_and_set_connections" :: waited 0.001s {{(pid=65229) inner /opt/stack/data/venv/lib/python3.10/site-packages/oslo_concurrency/lockutils.py:409}}
Nov 09 02:02:27 user devstack@n-api.service[65229]: DEBUG oslo_concurrency.lockutils [None req-bbb5de99-cd51-447c-aca9-e940e50106d5 tempest-ServerActionsTestOtherB-1383355237 tempest-ServerActionsTestOtherB-1383355237-project-member] Lock "00000000-0000-0000-0000-000000000000" "released" by "nova.context.set_target_cell..get_or_set_cached_cell_and_set_connections" :: held 0.001s {{(pid=65229) inner /opt/stack/data/venv/lib/python3.10/site-packages/oslo_concurrency/lockutils.py:423}}
Nov 09 02:02:27 user devstack@n-api.service[65229]: DEBUG oslo_concurrency.lockutils [None req-bbb5de99-cd51-447c-aca9-e940e50106d5 tempest-ServerActionsTestOtherB-1383355237 tempest-ServerActionsTestOtherB-1383355237-project-member] Acquiring lock "d207cd2a-e850-422c-9dbf-6ffaf9be5ba7" by "nova.context.set_target_cell..get_or_set_cached_cell_and_set_connections" {{(pid=65229) inner /opt/stack/data/venv/lib/python3.10/site-packages/oslo_concurrency/lockutils.py:404}}
Nov 09 02:02:27 user devstack@n-api.service[65229]: DEBUG oslo_concurrency.lockutils [None req-bbb5de99-cd51-447c-aca9-e940e50106d5 tempest-ServerActionsTestOtherB-1383355237 tempest-ServerActionsTestOtherB-1383355237-project-member] Lock "d207cd2a-e850-422c-9dbf-6ffaf9be5ba7" acquired by "nova.context.set_target_cell..get_or_set_cached_cell_and_set_connections" :: waited 0.001s {{(pid=65229) inner /opt/stack/data/venv/lib/python3.10/site-packages/oslo_concurrency/lockutils.py:409}}
Nov 09 02:02:27 user devstack@n-api.service[65229]: DEBUG oslo_concurrency.lockutils [None req-bbb5de99-cd51-447c-aca9-e940e50106d5 tempest-ServerActionsTestOtherB-1383355237 tempest-ServerActionsTestOtherB-1383355237-project-member] Lock "d207cd2a-e850-422c-9dbf-6ffaf9be5ba7" "released" by "nova.context.set_target_cell..get_or_set_cached_cell_and_set_connections" :: held 0.002s {{(pid=65229) inner /opt/stack/data/venv/lib/python3.10/site-packages/oslo_concurrency/lockutils.py:423}}
Nov 09 02:02:28 user devstack@n-api.service[65228]: DEBUG nova.api.openstack.wsgi [None req-8ce59873-a378-4b4b-982a-c24708442866 tempest-VolumesSnapshotsTestJSON-473292631 tempest-VolumesSnapshotsTestJSON-473292631-project-member] Calling method '.version_select at 0x7f49f9f02440>' {{(pid=65228) _process_stack /opt/stack/nova/nova/api/openstack/wsgi.py:513}}
Nov 09 02:02:28 user devstack@n-api.service[65229]: DEBUG nova.quota [None req-bbb5de99-cd51-447c-aca9-e940e50106d5 tempest-ServerActionsTestOtherB-1383355237 tempest-ServerActionsTestOtherB-1383355237-project-member] Getting quotas for project a20628afe4aa4c0aae9c883d4531cc74. Resources: {'cores', 'instances', 'ram'} {{(pid=65229) _get_quotas /opt/stack/nova/nova/quota.py:393}}
Nov 09 02:02:28 user devstack@n-api.service[65229]: DEBUG nova.quota [None req-bbb5de99-cd51-447c-aca9-e940e50106d5 tempest-ServerActionsTestOtherB-1383355237 tempest-ServerActionsTestOtherB-1383355237-project-member] Getting quotas for user be52867f38a447129d9960106a2525f7 and project a20628afe4aa4c0aae9c883d4531cc74. Resources: {'cores', 'instances', 'ram'} {{(pid=65229) _get_quotas /opt/stack/nova/nova/quota.py:383}}
Nov 09 02:02:28 user devstack@n-api.service[65229]: DEBUG nova.compute.api [None req-bbb5de99-cd51-447c-aca9-e940e50106d5 tempest-ServerActionsTestOtherB-1383355237 tempest-ServerActionsTestOtherB-1383355237-project-member] Going to run 1 instances... {{(pid=65229) _provision_instances /opt/stack/nova/nova/compute/api.py:1404}}
Nov 09 02:02:28 user devstack@n-api.service[65228]: INFO nova.api.openstack.requestlog [None req-8ce59873-a378-4b4b-982a-c24708442866 tempest-VolumesSnapshotsTestJSON-473292631 tempest-VolumesSnapshotsTestJSON-473292631-project-member] 10.0.0.210 "GET /compute/v2.1/os-snapshots/0b156dbe-bd8c-42b7-b1e5-eed6b6261a6d" status: 200 len: 287 microversion: 2.1 time: 0.052999
Nov 09 02:02:28 user devstack@n-api.service[65229]: DEBUG nova.compute.api [None req-bbb5de99-cd51-447c-aca9-e940e50106d5 tempest-ServerActionsTestOtherB-1383355237 tempest-ServerActionsTestOtherB-1383355237-project-member] [instance: 05bf2ae1-5578-4573-b0c7-9ce14999da93] block_device_mapping [BlockDeviceMapping(attachment_id=,boot_index=0,connection_info=None,created_at=,delete_on_termination=True,deleted=,deleted_at=,destination_type='local',device_name=None,device_type='disk',disk_bus=None,encrypted=False,encryption_format=None,encryption_options=None,encryption_secret_uuid=None,guest_format=None,id=,image_id='f16943d9-f085-4472-9bf0-c9432a882a19',instance=,instance_uuid=,no_device=False,snapshot_id=None,source_type='image',tag=None,updated_at=,uuid=,volume_id=None,volume_size=None,volume_type=None)] {{(pid=65229) _bdm_validate_set_size_and_instance /opt/stack/nova/nova/compute/api.py:1865}}
Nov 09 02:02:28 user devstack@n-api.service[65228]: [pid: 65228|app: 0|req: 33/96] 10.0.0.210 () {62 vars in 1328 bytes} [Thu Nov 9 02:02:28 2023] GET /compute/v2.1/os-snapshots/0b156dbe-bd8c-42b7-b1e5-eed6b6261a6d => generated 287 bytes in 55 msecs (HTTP/1.1 200) 9 headers in 357 bytes (1 switches on core 0)
Nov 09 02:02:28 user devstack@n-api.service[65229]: INFO nova.api.openstack.requestlog [None req-bbb5de99-cd51-447c-aca9-e940e50106d5 tempest-ServerActionsTestOtherB-1383355237 tempest-ServerActionsTestOtherB-1383355237-project-member] 10.0.0.210 "POST /compute/v2.1/servers" status: 202 len: 407 microversion: 2.1 time: 1.896358
Nov 09 02:02:28 user devstack@n-api.service[65229]: [pid: 65229|app: 0|req: 29/97] 10.0.0.210 () {64 vars in 1224 bytes} [Thu Nov 9 02:02:26 2023] POST /compute/v2.1/servers => generated 407 bytes in 1912 msecs (HTTP/1.1 202) 10 headers in 450 bytes (1 switches on core 0)
Nov 09 02:02:28 user devstack@n-api.service[65229]: DEBUG nova.api.openstack.wsgi [None req-b0ef1101-7f32-4fa5-a7ff-0c2fe3390a3a tempest-ServerActionsTestOtherB-1383355237 tempest-ServerActionsTestOtherB-1383355237-project-member] Calling method '>' {{(pid=65229) _process_stack /opt/stack/nova/nova/api/openstack/wsgi.py:513}}
Nov 09 02:02:28 user devstack@n-api.service[65229]: DEBUG nova.compute.api [None req-b0ef1101-7f32-4fa5-a7ff-0c2fe3390a3a tempest-ServerActionsTestOtherB-1383355237 tempest-ServerActionsTestOtherB-1383355237-project-member] [instance: 05bf2ae1-5578-4573-b0c7-9ce14999da93] Fetching instance by UUID {{(pid=65229) get /opt/stack/nova/nova/compute/api.py:2978}}
Nov 09 02:02:28 user devstack@n-api.service[65229]: DEBUG nova.policy [None req-b0ef1101-7f32-4fa5-a7ff-0c2fe3390a3a tempest-ServerActionsTestOtherB-1383355237 tempest-ServerActionsTestOtherB-1383355237-project-member] Policy check for os_compute_api:os-extended-server-attributes failed with credentials {'is_admin': False, 'user_id': 'be52867f38a447129d9960106a2525f7', 'user_domain_id': 'default', 'system_scope': None, 'domain_id': None, 'project_id': 'a20628afe4aa4c0aae9c883d4531cc74', 'project_domain_id': 'default', 'roles': ['reader', 'member'], 'is_admin_project': True, 'service_user_id': None, 'service_user_domain_id': None, 'service_project_id': None, 'service_project_domain_id': None, 'service_roles': []} {{(pid=65229) authorize /opt/stack/nova/nova/policy.py:203}}
Nov 09 02:02:28 user devstack@n-api.service[65228]: DEBUG nova.api.openstack.wsgi [None req-17cf017c-24e7-4e58-9752-476de1bdedb4 tempest-AttachVolumeTestJSON-74588244 tempest-AttachVolumeTestJSON-74588244-project-member] Action: 'create', calling method: .version_select at 0x7f49f9f02830>, body: {"keypair": {"name": "tempest-keypair-2013555933", "public_key": "ecdsa-sha2-nistp384 AAAAE2VjZHNhLXNoYTItbmlzdHAzODQAAAAIbmlzdHAzODQAAABhBOeFx8hwZDJPVLC/7yi2YCZtSmU+lPZ4sU4DPz22Kn34g91zXnfVkUVb/rtk1jDhuNxlz3qmKFPaIURdigzR8UXaCr3ayxGABCQxbC/8c4Usz0m4p7EAc9JjVZMHy8C2IQ=="}} {{(pid=65228) _process_stack /opt/stack/nova/nova/api/openstack/wsgi.py:511}}
Nov 09 02:02:28 user devstack@n-api.service[65229]: INFO nova.api.openstack.requestlog [None req-b0ef1101-7f32-4fa5-a7ff-0c2fe3390a3a tempest-ServerActionsTestOtherB-1383355237 tempest-ServerActionsTestOtherB-1383355237-project-member] 10.0.0.210 "GET /compute/v2.1/servers/05bf2ae1-5578-4573-b0c7-9ce14999da93" status: 200 len: 1231 microversion: 2.1 time: 0.243140
Nov 09 02:02:28 user devstack@n-api.service[65229]: [pid: 65229|app: 0|req: 30/98] 10.0.0.210 () {62 vars in 1313 bytes} [Thu Nov 9 02:02:28 2023] GET /compute/v2.1/servers/05bf2ae1-5578-4573-b0c7-9ce14999da93 => generated 1231 bytes in 260 msecs (HTTP/1.1 200) 9 headers in 358 bytes (1 switches on core 0)
Nov 09 02:02:28 user devstack@n-api.service[65228]: DEBUG nova.quota [None req-17cf017c-24e7-4e58-9752-476de1bdedb4 tempest-AttachVolumeTestJSON-74588244 tempest-AttachVolumeTestJSON-74588244-project-member] Getting quotas for project be67d22752084a76b41a4e1cff3747cf. Resources: {'key_pairs'} {{(pid=65228) _get_quotas /opt/stack/nova/nova/quota.py:393}}
Nov 09 02:02:28 user devstack@n-api.service[65228]: DEBUG nova.quota [None req-17cf017c-24e7-4e58-9752-476de1bdedb4 tempest-AttachVolumeTestJSON-74588244 tempest-AttachVolumeTestJSON-74588244-project-member] Getting quotas for user 6a26a0160e8042e3a6a83bdb28a41ad0 and project be67d22752084a76b41a4e1cff3747cf. Resources: {'key_pairs'} {{(pid=65228) _get_quotas /opt/stack/nova/nova/quota.py:383}}
Nov 09 02:02:28 user devstack@n-api.service[65228]: INFO nova.api.openstack.requestlog [None req-17cf017c-24e7-4e58-9752-476de1bdedb4 tempest-AttachVolumeTestJSON-74588244 tempest-AttachVolumeTestJSON-74588244-project-member] 10.0.0.210 "POST /compute/v2.1/os-keypairs" status: 200 len: 386 microversion: 2.1 time: 0.495358
Nov 09 02:02:28 user devstack@n-api.service[65228]: [pid: 65228|app: 0|req: 34/99] 10.0.0.210 () {64 vars in 1236 bytes} [Thu Nov 9 02:02:28 2023] POST /compute/v2.1/os-keypairs => generated 386 bytes in 497 msecs (HTTP/1.1 200) 9 headers in 357 bytes (1 switches on core 0)
Nov 09 02:02:28 user devstack@n-api.service[65229]: DEBUG nova.api.openstack.wsgi [None req-ad114476-a987-42ea-9f7c-72e9431ceb17 tempest-VolumesGetTestJSON-1013274578 tempest-VolumesGetTestJSON-1013274578-project-member] Calling method '.version_select at 0x7f49fa873ac0>' {{(pid=65229) _process_stack /opt/stack/nova/nova/api/openstack/wsgi.py:513}}
Nov 09 02:02:28 user devstack@n-api.service[65229]: INFO nova.api.openstack.requestlog [None req-ad114476-a987-42ea-9f7c-72e9431ceb17 tempest-VolumesGetTestJSON-1013274578 tempest-VolumesGetTestJSON-1013274578-project-member] 10.0.0.210 "GET /compute/v2.1/os-volumes/c2f104d2-74c3-465c-88eb-b6681a3d9cd7" status: 200 len: 352 microversion: 2.1 time: 0.121645
Nov 09 02:02:28 user devstack@n-api.service[65229]: [pid: 65229|app: 0|req: 31/100] 10.0.0.210 () {62 vars in 1322 bytes} [Thu Nov 9 02:02:28 2023] GET /compute/v2.1/os-volumes/c2f104d2-74c3-465c-88eb-b6681a3d9cd7 => generated 352 bytes in 123 msecs (HTTP/1.1 200) 9 headers in 357 bytes (1 switches on core 0)
Nov 09 02:02:29 user devstack@n-api.service[65228]: DEBUG nova.api.openstack.wsgi [None req-8d221ebc-6173-4c39-a4f5-758db6d306b4 tempest-VolumesSnapshotsTestJSON-473292631 tempest-VolumesSnapshotsTestJSON-473292631-project-member] Calling method '.version_select at 0x7f49f9f03be0>' {{(pid=65228) _process_stack /opt/stack/nova/nova/api/openstack/wsgi.py:513}}
