Aug 09 16:23:24 user devstack@keystone.service[44514]: DEBUG keystone.server.flask.request_processing.middleware.auth_context [None req-b01d2a70-462c-43f7-b859-b4e9484c891f None admin] Authenticating user token {{(pid=44514) process_request /usr/local/lib/python3.10/dist-packages/keystonemiddleware/auth_token/__init__.py:406}}
Aug 09 16:23:24 user devstack@keystone.service[44515]: [pid: 44515|app: 0|req: 60/173] 10.0.0.210 () {58 vars in 1018 bytes} [Wed Aug 9 16:23:23 2023] POST /identity/v3/auth/tokens => generated 798 bytes in 85 msecs (HTTP/1.1 201) 6 headers in 363 bytes (1 switches on core 0)
Aug 09 16:23:24 user devstack@keystone.service[44515]: DEBUG keystone.server.flask.request_processing.middleware.auth_context [None req-0c478459-c251-4b76-a313-0af378749b0d None None] Authenticating user token {{(pid=44515) process_request /usr/local/lib/python3.10/dist-packages/keystonemiddleware/auth_token/__init__.py:406}}
Aug 09 16:23:24 user devstack@keystone.service[44516]: DEBUG keystone.server.flask.request_processing.middleware.auth_context [None req-54ab0457-f832-4342-b5a9-42bc22bbec25 None admin] RBAC: auth_context: {'token': , 'domain_id': None, 'trust_id': None, 'trustor_id': None, 'trustee_id': None, 'domain_name': None, 'group_ids': [], 'user_id': 'bcfad6d1b87b4c8eb69eaa7ade698d95', 'user_domain_id': 'default', 'system_scope': 'all', 'project_id': None, 'project_domain_id': None, 'roles': ['admin', 'member', 'reader'], 'is_admin_project': True, 'service_user_id': None, 'service_user_domain_id': None, 'service_project_id': None, 'service_project_domain_id': None, 'service_roles': []} {{(pid=44516) fill_context /opt/stack/keystone/keystone/server/flask/request_processing/middleware/auth_context.py:480}}
Aug 09 16:23:24 user devstack@keystone.service[44516]: DEBUG keystone.server.flask.request_processing.req_logging [None req-54ab0457-f832-4342-b5a9-42bc22bbec25 None admin] REQUEST_METHOD: `GET` {{(pid=44516) log_request_info /opt/stack/keystone/keystone/server/flask/request_processing/req_logging.py:27}}
Aug 09 16:23:24 user devstack@keystone.service[44516]: DEBUG keystone.server.flask.request_processing.req_logging [None req-54ab0457-f832-4342-b5a9-42bc22bbec25 None admin] SCRIPT_NAME: `/identity` {{(pid=44516) log_request_info /opt/stack/keystone/keystone/server/flask/request_processing/req_logging.py:28}}
Aug 09 16:23:24 user devstack@keystone.service[44516]: DEBUG keystone.server.flask.request_processing.req_logging [None req-54ab0457-f832-4342-b5a9-42bc22bbec25 None admin] PATH_INFO: `/v3/roles` {{(pid=44516) log_request_info /opt/stack/keystone/keystone/server/flask/request_processing/req_logging.py:29}}
Aug 09 16:23:24 user devstack@keystone.service[44516]: DEBUG keystone.common.rbac_enforcer.enforcer [None req-54ab0457-f832-4342-b5a9-42bc22bbec25 None admin] RBAC: Adding query filter params (name=member) {{(pid=44516) _extract_filter_values /opt/stack/keystone/keystone/common/rbac_enforcer/enforcer.py:167}}
Aug 09 16:23:24 user devstack@keystone.service[44516]: DEBUG keystone.common.rbac_enforcer.enforcer [None req-54ab0457-f832-4342-b5a9-42bc22bbec25 None admin] RBAC: Authorizing `identity:list_roles()` {{(pid=44516) enforce_call /opt/stack/keystone/keystone/common/rbac_enforcer/enforcer.py:449}}
Aug 09 16:23:24 user devstack@keystone.service[44516]: DEBUG keystone.common.rbac_enforcer.enforcer [None req-54ab0457-f832-4342-b5a9-42bc22bbec25 None admin] RBAC: Authorization granted {{(pid=44516) enforce_call /opt/stack/keystone/keystone/common/rbac_enforcer/enforcer.py:457}}
Aug 09 16:23:24 user devstack@keystone.service[44516]: [pid: 44516|app: 0|req: 57/174] 10.0.0.210 () {56 vars in 1096 bytes} [Wed Aug 9 16:23:23 2023] GET /identity/v3/roles?name=member => generated 339 bytes in 175 msecs (HTTP/1.1 200) 5 headers in 177 bytes (1 switches on core 0)
Aug 09 16:23:24 user devstack@keystone.service[44516]: DEBUG keystone.server.flask.request_processing.middleware.auth_context [None req-54ab0457-f832-4342-b5a9-42bc22bbec25 None admin] Authenticating user token {{(pid=44516) process_request /usr/local/lib/python3.10/dist-packages/keystonemiddleware/auth_token/__init__.py:406}}
Aug 09 16:23:24 user devstack@keystone.service[44514]: DEBUG keystone.server.flask.request_processing.middleware.auth_context [None req-b01d2a70-462c-43f7-b859-b4e9484c891f None admin] Validating token access rules against request {{(pid=44514) validate_allowed_request /usr/local/lib/python3.10/dist-packages/keystonemiddleware/auth_token/__init__.py:544}}
Aug 09 16:23:24 user devstack@keystone.service[44515]: DEBUG keystone.server.flask.request_processing.middleware.auth_context [None req-0c478459-c251-4b76-a313-0af378749b0d None None] Validating token access rules against request {{(pid=44515) validate_allowed_request /usr/local/lib/python3.10/dist-packages/keystonemiddleware/auth_token/__init__.py:544}}
Aug 09 16:23:24 user devstack@keystone.service[44515]: DEBUG keystone.server.flask.request_processing.middleware.auth_context [None req-8ef74f31-3139-4744-a6be-5fc840ef5798 None admin] RBAC: auth_context: {'token': , 'domain_id': None, 'trust_id': None, 'trustor_id': None, 'trustee_id': None, 'domain_name': None, 'group_ids': [], 'user_id': 'bcfad6d1b87b4c8eb69eaa7ade698d95', 'user_domain_id': 'default', 'system_scope': 'all', 'project_id': None, 'project_domain_id': None, 'roles': ['admin', 'member', 'reader'], 'is_admin_project': True, 'service_user_id': None, 'service_user_domain_id': None, 'service_project_id': None, 'service_project_domain_id': None, 'service_roles': []} {{(pid=44515) fill_context /opt/stack/keystone/keystone/server/flask/request_processing/middleware/auth_context.py:480}}
Aug 09 16:23:24 user devstack@keystone.service[44514]: DEBUG keystone.server.flask.request_processing.middleware.auth_context [None req-2f3970fa-19d9-4fd7-bc03-002df12e6b2f None admin] RBAC: auth_context: {'token': , 'domain_id': None, 'trust_id': None, 'trustor_id': None, 'trustee_id': None, 'domain_name': None, 'group_ids': [], 'user_id': 'bcfad6d1b87b4c8eb69eaa7ade698d95', 'user_domain_id': 'default', 'system_scope': 'all', 'project_id': None, 'project_domain_id': None, 'roles': ['admin', 'member', 'reader'], 'is_admin_project': True, 'service_user_id': None, 'service_user_domain_id': None, 'service_project_id': None, 'service_project_domain_id': None, 'service_roles': []} {{(pid=44514) fill_context /opt/stack/keystone/keystone/server/flask/request_processing/middleware/auth_context.py:480}}
Aug 09 16:23:24 user devstack@keystone.service[44515]: DEBUG keystone.server.flask.request_processing.req_logging [None req-8ef74f31-3139-4744-a6be-5fc840ef5798 None admin] REQUEST_METHOD: `GET` {{(pid=44515) log_request_info /opt/stack/keystone/keystone/server/flask/request_processing/req_logging.py:27}}
Aug 09 16:23:24 user devstack@keystone.service[44515]: DEBUG keystone.server.flask.request_processing.req_logging [None req-8ef74f31-3139-4744-a6be-5fc840ef5798 None admin] SCRIPT_NAME: `/identity` {{(pid=44515) log_request_info /opt/stack/keystone/keystone/server/flask/request_processing/req_logging.py:28}}
Aug 09 16:23:24 user devstack@keystone.service[44515]: DEBUG keystone.server.flask.request_processing.req_logging [None req-8ef74f31-3139-4744-a6be-5fc840ef5798 None admin] PATH_INFO: `/v3/users/64aa4697948647b6b7b59e1b1f9ee8dc` {{(pid=44515) log_request_info /opt/stack/keystone/keystone/server/flask/request_processing/req_logging.py:29}}
Aug 09 16:23:24 user devstack@keystone.service[44514]: DEBUG keystone.server.flask.request_processing.req_logging [None req-2f3970fa-19d9-4fd7-bc03-002df12e6b2f None admin] REQUEST_METHOD: `POST` {{(pid=44514) log_request_info /opt/stack/keystone/keystone/server/flask/request_processing/req_logging.py:27}}
Aug 09 16:23:24 user devstack@keystone.service[44514]: DEBUG keystone.server.flask.request_processing.req_logging [None req-2f3970fa-19d9-4fd7-bc03-002df12e6b2f None admin] SCRIPT_NAME: `/identity` {{(pid=44514) log_request_info /opt/stack/keystone/keystone/server/flask/request_processing/req_logging.py:28}}
Aug 09 16:23:24 user devstack@keystone.service[44514]: DEBUG keystone.server.flask.request_processing.req_logging [None req-2f3970fa-19d9-4fd7-bc03-002df12e6b2f None admin] PATH_INFO: `/v3/users` {{(pid=44514) log_request_info /opt/stack/keystone/keystone/server/flask/request_processing/req_logging.py:29}}
Aug 09 16:23:24 user devstack@keystone.service[44515]: DEBUG keystone.common.rbac_enforcer.enforcer [None req-8ef74f31-3139-4744-a6be-5fc840ef5798 None admin] RBAC: Authorizing `identity:get_user(user_id=64aa4697948647b6b7b59e1b1f9ee8dc)` {{(pid=44515) enforce_call /opt/stack/keystone/keystone/common/rbac_enforcer/enforcer.py:449}}
Aug 09 16:23:24 user devstack@keystone.service[44514]: DEBUG keystone.common.rbac_enforcer.enforcer [None req-2f3970fa-19d9-4fd7-bc03-002df12e6b2f None admin] RBAC: Authorizing `identity:create_user()` {{(pid=44514) enforce_call /opt/stack/keystone/keystone/common/rbac_enforcer/enforcer.py:449}}
Aug 09 16:23:24 user devstack@keystone.service[44515]: DEBUG keystone.common.rbac_enforcer.enforcer [None req-8ef74f31-3139-4744-a6be-5fc840ef5798 None admin] RBAC: Authorization granted {{(pid=44515) enforce_call /opt/stack/keystone/keystone/common/rbac_enforcer/enforcer.py:457}}
Aug 09 16:23:24 user devstack@keystone.service[44514]: DEBUG keystone.common.rbac_enforcer.enforcer [None req-2f3970fa-19d9-4fd7-bc03-002df12e6b2f None admin] RBAC: Authorization granted {{(pid=44514) enforce_call /opt/stack/keystone/keystone/common/rbac_enforcer/enforcer.py:457}}
Aug 09 16:23:24 user devstack@keystone.service[44515]: [pid: 44515|app: 0|req: 61/175] 10.0.0.210 () {56 vars in 1172 bytes} [Wed Aug 9 16:23:24 2023] GET /identity/v3/users/64aa4697948647b6b7b59e1b1f9ee8dc => generated 282 bytes in 125 msecs (HTTP/1.1 200) 5 headers in 177 bytes (1 switches on core 0)
Aug 09 16:23:24 user devstack@keystone.service[44514]: WARNING keystone.common.password_hashing [None req-2f3970fa-19d9-4fd7-bc03-002df12e6b2f None admin] Truncating password to algorithm specific maximum length 54 characters.
Aug 09 16:23:24 user devstack@keystone.service[44515]: DEBUG keystone.server.flask.request_processing.middleware.auth_context [None req-8ef74f31-3139-4744-a6be-5fc840ef5798 None admin] Authenticating user token {{(pid=44515) process_request /usr/local/lib/python3.10/dist-packages/keystonemiddleware/auth_token/__init__.py:406}}
Aug 09 16:23:24 user devstack@keystone.service[44516]: DEBUG keystone.server.flask.request_processing.middleware.auth_context [None req-54ab0457-f832-4342-b5a9-42bc22bbec25 None admin] Validating token access rules against request {{(pid=44516) validate_allowed_request /usr/local/lib/python3.10/dist-packages/keystonemiddleware/auth_token/__init__.py:544}}
Aug 09 16:23:24 user devstack@keystone.service[44514]: [pid: 44514|app: 0|req: 58/176] 10.0.0.210 () {60 vars in 1127 bytes} [Wed Aug 9 16:23:24 2023] POST /identity/v3/users => generated 296 bytes in 152 msecs (HTTP/1.1 201) 5 headers in 182 bytes (1 switches on core 0)
Aug 09 16:23:24 user devstack@keystone.service[44516]: DEBUG keystone.server.flask.request_processing.middleware.auth_context [None req-2e1ece82-f1a9-4917-a8ad-cb702f7443d8 None admin] RBAC: auth_context: {'token': , 'domain_id': None, 'trust_id': None, 'trustor_id': None, 'trustee_id': None, 'domain_name': None, 'group_ids': [], 'user_id': 'bcfad6d1b87b4c8eb69eaa7ade698d95', 'user_domain_id': 'default', 'system_scope': 'all', 'project_id': None, 'project_domain_id': None, 'roles': ['admin', 'member', 'reader'], 'is_admin_project': True, 'service_user_id': None, 'service_user_domain_id': None, 'service_project_id': None, 'service_project_domain_id': None, 'service_roles': []} {{(pid=44516) fill_context /opt/stack/keystone/keystone/server/flask/request_processing/middleware/auth_context.py:480}}
Aug 09 16:23:24 user devstack@keystone.service[44516]: DEBUG keystone.server.flask.request_processing.req_logging [None req-2e1ece82-f1a9-4917-a8ad-cb702f7443d8 None admin] REQUEST_METHOD: `GET` {{(pid=44516) log_request_info /opt/stack/keystone/keystone/server/flask/request_processing/req_logging.py:27}}
Aug 09 16:23:24 user devstack@keystone.service[44516]: DEBUG keystone.server.flask.request_processing.req_logging [None req-2e1ece82-f1a9-4917-a8ad-cb702f7443d8 None admin] SCRIPT_NAME: `/identity` {{(pid=44516) log_request_info /opt/stack/keystone/keystone/server/flask/request_processing/req_logging.py:28}}
Aug 09 16:23:24 user devstack@keystone.service[44516]: DEBUG keystone.server.flask.request_processing.req_logging [None req-2e1ece82-f1a9-4917-a8ad-cb702f7443d8 None admin] PATH_INFO: `/v3/users/69405c5999bc4591a6783a5cb7880536` {{(pid=44516) log_request_info /opt/stack/keystone/keystone/server/flask/request_processing/req_logging.py:29}}
Aug 09 16:23:24 user devstack@keystone.service[44516]: DEBUG keystone.common.rbac_enforcer.enforcer [None req-2e1ece82-f1a9-4917-a8ad-cb702f7443d8 None admin] RBAC: Authorizing `identity:get_user(user_id=69405c5999bc4591a6783a5cb7880536)` {{(pid=44516) enforce_call /opt/stack/keystone/keystone/common/rbac_enforcer/enforcer.py:449}}
Aug 09 16:23:24 user devstack@keystone.service[44516]: DEBUG keystone.common.rbac_enforcer.enforcer [None req-2e1ece82-f1a9-4917-a8ad-cb702f7443d8 None admin] RBAC: Authorization granted {{(pid=44516) enforce_call /opt/stack/keystone/keystone/common/rbac_enforcer/enforcer.py:457}}
Aug 09 16:23:24 user devstack@keystone.service[44516]: [pid: 44516|app: 0|req: 58/177] 10.0.0.210 () {56 vars in 1172 bytes} [Wed Aug 9 16:23:24 2023] GET /identity/v3/users/69405c5999bc4591a6783a5cb7880536 => generated 296 bytes in 145 msecs (HTTP/1.1 200) 5 headers in 177 bytes (1 switches on core 0)
Aug 09 16:23:24 user devstack@keystone.service[44514]: DEBUG keystone.server.flask.request_processing.middleware.auth_context [None req-2f3970fa-19d9-4fd7-bc03-002df12e6b2f None admin] Authenticating user token {{(pid=44514) process_request /usr/local/lib/python3.10/dist-packages/keystonemiddleware/auth_token/__init__.py:406}}
Aug 09 16:23:24 user devstack@keystone.service[44516]: DEBUG keystone.server.flask.request_processing.middleware.auth_context [None req-2e1ece82-f1a9-4917-a8ad-cb702f7443d8 None admin] Authenticating user token {{(pid=44516) process_request /usr/local/lib/python3.10/dist-packages/keystonemiddleware/auth_token/__init__.py:406}}
Aug 09 16:23:24 user devstack@keystone.service[44515]: DEBUG keystone.server.flask.request_processing.middleware.auth_context [None req-8ef74f31-3139-4744-a6be-5fc840ef5798 None admin] Validating token access rules against request {{(pid=44515) validate_allowed_request /usr/local/lib/python3.10/dist-packages/keystonemiddleware/auth_token/__init__.py:544}}
Aug 09 16:23:24 user devstack@keystone.service[44515]: DEBUG keystone.server.flask.request_processing.middleware.auth_context [None req-0f46b662-2463-4f38-9fa0-97eff924b620 None admin] RBAC: auth_context: {'token': , 'domain_id': None, 'trust_id': None, 'trustor_id': None, 'trustee_id': None, 'domain_name': None, 'group_ids': [], 'user_id': 'bcfad6d1b87b4c8eb69eaa7ade698d95', 'user_domain_id': 'default', 'system_scope': 'all', 'project_id': None, 'project_domain_id': None, 'roles': ['admin', 'member', 'reader'], 'is_admin_project': True, 'service_user_id': None, 'service_user_domain_id': None, 'service_project_id': None, 'service_project_domain_id': None, 'service_roles': []} {{(pid=44515) fill_context /opt/stack/keystone/keystone/server/flask/request_processing/middleware/auth_context.py:480}}
Aug 09 16:23:24 user devstack@keystone.service[44515]: DEBUG keystone.server.flask.request_processing.req_logging [None req-0f46b662-2463-4f38-9fa0-97eff924b620 None admin] REQUEST_METHOD: `GET` {{(pid=44515) log_request_info /opt/stack/keystone/keystone/server/flask/request_processing/req_logging.py:27}}
Aug 09 16:23:24 user devstack@keystone.service[44515]: DEBUG keystone.server.flask.request_processing.req_logging [None req-0f46b662-2463-4f38-9fa0-97eff924b620 None admin] SCRIPT_NAME: `/identity` {{(pid=44515) log_request_info /opt/stack/keystone/keystone/server/flask/request_processing/req_logging.py:28}}
Aug 09 16:23:24 user devstack@keystone.service[44515]: DEBUG keystone.server.flask.request_processing.req_logging [None req-0f46b662-2463-4f38-9fa0-97eff924b620 None admin] PATH_INFO: `/v3/auth/tokens` {{(pid=44515) log_request_info /opt/stack/keystone/keystone/server/flask/request_processing/req_logging.py:29}}
Aug 09 16:23:24 user devstack@keystone.service[44514]: DEBUG keystone.server.flask.request_processing.middleware.auth_context [None req-2f3970fa-19d9-4fd7-bc03-002df12e6b2f None admin] Validating token access rules against request {{(pid=44514) validate_allowed_request /usr/local/lib/python3.10/dist-packages/keystonemiddleware/auth_token/__init__.py:544}}
Aug 09 16:23:24 user devstack@keystone.service[44515]: DEBUG keystone.common.rbac_enforcer.enforcer [None req-0f46b662-2463-4f38-9fa0-97eff924b620 None admin] RBAC: Authorizing `identity:validate_token()` {{(pid=44515) enforce_call /opt/stack/keystone/keystone/common/rbac_enforcer/enforcer.py:449}}
Aug 09 16:23:24 user devstack@keystone.service[44515]: DEBUG keystone.common.rbac_enforcer.enforcer [None req-0f46b662-2463-4f38-9fa0-97eff924b620 None admin] RBAC: Authorization granted {{(pid=44515) enforce_call /opt/stack/keystone/keystone/common/rbac_enforcer/enforcer.py:457}}
Aug 09 16:23:24 user devstack@keystone.service[44516]: DEBUG keystone.server.flask.request_processing.middleware.auth_context [None req-2e1ece82-f1a9-4917-a8ad-cb702f7443d8 None admin] Validating token access rules against request {{(pid=44516) validate_allowed_request /usr/local/lib/python3.10/dist-packages/keystonemiddleware/auth_token/__init__.py:544}}
Aug 09 16:23:24 user devstack@keystone.service[44514]: DEBUG keystone.server.flask.request_processing.middleware.auth_context [None req-5f23489a-ac09-4bd1-bd83-4a334d94a73b None admin] RBAC: auth_context: {'token': , 'domain_id': None, 'trust_id': None, 'trustor_id': None, 'trustee_id': None, 'domain_name': None, 'group_ids': [], 'user_id': 'bcfad6d1b87b4c8eb69eaa7ade698d95', 'user_domain_id': 'default', 'system_scope': 'all', 'project_id': None, 'project_domain_id': None, 'roles': ['admin', 'member', 'reader'], 'is_admin_project': True, 'service_user_id': None, 'service_user_domain_id': None, 'service_project_id': None, 'service_project_domain_id': None, 'service_roles': []} {{(pid=44514) fill_context /opt/stack/keystone/keystone/server/flask/request_processing/middleware/auth_context.py:480}}
Aug 09 16:23:24 user devstack@keystone.service[44514]: DEBUG keystone.server.flask.request_processing.req_logging [None req-5f23489a-ac09-4bd1-bd83-4a334d94a73b None admin] REQUEST_METHOD: `GET` {{(pid=44514) log_request_info /opt/stack/keystone/keystone/server/flask/request_processing/req_logging.py:27}}
Aug 09 16:23:24 user devstack@keystone.service[44514]: DEBUG keystone.server.flask.request_processing.req_logging [None req-5f23489a-ac09-4bd1-bd83-4a334d94a73b None admin] SCRIPT_NAME: `/identity` {{(pid=44514) log_request_info /opt/stack/keystone/keystone/server/flask/request_processing/req_logging.py:28}}
Aug 09 16:23:24 user devstack@keystone.service[44514]: DEBUG keystone.server.flask.request_processing.req_logging [None req-5f23489a-ac09-4bd1-bd83-4a334d94a73b None admin] PATH_INFO: `/v3/projects/7c0e107dca244596921b901a714bf6cf` {{(pid=44514) log_request_info /opt/stack/keystone/keystone/server/flask/request_processing/req_logging.py:29}}
Aug 09 16:23:24 user devstack@keystone.service[44514]: DEBUG keystone.common.rbac_enforcer.enforcer [None req-5f23489a-ac09-4bd1-bd83-4a334d94a73b None admin] RBAC: Authorizing `identity:get_project(project_id=7c0e107dca244596921b901a714bf6cf)` {{(pid=44514) enforce_call /opt/stack/keystone/keystone/common/rbac_enforcer/enforcer.py:449}}
Aug 09 16:23:24 user devstack@keystone.service[44514]: DEBUG keystone.common.rbac_enforcer.enforcer [None req-5f23489a-ac09-4bd1-bd83-4a334d94a73b None admin] RBAC: Authorization granted {{(pid=44514) enforce_call /opt/stack/keystone/keystone/common/rbac_enforcer/enforcer.py:457}}
Aug 09 16:23:24 user devstack@keystone.service[44514]: [pid: 44514|app: 0|req: 59/178] 10.0.0.210 () {56 vars in 1181 bytes} [Wed Aug 9 16:23:24 2023] GET /identity/v3/projects/7c0e107dca244596921b901a714bf6cf => generated 301 bytes in 133 msecs (HTTP/1.1 200) 5 headers in 177 bytes (1 switches on core 0)
Aug 09 16:23:24 user devstack@keystone.service[44514]: DEBUG keystone.server.flask.request_processing.middleware.auth_context [None req-5f23489a-ac09-4bd1-bd83-4a334d94a73b None admin] Authenticating user token {{(pid=44514) process_request /usr/local/lib/python3.10/dist-packages/keystonemiddleware/auth_token/__init__.py:406}}
Aug 09 16:23:24 user devstack@keystone.service[44516]: DEBUG keystone.server.flask.request_processing.middleware.auth_context [None req-31f22157-2caa-404a-b580-6a4b81bf92ca None admin] RBAC: auth_context: {'token': , 'domain_id': None, 'trust_id': None, 'trustor_id': None, 'trustee_id': None, 'domain_name': None, 'group_ids': [], 'user_id': 'bcfad6d1b87b4c8eb69eaa7ade698d95', 'user_domain_id': 'default', 'system_scope': 'all', 'project_id': None, 'project_domain_id': None, 'roles': ['admin', 'member', 'reader'], 'is_admin_project': True, 'service_user_id': None, 'service_user_domain_id': None, 'service_project_id': None, 'service_project_domain_id': None, 'service_roles': []} {{(pid=44516) fill_context /opt/stack/keystone/keystone/server/flask/request_processing/middleware/auth_context.py:480}}
Aug 09 16:23:24 user devstack@keystone.service[44516]: DEBUG keystone.server.flask.request_processing.req_logging [None req-31f22157-2caa-404a-b580-6a4b81bf92ca None admin] REQUEST_METHOD: `GET` {{(pid=44516) log_request_info /opt/stack/keystone/keystone/server/flask/request_processing/req_logging.py:27}}
Aug 09 16:23:24 user devstack@keystone.service[44516]: DEBUG keystone.server.flask.request_processing.req_logging [None req-31f22157-2caa-404a-b580-6a4b81bf92ca None admin] SCRIPT_NAME: `/identity` {{(pid=44516) log_request_info /opt/stack/keystone/keystone/server/flask/request_processing/req_logging.py:28}}
Aug 09 16:23:24 user devstack@keystone.service[44516]: DEBUG keystone.server.flask.request_processing.req_logging [None req-31f22157-2caa-404a-b580-6a4b81bf92ca None admin] PATH_INFO: `/v3/roles/anotherrole` {{(pid=44516) log_request_info /opt/stack/keystone/keystone/server/flask/request_processing/req_logging.py:29}}
Aug 09 16:23:24 user devstack@keystone.service[44516]: DEBUG keystone.common.rbac_enforcer.enforcer [None req-31f22157-2caa-404a-b580-6a4b81bf92ca None admin] Extracting inferred target data resulted in "NOT FOUND (404)". {{(pid=44516) enforce_call /opt/stack/keystone/keystone/common/rbac_enforcer/enforcer.py:409}}
Aug 09 16:23:24 user devstack@keystone.service[44516]: ERROR keystone.server.flask.application [None req-31f22157-2caa-404a-b580-6a4b81bf92ca None admin] Could not find role: anotherrole.: keystone.exception.RoleNotFound: Could not find role: anotherrole.
Aug 09 16:23:24 user devstack@keystone.service[44516]: ERROR keystone.server.flask.application
Traceback (most recent call last):
Aug 09 16:23:24 user devstack@keystone.service[44516]: ERROR keystone.server.flask.application
File "/usr/local/lib/python3.10/dist-packages/flask/app.py", line 1823, in full_dispatch_request
Aug 09 16:23:24 user devstack@keystone.service[44516]: ERROR keystone.server.flask.application rv = self.dispatch_request()
Aug 09 16:23:24 user devstack@keystone.service[44516]: ERROR keystone.server.flask.application
File "/usr/local/lib/python3.10/dist-packages/flask/app.py", line 1799, in dispatch_request
Aug 09 16:23:24 user devstack@keystone.service[44516]: ERROR keystone.server.flask.application return self.ensure_sync(self.view_functions[rule.endpoint])(**view_args)
Aug 09 16:23:24 user devstack@keystone.service[44516]: ERROR keystone.server.flask.application
File "/usr/local/lib/python3.10/dist-packages/flask_restful/__init__.py", line 467, in wrapper
Aug 09 16:23:24 user devstack@keystone.service[44516]: ERROR keystone.server.flask.application resp = resource(*args, **kwargs)
Aug 09 16:23:24 user devstack@keystone.service[44516]: ERROR keystone.server.flask.application
File "/usr/local/lib/python3.10/dist-packages/flask/views.py", line 107, in view
Aug 09 16:23:24 user devstack@keystone.service[44516]: ERROR keystone.server.flask.application return current_app.ensure_sync(self.dispatch_request)(**kwargs)
Aug 09 16:23:24 user devstack@keystone.service[44516]: ERROR keystone.server.flask.application
File "/usr/local/lib/python3.10/dist-packages/flask_restful/__init__.py", line 582, in dispatch_request
Aug 09 16:23:24 user devstack@keystone.service[44516]: ERROR keystone.server.flask.application resp = meth(*args, **kwargs)
Aug 09 16:23:24 user devstack@keystone.service[44516]: ERROR keystone.server.flask.application
File "/opt/stack/keystone/keystone/api/roles.py", line 50, in get
Aug 09 16:23:24 user devstack@keystone.service[44516]: ERROR keystone.server.flask.application return self._get_role(role_id)
Aug 09 16:23:24 user devstack@keystone.service[44516]: ERROR keystone.server.flask.application
File "/opt/stack/keystone/keystone/api/roles.py", line 70, in _get_role
Aug 09 16:23:24 user devstack@keystone.service[44516]: ERROR keystone.server.flask.application ENFORCER.enforce_call(action='identity:get_role')
Aug 09 16:23:24 user devstack@keystone.service[44516]: ERROR keystone.server.flask.application
File "/opt/stack/keystone/keystone/common/rbac_enforcer/enforcer.py", line 402, in enforce_call
Aug 09 16:23:24 user devstack@keystone.service[44516]: ERROR keystone.server.flask.application policy_dict.update(cls._extract_member_target_data(
Aug 09 16:23:24 user devstack@keystone.service[44516]: ERROR keystone.server.flask.application
File "/opt/stack/keystone/keystone/common/rbac_enforcer/enforcer.py", line 234, in _extract_member_target_data
Aug 09 16:23:24 user devstack@keystone.service[44516]: ERROR keystone.server.flask.application member_name: func(flask.request.view_args[key])
Aug 09 16:23:24 user devstack@keystone.service[44516]: ERROR keystone.server.flask.application
File "/opt/stack/keystone/keystone/common/manager.py", line 115, in wrapped
Aug 09 16:23:24 user devstack@keystone.service[44516]: ERROR keystone.server.flask.application __ret_val = __f(*args, **kwargs)
Aug 09 16:23:24 user devstack@keystone.service[44516]: ERROR keystone.server.flask.application
File "/usr/local/lib/python3.10/dist-packages/decorator.py", line 232, in fun
Aug 09 16:23:24 user devstack@keystone.service[44516]: ERROR keystone.server.flask.application return caller(func, *(extras + args), **kw)
Aug 09 16:23:24 user devstack@keystone.service[44516]: ERROR keystone.server.flask.application
File "/usr/local/lib/python3.10/dist-packages/dogpile/cache/region.py", line 1577, in get_or_create_for_user_func
Aug 09 16:23:24 user devstack@keystone.service[44516]: ERROR keystone.server.flask.application return self.get_or_create(
Aug 09 16:23:24 user devstack@keystone.service[44516]: ERROR keystone.server.flask.application
File "/usr/local/lib/python3.10/dist-packages/dogpile/cache/region.py", line 1042, in get_or_create
Aug 09 16:23:24 user devstack@keystone.service[44516]: ERROR keystone.server.flask.application with Lock(
Aug 09 16:23:24 user devstack@keystone.service[44516]: ERROR keystone.server.flask.application
File "/usr/local/lib/python3.10/dist-packages/dogpile/lock.py", line 185, in __enter__
Aug 09 16:23:24 user devstack@keystone.service[44516]: ERROR keystone.server.flask.application return self._enter()
Aug 09 16:23:24 user devstack@keystone.service[44516]: ERROR keystone.server.flask.application
File "/usr/local/lib/python3.10/dist-packages/dogpile/lock.py", line 94, in _enter
Aug 09 16:23:24 user devstack@keystone.service[44516]: ERROR keystone.server.flask.application generated = self._enter_create(value, createdtime)
Aug 09 16:23:24 user devstack@keystone.service[44516]: ERROR keystone.server.flask.application
File "/usr/local/lib/python3.10/dist-packages/dogpile/lock.py", line 178, in _enter_create
Aug 09 16:23:24 user devstack@keystone.service[44516]: ERROR keystone.server.flask.application return self.creator()
Aug 09 16:23:24 user devstack@keystone.service[44516]: ERROR keystone.server.flask.application
File "/usr/local/lib/python3.10/dist-packages/dogpile/cache/region.py", line 995, in gen_value
Aug 09 16:23:24 user devstack@keystone.service[44516]: ERROR keystone.server.flask.application created_value = creator(
Aug 09 16:23:24 user devstack@keystone.service[44516]: ERROR keystone.server.flask.application
File "/opt/stack/keystone/keystone/assignment/core.py", line 1276, in get_role
Aug 09 16:23:24 user devstack@keystone.service[44516]: ERROR keystone.server.flask.application return self.driver.get_role(role_id)
Aug 09 16:23:24 user devstack@keystone.service[44516]: ERROR keystone.server.flask.application
File "/opt/stack/keystone/keystone/assignment/role_backends/sql.py", line 70, in get_role
Aug 09 16:23:24 user devstack@keystone.service[44516]: ERROR keystone.server.flask.application return self._get_role(session, role_id).to_dict()
Aug 09 16:23:24 user devstack@keystone.service[44516]: ERROR keystone.server.flask.application
File "/opt/stack/keystone/keystone/assignment/role_backends/sql.py", line 65, in _get_role
Aug 09 16:23:24 user devstack@keystone.service[44516]: ERROR keystone.server.flask.application raise exception.RoleNotFound(role_id=role_id)
Aug 09 16:23:24 user devstack@keystone.service[44516]: ERROR keystone.server.flask.application keystone.exception.RoleNotFound: Could not find role: anotherrole.
Aug 09 16:23:24 user devstack@keystone.service[44516]: ERROR keystone.server.flask.application
Aug 09 16:23:24 user devstack@keystone.service[44516]: [pid: 44516|app: 0|req: 59/179] 10.0.0.210 () {56 vars in 1109 bytes} [Wed Aug 9 16:23:24 2023] GET /identity/v3/roles/anotherrole => generated 89 bytes in 153 msecs (HTTP/1.1 404) 5 headers in 183 bytes (1 switches on core 0)
Aug 09 16:23:24 user devstack@keystone.service[44516]: DEBUG keystone.server.flask.request_processing.middleware.auth_context [None req-31f22157-2caa-404a-b580-6a4b81bf92ca None admin] Authenticating user token {{(pid=44516) process_request /usr/local/lib/python3.10/dist-packages/keystonemiddleware/auth_token/__init__.py:406}}
Aug 09 16:23:24 user devstack@keystone.service[44515]: [pid: 44515|app: 0|req: 62/180] 10.0.0.210 () {58 vars in 1277 bytes} [Wed Aug 9 16:23:24 2023] GET /identity/v3/auth/tokens => generated 798 bytes in 284 msecs (HTTP/1.1 200) 6 headers in 358 bytes (2 switches on core 0)
Aug 09 16:23:24 user devstack@keystone.service[44515]: DEBUG keystone.server.flask.request_processing.middleware.auth_context [None req-0f46b662-2463-4f38-9fa0-97eff924b620 None admin] Authenticating user token {{(pid=44515) process_request /usr/local/lib/python3.10/dist-packages/keystonemiddleware/auth_token/__init__.py:406}}
Aug 09 16:23:24 user devstack@keystone.service[44514]: DEBUG keystone.server.flask.request_processing.middleware.auth_context [None req-5f23489a-ac09-4bd1-bd83-4a334d94a73b None admin] Validating token access rules against request {{(pid=44514) validate_allowed_request /usr/local/lib/python3.10/dist-packages/keystonemiddleware/auth_token/__init__.py:544}}
Aug 09 16:23:24 user devstack@keystone.service[44514]: DEBUG keystone.server.flask.request_processing.middleware.auth_context [None req-559ae2ca-659f-49f6-b0c8-34c3c48d9c43 None admin] RBAC: auth_context: {'token': , 'domain_id': None, 'trust_id': None, 'trustor_id': None, 'trustee_id': None, 'domain_name': None, 'group_ids': [], 'user_id': 'bcfad6d1b87b4c8eb69eaa7ade698d95', 'user_domain_id': 'default', 'system_scope': 'all', 'project_id': None, 'project_domain_id': None, 'roles': ['admin', 'member', 'reader'], 'is_admin_project': True, 'service_user_id': None, 'service_user_domain_id': None, 'service_project_id': None, 'service_project_domain_id': None, 'service_roles': []} {{(pid=44514) fill_context /opt/stack/keystone/keystone/server/flask/request_processing/middleware/auth_context.py:480}}
Aug 09 16:23:24 user devstack@keystone.service[44514]: DEBUG keystone.server.flask.request_processing.req_logging [None req-559ae2ca-659f-49f6-b0c8-34c3c48d9c43 None admin] REQUEST_METHOD: `PUT` {{(pid=44514) log_request_info /opt/stack/keystone/keystone/server/flask/request_processing/req_logging.py:27}}
Aug 09 16:23:24 user devstack@keystone.service[44514]: DEBUG keystone.server.flask.request_processing.req_logging [None req-559ae2ca-659f-49f6-b0c8-34c3c48d9c43 None admin] SCRIPT_NAME: `/identity` {{(pid=44514) log_request_info /opt/stack/keystone/keystone/server/flask/request_processing/req_logging.py:28}}
Aug 09 16:23:24 user devstack@keystone.service[44514]: DEBUG keystone.server.flask.request_processing.req_logging [None req-559ae2ca-659f-49f6-b0c8-34c3c48d9c43 None admin] PATH_INFO: `/v3/projects/7c0e107dca244596921b901a714bf6cf/users/69405c5999bc4591a6783a5cb7880536/roles/296e1cf7901a4e87b8dba2be5624c5f0` {{(pid=44514) log_request_info /opt/stack/keystone/keystone/server/flask/request_processing/req_logging.py:29}}
Aug 09 16:23:24 user devstack@keystone.service[44514]: DEBUG keystone.common.rbac_enforcer.enforcer [None req-559ae2ca-659f-49f6-b0c8-34c3c48d9c43 None admin] RBAC: Authorizing `identity:create_grant(project_id=7c0e107dca244596921b901a714bf6cf, user_id=69405c5999bc4591a6783a5cb7880536, role_id=296e1cf7901a4e87b8dba2be5624c5f0)` {{(pid=44514) enforce_call /opt/stack/keystone/keystone/common/rbac_enforcer/enforcer.py:449}}
Aug 09 16:23:24 user devstack@keystone.service[44514]: DEBUG keystone.common.rbac_enforcer.enforcer [None req-559ae2ca-659f-49f6-b0c8-34c3c48d9c43 None admin] RBAC: Authorization granted {{(pid=44514) enforce_call /opt/stack/keystone/keystone/common/rbac_enforcer/enforcer.py:457}}
Aug 09 16:23:24 user devstack@keystone.service[44514]: [pid: 44514|app: 0|req: 60/181] 10.0.0.210 () {58 vars in 1434 bytes} [Wed Aug 9 16:23:24 2023] PUT /identity/v3/projects/7c0e107dca244596921b901a714bf6cf/users/69405c5999bc4591a6783a5cb7880536/roles/296e1cf7901a4e87b8dba2be5624c5f0 => generated 0 bytes in 135 msecs (HTTP/1.1 204) 3 headers in 132 bytes (0 switches on core 0)
Aug 09 16:23:24 user devstack@keystone.service[44516]: DEBUG keystone.server.flask.request_processing.middleware.auth_context [None req-31f22157-2caa-404a-b580-6a4b81bf92ca None admin] Validating token access rules against request {{(pid=44516) validate_allowed_request /usr/local/lib/python3.10/dist-packages/keystonemiddleware/auth_token/__init__.py:544}}
Aug 09 16:23:24 user devstack@keystone.service[44516]: DEBUG keystone.server.flask.request_processing.middleware.auth_context [None req-cce09d0f-7be3-441e-99e4-0f8d8c507c40 None admin] RBAC: auth_context: {'token': , 'domain_id': None, 'trust_id': None, 'trustor_id': None, 'trustee_id': None, 'domain_name': None, 'group_ids': [], 'user_id': 'bcfad6d1b87b4c8eb69eaa7ade698d95', 'user_domain_id': 'default', 'system_scope': 'all', 'project_id': None, 'project_domain_id': None, 'roles': ['admin', 'member', 'reader'], 'is_admin_project': True, 'service_user_id': None, 'service_user_domain_id': None, 'service_project_id': None, 'service_project_domain_id': None, 'service_roles': []} {{(pid=44516) fill_context /opt/stack/keystone/keystone/server/flask/request_processing/middleware/auth_context.py:480}}
Aug 09 16:23:24 user devstack@keystone.service[44516]: DEBUG keystone.server.flask.request_processing.req_logging [None req-cce09d0f-7be3-441e-99e4-0f8d8c507c40 None admin] REQUEST_METHOD: `GET` {{(pid=44516) log_request_info /opt/stack/keystone/keystone/server/flask/request_processing/req_logging.py:27}}
Aug 09 16:23:24 user devstack@keystone.service[44516]: DEBUG keystone.server.flask.request_processing.req_logging [None req-cce09d0f-7be3-441e-99e4-0f8d8c507c40 None admin] SCRIPT_NAME: `/identity` {{(pid=44516) log_request_info /opt/stack/keystone/keystone/server/flask/request_processing/req_logging.py:28}}
Aug 09 16:23:24 user devstack@keystone.service[44516]: DEBUG keystone.server.flask.request_processing.req_logging [None req-cce09d0f-7be3-441e-99e4-0f8d8c507c40 None admin] PATH_INFO: `/v3/roles` {{(pid=44516) log_request_info /opt/stack/keystone/keystone/server/flask/request_processing/req_logging.py:29}}
Aug 09 16:23:24 user devstack@keystone.service[44516]: DEBUG keystone.common.rbac_enforcer.enforcer [None req-cce09d0f-7be3-441e-99e4-0f8d8c507c40 None admin] RBAC: Adding query filter params (name=anotherrole) {{(pid=44516) _extract_filter_values /opt/stack/keystone/keystone/common/rbac_enforcer/enforcer.py:167}}
Aug 09 16:23:24 user devstack@keystone.service[44516]: DEBUG keystone.common.rbac_enforcer.enforcer [None req-cce09d0f-7be3-441e-99e4-0f8d8c507c40 None admin] RBAC: Authorizing `identity:list_roles()` {{(pid=44516) enforce_call /opt/stack/keystone/keystone/common/rbac_enforcer/enforcer.py:449}}
Aug 09 16:23:24 user devstack@keystone.service[44516]: DEBUG keystone.common.rbac_enforcer.enforcer [None req-cce09d0f-7be3-441e-99e4-0f8d8c507c40 None admin] RBAC: Authorization granted {{(pid=44516) enforce_call /opt/stack/keystone/keystone/common/rbac_enforcer/enforcer.py:457}}
Aug 09 16:23:24 user devstack@keystone.service[44515]: DEBUG keystone.server.flask.request_processing.middleware.auth_context [None req-0f46b662-2463-4f38-9fa0-97eff924b620 None admin] Validating token access rules against request {{(pid=44515) validate_allowed_request /usr/local/lib/python3.10/dist-packages/keystonemiddleware/auth_token/__init__.py:544}}
Aug 09 16:23:24 user devstack@keystone.service[44516]: [pid: 44516|app: 0|req: 60/182] 10.0.0.210 () {56 vars in 1106 bytes} [Wed Aug 9 16:23:24 2023] GET /identity/v3/roles?name=anotherrole => generated 332 bytes in 144 msecs (HTTP/1.1 200) 5 headers in 177 bytes (2 switches on core 0)
Aug 09 16:23:24 user devstack@keystone.service[44514]: DEBUG keystone.server.flask.request_processing.middleware.auth_context [None req-559ae2ca-659f-49f6-b0c8-34c3c48d9c43 None admin] Authenticating user token {{(pid=44514) process_request /usr/local/lib/python3.10/dist-packages/keystonemiddleware/auth_token/__init__.py:406}}
Aug 09 16:23:24 user devstack@keystone.service[44515]: DEBUG keystone.server.flask.request_processing.middleware.auth_context [None req-629dad95-f3f0-4706-8b13-8c64e20987b8 None admin] RBAC: auth_context: {'token': , 'domain_id': None, 'trust_id': None, 'trustor_id': None, 'trustee_id': None, 'domain_name': None, 'group_ids': [], 'user_id': 'bcfad6d1b87b4c8eb69eaa7ade698d95', 'user_domain_id': 'default', 'system_scope': 'all', 'project_id': None, 'project_domain_id': None, 'roles': ['admin', 'member', 'reader'], 'is_admin_project': True, 'service_user_id': None, 'service_user_domain_id': None, 'service_project_id': None, 'service_project_domain_id': None, 'service_roles': []} {{(pid=44515) fill_context /opt/stack/keystone/keystone/server/flask/request_processing/middleware/auth_context.py:480}}
Aug 09 16:23:24 user devstack@keystone.service[44515]: DEBUG keystone.server.flask.request_processing.req_logging [None req-629dad95-f3f0-4706-8b13-8c64e20987b8 None admin] REQUEST_METHOD: `GET` {{(pid=44515) log_request_info /opt/stack/keystone/keystone/server/flask/request_processing/req_logging.py:27}}
Aug 09 16:23:24 user devstack@keystone.service[44515]: DEBUG keystone.server.flask.request_processing.req_logging [None req-629dad95-f3f0-4706-8b13-8c64e20987b8 None admin] SCRIPT_NAME: `/identity` {{(pid=44515) log_request_info /opt/stack/keystone/keystone/server/flask/request_processing/req_logging.py:28}}
Aug 09 16:23:24 user devstack@keystone.service[44515]: DEBUG keystone.server.flask.request_processing.req_logging [None req-629dad95-f3f0-4706-8b13-8c64e20987b8 None admin] PATH_INFO: `/v3/projects/7c0e107dca244596921b901a714bf6cf` {{(pid=44515) log_request_info /opt/stack/keystone/keystone/server/flask/request_processing/req_logging.py:29}}
Aug 09 16:23:24 user devstack@keystone.service[44515]: DEBUG keystone.common.rbac_enforcer.enforcer [None req-629dad95-f3f0-4706-8b13-8c64e20987b8 None admin] RBAC: Authorizing `identity:get_project(project_id=7c0e107dca244596921b901a714bf6cf)` {{(pid=44515) enforce_call /opt/stack/keystone/keystone/common/rbac_enforcer/enforcer.py:449}}
Aug 09 16:23:24 user devstack@keystone.service[44515]: DEBUG keystone.common.rbac_enforcer.enforcer [None req-629dad95-f3f0-4706-8b13-8c64e20987b8 None admin] RBAC: Authorization granted {{(pid=44515) enforce_call /opt/stack/keystone/keystone/common/rbac_enforcer/enforcer.py:457}}
Aug 09 16:23:24 user devstack@keystone.service[44515]: [pid: 44515|app: 0|req: 63/183] 10.0.0.210 () {56 vars in 1181 bytes} [Wed Aug 9 16:23:24 2023] GET /identity/v3/projects/7c0e107dca244596921b901a714bf6cf => generated 301 bytes in 135 msecs (HTTP/1.1 200) 5 headers in 177 bytes (2 switches on core 0)
Aug 09 16:23:24 user devstack@keystone.service[44516]: DEBUG keystone.server.flask.request_processing.middleware.auth_context [None req-cce09d0f-7be3-441e-99e4-0f8d8c507c40 None admin] Authenticating user token {{(pid=44516) process_request /usr/local/lib/python3.10/dist-packages/keystonemiddleware/auth_token/__init__.py:406}}
Aug 09 16:23:24 user devstack@keystone.service[44514]: DEBUG keystone.server.flask.request_processing.middleware.auth_context [None req-559ae2ca-659f-49f6-b0c8-34c3c48d9c43 None admin] Validating token access rules against request {{(pid=44514) validate_allowed_request /usr/local/lib/python3.10/dist-packages/keystonemiddleware/auth_token/__init__.py:544}}
Aug 09 16:23:24 user devstack@keystone.service[44514]: DEBUG keystone.server.flask.request_processing.middleware.auth_context [None req-e8bf45ef-5ecd-4530-9a10-ac86fefcb692 None admin] RBAC: auth_context: {'token': , 'domain_id': None, 'trust_id': None, 'trustor_id': None, 'trustee_id': None, 'domain_name': None, 'group_ids': [], 'user_id': 'bcfad6d1b87b4c8eb69eaa7ade698d95', 'user_domain_id': 'default', 'system_scope': 'all', 'project_id': None, 'project_domain_id': None, 'roles': ['admin', 'member', 'reader'], 'is_admin_project': True, 'service_user_id': None, 'service_user_domain_id': None, 'service_project_id': None, 'service_project_domain_id': None, 'service_roles': []} {{(pid=44514) fill_context /opt/stack/keystone/keystone/server/flask/request_processing/middleware/auth_context.py:480}}
Aug 09 16:23:24 user devstack@keystone.service[44514]: DEBUG keystone.server.flask.request_processing.req_logging [None req-e8bf45ef-5ecd-4530-9a10-ac86fefcb692 None admin] REQUEST_METHOD: `GET` {{(pid=44514) log_request_info /opt/stack/keystone/keystone/server/flask/request_processing/req_logging.py:27}}
Aug 09 16:23:24 user devstack@keystone.service[44514]: DEBUG keystone.server.flask.request_processing.req_logging [None req-e8bf45ef-5ecd-4530-9a10-ac86fefcb692 None admin] SCRIPT_NAME: `/identity` {{(pid=44514) log_request_info /opt/stack/keystone/keystone/server/flask/request_processing/req_logging.py:28}}
Aug 09 16:23:24 user devstack@keystone.service[44514]: DEBUG keystone.server.flask.request_processing.req_logging [None req-e8bf45ef-5ecd-4530-9a10-ac86fefcb692 None admin] PATH_INFO: `/v3/users/64aa4697948647b6b7b59e1b1f9ee8dc` {{(pid=44514) log_request_info /opt/stack/keystone/keystone/server/flask/request_processing/req_logging.py:29}}
Aug 09 16:23:24 user devstack@keystone.service[44514]: DEBUG keystone.common.rbac_enforcer.enforcer [None req-e8bf45ef-5ecd-4530-9a10-ac86fefcb692 None admin] RBAC: Authorizing `identity:get_user(user_id=64aa4697948647b6b7b59e1b1f9ee8dc)` {{(pid=44514) enforce_call /opt/stack/keystone/keystone/common/rbac_enforcer/enforcer.py:449}}
Aug 09 16:23:24 user devstack@keystone.service[44514]: DEBUG keystone.common.rbac_enforcer.enforcer [None req-e8bf45ef-5ecd-4530-9a10-ac86fefcb692 None admin] RBAC: Authorization granted {{(pid=44514) enforce_call /opt/stack/keystone/keystone/common/rbac_enforcer/enforcer.py:457}}
Aug 09 16:23:24 user devstack@keystone.service[44514]: [pid: 44514|app: 0|req: 61/184] 10.0.0.210 () {56 vars in 1172 bytes} [Wed Aug 9 16:23:24 2023] GET /identity/v3/users/64aa4697948647b6b7b59e1b1f9ee8dc => generated 282 bytes in 149 msecs (HTTP/1.1 200) 5 headers in 177 bytes (1 switches on core 0)
Aug 09 16:23:24 user devstack@keystone.service[44516]: DEBUG keystone.server.flask.request_processing.middleware.auth_context [None req-cce09d0f-7be3-441e-99e4-0f8d8c507c40 None admin] Validating token access rules against request {{(pid=44516) validate_allowed_request /usr/local/lib/python3.10/dist-packages/keystonemiddleware/auth_token/__init__.py:544}}
Aug 09 16:23:24 user devstack@keystone.service[44515]: DEBUG keystone.server.flask.request_processing.middleware.auth_context [None req-629dad95-f3f0-4706-8b13-8c64e20987b8 None admin] Authenticating user token {{(pid=44515) process_request /usr/local/lib/python3.10/dist-packages/keystonemiddleware/auth_token/__init__.py:406}}
Aug 09 16:23:24 user devstack@keystone.service[44516]: DEBUG keystone.server.flask.request_processing.middleware.auth_context [None req-5c94ae8f-0e89-4648-a757-38fc82610021 None admin] RBAC: auth_context: {'token': , 'domain_id': None, 'trust_id': None, 'trustor_id': None, 'trustee_id': None, 'domain_name': None, 'group_ids': [], 'user_id': 'bcfad6d1b87b4c8eb69eaa7ade698d95', 'user_domain_id': 'default', 'system_scope': 'all', 'project_id': None, 'project_domain_id': None, 'roles': ['admin', 'member', 'reader'], 'is_admin_project': True, 'service_user_id': None, 'service_user_domain_id': None, 'service_project_id': None, 'service_project_domain_id': None, 'service_roles': []} {{(pid=44516) fill_context /opt/stack/keystone/keystone/server/flask/request_processing/middleware/auth_context.py:480}}
Aug 09 16:23:24 user devstack@keystone.service[44516]: DEBUG keystone.server.flask.request_processing.req_logging [None req-5c94ae8f-0e89-4648-a757-38fc82610021 None admin] REQUEST_METHOD: `GET` {{(pid=44516) log_request_info /opt/stack/keystone/keystone/server/flask/request_processing/req_logging.py:27}}
Aug 09 16:23:24 user devstack@keystone.service[44516]: DEBUG keystone.server.flask.request_processing.req_logging [None req-5c94ae8f-0e89-4648-a757-38fc82610021 None admin] SCRIPT_NAME: `/identity` {{(pid=44516) log_request_info /opt/stack/keystone/keystone/server/flask/request_processing/req_logging.py:28}}
Aug 09 16:23:24 user devstack@keystone.service[44516]: DEBUG keystone.server.flask.request_processing.req_logging [None req-5c94ae8f-0e89-4648-a757-38fc82610021 None admin] PATH_INFO: `/v3/role_assignments` {{(pid=44516) log_request_info /opt/stack/keystone/keystone/server/flask/request_processing/req_logging.py:29}}
Aug 09 16:23:24 user devstack@keystone.service[44516]: DEBUG keystone.common.rbac_enforcer.enforcer [None req-5c94ae8f-0e89-4648-a757-38fc82610021 None admin] RBAC: Adding query filter params (role.id=5179cf1fa2484479b7d2f39dd4bb806c, scope.project.id=7c0e107dca244596921b901a714bf6cf, user.id=64aa4697948647b6b7b59e1b1f9ee8dc) {{(pid=44516) _extract_filter_values /opt/stack/keystone/keystone/common/rbac_enforcer/enforcer.py:167}}
Aug 09 16:23:24 user devstack@keystone.service[44516]: DEBUG keystone.common.rbac_enforcer.enforcer [None req-5c94ae8f-0e89-4648-a757-38fc82610021 None admin] RBAC: Authorizing `identity:list_role_assignments()` {{(pid=44516) enforce_call /opt/stack/keystone/keystone/common/rbac_enforcer/enforcer.py:449}}
Aug 09 16:23:24 user devstack@keystone.service[44516]: DEBUG keystone.common.rbac_enforcer.enforcer [None req-5c94ae8f-0e89-4648-a757-38fc82610021 None admin] RBAC: Authorization granted {{(pid=44516) enforce_call /opt/stack/keystone/keystone/common/rbac_enforcer/enforcer.py:457}}
Aug 09 16:23:24 user devstack@keystone.service[44516]: [pid: 44516|app: 0|req: 61/185] 10.0.0.210 () {56 vars in 1369 bytes} [Wed Aug 9 16:23:24 2023] GET /identity/v3/role_assignments?user.id=64aa4697948647b6b7b59e1b1f9ee8dc&scope.project.id=7c0e107dca244596921b901a714bf6cf&role.id=5179cf1fa2484479b7d2f39dd4bb806c => generated 606 bytes in 174 msecs (HTTP/1.1 200) 5 headers in 177 bytes (1 switches on core 0)
Aug 09 16:23:24 user devstack@keystone.service[44515]: DEBUG keystone.server.flask.request_processing.middleware.auth_context [None req-629dad95-f3f0-4706-8b13-8c64e20987b8 None admin] Validating token access rules against request {{(pid=44515) validate_allowed_request /usr/local/lib/python3.10/dist-packages/keystonemiddleware/auth_token/__init__.py:544}}
Aug 09 16:23:24 user devstack@keystone.service[44515]: DEBUG keystone.server.flask.request_processing.middleware.auth_context [None req-944cde03-fac3-4486-8d95-bd809cdda387 None admin] RBAC: auth_context: {'token': , 'domain_id': None, 'trust_id': None, 'trustor_id': None, 'trustee_id': None, 'domain_name': None, 'group_ids': [], 'user_id': 'bcfad6d1b87b4c8eb69eaa7ade698d95', 'user_domain_id': 'default', 'system_scope': 'all', 'project_id': None, 'project_domain_id': None, 'roles': ['admin', 'member', 'reader'], 'is_admin_project': True, 'service_user_id': None, 'service_user_domain_id': None, 'service_project_id': None, 'service_project_domain_id': None, 'service_roles': []} {{(pid=44515) fill_context /opt/stack/keystone/keystone/server/flask/request_processing/middleware/auth_context.py:480}}
Aug 09 16:23:24 user devstack@keystone.service[44515]: DEBUG keystone.server.flask.request_processing.req_logging [None req-944cde03-fac3-4486-8d95-bd809cdda387 None admin] REQUEST_METHOD: `GET` {{(pid=44515) log_request_info /opt/stack/keystone/keystone/server/flask/request_processing/req_logging.py:27}}
