Jul 26 16:48:17 user devstack@keystone.service[42307]: DEBUG keystone.server.flask.request_processing.middleware.auth_context [None req-3167a9b6-d7f5-4c38-8a6b-2b4caa6517b5 None admin] RBAC: auth_context: {'token': , 'domain_id': None, 'trust_id': None, 'trustor_id': None, 'trustee_id': None, 'domain_name': None, 'group_ids': [], 'user_id': '89e343ace3d748019c9d4cdd52983adc', 'user_domain_id': 'default', 'system_scope': 'all', 'project_id': None, 'project_domain_id': None, 'roles': ['admin', 'member', 'reader'], 'is_admin_project': True, 'service_user_id': None, 'service_user_domain_id': None, 'service_project_id': None, 'service_project_domain_id': None, 'service_roles': []} {{(pid=42307) fill_context /opt/stack/keystone/keystone/server/flask/request_processing/middleware/auth_context.py:480}}
Jul 26 16:48:17 user devstack@keystone.service[42307]: DEBUG keystone.server.flask.request_processing.req_logging [None req-3167a9b6-d7f5-4c38-8a6b-2b4caa6517b5 None admin] REQUEST_METHOD: `GET` {{(pid=42307) log_request_info /opt/stack/keystone/keystone/server/flask/request_processing/req_logging.py:27}}
Jul 26 16:48:17 user devstack@keystone.service[42307]: DEBUG keystone.server.flask.request_processing.req_logging [None req-3167a9b6-d7f5-4c38-8a6b-2b4caa6517b5 None admin] SCRIPT_NAME: `/identity` {{(pid=42307) log_request_info /opt/stack/keystone/keystone/server/flask/request_processing/req_logging.py:28}}
Jul 26 16:48:17 user devstack@keystone.service[42307]: DEBUG keystone.server.flask.request_processing.req_logging [None req-3167a9b6-d7f5-4c38-8a6b-2b4caa6517b5 None admin] PATH_INFO: `/v3/roles/anotherrole` {{(pid=42307) log_request_info /opt/stack/keystone/keystone/server/flask/request_processing/req_logging.py:29}}
Jul 26 16:48:17 user devstack@keystone.service[42309]: DEBUG dbcounter [-] [42309] Writing DB stats keystone:SELECT=100 {{(pid=42309) stat_writer /usr/local/lib/python3.10/dist-packages/dbcounter.py:117}}
Jul 26 16:48:17 user devstack@keystone.service[42307]: DEBUG keystone.common.rbac_enforcer.enforcer [None req-3167a9b6-d7f5-4c38-8a6b-2b4caa6517b5 None admin] Extracting inferred target data resulted in "NOT FOUND (404)". {{(pid=42307) enforce_call /opt/stack/keystone/keystone/common/rbac_enforcer/enforcer.py:409}}
Jul 26 16:48:17 user devstack@keystone.service[42307]: ERROR keystone.server.flask.application [None req-3167a9b6-d7f5-4c38-8a6b-2b4caa6517b5 None admin] Could not find role: anotherrole.: keystone.exception.RoleNotFound: Could not find role: anotherrole.
Jul 26 16:48:17 user devstack@keystone.service[42307]: ERROR keystone.server.flask.application
Traceback (most recent call last):
Jul 26 16:48:17 user devstack@keystone.service[42307]: ERROR keystone.server.flask.application
File "/usr/local/lib/python3.10/dist-packages/flask/app.py", line 1823, in full_dispatch_request
Jul 26 16:48:17 user devstack@keystone.service[42307]: ERROR keystone.server.flask.application rv = self.dispatch_request()
Jul 26 16:48:17 user devstack@keystone.service[42307]: ERROR keystone.server.flask.application
File "/usr/local/lib/python3.10/dist-packages/flask/app.py", line 1799, in dispatch_request
Jul 26 16:48:17 user devstack@keystone.service[42307]: ERROR keystone.server.flask.application return self.ensure_sync(self.view_functions[rule.endpoint])(**view_args)
Jul 26 16:48:17 user devstack@keystone.service[42307]: ERROR keystone.server.flask.application
File "/usr/local/lib/python3.10/dist-packages/flask_restful/__init__.py", line 467, in wrapper
Jul 26 16:48:17 user devstack@keystone.service[42307]: ERROR keystone.server.flask.application resp = resource(*args, **kwargs)
Jul 26 16:48:17 user devstack@keystone.service[42307]: ERROR keystone.server.flask.application
File "/usr/local/lib/python3.10/dist-packages/flask/views.py", line 107, in view
Jul 26 16:48:17 user devstack@keystone.service[42307]: ERROR keystone.server.flask.application return current_app.ensure_sync(self.dispatch_request)(**kwargs)
Jul 26 16:48:17 user devstack@keystone.service[42307]: ERROR keystone.server.flask.application
File "/usr/local/lib/python3.10/dist-packages/flask_restful/__init__.py", line 582, in dispatch_request
Jul 26 16:48:17 user devstack@keystone.service[42307]: ERROR keystone.server.flask.application resp = meth(*args, **kwargs)
Jul 26 16:48:17 user devstack@keystone.service[42307]: ERROR keystone.server.flask.application
File "/opt/stack/keystone/keystone/api/roles.py", line 50, in get
Jul 26 16:48:17 user devstack@keystone.service[42307]: ERROR keystone.server.flask.application return self._get_role(role_id)
Jul 26 16:48:17 user devstack@keystone.service[42307]: ERROR keystone.server.flask.application
File "/opt/stack/keystone/keystone/api/roles.py", line 70, in _get_role
Jul 26 16:48:17 user devstack@keystone.service[42307]: ERROR keystone.server.flask.application ENFORCER.enforce_call(action='identity:get_role')
Jul 26 16:48:17 user devstack@keystone.service[42307]: ERROR keystone.server.flask.application
File "/opt/stack/keystone/keystone/common/rbac_enforcer/enforcer.py", line 402, in enforce_call
Jul 26 16:48:17 user devstack@keystone.service[42307]: ERROR keystone.server.flask.application policy_dict.update(cls._extract_member_target_data(
Jul 26 16:48:17 user devstack@keystone.service[42307]: ERROR keystone.server.flask.application
File "/opt/stack/keystone/keystone/common/rbac_enforcer/enforcer.py", line 234, in _extract_member_target_data
Jul 26 16:48:17 user devstack@keystone.service[42307]: ERROR keystone.server.flask.application member_name: func(flask.request.view_args[key])
Jul 26 16:48:17 user devstack@keystone.service[42307]: ERROR keystone.server.flask.application
File "/opt/stack/keystone/keystone/common/manager.py", line 115, in wrapped
Jul 26 16:48:17 user devstack@keystone.service[42307]: ERROR keystone.server.flask.application __ret_val = __f(*args, **kwargs)
Jul 26 16:48:17 user devstack@keystone.service[42307]: ERROR keystone.server.flask.application
File "/usr/local/lib/python3.10/dist-packages/decorator.py", line 232, in fun
Jul 26 16:48:17 user devstack@keystone.service[42307]: ERROR keystone.server.flask.application return caller(func, *(extras + args), **kw)
Jul 26 16:48:17 user devstack@keystone.service[42307]: ERROR keystone.server.flask.application
File "/usr/local/lib/python3.10/dist-packages/dogpile/cache/region.py", line 1577, in get_or_create_for_user_func
Jul 26 16:48:17 user devstack@keystone.service[42307]: ERROR keystone.server.flask.application return self.get_or_create(
Jul 26 16:48:17 user devstack@keystone.service[42307]: ERROR keystone.server.flask.application
File "/usr/local/lib/python3.10/dist-packages/dogpile/cache/region.py", line 1042, in get_or_create
Jul 26 16:48:17 user devstack@keystone.service[42307]: ERROR keystone.server.flask.application with Lock(
Jul 26 16:48:17 user devstack@keystone.service[42307]: ERROR keystone.server.flask.application
File "/usr/local/lib/python3.10/dist-packages/dogpile/lock.py", line 185, in __enter__
Jul 26 16:48:17 user devstack@keystone.service[42307]: ERROR keystone.server.flask.application return self._enter()
Jul 26 16:48:17 user devstack@keystone.service[42307]: ERROR keystone.server.flask.application
File "/usr/local/lib/python3.10/dist-packages/dogpile/lock.py", line 94, in _enter
Jul 26 16:48:17 user devstack@keystone.service[42307]: ERROR keystone.server.flask.application generated = self._enter_create(value, createdtime)
Jul 26 16:48:17 user devstack@keystone.service[42307]: ERROR keystone.server.flask.application
File "/usr/local/lib/python3.10/dist-packages/dogpile/lock.py", line 178, in _enter_create
Jul 26 16:48:17 user devstack@keystone.service[42307]: ERROR keystone.server.flask.application return self.creator()
Jul 26 16:48:17 user devstack@keystone.service[42307]: ERROR keystone.server.flask.application
File "/usr/local/lib/python3.10/dist-packages/dogpile/cache/region.py", line 995, in gen_value
Jul 26 16:48:17 user devstack@keystone.service[42307]: ERROR keystone.server.flask.application created_value = creator(
Jul 26 16:48:17 user devstack@keystone.service[42307]: ERROR keystone.server.flask.application
File "/opt/stack/keystone/keystone/assignment/core.py", line 1276, in get_role
Jul 26 16:48:17 user devstack@keystone.service[42307]: ERROR keystone.server.flask.application return self.driver.get_role(role_id)
Jul 26 16:48:17 user devstack@keystone.service[42307]: ERROR keystone.server.flask.application
File "/opt/stack/keystone/keystone/assignment/role_backends/sql.py", line 70, in get_role
Jul 26 16:48:17 user devstack@keystone.service[42307]: ERROR keystone.server.flask.application return self._get_role(session, role_id).to_dict()
Jul 26 16:48:17 user devstack@keystone.service[42307]: ERROR keystone.server.flask.application
File "/opt/stack/keystone/keystone/assignment/role_backends/sql.py", line 65, in _get_role
Jul 26 16:48:17 user devstack@keystone.service[42307]: ERROR keystone.server.flask.application raise exception.RoleNotFound(role_id=role_id)
Jul 26 16:48:17 user devstack@keystone.service[42307]: ERROR keystone.server.flask.application keystone.exception.RoleNotFound: Could not find role: anotherrole.
Jul 26 16:48:17 user devstack@keystone.service[42307]: ERROR keystone.server.flask.application
Jul 26 16:48:17 user devstack@keystone.service[42307]: [pid: 42307|app: 0|req: 49/150] 10.0.0.210 () {56 vars in 1109 bytes} [Wed Jul 26 16:48:17 2023] GET /identity/v3/roles/anotherrole => generated 89 bytes in 138 msecs (HTTP/1.1 404) 5 headers in 183 bytes (1 switches on core 0)
Jul 26 16:48:17 user devstack@keystone.service[42307]: DEBUG keystone.server.flask.request_processing.middleware.auth_context [None req-3167a9b6-d7f5-4c38-8a6b-2b4caa6517b5 None admin] Authenticating user token {{(pid=42307) process_request /usr/local/lib/python3.10/dist-packages/keystonemiddleware/auth_token/__init__.py:406}}
Jul 26 16:48:17 user devstack@keystone.service[42308]: DEBUG dbcounter [-] [42308] Writing DB stats keystone:SELECT=100 {{(pid=42308) stat_writer /usr/local/lib/python3.10/dist-packages/dbcounter.py:117}}
Jul 26 16:48:17 user devstack@keystone.service[42308]: DEBUG keystone.server.flask.request_processing.middleware.auth_context [None req-85d791af-b6bb-4fd5-9da5-5045ecddb34e None admin] Validating token access rules against request {{(pid=42308) validate_allowed_request /usr/local/lib/python3.10/dist-packages/keystonemiddleware/auth_token/__init__.py:544}}
Jul 26 16:48:17 user devstack@keystone.service[42309]: DEBUG keystone.server.flask.request_processing.middleware.auth_context [None req-e8b3cd9c-2c06-45c7-bd71-3d3548feb21f None admin] Validating token access rules against request {{(pid=42309) validate_allowed_request /usr/local/lib/python3.10/dist-packages/keystonemiddleware/auth_token/__init__.py:544}}
Jul 26 16:48:17 user devstack@keystone.service[42308]: DEBUG keystone.server.flask.request_processing.middleware.auth_context [None req-220b032c-16c7-4322-856a-d55ccca26500 None admin] RBAC: auth_context: {'token': , 'domain_id': None, 'trust_id': None, 'trustor_id': None, 'trustee_id': None, 'domain_name': None, 'group_ids': [], 'user_id': '89e343ace3d748019c9d4cdd52983adc', 'user_domain_id': 'default', 'system_scope': 'all', 'project_id': None, 'project_domain_id': None, 'roles': ['admin', 'member', 'reader'], 'is_admin_project': True, 'service_user_id': None, 'service_user_domain_id': None, 'service_project_id': None, 'service_project_domain_id': None, 'service_roles': []} {{(pid=42308) fill_context /opt/stack/keystone/keystone/server/flask/request_processing/middleware/auth_context.py:480}}
Jul 26 16:48:17 user devstack@keystone.service[42308]: DEBUG keystone.server.flask.request_processing.req_logging [None req-220b032c-16c7-4322-856a-d55ccca26500 None admin] REQUEST_METHOD: `GET` {{(pid=42308) log_request_info /opt/stack/keystone/keystone/server/flask/request_processing/req_logging.py:27}}
Jul 26 16:48:17 user devstack@keystone.service[42308]: DEBUG keystone.server.flask.request_processing.req_logging [None req-220b032c-16c7-4322-856a-d55ccca26500 None admin] SCRIPT_NAME: `/identity` {{(pid=42308) log_request_info /opt/stack/keystone/keystone/server/flask/request_processing/req_logging.py:28}}
Jul 26 16:48:17 user devstack@keystone.service[42308]: DEBUG keystone.server.flask.request_processing.req_logging [None req-220b032c-16c7-4322-856a-d55ccca26500 None admin] PATH_INFO: `/v3/users/b4217ce3e9df45d39066155d222c4cd8` {{(pid=42308) log_request_info /opt/stack/keystone/keystone/server/flask/request_processing/req_logging.py:29}}
Jul 26 16:48:17 user devstack@keystone.service[42308]: DEBUG keystone.common.rbac_enforcer.enforcer [None req-220b032c-16c7-4322-856a-d55ccca26500 None admin] RBAC: Authorizing `identity:get_user(user_id=b4217ce3e9df45d39066155d222c4cd8)` {{(pid=42308) enforce_call /opt/stack/keystone/keystone/common/rbac_enforcer/enforcer.py:449}}
Jul 26 16:48:17 user devstack@keystone.service[42308]: DEBUG keystone.common.rbac_enforcer.enforcer [None req-220b032c-16c7-4322-856a-d55ccca26500 None admin] RBAC: Authorization granted {{(pid=42308) enforce_call /opt/stack/keystone/keystone/common/rbac_enforcer/enforcer.py:457}}
Jul 26 16:48:17 user devstack@keystone.service[42308]: [pid: 42308|app: 0|req: 55/151] 10.0.0.210 () {56 vars in 1172 bytes} [Wed Jul 26 16:48:17 2023] GET /identity/v3/users/b4217ce3e9df45d39066155d222c4cd8 => generated 282 bytes in 153 msecs (HTTP/1.1 200) 5 headers in 177 bytes (1 switches on core 0)
Jul 26 16:48:17 user devstack@keystone.service[42308]: DEBUG keystone.server.flask.request_processing.middleware.auth_context [None req-220b032c-16c7-4322-856a-d55ccca26500 None admin] Authenticating user token {{(pid=42308) process_request /usr/local/lib/python3.10/dist-packages/keystonemiddleware/auth_token/__init__.py:406}}
Jul 26 16:48:17 user devstack@keystone.service[42307]: DEBUG dbcounter [-] [42307] Writing DB stats keystone:SELECT=100 {{(pid=42307) stat_writer /usr/local/lib/python3.10/dist-packages/dbcounter.py:117}}
Jul 26 16:48:17 user devstack@keystone.service[42309]: DEBUG keystone.server.flask.request_processing.middleware.auth_context [None req-4fecd4b3-1c65-4ae8-b612-c819d20bb7a8 None admin] RBAC: auth_context: {'token': , 'domain_id': None, 'trust_id': None, 'trustor_id': None, 'trustee_id': None, 'domain_name': None, 'group_ids': [], 'user_id': '89e343ace3d748019c9d4cdd52983adc', 'user_domain_id': 'default', 'system_scope': 'all', 'project_id': None, 'project_domain_id': None, 'roles': ['admin', 'member', 'reader'], 'is_admin_project': True, 'service_user_id': None, 'service_user_domain_id': None, 'service_project_id': None, 'service_project_domain_id': None, 'service_roles': []} {{(pid=42309) fill_context /opt/stack/keystone/keystone/server/flask/request_processing/middleware/auth_context.py:480}}
Jul 26 16:48:17 user devstack@keystone.service[42309]: DEBUG keystone.server.flask.request_processing.req_logging [None req-4fecd4b3-1c65-4ae8-b612-c819d20bb7a8 None admin] REQUEST_METHOD: `GET` {{(pid=42309) log_request_info /opt/stack/keystone/keystone/server/flask/request_processing/req_logging.py:27}}
Jul 26 16:48:17 user devstack@keystone.service[42309]: DEBUG keystone.server.flask.request_processing.req_logging [None req-4fecd4b3-1c65-4ae8-b612-c819d20bb7a8 None admin] SCRIPT_NAME: `/identity` {{(pid=42309) log_request_info /opt/stack/keystone/keystone/server/flask/request_processing/req_logging.py:28}}
Jul 26 16:48:17 user devstack@keystone.service[42309]: DEBUG keystone.server.flask.request_processing.req_logging [None req-4fecd4b3-1c65-4ae8-b612-c819d20bb7a8 None admin] PATH_INFO: `/v3/domains/default` {{(pid=42309) log_request_info /opt/stack/keystone/keystone/server/flask/request_processing/req_logging.py:29}}
Jul 26 16:48:17 user devstack@keystone.service[42309]: DEBUG keystone.common.rbac_enforcer.enforcer [None req-4fecd4b3-1c65-4ae8-b612-c819d20bb7a8 None admin] RBAC: Authorizing `identity:get_domain(domain_id=default)` {{(pid=42309) enforce_call /opt/stack/keystone/keystone/common/rbac_enforcer/enforcer.py:449}}
Jul 26 16:48:17 user devstack@keystone.service[42309]: DEBUG keystone.common.rbac_enforcer.enforcer [None req-4fecd4b3-1c65-4ae8-b612-c819d20bb7a8 None admin] RBAC: Authorization granted {{(pid=42309) enforce_call /opt/stack/keystone/keystone/common/rbac_enforcer/enforcer.py:457}}
Jul 26 16:48:17 user devstack@keystone.service[42309]: [pid: 42309|app: 0|req: 48/152] 10.0.0.210 () {56 vars in 1103 bytes} [Wed Jul 26 16:48:17 2023] GET /identity/v3/domains/default => generated 198 bytes in 127 msecs (HTTP/1.1 200) 5 headers in 177 bytes (1 switches on core 0)
Jul 26 16:48:17 user devstack@keystone.service[42309]: DEBUG keystone.server.flask.request_processing.middleware.auth_context [None req-4fecd4b3-1c65-4ae8-b612-c819d20bb7a8 None admin] Authenticating user token {{(pid=42309) process_request /usr/local/lib/python3.10/dist-packages/keystonemiddleware/auth_token/__init__.py:406}}
Jul 26 16:48:17 user devstack@keystone.service[42307]: DEBUG keystone.server.flask.request_processing.middleware.auth_context [None req-3167a9b6-d7f5-4c38-8a6b-2b4caa6517b5 None admin] Validating token access rules against request {{(pid=42307) validate_allowed_request /usr/local/lib/python3.10/dist-packages/keystonemiddleware/auth_token/__init__.py:544}}
Jul 26 16:48:17 user devstack@keystone.service[42307]: DEBUG keystone.server.flask.request_processing.middleware.auth_context [None req-50b5c476-9655-4b17-9970-9994945b77f2 None admin] RBAC: auth_context: {'token': , 'domain_id': None, 'trust_id': None, 'trustor_id': None, 'trustee_id': None, 'domain_name': None, 'group_ids': [], 'user_id': '89e343ace3d748019c9d4cdd52983adc', 'user_domain_id': 'default', 'system_scope': 'all', 'project_id': None, 'project_domain_id': None, 'roles': ['admin', 'member', 'reader'], 'is_admin_project': True, 'service_user_id': None, 'service_user_domain_id': None, 'service_project_id': None, 'service_project_domain_id': None, 'service_roles': []} {{(pid=42307) fill_context /opt/stack/keystone/keystone/server/flask/request_processing/middleware/auth_context.py:480}}
Jul 26 16:48:17 user devstack@keystone.service[42307]: DEBUG keystone.server.flask.request_processing.req_logging [None req-50b5c476-9655-4b17-9970-9994945b77f2 None admin] REQUEST_METHOD: `GET` {{(pid=42307) log_request_info /opt/stack/keystone/keystone/server/flask/request_processing/req_logging.py:27}}
Jul 26 16:48:17 user devstack@keystone.service[42307]: DEBUG keystone.server.flask.request_processing.req_logging [None req-50b5c476-9655-4b17-9970-9994945b77f2 None admin] SCRIPT_NAME: `/identity` {{(pid=42307) log_request_info /opt/stack/keystone/keystone/server/flask/request_processing/req_logging.py:28}}
Jul 26 16:48:17 user devstack@keystone.service[42307]: DEBUG keystone.server.flask.request_processing.req_logging [None req-50b5c476-9655-4b17-9970-9994945b77f2 None admin] PATH_INFO: `/v3/roles` {{(pid=42307) log_request_info /opt/stack/keystone/keystone/server/flask/request_processing/req_logging.py:29}}
Jul 26 16:48:17 user devstack@keystone.service[42307]: DEBUG keystone.common.rbac_enforcer.enforcer [None req-50b5c476-9655-4b17-9970-9994945b77f2 None admin] RBAC: Adding query filter params (name=anotherrole) {{(pid=42307) _extract_filter_values /opt/stack/keystone/keystone/common/rbac_enforcer/enforcer.py:167}}
Jul 26 16:48:17 user devstack@keystone.service[42307]: DEBUG keystone.common.rbac_enforcer.enforcer [None req-50b5c476-9655-4b17-9970-9994945b77f2 None admin] RBAC: Authorizing `identity:list_roles()` {{(pid=42307) enforce_call /opt/stack/keystone/keystone/common/rbac_enforcer/enforcer.py:449}}
Jul 26 16:48:17 user devstack@keystone.service[42307]: DEBUG keystone.common.rbac_enforcer.enforcer [None req-50b5c476-9655-4b17-9970-9994945b77f2 None admin] RBAC: Authorization granted {{(pid=42307) enforce_call /opt/stack/keystone/keystone/common/rbac_enforcer/enforcer.py:457}}
Jul 26 16:48:17 user devstack@keystone.service[42307]: [pid: 42307|app: 0|req: 50/153] 10.0.0.210 () {56 vars in 1106 bytes} [Wed Jul 26 16:48:17 2023] GET /identity/v3/roles?name=anotherrole => generated 332 bytes in 130 msecs (HTTP/1.1 200) 5 headers in 177 bytes (2 switches on core 0)
Jul 26 16:48:17 user devstack@keystone.service[42307]: DEBUG keystone.server.flask.request_processing.middleware.auth_context [None req-50b5c476-9655-4b17-9970-9994945b77f2 None admin] Authenticating user token {{(pid=42307) process_request /usr/local/lib/python3.10/dist-packages/keystonemiddleware/auth_token/__init__.py:406}}
Jul 26 16:48:17 user devstack@keystone.service[42308]: DEBUG keystone.server.flask.request_processing.middleware.auth_context [None req-220b032c-16c7-4322-856a-d55ccca26500 None admin] Validating token access rules against request {{(pid=42308) validate_allowed_request /usr/local/lib/python3.10/dist-packages/keystonemiddleware/auth_token/__init__.py:544}}
Jul 26 16:48:17 user devstack@keystone.service[42309]: DEBUG keystone.server.flask.request_processing.middleware.auth_context [None req-4fecd4b3-1c65-4ae8-b612-c819d20bb7a8 None admin] Validating token access rules against request {{(pid=42309) validate_allowed_request /usr/local/lib/python3.10/dist-packages/keystonemiddleware/auth_token/__init__.py:544}}
Jul 26 16:48:17 user devstack@keystone.service[42309]: DEBUG dbcounter [-] [42309] Writing DB stats keystone:SELECT=100 {{(pid=42309) stat_writer /usr/local/lib/python3.10/dist-packages/dbcounter.py:117}}
Jul 26 16:48:17 user devstack@keystone.service[42308]: DEBUG keystone.server.flask.request_processing.middleware.auth_context [None req-93f46369-2891-4710-ac05-5d8eed1ce546 None admin] RBAC: auth_context: {'token': , 'domain_id': None, 'trust_id': None, 'trustor_id': None, 'trustee_id': None, 'domain_name': None, 'group_ids': [], 'user_id': '89e343ace3d748019c9d4cdd52983adc', 'user_domain_id': 'default', 'system_scope': 'all', 'project_id': None, 'project_domain_id': None, 'roles': ['admin', 'member', 'reader'], 'is_admin_project': True, 'service_user_id': None, 'service_user_domain_id': None, 'service_project_id': None, 'service_project_domain_id': None, 'service_roles': []} {{(pid=42308) fill_context /opt/stack/keystone/keystone/server/flask/request_processing/middleware/auth_context.py:480}}
Jul 26 16:48:17 user devstack@keystone.service[42308]: DEBUG keystone.server.flask.request_processing.req_logging [None req-93f46369-2891-4710-ac05-5d8eed1ce546 None admin] REQUEST_METHOD: `GET` {{(pid=42308) log_request_info /opt/stack/keystone/keystone/server/flask/request_processing/req_logging.py:27}}
Jul 26 16:48:17 user devstack@keystone.service[42308]: DEBUG keystone.server.flask.request_processing.req_logging [None req-93f46369-2891-4710-ac05-5d8eed1ce546 None admin] SCRIPT_NAME: `/identity` {{(pid=42308) log_request_info /opt/stack/keystone/keystone/server/flask/request_processing/req_logging.py:28}}
Jul 26 16:48:17 user devstack@keystone.service[42308]: DEBUG keystone.server.flask.request_processing.req_logging [None req-93f46369-2891-4710-ac05-5d8eed1ce546 None admin] PATH_INFO: `/v3/projects/affe336c90f84343949b5814f0b76b5a` {{(pid=42308) log_request_info /opt/stack/keystone/keystone/server/flask/request_processing/req_logging.py:29}}
Jul 26 16:48:17 user devstack@keystone.service[42308]: DEBUG keystone.common.rbac_enforcer.enforcer [None req-93f46369-2891-4710-ac05-5d8eed1ce546 None admin] RBAC: Authorizing `identity:get_project(project_id=affe336c90f84343949b5814f0b76b5a)` {{(pid=42308) enforce_call /opt/stack/keystone/keystone/common/rbac_enforcer/enforcer.py:449}}
Jul 26 16:48:17 user devstack@keystone.service[42308]: DEBUG keystone.common.rbac_enforcer.enforcer [None req-93f46369-2891-4710-ac05-5d8eed1ce546 None admin] RBAC: Authorization granted {{(pid=42308) enforce_call /opt/stack/keystone/keystone/common/rbac_enforcer/enforcer.py:457}}
Jul 26 16:48:17 user devstack@keystone.service[42308]: [pid: 42308|app: 0|req: 56/154] 10.0.0.210 () {56 vars in 1181 bytes} [Wed Jul 26 16:48:17 2023] GET /identity/v3/projects/affe336c90f84343949b5814f0b76b5a => generated 301 bytes in 126 msecs (HTTP/1.1 200) 5 headers in 177 bytes (2 switches on core 0)
Jul 26 16:48:17 user devstack@keystone.service[42308]: DEBUG keystone.server.flask.request_processing.middleware.auth_context [None req-93f46369-2891-4710-ac05-5d8eed1ce546 None admin] Authenticating user token {{(pid=42308) process_request /usr/local/lib/python3.10/dist-packages/keystonemiddleware/auth_token/__init__.py:406}}
Jul 26 16:48:17 user devstack@keystone.service[42309]: DEBUG keystone.server.flask.request_processing.middleware.auth_context [None req-b58c41cc-d4a9-4123-b8fc-e96eaf78ebed None admin] RBAC: auth_context: {'token': , 'domain_id': None, 'trust_id': None, 'trustor_id': None, 'trustee_id': None, 'domain_name': None, 'group_ids': [], 'user_id': '89e343ace3d748019c9d4cdd52983adc', 'user_domain_id': 'default', 'system_scope': 'all', 'project_id': None, 'project_domain_id': None, 'roles': ['admin', 'member', 'reader'], 'is_admin_project': True, 'service_user_id': None, 'service_user_domain_id': None, 'service_project_id': None, 'service_project_domain_id': None, 'service_roles': []} {{(pid=42309) fill_context /opt/stack/keystone/keystone/server/flask/request_processing/middleware/auth_context.py:480}}
Jul 26 16:48:17 user devstack@keystone.service[42309]: DEBUG keystone.server.flask.request_processing.req_logging [None req-b58c41cc-d4a9-4123-b8fc-e96eaf78ebed None admin] REQUEST_METHOD: `POST` {{(pid=42309) log_request_info /opt/stack/keystone/keystone/server/flask/request_processing/req_logging.py:27}}
Jul 26 16:48:17 user devstack@keystone.service[42309]: DEBUG keystone.server.flask.request_processing.req_logging [None req-b58c41cc-d4a9-4123-b8fc-e96eaf78ebed None admin] SCRIPT_NAME: `/identity` {{(pid=42309) log_request_info /opt/stack/keystone/keystone/server/flask/request_processing/req_logging.py:28}}
Jul 26 16:48:17 user devstack@keystone.service[42309]: DEBUG keystone.server.flask.request_processing.req_logging [None req-b58c41cc-d4a9-4123-b8fc-e96eaf78ebed None admin] PATH_INFO: `/v3/users` {{(pid=42309) log_request_info /opt/stack/keystone/keystone/server/flask/request_processing/req_logging.py:29}}
Jul 26 16:48:17 user devstack@keystone.service[42309]: DEBUG keystone.common.rbac_enforcer.enforcer [None req-b58c41cc-d4a9-4123-b8fc-e96eaf78ebed None admin] RBAC: Authorizing `identity:create_user()` {{(pid=42309) enforce_call /opt/stack/keystone/keystone/common/rbac_enforcer/enforcer.py:449}}
Jul 26 16:48:17 user devstack@keystone.service[42309]: DEBUG keystone.common.rbac_enforcer.enforcer [None req-b58c41cc-d4a9-4123-b8fc-e96eaf78ebed None admin] RBAC: Authorization granted {{(pid=42309) enforce_call /opt/stack/keystone/keystone/common/rbac_enforcer/enforcer.py:457}}
Jul 26 16:48:17 user devstack@keystone.service[42309]: WARNING keystone.common.password_hashing [None req-b58c41cc-d4a9-4123-b8fc-e96eaf78ebed None admin] Truncating password to algorithm specific maximum length 54 characters.
Jul 26 16:48:17 user devstack@keystone.service[42308]: DEBUG dbcounter [-] [42308] Writing DB stats keystone:SELECT=100 {{(pid=42308) stat_writer /usr/local/lib/python3.10/dist-packages/dbcounter.py:117}}
Jul 26 16:48:17 user devstack@keystone.service[42307]: DEBUG keystone.server.flask.request_processing.middleware.auth_context [None req-50b5c476-9655-4b17-9970-9994945b77f2 None admin] Validating token access rules against request {{(pid=42307) validate_allowed_request /usr/local/lib/python3.10/dist-packages/keystonemiddleware/auth_token/__init__.py:544}}
Jul 26 16:48:17 user devstack@keystone.service[42309]: [pid: 42309|app: 0|req: 49/155] 10.0.0.210 () {60 vars in 1127 bytes} [Wed Jul 26 16:48:17 2023] POST /identity/v3/users => generated 296 bytes in 143 msecs (HTTP/1.1 201) 5 headers in 182 bytes (2 switches on core 0)
Jul 26 16:48:18 user devstack@keystone.service[42307]: DEBUG keystone.server.flask.request_processing.middleware.auth_context [None req-3b3627af-145e-4067-8141-b6a4e0666939 None admin] RBAC: auth_context: {'token': , 'domain_id': None, 'trust_id': None, 'trustor_id': None, 'trustee_id': None, 'domain_name': None, 'group_ids': [], 'user_id': '89e343ace3d748019c9d4cdd52983adc', 'user_domain_id': 'default', 'system_scope': 'all', 'project_id': None, 'project_domain_id': None, 'roles': ['admin', 'member', 'reader'], 'is_admin_project': True, 'service_user_id': None, 'service_user_domain_id': None, 'service_project_id': None, 'service_project_domain_id': None, 'service_roles': []} {{(pid=42307) fill_context /opt/stack/keystone/keystone/server/flask/request_processing/middleware/auth_context.py:480}}
Jul 26 16:48:18 user devstack@keystone.service[42307]: DEBUG keystone.server.flask.request_processing.req_logging [None req-3b3627af-145e-4067-8141-b6a4e0666939 None admin] REQUEST_METHOD: `GET` {{(pid=42307) log_request_info /opt/stack/keystone/keystone/server/flask/request_processing/req_logging.py:27}}
Jul 26 16:48:18 user devstack@keystone.service[42307]: DEBUG keystone.server.flask.request_processing.req_logging [None req-3b3627af-145e-4067-8141-b6a4e0666939 None admin] SCRIPT_NAME: `/identity` {{(pid=42307) log_request_info /opt/stack/keystone/keystone/server/flask/request_processing/req_logging.py:28}}
Jul 26 16:48:18 user devstack@keystone.service[42307]: DEBUG keystone.server.flask.request_processing.req_logging [None req-3b3627af-145e-4067-8141-b6a4e0666939 None admin] PATH_INFO: `/v3/users/b4217ce3e9df45d39066155d222c4cd8` {{(pid=42307) log_request_info /opt/stack/keystone/keystone/server/flask/request_processing/req_logging.py:29}}
Jul 26 16:48:18 user devstack@keystone.service[42307]: DEBUG keystone.common.rbac_enforcer.enforcer [None req-3b3627af-145e-4067-8141-b6a4e0666939 None admin] RBAC: Authorizing `identity:get_user(user_id=b4217ce3e9df45d39066155d222c4cd8)` {{(pid=42307) enforce_call /opt/stack/keystone/keystone/common/rbac_enforcer/enforcer.py:449}}
Jul 26 16:48:18 user devstack@keystone.service[42307]: DEBUG keystone.common.rbac_enforcer.enforcer [None req-3b3627af-145e-4067-8141-b6a4e0666939 None admin] RBAC: Authorization granted {{(pid=42307) enforce_call /opt/stack/keystone/keystone/common/rbac_enforcer/enforcer.py:457}}
Jul 26 16:48:18 user devstack@keystone.service[42307]: [pid: 42307|app: 0|req: 51/156] 10.0.0.210 () {56 vars in 1172 bytes} [Wed Jul 26 16:48:17 2023] GET /identity/v3/users/b4217ce3e9df45d39066155d222c4cd8 => generated 282 bytes in 121 msecs (HTTP/1.1 200) 5 headers in 177 bytes (1 switches on core 0)
Jul 26 16:48:18 user devstack@keystone.service[42309]: DEBUG keystone.server.flask.request_processing.middleware.auth_context [None req-b58c41cc-d4a9-4123-b8fc-e96eaf78ebed None admin] Authenticating user token {{(pid=42309) process_request /usr/local/lib/python3.10/dist-packages/keystonemiddleware/auth_token/__init__.py:406}}
Jul 26 16:48:18 user devstack@keystone.service[42308]: DEBUG keystone.server.flask.request_processing.middleware.auth_context [None req-93f46369-2891-4710-ac05-5d8eed1ce546 None admin] Validating token access rules against request {{(pid=42308) validate_allowed_request /usr/local/lib/python3.10/dist-packages/keystonemiddleware/auth_token/__init__.py:544}}
Jul 26 16:48:18 user devstack@keystone.service[42308]: DEBUG keystone.server.flask.request_processing.middleware.auth_context [None req-f9c17647-3375-468a-8878-918b9302e723 None admin] RBAC: auth_context: {'token': , 'domain_id': None, 'trust_id': None, 'trustor_id': None, 'trustee_id': None, 'domain_name': None, 'group_ids': [], 'user_id': '89e343ace3d748019c9d4cdd52983adc', 'user_domain_id': 'default', 'system_scope': 'all', 'project_id': None, 'project_domain_id': None, 'roles': ['admin', 'member', 'reader'], 'is_admin_project': True, 'service_user_id': None, 'service_user_domain_id': None, 'service_project_id': None, 'service_project_domain_id': None, 'service_roles': []} {{(pid=42308) fill_context /opt/stack/keystone/keystone/server/flask/request_processing/middleware/auth_context.py:480}}
Jul 26 16:48:18 user devstack@keystone.service[42308]: DEBUG keystone.server.flask.request_processing.req_logging [None req-f9c17647-3375-468a-8878-918b9302e723 None admin] REQUEST_METHOD: `PUT` {{(pid=42308) log_request_info /opt/stack/keystone/keystone/server/flask/request_processing/req_logging.py:27}}
Jul 26 16:48:18 user devstack@keystone.service[42308]: DEBUG keystone.server.flask.request_processing.req_logging [None req-f9c17647-3375-468a-8878-918b9302e723 None admin] SCRIPT_NAME: `/identity` {{(pid=42308) log_request_info /opt/stack/keystone/keystone/server/flask/request_processing/req_logging.py:28}}
Jul 26 16:48:18 user devstack@keystone.service[42308]: DEBUG keystone.server.flask.request_processing.req_logging [None req-f9c17647-3375-468a-8878-918b9302e723 None admin] PATH_INFO: `/v3/projects/affe336c90f84343949b5814f0b76b5a/users/b4217ce3e9df45d39066155d222c4cd8/roles/814d9eafb3e94dfe8305bb95e0bd6437` {{(pid=42308) log_request_info /opt/stack/keystone/keystone/server/flask/request_processing/req_logging.py:29}}
Jul 26 16:48:18 user devstack@keystone.service[42308]: DEBUG keystone.common.rbac_enforcer.enforcer [None req-f9c17647-3375-468a-8878-918b9302e723 None admin] RBAC: Authorizing `identity:create_grant(project_id=affe336c90f84343949b5814f0b76b5a, user_id=b4217ce3e9df45d39066155d222c4cd8, role_id=814d9eafb3e94dfe8305bb95e0bd6437)` {{(pid=42308) enforce_call /opt/stack/keystone/keystone/common/rbac_enforcer/enforcer.py:449}}
Jul 26 16:48:18 user devstack@keystone.service[42308]: DEBUG keystone.common.rbac_enforcer.enforcer [None req-f9c17647-3375-468a-8878-918b9302e723 None admin] RBAC: Authorization granted {{(pid=42308) enforce_call /opt/stack/keystone/keystone/common/rbac_enforcer/enforcer.py:457}}
Jul 26 16:48:18 user devstack@keystone.service[42308]: [pid: 42308|app: 0|req: 57/157] 10.0.0.210 () {58 vars in 1434 bytes} [Wed Jul 26 16:48:17 2023] PUT /identity/v3/projects/affe336c90f84343949b5814f0b76b5a/users/b4217ce3e9df45d39066155d222c4cd8/roles/814d9eafb3e94dfe8305bb95e0bd6437 => generated 0 bytes in 150 msecs (HTTP/1.1 204) 3 headers in 132 bytes (1 switches on core 0)
Jul 26 16:48:18 user devstack@keystone.service[42309]: DEBUG keystone.server.flask.request_processing.middleware.auth_context [None req-b58c41cc-d4a9-4123-b8fc-e96eaf78ebed None admin] Validating token access rules against request {{(pid=42309) validate_allowed_request /usr/local/lib/python3.10/dist-packages/keystonemiddleware/auth_token/__init__.py:544}}
Jul 26 16:48:18 user devstack@keystone.service[42309]: DEBUG keystone.server.flask.request_processing.middleware.auth_context [None req-a110f404-9377-4ba2-ae5a-2d84d1d49193 None admin] RBAC: auth_context: {'token': , 'domain_id': None, 'trust_id': None, 'trustor_id': None, 'trustee_id': None, 'domain_name': None, 'group_ids': [], 'user_id': '89e343ace3d748019c9d4cdd52983adc', 'user_domain_id': 'default', 'system_scope': 'all', 'project_id': None, 'project_domain_id': None, 'roles': ['admin', 'member', 'reader'], 'is_admin_project': True, 'service_user_id': None, 'service_user_domain_id': None, 'service_project_id': None, 'service_project_domain_id': None, 'service_roles': []} {{(pid=42309) fill_context /opt/stack/keystone/keystone/server/flask/request_processing/middleware/auth_context.py:480}}
Jul 26 16:48:18 user devstack@keystone.service[42309]: DEBUG keystone.server.flask.request_processing.req_logging [None req-a110f404-9377-4ba2-ae5a-2d84d1d49193 None admin] REQUEST_METHOD: `GET` {{(pid=42309) log_request_info /opt/stack/keystone/keystone/server/flask/request_processing/req_logging.py:27}}
Jul 26 16:48:18 user devstack@keystone.service[42309]: DEBUG keystone.server.flask.request_processing.req_logging [None req-a110f404-9377-4ba2-ae5a-2d84d1d49193 None admin] SCRIPT_NAME: `/identity` {{(pid=42309) log_request_info /opt/stack/keystone/keystone/server/flask/request_processing/req_logging.py:28}}
Jul 26 16:48:18 user devstack@keystone.service[42309]: DEBUG keystone.server.flask.request_processing.req_logging [None req-a110f404-9377-4ba2-ae5a-2d84d1d49193 None admin] PATH_INFO: `/v3/projects/affe336c90f84343949b5814f0b76b5a` {{(pid=42309) log_request_info /opt/stack/keystone/keystone/server/flask/request_processing/req_logging.py:29}}
Jul 26 16:48:18 user devstack@keystone.service[42309]: DEBUG keystone.common.rbac_enforcer.enforcer [None req-a110f404-9377-4ba2-ae5a-2d84d1d49193 None admin] RBAC: Authorizing `identity:get_project(project_id=affe336c90f84343949b5814f0b76b5a)` {{(pid=42309) enforce_call /opt/stack/keystone/keystone/common/rbac_enforcer/enforcer.py:449}}
Jul 26 16:48:18 user devstack@keystone.service[42309]: DEBUG keystone.common.rbac_enforcer.enforcer [None req-a110f404-9377-4ba2-ae5a-2d84d1d49193 None admin] RBAC: Authorization granted {{(pid=42309) enforce_call /opt/stack/keystone/keystone/common/rbac_enforcer/enforcer.py:457}}
Jul 26 16:48:18 user devstack@keystone.service[42309]: [pid: 42309|app: 0|req: 50/158] 10.0.0.210 () {56 vars in 1181 bytes} [Wed Jul 26 16:48:18 2023] GET /identity/v3/projects/affe336c90f84343949b5814f0b76b5a => generated 301 bytes in 130 msecs (HTTP/1.1 200) 5 headers in 177 bytes (1 switches on core 0)
Jul 26 16:48:18 user devstack@keystone.service[42307]: DEBUG keystone.server.flask.request_processing.middleware.auth_context [None req-3b3627af-145e-4067-8141-b6a4e0666939 None admin] Authenticating user token {{(pid=42307) process_request /usr/local/lib/python3.10/dist-packages/keystonemiddleware/auth_token/__init__.py:406}}
Jul 26 16:48:18 user devstack@keystone.service[42307]: DEBUG dbcounter [-] [42307] Writing DB stats keystone:SELECT=100 {{(pid=42307) stat_writer /usr/local/lib/python3.10/dist-packages/dbcounter.py:117}}
Jul 26 16:48:18 user devstack@keystone.service[42307]: DEBUG keystone.server.flask.request_processing.middleware.auth_context [None req-3b3627af-145e-4067-8141-b6a4e0666939 None admin] Validating token access rules against request {{(pid=42307) validate_allowed_request /usr/local/lib/python3.10/dist-packages/keystonemiddleware/auth_token/__init__.py:544}}
Jul 26 16:48:18 user devstack@keystone.service[42307]: DEBUG keystone.server.flask.request_processing.middleware.auth_context [None req-a9934b26-4d45-48d5-a705-06851c74dbb0 None admin] RBAC: auth_context: {'token': , 'domain_id': None, 'trust_id': None, 'trustor_id': None, 'trustee_id': None, 'domain_name': None, 'group_ids': [], 'user_id': '89e343ace3d748019c9d4cdd52983adc', 'user_domain_id': 'default', 'system_scope': 'all', 'project_id': None, 'project_domain_id': None, 'roles': ['admin', 'member', 'reader'], 'is_admin_project': True, 'service_user_id': None, 'service_user_domain_id': None, 'service_project_id': None, 'service_project_domain_id': None, 'service_roles': []} {{(pid=42307) fill_context /opt/stack/keystone/keystone/server/flask/request_processing/middleware/auth_context.py:480}}
Jul 26 16:48:18 user devstack@keystone.service[42307]: DEBUG keystone.server.flask.request_processing.req_logging [None req-a9934b26-4d45-48d5-a705-06851c74dbb0 None admin] REQUEST_METHOD: `PUT` {{(pid=42307) log_request_info /opt/stack/keystone/keystone/server/flask/request_processing/req_logging.py:27}}
Jul 26 16:48:18 user devstack@keystone.service[42307]: DEBUG keystone.server.flask.request_processing.req_logging [None req-a9934b26-4d45-48d5-a705-06851c74dbb0 None admin] SCRIPT_NAME: `/identity` {{(pid=42307) log_request_info /opt/stack/keystone/keystone/server/flask/request_processing/req_logging.py:28}}
Jul 26 16:48:18 user devstack@keystone.service[42307]: DEBUG keystone.server.flask.request_processing.req_logging [None req-a9934b26-4d45-48d5-a705-06851c74dbb0 None admin] PATH_INFO: `/v3/projects/affe336c90f84343949b5814f0b76b5a/users/b4217ce3e9df45d39066155d222c4cd8/roles/1e37af5e66be4bc8981ac6c95e8236f2` {{(pid=42307) log_request_info /opt/stack/keystone/keystone/server/flask/request_processing/req_logging.py:29}}
Jul 26 16:48:18 user devstack@keystone.service[42307]: DEBUG keystone.common.rbac_enforcer.enforcer [None req-a9934b26-4d45-48d5-a705-06851c74dbb0 None admin] RBAC: Authorizing `identity:create_grant(project_id=affe336c90f84343949b5814f0b76b5a, user_id=b4217ce3e9df45d39066155d222c4cd8, role_id=1e37af5e66be4bc8981ac6c95e8236f2)` {{(pid=42307) enforce_call /opt/stack/keystone/keystone/common/rbac_enforcer/enforcer.py:449}}
Jul 26 16:48:18 user devstack@keystone.service[42307]: DEBUG keystone.common.rbac_enforcer.enforcer [None req-a9934b26-4d45-48d5-a705-06851c74dbb0 None admin] RBAC: Authorization granted {{(pid=42307) enforce_call /opt/stack/keystone/keystone/common/rbac_enforcer/enforcer.py:457}}
Jul 26 16:48:18 user devstack@keystone.service[42307]: [pid: 42307|app: 0|req: 52/159] 10.0.0.210 () {58 vars in 1434 bytes} [Wed Jul 26 16:48:18 2023] PUT /identity/v3/projects/affe336c90f84343949b5814f0b76b5a/users/b4217ce3e9df45d39066155d222c4cd8/roles/1e37af5e66be4bc8981ac6c95e8236f2 => generated 0 bytes in 153 msecs (HTTP/1.1 204) 3 headers in 132 bytes (0 switches on core 0)
Jul 26 16:48:19 user devstack@keystone.service[42308]: DEBUG keystone.server.flask.request_processing.req_logging [None req-4fb8eaf9-2b96-4c04-8173-e1cafce6e5d9 None None] REQUEST_METHOD: `GET` {{(pid=42308) log_request_info /opt/stack/keystone/keystone/server/flask/request_processing/req_logging.py:27}}
Jul 26 16:48:19 user devstack@keystone.service[42308]: DEBUG keystone.server.flask.request_processing.req_logging [None req-4fb8eaf9-2b96-4c04-8173-e1cafce6e5d9 None None] SCRIPT_NAME: `/identity` {{(pid=42308) log_request_info /opt/stack/keystone/keystone/server/flask/request_processing/req_logging.py:28}}
Jul 26 16:48:19 user devstack@keystone.service[42309]: DEBUG keystone.server.flask.request_processing.req_logging [None req-6f4faa60-556f-4c39-be1f-18ad4220534e None None] REQUEST_METHOD: `GET` {{(pid=42309) log_request_info /opt/stack/keystone/keystone/server/flask/request_processing/req_logging.py:27}}
Jul 26 16:48:19 user devstack@keystone.service[42308]: DEBUG keystone.server.flask.request_processing.req_logging [None req-4fb8eaf9-2b96-4c04-8173-e1cafce6e5d9 None None] PATH_INFO: `/` {{(pid=42308) log_request_info /opt/stack/keystone/keystone/server/flask/request_processing/req_logging.py:29}}
Jul 26 16:48:19 user devstack@keystone.service[42309]: DEBUG keystone.server.flask.request_processing.req_logging [None req-6f4faa60-556f-4c39-be1f-18ad4220534e None None] SCRIPT_NAME: `/identity` {{(pid=42309) log_request_info /opt/stack/keystone/keystone/server/flask/request_processing/req_logging.py:28}}
Jul 26 16:48:19 user devstack@keystone.service[42309]: DEBUG keystone.server.flask.request_processing.req_logging [None req-6f4faa60-556f-4c39-be1f-18ad4220534e None None] PATH_INFO: `/` {{(pid=42309) log_request_info /opt/stack/keystone/keystone/server/flask/request_processing/req_logging.py:29}}
Jul 26 16:48:19 user devstack@keystone.service[42308]: [pid: 42308|app: 0|req: 58/160] 10.0.0.210 () {54 vars in 920 bytes} [Wed Jul 26 16:48:19 2023] GET /identity => generated 269 bytes in 3 msecs (HTTP/1.1 300) 6 headers in 233 bytes (1 switches on core 0)
Jul 26 16:48:19 user devstack@keystone.service[42309]: [pid: 42309|app: 0|req: 51/161] 10.0.0.210 () {54 vars in 920 bytes} [Wed Jul 26 16:48:19 2023] GET /identity => generated 269 bytes in 3 msecs (HTTP/1.1 300) 6 headers in 233 bytes (1 switches on core 0)
Jul 26 16:48:19 user devstack@keystone.service[42307]: DEBUG keystone.server.flask.request_processing.req_logging [None req-861f7b4e-8c28-4ff2-8470-01fc005420c9 None None] REQUEST_METHOD: `POST` {{(pid=42307) log_request_info /opt/stack/keystone/keystone/server/flask/request_processing/req_logging.py:27}}
Jul 26 16:48:19 user devstack@keystone.service[42308]: DEBUG keystone.server.flask.request_processing.req_logging [None req-8633e517-e050-47ed-8fe7-48673df76072 None None] REQUEST_METHOD: `POST` {{(pid=42308) log_request_info /opt/stack/keystone/keystone/server/flask/request_processing/req_logging.py:27}}
Jul 26 16:48:19 user devstack@keystone.service[42308]: DEBUG keystone.server.flask.request_processing.req_logging [None req-8633e517-e050-47ed-8fe7-48673df76072 None None] SCRIPT_NAME: `/identity` {{(pid=42308) log_request_info /opt/stack/keystone/keystone/server/flask/request_processing/req_logging.py:28}}
Jul 26 16:48:19 user devstack@keystone.service[42307]: DEBUG keystone.server.flask.request_processing.req_logging [None req-861f7b4e-8c28-4ff2-8470-01fc005420c9 None None] SCRIPT_NAME: `/identity` {{(pid=42307) log_request_info /opt/stack/keystone/keystone/server/flask/request_processing/req_logging.py:28}}
Jul 26 16:48:19 user devstack@keystone.service[42308]: DEBUG keystone.server.flask.request_processing.req_logging [None req-8633e517-e050-47ed-8fe7-48673df76072 None None] PATH_INFO: `/v3/auth/tokens` {{(pid=42308) log_request_info /opt/stack/keystone/keystone/server/flask/request_processing/req_logging.py:29}}
Jul 26 16:48:19 user devstack@keystone.service[42307]: DEBUG keystone.server.flask.request_processing.req_logging [None req-861f7b4e-8c28-4ff2-8470-01fc005420c9 None None] PATH_INFO: `/v3/auth/tokens` {{(pid=42307) log_request_info /opt/stack/keystone/keystone/server/flask/request_processing/req_logging.py:29}}
Jul 26 16:48:19 user devstack@keystone.service[42307]: WARNING keystone.common.password_hashing [None req-861f7b4e-8c28-4ff2-8470-01fc005420c9 None None] Truncating password to algorithm specific maximum length 54 characters.
Jul 26 16:48:19 user devstack@keystone.service[42308]: WARNING keystone.common.password_hashing [None req-8633e517-e050-47ed-8fe7-48673df76072 None None] Truncating password to algorithm specific maximum length 54 characters.
Jul 26 16:48:19 user devstack@keystone.service[42307]: DEBUG keystone.auth.core [None req-861f7b4e-8c28-4ff2-8470-01fc005420c9 None None] MFA Rules not processed for user `89e343ace3d748019c9d4cdd52983adc`. Rule list: `[]` (Enabled: `True`). {{(pid=42307) check_auth_methods_against_rules /opt/stack/keystone/keystone/auth/core.py:438}}
Jul 26 16:48:19 user devstack@keystone.service[42307]: DEBUG keystone.common.fernet_utils [None req-861f7b4e-8c28-4ff2-8470-01fc005420c9 None None] Loaded 2 Fernet keys from /etc/keystone/fernet-keys/, but `[fernet_tokens] max_active_keys = 3`; perhaps there have not been enough key rotations to reach `max_active_keys` yet? {{(pid=42307) load_keys /opt/stack/keystone/keystone/common/fernet_utils.py:286}}
Jul 26 16:48:19 user devstack@keystone.service[42308]: DEBUG keystone.auth.core [None req-8633e517-e050-47ed-8fe7-48673df76072 None None] MFA Rules not processed for user `89e343ace3d748019c9d4cdd52983adc`. Rule list: `[]` (Enabled: `True`). {{(pid=42308) check_auth_methods_against_rules /opt/stack/keystone/keystone/auth/core.py:438}}
Jul 26 16:48:19 user devstack@keystone.service[42308]: DEBUG keystone.common.fernet_utils [None req-8633e517-e050-47ed-8fe7-48673df76072 None None] Loaded 2 Fernet keys from /etc/keystone/fernet-keys/, but `[fernet_tokens] max_active_keys = 3`; perhaps there have not been enough key rotations to reach `max_active_keys` yet? {{(pid=42308) load_keys /opt/stack/keystone/keystone/common/fernet_utils.py:286}}
Jul 26 16:48:19 user devstack@keystone.service[42308]: DEBUG dbcounter [-] [42308] Writing DB stats keystone:SELECT=99,keystone:INSERT=1 {{(pid=42308) stat_writer /usr/local/lib/python3.10/dist-packages/dbcounter.py:117}}
Jul 26 16:48:19 user devstack@keystone.service[42307]: [pid: 42307|app: 0|req: 53/162] 10.0.0.210 () {58 vars in 1017 bytes} [Wed Jul 26 16:48:19 2023] POST /identity/v3/auth/tokens => generated 798 bytes in 79 msecs (HTTP/1.1 201) 6 headers in 363 bytes (1 switches on core 0)
Jul 26 16:48:19 user devstack@keystone.service[42308]: [pid: 42308|app: 0|req: 59/163] 10.0.0.210 () {58 vars in 1017 bytes} [Wed Jul 26 16:48:19 2023] POST /identity/v3/auth/tokens => generated 798 bytes in 82 msecs (HTTP/1.1 201) 6 headers in 363 bytes (1 switches on core 0)
Jul 26 16:48:19 user devstack@keystone.service[42309]: DEBUG keystone.server.flask.request_processing.req_logging [None req-8814c7e9-a2ea-471e-809d-4f9131428548 None None] REQUEST_METHOD: `GET` {{(pid=42309) log_request_info /opt/stack/keystone/keystone/server/flask/request_processing/req_logging.py:27}}
Jul 26 16:48:19 user devstack@keystone.service[42309]: DEBUG keystone.server.flask.request_processing.req_logging [None req-8814c7e9-a2ea-471e-809d-4f9131428548 None None] SCRIPT_NAME: `/identity` {{(pid=42309) log_request_info /opt/stack/keystone/keystone/server/flask/request_processing/req_logging.py:28}}
Jul 26 16:48:19 user devstack@keystone.service[42309]: DEBUG keystone.server.flask.request_processing.req_logging [None req-8814c7e9-a2ea-471e-809d-4f9131428548 None None] PATH_INFO: `/` {{(pid=42309) log_request_info /opt/stack/keystone/keystone/server/flask/request_processing/req_logging.py:29}}
Jul 26 16:48:19 user devstack@keystone.service[42309]: [pid: 42309|app: 0|req: 52/164] 10.0.0.210 () {54 vars in 920 bytes} [Wed Jul 26 16:48:19 2023] GET /identity => generated 269 bytes in 3 msecs (HTTP/1.1 300) 6 headers in 233 bytes (1 switches on core 0)
Jul 26 16:48:19 user devstack@keystone.service[42307]: DEBUG keystone.server.flask.request_processing.req_logging [None req-08caa64a-69f0-4024-ae0e-5f1e38a8425b None None] REQUEST_METHOD: `POST` {{(pid=42307) log_request_info /opt/stack/keystone/keystone/server/flask/request_processing/req_logging.py:27}}
Jul 26 16:48:19 user devstack@keystone.service[42307]: DEBUG keystone.server.flask.request_processing.req_logging [None req-08caa64a-69f0-4024-ae0e-5f1e38a8425b None None] SCRIPT_NAME: `/identity` {{(pid=42307) log_request_info /opt/stack/keystone/keystone/server/flask/request_processing/req_logging.py:28}}
