Aug 27 04:48:46 user devstack@keystone.service[44227]: DEBUG keystone.common.rbac_enforcer.enforcer [None req-9c184fd0-f7e5-4df7-91c3-a808df99b1f5 None admin] RBAC: Adding query filter params (name=member) {{(pid=44227) _extract_filter_values /opt/stack/keystone/keystone/common/rbac_enforcer/enforcer.py:167}}
Aug 27 04:48:46 user devstack@keystone.service[44227]: DEBUG keystone.common.rbac_enforcer.enforcer [None req-9c184fd0-f7e5-4df7-91c3-a808df99b1f5 None admin] RBAC: Authorizing `identity:list_roles()` {{(pid=44227) enforce_call /opt/stack/keystone/keystone/common/rbac_enforcer/enforcer.py:449}}
Aug 27 04:48:46 user devstack@keystone.service[44225]: DEBUG keystone.server.flask.request_processing.middleware.auth_context [None req-6bcb27f8-89e7-4a37-890b-2aae4dd33012 None admin] Validating token access rules against request {{(pid=44225) validate_allowed_request /opt/stack/data/venv/lib/python3.10/site-packages/keystonemiddleware/auth_token/__init__.py:544}}
Aug 27 04:48:46 user devstack@keystone.service[44227]: DEBUG keystone.common.rbac_enforcer.enforcer [None req-9c184fd0-f7e5-4df7-91c3-a808df99b1f5 None admin] RBAC: Authorization granted {{(pid=44227) enforce_call /opt/stack/keystone/keystone/common/rbac_enforcer/enforcer.py:457}}
Aug 27 04:48:46 user devstack@keystone.service[44226]: DEBUG keystone.server.flask.request_processing.middleware.auth_context [None req-0efe3053-8c71-4484-a387-f73ddafeeb2d None admin] RBAC: auth_context: {'token': , 'domain_id': None, 'trust_id': None, 'trustor_id': None, 'trustee_id': None, 'domain_name': None, 'group_ids': [], 'user_id': '69a9ebff163b4e0ca61a71dc8952cfa2', 'user_domain_id': 'default', 'system_scope': 'all', 'project_id': None, 'project_domain_id': None, 'roles': ['admin', 'member', 'reader'], 'is_admin_project': True, 'service_user_id': None, 'service_user_domain_id': None, 'service_project_id': None, 'service_project_domain_id': None, 'service_roles': []} {{(pid=44226) fill_context /opt/stack/keystone/keystone/server/flask/request_processing/middleware/auth_context.py:480}}
Aug 27 04:48:46 user devstack@keystone.service[44226]: DEBUG keystone.server.flask.request_processing.req_logging [None req-0efe3053-8c71-4484-a387-f73ddafeeb2d None admin] REQUEST_METHOD: `GET` {{(pid=44226) log_request_info /opt/stack/keystone/keystone/server/flask/request_processing/req_logging.py:27}}
Aug 27 04:48:46 user devstack@keystone.service[44226]: DEBUG keystone.server.flask.request_processing.req_logging [None req-0efe3053-8c71-4484-a387-f73ddafeeb2d None admin] SCRIPT_NAME: `/identity` {{(pid=44226) log_request_info /opt/stack/keystone/keystone/server/flask/request_processing/req_logging.py:28}}
Aug 27 04:48:46 user devstack@keystone.service[44226]: DEBUG keystone.server.flask.request_processing.req_logging [None req-0efe3053-8c71-4484-a387-f73ddafeeb2d None admin] PATH_INFO: `/v3/roles` {{(pid=44226) log_request_info /opt/stack/keystone/keystone/server/flask/request_processing/req_logging.py:29}}
Aug 27 04:48:46 user devstack@keystone.service[44226]: DEBUG keystone.common.rbac_enforcer.enforcer [None req-0efe3053-8c71-4484-a387-f73ddafeeb2d None admin] RBAC: Adding query filter params (name=reader) {{(pid=44226) _extract_filter_values /opt/stack/keystone/keystone/common/rbac_enforcer/enforcer.py:167}}
Aug 27 04:48:46 user devstack@keystone.service[44226]: DEBUG keystone.common.rbac_enforcer.enforcer [None req-0efe3053-8c71-4484-a387-f73ddafeeb2d None admin] RBAC: Authorizing `identity:list_roles()` {{(pid=44226) enforce_call /opt/stack/keystone/keystone/common/rbac_enforcer/enforcer.py:449}}
Aug 27 04:48:46 user devstack@keystone.service[44226]: DEBUG keystone.common.rbac_enforcer.enforcer [None req-0efe3053-8c71-4484-a387-f73ddafeeb2d None admin] RBAC: Authorization granted {{(pid=44226) enforce_call /opt/stack/keystone/keystone/common/rbac_enforcer/enforcer.py:457}}
Aug 27 04:48:46 user devstack@keystone.service[44227]: [pid: 44227|app: 0|req: 74/235] 10.0.0.210 () {56 vars in 1096 bytes} [Sun Aug 27 04:48:46 2023] GET /identity/v3/roles?name=member => generated 339 bytes in 168 msecs (HTTP/1.1 200) 5 headers in 177 bytes (1 switches on core 0)
Aug 27 04:48:46 user devstack@keystone.service[44227]: DEBUG keystone.server.flask.request_processing.middleware.auth_context [None req-9c184fd0-f7e5-4df7-91c3-a808df99b1f5 None admin] Authenticating user token {{(pid=44227) process_request /opt/stack/data/venv/lib/python3.10/site-packages/keystonemiddleware/auth_token/__init__.py:406}}
Aug 27 04:48:46 user devstack@keystone.service[44226]: [pid: 44226|app: 0|req: 81/236] 10.0.0.210 () {56 vars in 1096 bytes} [Sun Aug 27 04:48:46 2023] GET /identity/v3/roles?name=reader => generated 339 bytes in 171 msecs (HTTP/1.1 200) 5 headers in 177 bytes (2 switches on core 0)
Aug 27 04:48:46 user devstack@keystone.service[44226]: DEBUG keystone.server.flask.request_processing.middleware.auth_context [None req-0efe3053-8c71-4484-a387-f73ddafeeb2d None admin] Authenticating user token {{(pid=44226) process_request /opt/stack/data/venv/lib/python3.10/site-packages/keystonemiddleware/auth_token/__init__.py:406}}
Aug 27 04:48:46 user devstack@keystone.service[44225]: DEBUG keystone.server.flask.request_processing.middleware.auth_context [None req-6320ab31-53bd-4286-9767-a1805778f12d None admin] RBAC: auth_context: {'token': , 'domain_id': None, 'trust_id': None, 'trustor_id': None, 'trustee_id': None, 'domain_name': None, 'group_ids': [], 'user_id': '69a9ebff163b4e0ca61a71dc8952cfa2', 'user_domain_id': 'default', 'system_scope': 'all', 'project_id': None, 'project_domain_id': None, 'roles': ['admin', 'member', 'reader'], 'is_admin_project': True, 'service_user_id': None, 'service_user_domain_id': None, 'service_project_id': None, 'service_project_domain_id': None, 'service_roles': []} {{(pid=44225) fill_context /opt/stack/keystone/keystone/server/flask/request_processing/middleware/auth_context.py:480}}
Aug 27 04:48:46 user devstack@keystone.service[44225]: DEBUG keystone.server.flask.request_processing.req_logging [None req-6320ab31-53bd-4286-9767-a1805778f12d None admin] REQUEST_METHOD: `POST` {{(pid=44225) log_request_info /opt/stack/keystone/keystone/server/flask/request_processing/req_logging.py:27}}
Aug 27 04:48:46 user devstack@keystone.service[44225]: DEBUG keystone.server.flask.request_processing.req_logging [None req-6320ab31-53bd-4286-9767-a1805778f12d None admin] SCRIPT_NAME: `/identity` {{(pid=44225) log_request_info /opt/stack/keystone/keystone/server/flask/request_processing/req_logging.py:28}}
Aug 27 04:48:46 user devstack@keystone.service[44225]: DEBUG keystone.server.flask.request_processing.req_logging [None req-6320ab31-53bd-4286-9767-a1805778f12d None admin] PATH_INFO: `/v3/groups` {{(pid=44225) log_request_info /opt/stack/keystone/keystone/server/flask/request_processing/req_logging.py:29}}
Aug 27 04:48:46 user devstack@keystone.service[44225]: DEBUG keystone.common.rbac_enforcer.enforcer [None req-6320ab31-53bd-4286-9767-a1805778f12d None admin] RBAC: Authorizing `identity:create_group()` {{(pid=44225) enforce_call /opt/stack/keystone/keystone/common/rbac_enforcer/enforcer.py:449}}
Aug 27 04:48:46 user devstack@keystone.service[44225]: DEBUG keystone.common.rbac_enforcer.enforcer [None req-6320ab31-53bd-4286-9767-a1805778f12d None admin] RBAC: Authorization granted {{(pid=44225) enforce_call /opt/stack/keystone/keystone/common/rbac_enforcer/enforcer.py:457}}
Aug 27 04:48:46 user devstack@keystone.service[44225]: [pid: 44225|app: 0|req: 82/237] 10.0.0.210 () {60 vars in 1129 bytes} [Sun Aug 27 04:48:46 2023] POST /identity/v3/groups => generated 228 bytes in 158 msecs (HTTP/1.1 201) 5 headers in 182 bytes (2 switches on core 0)
Aug 27 04:48:46 user devstack@keystone.service[44227]: DEBUG keystone.server.flask.request_processing.middleware.auth_context [None req-9c184fd0-f7e5-4df7-91c3-a808df99b1f5 None admin] Validating token access rules against request {{(pid=44227) validate_allowed_request /opt/stack/data/venv/lib/python3.10/site-packages/keystonemiddleware/auth_token/__init__.py:544}}
Aug 27 04:48:46 user devstack@keystone.service[44226]: DEBUG keystone.server.flask.request_processing.middleware.auth_context [None req-0efe3053-8c71-4484-a387-f73ddafeeb2d None admin] Validating token access rules against request {{(pid=44226) validate_allowed_request /opt/stack/data/venv/lib/python3.10/site-packages/keystonemiddleware/auth_token/__init__.py:544}}
Aug 27 04:48:46 user devstack@keystone.service[44227]: DEBUG keystone.server.flask.request_processing.middleware.auth_context [None req-37189088-9e32-4787-bcf6-1333cf021c39 None admin] RBAC: auth_context: {'token': , 'domain_id': None, 'trust_id': None, 'trustor_id': None, 'trustee_id': None, 'domain_name': None, 'group_ids': [], 'user_id': '69a9ebff163b4e0ca61a71dc8952cfa2', 'user_domain_id': 'default', 'system_scope': 'all', 'project_id': None, 'project_domain_id': None, 'roles': ['admin', 'member', 'reader'], 'is_admin_project': True, 'service_user_id': None, 'service_user_domain_id': None, 'service_project_id': None, 'service_project_domain_id': None, 'service_roles': []} {{(pid=44227) fill_context /opt/stack/keystone/keystone/server/flask/request_processing/middleware/auth_context.py:480}}
Aug 27 04:48:46 user devstack@keystone.service[44227]: DEBUG keystone.server.flask.request_processing.req_logging [None req-37189088-9e32-4787-bcf6-1333cf021c39 None admin] REQUEST_METHOD: `GET` {{(pid=44227) log_request_info /opt/stack/keystone/keystone/server/flask/request_processing/req_logging.py:27}}
Aug 27 04:48:46 user devstack@keystone.service[44227]: DEBUG keystone.server.flask.request_processing.req_logging [None req-37189088-9e32-4787-bcf6-1333cf021c39 None admin] SCRIPT_NAME: `/identity` {{(pid=44227) log_request_info /opt/stack/keystone/keystone/server/flask/request_processing/req_logging.py:28}}
Aug 27 04:48:46 user devstack@keystone.service[44227]: DEBUG keystone.server.flask.request_processing.req_logging [None req-37189088-9e32-4787-bcf6-1333cf021c39 None admin] PATH_INFO: `/v3/users/fe16b4adbd164f6d9e0982dc49a25b4c` {{(pid=44227) log_request_info /opt/stack/keystone/keystone/server/flask/request_processing/req_logging.py:29}}
Aug 27 04:48:46 user devstack@keystone.service[44227]: DEBUG keystone.common.rbac_enforcer.enforcer [None req-37189088-9e32-4787-bcf6-1333cf021c39 None admin] RBAC: Authorizing `identity:get_user(user_id=fe16b4adbd164f6d9e0982dc49a25b4c)` {{(pid=44227) enforce_call /opt/stack/keystone/keystone/common/rbac_enforcer/enforcer.py:449}}
Aug 27 04:48:46 user devstack@keystone.service[44227]: DEBUG keystone.common.rbac_enforcer.enforcer [None req-37189088-9e32-4787-bcf6-1333cf021c39 None admin] RBAC: Authorization granted {{(pid=44227) enforce_call /opt/stack/keystone/keystone/common/rbac_enforcer/enforcer.py:457}}
Aug 27 04:48:46 user devstack@keystone.service[44227]: [pid: 44227|app: 0|req: 75/238] 10.0.0.210 () {56 vars in 1172 bytes} [Sun Aug 27 04:48:46 2023] GET /identity/v3/users/fe16b4adbd164f6d9e0982dc49a25b4c => generated 292 bytes in 120 msecs (HTTP/1.1 200) 5 headers in 177 bytes (1 switches on core 0)
Aug 27 04:48:46 user devstack@keystone.service[44225]: DEBUG keystone.server.flask.request_processing.middleware.auth_context [None req-6320ab31-53bd-4286-9767-a1805778f12d None admin] Authenticating user token {{(pid=44225) process_request /opt/stack/data/venv/lib/python3.10/site-packages/keystonemiddleware/auth_token/__init__.py:406}}
Aug 27 04:48:46 user devstack@keystone.service[44226]: DEBUG keystone.server.flask.request_processing.middleware.auth_context [None req-9f1920b2-eb50-46dd-83c9-f5a04cd2510f None admin] RBAC: auth_context: {'token': , 'domain_id': None, 'trust_id': None, 'trustor_id': None, 'trustee_id': None, 'domain_name': None, 'group_ids': [], 'user_id': '69a9ebff163b4e0ca61a71dc8952cfa2', 'user_domain_id': 'default', 'system_scope': 'all', 'project_id': None, 'project_domain_id': None, 'roles': ['admin', 'member', 'reader'], 'is_admin_project': True, 'service_user_id': None, 'service_user_domain_id': None, 'service_project_id': None, 'service_project_domain_id': None, 'service_roles': []} {{(pid=44226) fill_context /opt/stack/keystone/keystone/server/flask/request_processing/middleware/auth_context.py:480}}
Aug 27 04:48:46 user devstack@keystone.service[44226]: DEBUG keystone.server.flask.request_processing.req_logging [None req-9f1920b2-eb50-46dd-83c9-f5a04cd2510f None admin] REQUEST_METHOD: `GET` {{(pid=44226) log_request_info /opt/stack/keystone/keystone/server/flask/request_processing/req_logging.py:27}}
Aug 27 04:48:46 user devstack@keystone.service[44226]: DEBUG keystone.server.flask.request_processing.req_logging [None req-9f1920b2-eb50-46dd-83c9-f5a04cd2510f None admin] SCRIPT_NAME: `/identity` {{(pid=44226) log_request_info /opt/stack/keystone/keystone/server/flask/request_processing/req_logging.py:28}}
Aug 27 04:48:46 user devstack@keystone.service[44226]: DEBUG keystone.server.flask.request_processing.req_logging [None req-9f1920b2-eb50-46dd-83c9-f5a04cd2510f None admin] PATH_INFO: `/v3/users/a4100e75242a47069204aa9b9b6f07b2` {{(pid=44226) log_request_info /opt/stack/keystone/keystone/server/flask/request_processing/req_logging.py:29}}
Aug 27 04:48:46 user devstack@keystone.service[44226]: DEBUG keystone.common.rbac_enforcer.enforcer [None req-9f1920b2-eb50-46dd-83c9-f5a04cd2510f None admin] RBAC: Authorizing `identity:get_user(user_id=a4100e75242a47069204aa9b9b6f07b2)` {{(pid=44226) enforce_call /opt/stack/keystone/keystone/common/rbac_enforcer/enforcer.py:449}}
Aug 27 04:48:46 user devstack@keystone.service[44226]: DEBUG keystone.common.rbac_enforcer.enforcer [None req-9f1920b2-eb50-46dd-83c9-f5a04cd2510f None admin] RBAC: Authorization granted {{(pid=44226) enforce_call /opt/stack/keystone/keystone/common/rbac_enforcer/enforcer.py:457}}
Aug 27 04:48:46 user devstack@keystone.service[44226]: [pid: 44226|app: 0|req: 82/239] 10.0.0.210 () {56 vars in 1172 bytes} [Sun Aug 27 04:48:46 2023] GET /identity/v3/users/a4100e75242a47069204aa9b9b6f07b2 => generated 292 bytes in 149 msecs (HTTP/1.1 200) 5 headers in 177 bytes (1 switches on core 0)
Aug 27 04:48:46 user devstack@keystone.service[44227]: DEBUG keystone.server.flask.request_processing.middleware.auth_context [None req-37189088-9e32-4787-bcf6-1333cf021c39 None admin] Authenticating user token {{(pid=44227) process_request /opt/stack/data/venv/lib/python3.10/site-packages/keystonemiddleware/auth_token/__init__.py:406}}
Aug 27 04:48:46 user devstack@keystone.service[44225]: DEBUG keystone.server.flask.request_processing.middleware.auth_context [None req-6320ab31-53bd-4286-9767-a1805778f12d None admin] Validating token access rules against request {{(pid=44225) validate_allowed_request /opt/stack/data/venv/lib/python3.10/site-packages/keystonemiddleware/auth_token/__init__.py:544}}
Aug 27 04:48:46 user devstack@keystone.service[44227]: DEBUG keystone.server.flask.request_processing.middleware.auth_context [None req-37189088-9e32-4787-bcf6-1333cf021c39 None admin] Validating token access rules against request {{(pid=44227) validate_allowed_request /opt/stack/data/venv/lib/python3.10/site-packages/keystonemiddleware/auth_token/__init__.py:544}}
Aug 27 04:48:46 user devstack@keystone.service[44227]: DEBUG keystone.server.flask.request_processing.middleware.auth_context [None req-0c8aad0b-88ae-429a-9aee-fe61a5e3767a None admin] RBAC: auth_context: {'token': , 'domain_id': None, 'trust_id': None, 'trustor_id': None, 'trustee_id': None, 'domain_name': None, 'group_ids': [], 'user_id': '69a9ebff163b4e0ca61a71dc8952cfa2', 'user_domain_id': 'default', 'system_scope': 'all', 'project_id': None, 'project_domain_id': None, 'roles': ['admin', 'member', 'reader'], 'is_admin_project': True, 'service_user_id': None, 'service_user_domain_id': None, 'service_project_id': None, 'service_project_domain_id': None, 'service_roles': []} {{(pid=44227) fill_context /opt/stack/keystone/keystone/server/flask/request_processing/middleware/auth_context.py:480}}
Aug 27 04:48:46 user devstack@keystone.service[44227]: DEBUG keystone.server.flask.request_processing.req_logging [None req-0c8aad0b-88ae-429a-9aee-fe61a5e3767a None admin] REQUEST_METHOD: `GET` {{(pid=44227) log_request_info /opt/stack/keystone/keystone/server/flask/request_processing/req_logging.py:27}}
Aug 27 04:48:46 user devstack@keystone.service[44227]: DEBUG keystone.server.flask.request_processing.req_logging [None req-0c8aad0b-88ae-429a-9aee-fe61a5e3767a None admin] SCRIPT_NAME: `/identity` {{(pid=44227) log_request_info /opt/stack/keystone/keystone/server/flask/request_processing/req_logging.py:28}}
Aug 27 04:48:46 user devstack@keystone.service[44227]: DEBUG keystone.server.flask.request_processing.req_logging [None req-0c8aad0b-88ae-429a-9aee-fe61a5e3767a None admin] PATH_INFO: `/v3/role_assignments` {{(pid=44227) log_request_info /opt/stack/keystone/keystone/server/flask/request_processing/req_logging.py:29}}
Aug 27 04:48:46 user devstack@keystone.service[44227]: DEBUG keystone.common.rbac_enforcer.enforcer [None req-0c8aad0b-88ae-429a-9aee-fe61a5e3767a None admin] RBAC: Adding query filter params (role.id=104bc4e72a984ed5b5d8116905e50c7d, user.id=a4100e75242a47069204aa9b9b6f07b2, scope.system=all) {{(pid=44227) _extract_filter_values /opt/stack/keystone/keystone/common/rbac_enforcer/enforcer.py:167}}
Aug 27 04:48:46 user devstack@keystone.service[44227]: DEBUG keystone.common.rbac_enforcer.enforcer [None req-0c8aad0b-88ae-429a-9aee-fe61a5e3767a None admin] RBAC: Authorizing `identity:list_role_assignments()` {{(pid=44227) enforce_call /opt/stack/keystone/keystone/common/rbac_enforcer/enforcer.py:449}}
Aug 27 04:48:46 user devstack@keystone.service[44227]: DEBUG keystone.common.rbac_enforcer.enforcer [None req-0c8aad0b-88ae-429a-9aee-fe61a5e3767a None admin] RBAC: Authorization granted {{(pid=44227) enforce_call /opt/stack/keystone/keystone/common/rbac_enforcer/enforcer.py:457}}
Aug 27 04:48:46 user devstack@keystone.service[44227]: [pid: 44227|app: 0|req: 76/240] 10.0.0.210 () {56 vars in 1303 bytes} [Sun Aug 27 04:48:46 2023] GET /identity/v3/role_assignments?user.id=a4100e75242a47069204aa9b9b6f07b2&scope.system=all&role.id=104bc4e72a984ed5b5d8116905e50c7d => generated 225 bytes in 123 msecs (HTTP/1.1 200) 5 headers in 177 bytes (1 switches on core 0)
Aug 27 04:48:46 user devstack@keystone.service[44225]: DEBUG keystone.server.flask.request_processing.middleware.auth_context [None req-93c01996-856d-4ecc-b9c8-c5ec4c28b569 None admin] RBAC: auth_context: {'token': , 'domain_id': None, 'trust_id': None, 'trustor_id': None, 'trustee_id': None, 'domain_name': None, 'group_ids': [], 'user_id': '69a9ebff163b4e0ca61a71dc8952cfa2', 'user_domain_id': 'default', 'system_scope': 'all', 'project_id': None, 'project_domain_id': None, 'roles': ['admin', 'member', 'reader'], 'is_admin_project': True, 'service_user_id': None, 'service_user_domain_id': None, 'service_project_id': None, 'service_project_domain_id': None, 'service_roles': []} {{(pid=44225) fill_context /opt/stack/keystone/keystone/server/flask/request_processing/middleware/auth_context.py:480}}
Aug 27 04:48:46 user devstack@keystone.service[44225]: DEBUG keystone.server.flask.request_processing.req_logging [None req-93c01996-856d-4ecc-b9c8-c5ec4c28b569 None admin] REQUEST_METHOD: `PUT` {{(pid=44225) log_request_info /opt/stack/keystone/keystone/server/flask/request_processing/req_logging.py:27}}
Aug 27 04:48:46 user devstack@keystone.service[44225]: DEBUG keystone.server.flask.request_processing.req_logging [None req-93c01996-856d-4ecc-b9c8-c5ec4c28b569 None admin] SCRIPT_NAME: `/identity` {{(pid=44225) log_request_info /opt/stack/keystone/keystone/server/flask/request_processing/req_logging.py:28}}
Aug 27 04:48:46 user devstack@keystone.service[44225]: DEBUG keystone.server.flask.request_processing.req_logging [None req-93c01996-856d-4ecc-b9c8-c5ec4c28b569 None admin] PATH_INFO: `/v3/system/users/fe16b4adbd164f6d9e0982dc49a25b4c/roles/48820c366258438db480a0162ae47d62` {{(pid=44225) log_request_info /opt/stack/keystone/keystone/server/flask/request_processing/req_logging.py:29}}
Aug 27 04:48:46 user devstack@keystone.service[44225]: DEBUG keystone.common.rbac_enforcer.enforcer [None req-93c01996-856d-4ecc-b9c8-c5ec4c28b569 None admin] RBAC: Authorizing `identity:create_system_grant_for_user(user_id=fe16b4adbd164f6d9e0982dc49a25b4c, role_id=48820c366258438db480a0162ae47d62)` {{(pid=44225) enforce_call /opt/stack/keystone/keystone/common/rbac_enforcer/enforcer.py:449}}
Aug 27 04:48:46 user devstack@keystone.service[44225]: DEBUG keystone.common.rbac_enforcer.enforcer [None req-93c01996-856d-4ecc-b9c8-c5ec4c28b569 None admin] RBAC: Authorization granted {{(pid=44225) enforce_call /opt/stack/keystone/keystone/common/rbac_enforcer/enforcer.py:457}}
Aug 27 04:48:46 user devstack@keystone.service[44225]: [pid: 44225|app: 0|req: 83/241] 10.0.0.210 () {58 vars in 1329 bytes} [Sun Aug 27 04:48:46 2023] PUT /identity/v3/system/users/fe16b4adbd164f6d9e0982dc49a25b4c/roles/48820c366258438db480a0162ae47d62 => generated 0 bytes in 191 msecs (HTTP/1.1 204) 3 headers in 132 bytes (0 switches on core 0)
Aug 27 04:48:48 user devstack@keystone.service[44226]: DEBUG keystone.server.flask.request_processing.req_logging [None req-b69925d1-3d1b-48d6-8f06-a581af61c8da None None] REQUEST_METHOD: `GET` {{(pid=44226) log_request_info /opt/stack/keystone/keystone/server/flask/request_processing/req_logging.py:27}}
Aug 27 04:48:48 user devstack@keystone.service[44226]: DEBUG keystone.server.flask.request_processing.req_logging [None req-b69925d1-3d1b-48d6-8f06-a581af61c8da None None] SCRIPT_NAME: `/identity` {{(pid=44226) log_request_info /opt/stack/keystone/keystone/server/flask/request_processing/req_logging.py:28}}
Aug 27 04:48:48 user devstack@keystone.service[44226]: DEBUG keystone.server.flask.request_processing.req_logging [None req-b69925d1-3d1b-48d6-8f06-a581af61c8da None None] PATH_INFO: `/` {{(pid=44226) log_request_info /opt/stack/keystone/keystone/server/flask/request_processing/req_logging.py:29}}
Aug 27 04:48:48 user devstack@keystone.service[44226]: [pid: 44226|app: 0|req: 83/242] 10.0.0.210 () {54 vars in 921 bytes} [Sun Aug 27 04:48:48 2023] GET /identity => generated 269 bytes in 3 msecs (HTTP/1.1 300) 6 headers in 233 bytes (1 switches on core 0)
Aug 27 04:48:48 user devstack@keystone.service[44227]: DEBUG keystone.server.flask.request_processing.req_logging [None req-8f0fc1c0-7f6e-4b41-ad2b-f2a0ad5c8091 None None] REQUEST_METHOD: `POST` {{(pid=44227) log_request_info /opt/stack/keystone/keystone/server/flask/request_processing/req_logging.py:27}}
Aug 27 04:48:48 user devstack@keystone.service[44227]: DEBUG keystone.server.flask.request_processing.req_logging [None req-8f0fc1c0-7f6e-4b41-ad2b-f2a0ad5c8091 None None] SCRIPT_NAME: `/identity` {{(pid=44227) log_request_info /opt/stack/keystone/keystone/server/flask/request_processing/req_logging.py:28}}
Aug 27 04:48:48 user devstack@keystone.service[44227]: DEBUG keystone.server.flask.request_processing.req_logging [None req-8f0fc1c0-7f6e-4b41-ad2b-f2a0ad5c8091 None None] PATH_INFO: `/v3/auth/tokens` {{(pid=44227) log_request_info /opt/stack/keystone/keystone/server/flask/request_processing/req_logging.py:29}}
Aug 27 04:48:48 user devstack@keystone.service[44227]: WARNING keystone.common.password_hashing [None req-8f0fc1c0-7f6e-4b41-ad2b-f2a0ad5c8091 None None] Truncating password to algorithm specific maximum length 72 characters.
Aug 27 04:48:48 user devstack@keystone.service[44227]: DEBUG keystone.auth.core [None req-8f0fc1c0-7f6e-4b41-ad2b-f2a0ad5c8091 None None] MFA Rules not processed for user `69a9ebff163b4e0ca61a71dc8952cfa2`. Rule list: `[]` (Enabled: `True`). {{(pid=44227) check_auth_methods_against_rules /opt/stack/keystone/keystone/auth/core.py:438}}
Aug 27 04:48:48 user devstack@keystone.service[44227]: DEBUG keystone.common.fernet_utils [None req-8f0fc1c0-7f6e-4b41-ad2b-f2a0ad5c8091 None None] Loaded 2 Fernet keys from /etc/keystone/fernet-keys/, but `[fernet_tokens] max_active_keys = 3`; perhaps there have not been enough key rotations to reach `max_active_keys` yet? {{(pid=44227) load_keys /opt/stack/keystone/keystone/common/fernet_utils.py:286}}
Aug 27 04:48:48 user devstack@keystone.service[44227]: [pid: 44227|app: 0|req: 77/243] 10.0.0.210 () {58 vars in 1018 bytes} [Sun Aug 27 04:48:48 2023] POST /identity/v3/auth/tokens => generated 798 bytes in 76 msecs (HTTP/1.1 201) 6 headers in 363 bytes (1 switches on core 0)
Aug 27 04:48:48 user devstack@keystone.service[44225]: DEBUG keystone.server.flask.request_processing.req_logging [None req-edf0fccf-8ffc-4edc-858d-c01c6392f027 None None] REQUEST_METHOD: `GET` {{(pid=44225) log_request_info /opt/stack/keystone/keystone/server/flask/request_processing/req_logging.py:27}}
Aug 27 04:48:48 user devstack@keystone.service[44225]: DEBUG keystone.server.flask.request_processing.req_logging [None req-edf0fccf-8ffc-4edc-858d-c01c6392f027 None None] SCRIPT_NAME: `/identity` {{(pid=44225) log_request_info /opt/stack/keystone/keystone/server/flask/request_processing/req_logging.py:28}}
Aug 27 04:48:48 user devstack@keystone.service[44225]: DEBUG keystone.server.flask.request_processing.req_logging [None req-edf0fccf-8ffc-4edc-858d-c01c6392f027 None None] PATH_INFO: `/` {{(pid=44225) log_request_info /opt/stack/keystone/keystone/server/flask/request_processing/req_logging.py:29}}
Aug 27 04:48:48 user devstack@keystone.service[44225]: [pid: 44225|app: 0|req: 84/244] 10.0.0.210 () {54 vars in 921 bytes} [Sun Aug 27 04:48:48 2023] GET /identity => generated 269 bytes in 5 msecs (HTTP/1.1 300) 6 headers in 233 bytes (1 switches on core 0)
Aug 27 04:48:48 user devstack@keystone.service[44226]: DEBUG keystone.server.flask.request_processing.req_logging [None req-aec42244-94d3-4771-a2d7-75cf04ea06d8 None None] REQUEST_METHOD: `POST` {{(pid=44226) log_request_info /opt/stack/keystone/keystone/server/flask/request_processing/req_logging.py:27}}
Aug 27 04:48:48 user devstack@keystone.service[44226]: DEBUG keystone.server.flask.request_processing.req_logging [None req-aec42244-94d3-4771-a2d7-75cf04ea06d8 None None] SCRIPT_NAME: `/identity` {{(pid=44226) log_request_info /opt/stack/keystone/keystone/server/flask/request_processing/req_logging.py:28}}
Aug 27 04:48:48 user devstack@keystone.service[44226]: DEBUG keystone.server.flask.request_processing.req_logging [None req-aec42244-94d3-4771-a2d7-75cf04ea06d8 None None] PATH_INFO: `/v3/auth/tokens` {{(pid=44226) log_request_info /opt/stack/keystone/keystone/server/flask/request_processing/req_logging.py:29}}
Aug 27 04:48:48 user devstack@keystone.service[44226]: WARNING keystone.common.password_hashing [None req-aec42244-94d3-4771-a2d7-75cf04ea06d8 None None] Truncating password to algorithm specific maximum length 72 characters.
Aug 27 04:48:48 user devstack@keystone.service[44226]: DEBUG keystone.auth.core [None req-aec42244-94d3-4771-a2d7-75cf04ea06d8 None None] MFA Rules not processed for user `69a9ebff163b4e0ca61a71dc8952cfa2`. Rule list: `[]` (Enabled: `True`). {{(pid=44226) check_auth_methods_against_rules /opt/stack/keystone/keystone/auth/core.py:438}}
Aug 27 04:48:48 user devstack@keystone.service[44226]: DEBUG keystone.common.fernet_utils [None req-aec42244-94d3-4771-a2d7-75cf04ea06d8 None None] Loaded 2 Fernet keys from /etc/keystone/fernet-keys/, but `[fernet_tokens] max_active_keys = 3`; perhaps there have not been enough key rotations to reach `max_active_keys` yet? {{(pid=44226) load_keys /opt/stack/keystone/keystone/common/fernet_utils.py:286}}
Aug 27 04:48:48 user devstack@keystone.service[44227]: DEBUG keystone.server.flask.request_processing.req_logging [None req-a4ed2b3a-06d3-4dc4-87a4-a8f38f137420 None None] REQUEST_METHOD: `GET` {{(pid=44227) log_request_info /opt/stack/keystone/keystone/server/flask/request_processing/req_logging.py:27}}
Aug 27 04:48:48 user devstack@keystone.service[44227]: DEBUG keystone.server.flask.request_processing.req_logging [None req-a4ed2b3a-06d3-4dc4-87a4-a8f38f137420 None None] SCRIPT_NAME: `/identity` {{(pid=44227) log_request_info /opt/stack/keystone/keystone/server/flask/request_processing/req_logging.py:28}}
Aug 27 04:48:48 user devstack@keystone.service[44227]: DEBUG keystone.server.flask.request_processing.req_logging [None req-a4ed2b3a-06d3-4dc4-87a4-a8f38f137420 None None] PATH_INFO: `/` {{(pid=44227) log_request_info /opt/stack/keystone/keystone/server/flask/request_processing/req_logging.py:29}}
Aug 27 04:48:48 user devstack@keystone.service[44227]: [pid: 44227|app: 0|req: 78/245] 10.0.0.210 () {54 vars in 921 bytes} [Sun Aug 27 04:48:48 2023] GET /identity => generated 269 bytes in 4 msecs (HTTP/1.1 300) 6 headers in 233 bytes (1 switches on core 0)
Aug 27 04:48:48 user devstack@keystone.service[44225]: DEBUG keystone.server.flask.request_processing.req_logging [None req-2167bc24-39a0-4301-b7f9-fd4f931cc503 None None] REQUEST_METHOD: `POST` {{(pid=44225) log_request_info /opt/stack/keystone/keystone/server/flask/request_processing/req_logging.py:27}}
Aug 27 04:48:48 user devstack@keystone.service[44225]: DEBUG keystone.server.flask.request_processing.req_logging [None req-2167bc24-39a0-4301-b7f9-fd4f931cc503 None None] SCRIPT_NAME: `/identity` {{(pid=44225) log_request_info /opt/stack/keystone/keystone/server/flask/request_processing/req_logging.py:28}}
Aug 27 04:48:48 user devstack@keystone.service[44225]: DEBUG keystone.server.flask.request_processing.req_logging [None req-2167bc24-39a0-4301-b7f9-fd4f931cc503 None None] PATH_INFO: `/v3/auth/tokens` {{(pid=44225) log_request_info /opt/stack/keystone/keystone/server/flask/request_processing/req_logging.py:29}}
Aug 27 04:48:48 user devstack@keystone.service[44225]: WARNING keystone.common.password_hashing [None req-2167bc24-39a0-4301-b7f9-fd4f931cc503 None None] Truncating password to algorithm specific maximum length 72 characters.
Aug 27 04:48:48 user devstack@keystone.service[44225]: DEBUG keystone.auth.core [None req-2167bc24-39a0-4301-b7f9-fd4f931cc503 None None] MFA Rules not processed for user `69a9ebff163b4e0ca61a71dc8952cfa2`. Rule list: `[]` (Enabled: `True`). {{(pid=44225) check_auth_methods_against_rules /opt/stack/keystone/keystone/auth/core.py:438}}
Aug 27 04:48:48 user devstack@keystone.service[44225]: DEBUG keystone.common.fernet_utils [None req-2167bc24-39a0-4301-b7f9-fd4f931cc503 None None] Loaded 2 Fernet keys from /etc/keystone/fernet-keys/, but `[fernet_tokens] max_active_keys = 3`; perhaps there have not been enough key rotations to reach `max_active_keys` yet? {{(pid=44225) load_keys /opt/stack/keystone/keystone/common/fernet_utils.py:286}}
Aug 27 04:48:48 user devstack@keystone.service[44226]: [pid: 44226|app: 0|req: 84/246] 10.0.0.210 () {58 vars in 1018 bytes} [Sun Aug 27 04:48:48 2023] POST /identity/v3/auth/tokens => generated 798 bytes in 80 msecs (HTTP/1.1 201) 6 headers in 363 bytes (1 switches on core 0)
Aug 27 04:48:48 user devstack@keystone.service[44227]: DEBUG keystone.server.flask.request_processing.middleware.auth_context [None req-a4ed2b3a-06d3-4dc4-87a4-a8f38f137420 None None] Authenticating user token {{(pid=44227) process_request /opt/stack/data/venv/lib/python3.10/site-packages/keystonemiddleware/auth_token/__init__.py:406}}
Aug 27 04:48:48 user devstack@keystone.service[44225]: [pid: 44225|app: 0|req: 85/247] 10.0.0.210 () {58 vars in 1018 bytes} [Sun Aug 27 04:48:48 2023] POST /identity/v3/auth/tokens => generated 798 bytes in 87 msecs (HTTP/1.1 201) 6 headers in 363 bytes (1 switches on core 0)
Aug 27 04:48:48 user devstack@keystone.service[44227]: DEBUG keystone.server.flask.request_processing.middleware.auth_context [None req-a4ed2b3a-06d3-4dc4-87a4-a8f38f137420 None None] Validating token access rules against request {{(pid=44227) validate_allowed_request /opt/stack/data/venv/lib/python3.10/site-packages/keystonemiddleware/auth_token/__init__.py:544}}
Aug 27 04:48:48 user devstack@keystone.service[44227]: DEBUG keystone.server.flask.request_processing.middleware.auth_context [None req-bc01578a-8bb1-4365-bfa5-c75b6fea83ab None admin] RBAC: auth_context: {'token': , 'domain_id': None, 'trust_id': None, 'trustor_id': None, 'trustee_id': None, 'domain_name': None, 'group_ids': [], 'user_id': '69a9ebff163b4e0ca61a71dc8952cfa2', 'user_domain_id': 'default', 'system_scope': 'all', 'project_id': None, 'project_domain_id': None, 'roles': ['admin', 'member', 'reader'], 'is_admin_project': True, 'service_user_id': None, 'service_user_domain_id': None, 'service_project_id': None, 'service_project_domain_id': None, 'service_roles': []} {{(pid=44227) fill_context /opt/stack/keystone/keystone/server/flask/request_processing/middleware/auth_context.py:480}}
Aug 27 04:48:48 user devstack@keystone.service[44227]: DEBUG keystone.server.flask.request_processing.req_logging [None req-bc01578a-8bb1-4365-bfa5-c75b6fea83ab None admin] REQUEST_METHOD: `GET` {{(pid=44227) log_request_info /opt/stack/keystone/keystone/server/flask/request_processing/req_logging.py:27}}
Aug 27 04:48:48 user devstack@keystone.service[44227]: DEBUG keystone.server.flask.request_processing.req_logging [None req-bc01578a-8bb1-4365-bfa5-c75b6fea83ab None admin] SCRIPT_NAME: `/identity` {{(pid=44227) log_request_info /opt/stack/keystone/keystone/server/flask/request_processing/req_logging.py:28}}
Aug 27 04:48:48 user devstack@keystone.service[44227]: DEBUG keystone.server.flask.request_processing.req_logging [None req-bc01578a-8bb1-4365-bfa5-c75b6fea83ab None admin] PATH_INFO: `/v3/domains/default` {{(pid=44227) log_request_info /opt/stack/keystone/keystone/server/flask/request_processing/req_logging.py:29}}
Aug 27 04:48:48 user devstack@keystone.service[44227]: DEBUG keystone.common.rbac_enforcer.enforcer [None req-bc01578a-8bb1-4365-bfa5-c75b6fea83ab None admin] RBAC: Authorizing `identity:get_domain(domain_id=default)` {{(pid=44227) enforce_call /opt/stack/keystone/keystone/common/rbac_enforcer/enforcer.py:449}}
Aug 27 04:48:48 user devstack@keystone.service[44227]: DEBUG keystone.common.rbac_enforcer.enforcer [None req-bc01578a-8bb1-4365-bfa5-c75b6fea83ab None admin] RBAC: Authorization granted {{(pid=44227) enforce_call /opt/stack/keystone/keystone/common/rbac_enforcer/enforcer.py:457}}
Aug 27 04:48:48 user devstack@keystone.service[44227]: [pid: 44227|app: 0|req: 79/248] 10.0.0.210 () {56 vars in 1103 bytes} [Sun Aug 27 04:48:48 2023] GET /identity/v3/domains/default => generated 198 bytes in 117 msecs (HTTP/1.1 200) 5 headers in 177 bytes (1 switches on core 0)
Aug 27 04:48:48 user devstack@keystone.service[44226]: DEBUG keystone.server.flask.request_processing.middleware.auth_context [None req-aec42244-94d3-4771-a2d7-75cf04ea06d8 None None] Authenticating user token {{(pid=44226) process_request /opt/stack/data/venv/lib/python3.10/site-packages/keystonemiddleware/auth_token/__init__.py:406}}
Aug 27 04:48:48 user devstack@keystone.service[44226]: DEBUG keystone.server.flask.request_processing.middleware.auth_context [None req-aec42244-94d3-4771-a2d7-75cf04ea06d8 None None] Validating token access rules against request {{(pid=44226) validate_allowed_request /opt/stack/data/venv/lib/python3.10/site-packages/keystonemiddleware/auth_token/__init__.py:544}}
Aug 27 04:48:48 user devstack@keystone.service[44225]: DEBUG keystone.server.flask.request_processing.middleware.auth_context [None req-2167bc24-39a0-4301-b7f9-fd4f931cc503 None None] Authenticating user token {{(pid=44225) process_request /opt/stack/data/venv/lib/python3.10/site-packages/keystonemiddleware/auth_token/__init__.py:406}}
Aug 27 04:48:48 user devstack@keystone.service[44226]: DEBUG keystone.server.flask.request_processing.middleware.auth_context [None req-fe0b5b32-922a-49dd-9732-051519de35de None admin] RBAC: auth_context: {'token': , 'domain_id': None, 'trust_id': None, 'trustor_id': None, 'trustee_id': None, 'domain_name': None, 'group_ids': [], 'user_id': '69a9ebff163b4e0ca61a71dc8952cfa2', 'user_domain_id': 'default', 'system_scope': 'all', 'project_id': None, 'project_domain_id': None, 'roles': ['admin', 'member', 'reader'], 'is_admin_project': True, 'service_user_id': None, 'service_user_domain_id': None, 'service_project_id': None, 'service_project_domain_id': None, 'service_roles': []} {{(pid=44226) fill_context /opt/stack/keystone/keystone/server/flask/request_processing/middleware/auth_context.py:480}}
Aug 27 04:48:48 user devstack@keystone.service[44226]: DEBUG keystone.server.flask.request_processing.req_logging [None req-fe0b5b32-922a-49dd-9732-051519de35de None admin] REQUEST_METHOD: `POST` {{(pid=44226) log_request_info /opt/stack/keystone/keystone/server/flask/request_processing/req_logging.py:27}}
Aug 27 04:48:48 user devstack@keystone.service[44226]: DEBUG keystone.server.flask.request_processing.req_logging [None req-fe0b5b32-922a-49dd-9732-051519de35de None admin] SCRIPT_NAME: `/identity` {{(pid=44226) log_request_info /opt/stack/keystone/keystone/server/flask/request_processing/req_logging.py:28}}
Aug 27 04:48:48 user devstack@keystone.service[44226]: DEBUG keystone.server.flask.request_processing.req_logging [None req-fe0b5b32-922a-49dd-9732-051519de35de None admin] PATH_INFO: `/v3/groups` {{(pid=44226) log_request_info /opt/stack/keystone/keystone/server/flask/request_processing/req_logging.py:29}}
Aug 27 04:48:48 user devstack@keystone.service[44226]: DEBUG keystone.common.rbac_enforcer.enforcer [None req-fe0b5b32-922a-49dd-9732-051519de35de None admin] RBAC: Authorizing `identity:create_group()` {{(pid=44226) enforce_call /opt/stack/keystone/keystone/common/rbac_enforcer/enforcer.py:449}}
Aug 27 04:48:48 user devstack@keystone.service[44226]: DEBUG keystone.common.rbac_enforcer.enforcer [None req-fe0b5b32-922a-49dd-9732-051519de35de None admin] RBAC: Authorization granted {{(pid=44226) enforce_call /opt/stack/keystone/keystone/common/rbac_enforcer/enforcer.py:457}}
Aug 27 04:48:48 user devstack@keystone.service[44226]: [pid: 44226|app: 0|req: 85/249] 10.0.0.210 () {60 vars in 1129 bytes} [Sun Aug 27 04:48:48 2023] POST /identity/v3/groups => generated 225 bytes in 130 msecs (HTTP/1.1 201) 5 headers in 182 bytes (1 switches on core 0)
Aug 27 04:48:48 user devstack@keystone.service[44227]: DEBUG keystone.server.flask.request_processing.middleware.auth_context [None req-bc01578a-8bb1-4365-bfa5-c75b6fea83ab None admin] Authenticating user token {{(pid=44227) process_request /opt/stack/data/venv/lib/python3.10/site-packages/keystonemiddleware/auth_token/__init__.py:406}}
Aug 27 04:48:48 user devstack@keystone.service[44225]: DEBUG keystone.server.flask.request_processing.middleware.auth_context [None req-2167bc24-39a0-4301-b7f9-fd4f931cc503 None None] Validating token access rules against request {{(pid=44225) validate_allowed_request /opt/stack/data/venv/lib/python3.10/site-packages/keystonemiddleware/auth_token/__init__.py:544}}
Aug 27 04:48:48 user devstack@keystone.service[44225]: DEBUG keystone.server.flask.request_processing.middleware.auth_context [None req-7df34850-a710-4d76-a452-b9d77f3a8720 None admin] RBAC: auth_context: {'token': , 'domain_id': None, 'trust_id': None, 'trustor_id': None, 'trustee_id': None, 'domain_name': None, 'group_ids': [], 'user_id': '69a9ebff163b4e0ca61a71dc8952cfa2', 'user_domain_id': 'default', 'system_scope': 'all', 'project_id': None, 'project_domain_id': None, 'roles': ['admin', 'member', 'reader'], 'is_admin_project': True, 'service_user_id': None, 'service_user_domain_id': None, 'service_project_id': None, 'service_project_domain_id': None, 'service_roles': []} {{(pid=44225) fill_context /opt/stack/keystone/keystone/server/flask/request_processing/middleware/auth_context.py:480}}
Aug 27 04:48:48 user devstack@keystone.service[44225]: DEBUG keystone.server.flask.request_processing.req_logging [None req-7df34850-a710-4d76-a452-b9d77f3a8720 None admin] REQUEST_METHOD: `GET` {{(pid=44225) log_request_info /opt/stack/keystone/keystone/server/flask/request_processing/req_logging.py:27}}
Aug 27 04:48:48 user devstack@keystone.service[44225]: DEBUG keystone.server.flask.request_processing.req_logging [None req-7df34850-a710-4d76-a452-b9d77f3a8720 None admin] SCRIPT_NAME: `/identity` {{(pid=44225) log_request_info /opt/stack/keystone/keystone/server/flask/request_processing/req_logging.py:28}}
Aug 27 04:48:48 user devstack@keystone.service[44225]: DEBUG keystone.server.flask.request_processing.req_logging [None req-7df34850-a710-4d76-a452-b9d77f3a8720 None admin] PATH_INFO: `/v3/roles/member` {{(pid=44225) log_request_info /opt/stack/keystone/keystone/server/flask/request_processing/req_logging.py:29}}
Aug 27 04:48:48 user devstack@keystone.service[44225]: DEBUG keystone.common.rbac_enforcer.enforcer [None req-7df34850-a710-4d76-a452-b9d77f3a8720 None admin] Extracting inferred target data resulted in "NOT FOUND (404)". {{(pid=44225) enforce_call /opt/stack/keystone/keystone/common/rbac_enforcer/enforcer.py:409}}
Aug 27 04:48:48 user devstack@keystone.service[44225]: ERROR keystone.server.flask.application [None req-7df34850-a710-4d76-a452-b9d77f3a8720 None admin] Could not find role: member.: keystone.exception.RoleNotFound: Could not find role: member.
Aug 27 04:48:48 user devstack@keystone.service[44225]: ERROR keystone.server.flask.application
Traceback (most recent call last):
Aug 27 04:48:48 user devstack@keystone.service[44225]: ERROR keystone.server.flask.application
File "/opt/stack/data/venv/lib/python3.10/site-packages/flask/app.py", line 1823, in full_dispatch_request
Aug 27 04:48:48 user devstack@keystone.service[44225]: ERROR keystone.server.flask.application rv = self.dispatch_request()
Aug 27 04:48:48 user devstack@keystone.service[44225]: ERROR keystone.server.flask.application
File "/opt/stack/data/venv/lib/python3.10/site-packages/flask/app.py", line 1799, in dispatch_request
Aug 27 04:48:48 user devstack@keystone.service[44225]: ERROR keystone.server.flask.application return self.ensure_sync(self.view_functions[rule.endpoint])(**view_args)
Aug 27 04:48:48 user devstack@keystone.service[44225]: ERROR keystone.server.flask.application
File "/opt/stack/data/venv/lib/python3.10/site-packages/flask_restful/__init__.py", line 467, in wrapper
Aug 27 04:48:48 user devstack@keystone.service[44225]: ERROR keystone.server.flask.application resp = resource(*args, **kwargs)
Aug 27 04:48:48 user devstack@keystone.service[44225]: ERROR keystone.server.flask.application
File "/opt/stack/data/venv/lib/python3.10/site-packages/flask/views.py", line 107, in view
Aug 27 04:48:48 user devstack@keystone.service[44225]: ERROR keystone.server.flask.application return current_app.ensure_sync(self.dispatch_request)(**kwargs)
Aug 27 04:48:48 user devstack@keystone.service[44225]: ERROR keystone.server.flask.application
File "/opt/stack/data/venv/lib/python3.10/site-packages/flask_restful/__init__.py", line 582, in dispatch_request
Aug 27 04:48:48 user devstack@keystone.service[44225]: ERROR keystone.server.flask.application resp = meth(*args, **kwargs)
Aug 27 04:48:48 user devstack@keystone.service[44225]: ERROR keystone.server.flask.application
File "/opt/stack/keystone/keystone/api/roles.py", line 50, in get
Aug 27 04:48:48 user devstack@keystone.service[44225]: ERROR keystone.server.flask.application return self._get_role(role_id)
Aug 27 04:48:48 user devstack@keystone.service[44225]: ERROR keystone.server.flask.application
File "/opt/stack/keystone/keystone/api/roles.py", line 70, in _get_role
Aug 27 04:48:48 user devstack@keystone.service[44225]: ERROR keystone.server.flask.application ENFORCER.enforce_call(action='identity:get_role')
Aug 27 04:48:48 user devstack@keystone.service[44225]: ERROR keystone.server.flask.application
File "/opt/stack/keystone/keystone/common/rbac_enforcer/enforcer.py", line 402, in enforce_call
Aug 27 04:48:48 user devstack@keystone.service[44225]: ERROR keystone.server.flask.application policy_dict.update(cls._extract_member_target_data(
Aug 27 04:48:48 user devstack@keystone.service[44225]: ERROR keystone.server.flask.application
File "/opt/stack/keystone/keystone/common/rbac_enforcer/enforcer.py", line 234, in _extract_member_target_data
Aug 27 04:48:48 user devstack@keystone.service[44225]: ERROR keystone.server.flask.application member_name: func(flask.request.view_args[key])
Aug 27 04:48:48 user devstack@keystone.service[44225]: ERROR keystone.server.flask.application
File "/opt/stack/keystone/keystone/common/manager.py", line 115, in wrapped
Aug 27 04:48:48 user devstack@keystone.service[44225]: ERROR keystone.server.flask.application __ret_val = __f(*args, **kwargs)
Aug 27 04:48:48 user devstack@keystone.service[44225]: ERROR keystone.server.flask.application
File "/opt/stack/data/venv/lib/python3.10/site-packages/decorator.py", line 232, in fun
Aug 27 04:48:48 user devstack@keystone.service[44225]: ERROR keystone.server.flask.application return caller(func, *(extras + args), **kw)
Aug 27 04:48:48 user devstack@keystone.service[44225]: ERROR keystone.server.flask.application
File "/opt/stack/data/venv/lib/python3.10/site-packages/dogpile/cache/region.py", line 1577, in get_or_create_for_user_func
Aug 27 04:48:48 user devstack@keystone.service[44225]: ERROR keystone.server.flask.application return self.get_or_create(
Aug 27 04:48:48 user devstack@keystone.service[44225]: ERROR keystone.server.flask.application
File "/opt/stack/data/venv/lib/python3.10/site-packages/dogpile/cache/region.py", line 1042, in get_or_create
Aug 27 04:48:48 user devstack@keystone.service[44225]: ERROR keystone.server.flask.application with Lock(
Aug 27 04:48:48 user devstack@keystone.service[44225]: ERROR keystone.server.flask.application
File "/opt/stack/data/venv/lib/python3.10/site-packages/dogpile/lock.py", line 185, in __enter__
Aug 27 04:48:48 user devstack@keystone.service[44225]: ERROR keystone.server.flask.application return self._enter()
Aug 27 04:48:48 user devstack@keystone.service[44225]: ERROR keystone.server.flask.application
File "/opt/stack/data/venv/lib/python3.10/site-packages/dogpile/lock.py", line 94, in _enter
Aug 27 04:48:48 user devstack@keystone.service[44225]: ERROR keystone.server.flask.application generated = self._enter_create(value, createdtime)
Aug 27 04:48:48 user devstack@keystone.service[44225]: ERROR keystone.server.flask.application
File "/opt/stack/data/venv/lib/python3.10/site-packages/dogpile/lock.py", line 178, in _enter_create
Aug 27 04:48:48 user devstack@keystone.service[44225]: ERROR keystone.server.flask.application return self.creator()
Aug 27 04:48:48 user devstack@keystone.service[44225]: ERROR keystone.server.flask.application
File "/opt/stack/data/venv/lib/python3.10/site-packages/dogpile/cache/region.py", line 995, in gen_value
Aug 27 04:48:48 user devstack@keystone.service[44225]: ERROR keystone.server.flask.application created_value = creator(
Aug 27 04:48:48 user devstack@keystone.service[44225]: ERROR keystone.server.flask.application
File "/opt/stack/keystone/keystone/assignment/core.py", line 1276, in get_role
Aug 27 04:48:48 user devstack@keystone.service[44225]: ERROR keystone.server.flask.application return self.driver.get_role(role_id)
Aug 27 04:48:48 user devstack@keystone.service[44225]: ERROR keystone.server.flask.application
File "/opt/stack/keystone/keystone/assignment/role_backends/sql.py", line 70, in get_role
Aug 27 04:48:48 user devstack@keystone.service[44225]: ERROR keystone.server.flask.application return self._get_role(session, role_id).to_dict()
Aug 27 04:48:48 user devstack@keystone.service[44225]: ERROR keystone.server.flask.application
File "/opt/stack/keystone/keystone/assignment/role_backends/sql.py", line 65, in _get_role
Aug 27 04:48:48 user devstack@keystone.service[44225]: ERROR keystone.server.flask.application raise exception.RoleNotFound(role_id=role_id)
Aug 27 04:48:48 user devstack@keystone.service[44225]: ERROR keystone.server.flask.application keystone.exception.RoleNotFound: Could not find role: member.
Aug 27 04:48:48 user devstack@keystone.service[44225]: ERROR keystone.server.flask.application
Aug 27 04:48:48 user devstack@keystone.service[44225]: [pid: 44225|app: 0|req: 86/250] 10.0.0.210 () {56 vars in 1094 bytes} [Sun Aug 27 04:48:48 2023] GET /identity/v3/roles/member => generated 84 bytes in 133 msecs (HTTP/1.1 404) 5 headers in 183 bytes (1 switches on core 0)
Aug 27 04:48:48 user devstack@keystone.service[44226]: DEBUG keystone.server.flask.request_processing.middleware.auth_context [None req-fe0b5b32-922a-49dd-9732-051519de35de None admin] Authenticating user token {{(pid=44226) process_request /opt/stack/data/venv/lib/python3.10/site-packages/keystonemiddleware/auth_token/__init__.py:406}}
Aug 27 04:48:48 user devstack@keystone.service[44227]: DEBUG keystone.server.flask.request_processing.middleware.auth_context [None req-bc01578a-8bb1-4365-bfa5-c75b6fea83ab None admin] Validating token access rules against request {{(pid=44227) validate_allowed_request /opt/stack/data/venv/lib/python3.10/site-packages/keystonemiddleware/auth_token/__init__.py:544}}
Aug 27 04:48:48 user devstack@keystone.service[44227]: DEBUG keystone.server.flask.request_processing.middleware.auth_context [None req-ef81d6ba-bb95-4c00-8836-95277bec49ae None admin] RBAC: auth_context: {'token': , 'domain_id': None, 'trust_id': None, 'trustor_id': None, 'trustee_id': None, 'domain_name': None, 'group_ids': [], 'user_id': '69a9ebff163b4e0ca61a71dc8952cfa2', 'user_domain_id': 'default', 'system_scope': 'all', 'project_id': None, 'project_domain_id': None, 'roles': ['admin', 'member', 'reader'], 'is_admin_project': True, 'service_user_id': None, 'service_user_domain_id': None, 'service_project_id': None, 'service_project_domain_id': None, 'service_roles': []} {{(pid=44227) fill_context /opt/stack/keystone/keystone/server/flask/request_processing/middleware/auth_context.py:480}}
