Apr 12 00:30:13 user devstack@c-api.service[83184]: DEBUG cinder.api.middleware.request_id [None req-10461cce-827b-4b92-a132-99d1bdd66451 None None] RequestId filter calling following filter/app {{(pid=83184) _context_setter /opt/stack/cinder/cinder/api/middleware/request_id.py:62}}
Apr 12 00:30:13 user devstack@c-api.service[83184]: INFO cinder.api.openstack.wsgi [None req-10461cce-827b-4b92-a132-99d1bdd66451 tempest-VolumeTypesTest-1482633204 tempest-VolumeTypesTest-1482633204-project-admin] POST http://10.0.0.210/volume/v3/573ed8115c1c4cd7abfb96b5c49c32af/types
Apr 12 00:30:13 user devstack@c-api.service[83184]: DEBUG cinder.api.openstack.wsgi [None req-10461cce-827b-4b92-a132-99d1bdd66451 tempest-VolumeTypesTest-1482633204 tempest-VolumeTypesTest-1482633204-project-admin] Action: 'create', calling method: _create, body: {"volume_type": {"name": "tempest-VolumeTypesTest-volume-type-86786685", "extra_specs": {"storage_protocol": "iSCSI", "vendor_name": "Open-E"}}} {{(pid=83184) _process_stack /opt/stack/cinder/cinder/api/openstack/wsgi.py:866}}
Apr 12 00:30:13 user devstack@c-api.service[83184]: INFO cinder.api.openstack.wsgi [None req-10461cce-827b-4b92-a132-99d1bdd66451 tempest-VolumeTypesTest-1482633204 tempest-VolumeTypesTest-1482633204-project-admin] http://10.0.0.210/volume/v3/573ed8115c1c4cd7abfb96b5c49c32af/types returned with HTTP 200
Apr 12 00:30:13 user devstack@c-api.service[83184]: [pid: 83184|app: 0|req: 98/291] 10.0.0.210 () {64 vars in 1307 bytes} [Wed Apr 12 00:30:13 2023] POST /volume/v3/573ed8115c1c4cd7abfb96b5c49c32af/types => generated 271 bytes in 230 msecs (HTTP/1.1 200) 7 headers in 285 bytes (1 switches on core 0)
Apr 12 00:30:13 user devstack@c-api.service[83183]: DEBUG cinder.api.middleware.request_id [None req-0c3aac52-f779-4ec3-aae5-bef99cca0d53 None None] RequestId filter calling following filter/app {{(pid=83183) _context_setter /opt/stack/cinder/cinder/api/middleware/request_id.py:62}}
Apr 12 00:30:13 user devstack@c-api.service[83182]: INFO cinder.api.openstack.wsgi [None req-c236e853-c021-4918-bd0d-b4dcb6d43ee9 tempest-TestVolumeSwap-1224322718 tempest-TestVolumeSwap-1224322718-project-member] POST http://10.0.0.210/volume/v3/bff88f0df3414610858ecf3d60295c26/volumes
Apr 12 00:30:13 user devstack@c-api.service[83182]: DEBUG cinder.api.openstack.wsgi [None req-c236e853-c021-4918-bd0d-b4dcb6d43ee9 tempest-TestVolumeSwap-1224322718 tempest-TestVolumeSwap-1224322718-project-member] Action: 'create', calling method: create, body: {"volume": {"size": 1, "display_name": "tempest-TestVolumeSwap-volume-1616234355"}} {{(pid=83182) _process_stack /opt/stack/cinder/cinder/api/openstack/wsgi.py:866}}
Apr 12 00:30:13 user devstack@c-api.service[83182]: DEBUG cinder.api.v3.volumes [None req-c236e853-c021-4918-bd0d-b4dcb6d43ee9 tempest-TestVolumeSwap-1224322718 tempest-TestVolumeSwap-1224322718-project-member] Create volume request body: {'volume': {'size': 1, 'display_name': 'tempest-TestVolumeSwap-volume-1616234355'}} {{(pid=83182) create /opt/stack/cinder/cinder/api/v3/volumes.py:297}}
Apr 12 00:30:13 user devstack@c-api.service[83182]: INFO cinder.api.v3.volumes [None req-c236e853-c021-4918-bd0d-b4dcb6d43ee9 tempest-TestVolumeSwap-1224322718 tempest-TestVolumeSwap-1224322718-project-member] Create volume of 1 GB
Apr 12 00:30:13 user devstack@c-api.service[83184]: DEBUG cinder.api.middleware.request_id [None req-77dd0e03-4b60-408a-a0c4-3362634a4d07 None None] RequestId filter calling following filter/app {{(pid=83184) _context_setter /opt/stack/cinder/cinder/api/middleware/request_id.py:62}}
Apr 12 00:30:13 user devstack@c-api.service[83184]: INFO cinder.api.openstack.wsgi [None req-77dd0e03-4b60-408a-a0c4-3362634a4d07 tempest-VolumeTypesAccessTest-721684376 tempest-VolumeTypesAccessTest-721684376-project-member] GET http://10.0.0.210/volume/v3/2577040b85d24700b0fec5dfd1a39ba1/volumes/c6eda040-7c3b-4e6c-bb07-66718f07362c
Apr 12 00:30:13 user devstack@c-api.service[83184]: DEBUG cinder.api.openstack.wsgi [None req-77dd0e03-4b60-408a-a0c4-3362634a4d07 tempest-VolumeTypesAccessTest-721684376 tempest-VolumeTypesAccessTest-721684376-project-member] Empty body provided in request {{(pid=83184) get_body /opt/stack/cinder/cinder/api/openstack/wsgi.py:715}}
Apr 12 00:30:13 user devstack@c-api.service[83184]: DEBUG cinder.api.openstack.wsgi [None req-77dd0e03-4b60-408a-a0c4-3362634a4d07 tempest-VolumeTypesAccessTest-721684376 tempest-VolumeTypesAccessTest-721684376-project-member] Calling method 'show' {{(pid=83184) _process_stack /opt/stack/cinder/cinder/api/openstack/wsgi.py:868}}
Apr 12 00:30:13 user devstack@c-api.service[83183]: INFO cinder.api.openstack.wsgi [None req-0c3aac52-f779-4ec3-aae5-bef99cca0d53 tempest-VolumeTypesTest-1482633204 tempest-VolumeTypesTest-1482633204-project-admin] POST http://10.0.0.210/volume/v3/573ed8115c1c4cd7abfb96b5c49c32af/types
Apr 12 00:30:13 user devstack@c-api.service[83183]: DEBUG cinder.api.openstack.wsgi [None req-0c3aac52-f779-4ec3-aae5-bef99cca0d53 tempest-VolumeTypesTest-1482633204 tempest-VolumeTypesTest-1482633204-project-admin] Action: 'create', calling method: _create, body: {"volume_type": {"name": "tempest-VolumeTypesTest-volume-type-1133002314", "extra_specs": {"storage_protocol": "iSCSI", "vendor_name": "Open-E"}}} {{(pid=83183) _process_stack /opt/stack/cinder/cinder/api/openstack/wsgi.py:866}}
Apr 12 00:30:13 user devstack@c-api.service[83182]: INFO cinder.volume.api [None req-c236e853-c021-4918-bd0d-b4dcb6d43ee9 tempest-TestVolumeSwap-1224322718 tempest-TestVolumeSwap-1224322718-project-member] Availability Zones retrieved successfully.
Apr 12 00:30:13 user devstack@c-api.service[83182]: DEBUG cinder.volume.api [None req-c236e853-c021-4918-bd0d-b4dcb6d43ee9 tempest-TestVolumeSwap-1224322718 tempest-TestVolumeSwap-1224322718-project-member] Flow 'volume_create_api' (e744cf97-0c83-4a4c-a520-eeff623193b9) transitioned into state 'RUNNING' from state 'PENDING' {{(pid=83182) _flow_receiver /usr/local/lib/python3.10/dist-packages/taskflow/listeners/logging.py:141}}
Apr 12 00:30:13 user devstack@c-api.service[83182]: DEBUG cinder.volume.api [None req-c236e853-c021-4918-bd0d-b4dcb6d43ee9 tempest-TestVolumeSwap-1224322718 tempest-TestVolumeSwap-1224322718-project-member] Task 'cinder.volume.flows.api.create_volume.ExtractVolumeRequestTask;volume:create' (38e9082a-67db-4ca4-94c3-bdf48981851d) transitioned into state 'RUNNING' from state 'PENDING' {{(pid=83182) _task_receiver /usr/local/lib/python3.10/dist-packages/taskflow/listeners/logging.py:190}}
Apr 12 00:30:13 user devstack@c-api.service[83182]: DEBUG cinder.volume.flows.api.create_volume [None req-c236e853-c021-4918-bd0d-b4dcb6d43ee9 tempest-TestVolumeSwap-1224322718 tempest-TestVolumeSwap-1224322718-project-member] Validating volume size '1' using validate_int {{(pid=83182) _extract_size /opt/stack/cinder/cinder/volume/flows/api/create_volume.py:228}}
Apr 12 00:30:13 user devstack@c-api.service[83183]: INFO cinder.api.openstack.wsgi [None req-0c3aac52-f779-4ec3-aae5-bef99cca0d53 tempest-VolumeTypesTest-1482633204 tempest-VolumeTypesTest-1482633204-project-admin] http://10.0.0.210/volume/v3/573ed8115c1c4cd7abfb96b5c49c32af/types returned with HTTP 200
Apr 12 00:30:13 user devstack@c-api.service[83183]: [pid: 83183|app: 0|req: 104/292] 10.0.0.210 () {64 vars in 1307 bytes} [Wed Apr 12 00:30:13 2023] POST /volume/v3/573ed8115c1c4cd7abfb96b5c49c32af/types => generated 273 bytes in 87 msecs (HTTP/1.1 200) 7 headers in 285 bytes (1 switches on core 0)
Apr 12 00:30:13 user devstack@c-api.service[83184]: /usr/local/lib/python3.10/dist-packages/oslo_context/context.py:100: DeprecationWarning: Policy enforcement is depending on the value of is_admin. This key is deprecated. Please update your policy file to use the standard policy values.
Apr 12 00:30:13 user devstack@c-api.service[83184]: warnings.warn('Policy enforcement is depending on the value of '
Apr 12 00:30:13 user devstack@c-api.service[83183]: DEBUG cinder.api.middleware.request_id [None req-bfdb11bd-1de0-46bb-ac4b-e70eafb4d846 None None] RequestId filter calling following filter/app {{(pid=83183) _context_setter /opt/stack/cinder/cinder/api/middleware/request_id.py:62}}
Apr 12 00:30:13 user devstack@c-api.service[83182]: DEBUG cinder.volume.api [None req-c236e853-c021-4918-bd0d-b4dcb6d43ee9 tempest-TestVolumeSwap-1224322718 tempest-TestVolumeSwap-1224322718-project-member] Task 'cinder.volume.flows.api.create_volume.ExtractVolumeRequestTask;volume:create' (38e9082a-67db-4ca4-94c3-bdf48981851d) transitioned into state 'SUCCESS' from state 'RUNNING' with result '{'size': 1, 'snapshot_id': None, 'source_volid': None, 'volume_type': VolumeType(created_at=2023-04-12T00:25:52Z,deleted=False,deleted_at=None,description=None,extra_specs={volume_backend_name='joviandss-2'},id=1050a52b-98be-4a8d-9ffa-275ebecb0ab2,is_public=True,name='joviandss-2',projects=[],qos_specs=,qos_specs_id=None,updated_at=None), 'volume_type_id': '1050a52b-98be-4a8d-9ffa-275ebecb0ab2', 'encryption_key_id': None, 'qos_specs': None, 'consistencygroup_id': None, 'cgsnapshot_id': None, 'group_id': None, 'replication_status': 'disabled', 'refresh_az': False, 'backup_id': None, 'multiattach': False, 'availability_zones': ['nova']}' {{(pid=83182) _task_receiver /usr/local/lib/python3.10/dist-packages/taskflow/listeners/logging.py:178}}
Apr 12 00:30:13 user devstack@c-api.service[83182]: DEBUG cinder.volume.api [None req-c236e853-c021-4918-bd0d-b4dcb6d43ee9 tempest-TestVolumeSwap-1224322718 tempest-TestVolumeSwap-1224322718-project-member] Task 'cinder.volume.flows.api.create_volume.QuotaReserveTask;volume:create' (fce6fb1a-6696-4d7f-8120-66dc0a9fc88b) transitioned into state 'RUNNING' from state 'PENDING' {{(pid=83182) _task_receiver /usr/local/lib/python3.10/dist-packages/taskflow/listeners/logging.py:190}}
Apr 12 00:30:13 user devstack@c-api.service[83184]: INFO cinder.volume.api [None req-77dd0e03-4b60-408a-a0c4-3362634a4d07 tempest-VolumeTypesAccessTest-721684376 tempest-VolumeTypesAccessTest-721684376-project-member] Volume info retrieved successfully.
Apr 12 00:30:13 user devstack@c-api.service[83184]: INFO cinder.api.openstack.wsgi [None req-77dd0e03-4b60-408a-a0c4-3362634a4d07 tempest-VolumeTypesAccessTest-721684376 tempest-VolumeTypesAccessTest-721684376-project-member] http://10.0.0.210/volume/v3/2577040b85d24700b0fec5dfd1a39ba1/volumes/c6eda040-7c3b-4e6c-bb07-66718f07362c returned with HTTP 200
Apr 12 00:30:13 user devstack@c-api.service[83184]: [pid: 83184|app: 0|req: 99/293] 10.0.0.210 () {62 vars in 1402 bytes} [Wed Apr 12 00:30:13 2023] GET /volume/v3/2577040b85d24700b0fec5dfd1a39ba1/volumes/c6eda040-7c3b-4e6c-bb07-66718f07362c => generated 952 bytes in 136 msecs (HTTP/1.1 200) 7 headers in 285 bytes (1 switches on core 0)
Apr 12 00:30:13 user devstack@c-api.service[83182]: DEBUG dbcounter [-] [83182] Writing DB stats cinder:SELECT=84,cinder:INSERT=8,cinder:UPDATE=6,cinder:DELETE=2 {{(pid=83182) stat_writer /usr/local/lib/python3.10/dist-packages/dbcounter.py:117}}
Apr 12 00:30:13 user devstack@c-api.service[83182]: DEBUG cinder.quota [None req-c236e853-c021-4918-bd0d-b4dcb6d43ee9 tempest-TestVolumeSwap-1224322718 tempest-TestVolumeSwap-1224322718-project-member] Created reservations ['b96e6a26-56d5-49fe-b981-e70deef854a1', '93e090a6-4348-4783-8df7-2db7548520a8', '4faa4882-7c6e-4d13-b96c-006f35e6a095', '4a4d17f7-457c-4f2a-b149-4c1d935c0e8c'] {{(pid=83182) reserve /opt/stack/cinder/cinder/quota.py:755}}
Apr 12 00:30:13 user devstack@c-api.service[83182]: DEBUG cinder.volume.api [None req-c236e853-c021-4918-bd0d-b4dcb6d43ee9 tempest-TestVolumeSwap-1224322718 tempest-TestVolumeSwap-1224322718-project-member] Task 'cinder.volume.flows.api.create_volume.QuotaReserveTask;volume:create' (fce6fb1a-6696-4d7f-8120-66dc0a9fc88b) transitioned into state 'SUCCESS' from state 'RUNNING' with result '{'reservations': ['b96e6a26-56d5-49fe-b981-e70deef854a1', '93e090a6-4348-4783-8df7-2db7548520a8', '4faa4882-7c6e-4d13-b96c-006f35e6a095', '4a4d17f7-457c-4f2a-b149-4c1d935c0e8c']}' {{(pid=83182) _task_receiver /usr/local/lib/python3.10/dist-packages/taskflow/listeners/logging.py:178}}
Apr 12 00:30:13 user devstack@c-api.service[83182]: DEBUG cinder.volume.api [None req-c236e853-c021-4918-bd0d-b4dcb6d43ee9 tempest-TestVolumeSwap-1224322718 tempest-TestVolumeSwap-1224322718-project-member] Task 'cinder.volume.flows.api.create_volume.EntryCreateTask;volume:create' (ac544469-2dff-4a8b-991f-c6dde49f2c42) transitioned into state 'RUNNING' from state 'PENDING' {{(pid=83182) _task_receiver /usr/local/lib/python3.10/dist-packages/taskflow/listeners/logging.py:190}}
Apr 12 00:30:14 user devstack@c-api.service[83182]: DEBUG cinder.volume.api [None req-c236e853-c021-4918-bd0d-b4dcb6d43ee9 tempest-TestVolumeSwap-1224322718 tempest-TestVolumeSwap-1224322718-project-member] Task 'cinder.volume.flows.api.create_volume.EntryCreateTask;volume:create' (ac544469-2dff-4a8b-991f-c6dde49f2c42) transitioned into state 'SUCCESS' from state 'RUNNING' with result '{'volume_id': '65678a70-1c74-42ac-9334-dd959c1ea80f', 'volume_properties': VolumeProperties(attach_status='detached',availability_zone='nova',cgsnapshot_id=None,consistencygroup_id=None,display_description=None,display_name='tempest-TestVolumeSwap-volume-1616234355',encryption_key_id=None,group_id=None,group_type_id=,metadata={},multiattach=False,project_id='bff88f0df3414610858ecf3d60295c26',qos_specs=None,replication_status=,reservations=['b96e6a26-56d5-49fe-b981-e70deef854a1','93e090a6-4348-4783-8df7-2db7548520a8','4faa4882-7c6e-4d13-b96c-006f35e6a095','4a4d17f7-457c-4f2a-b149-4c1d935c0e8c'],size=1,snapshot_id=None,source_replicaid=,source_volid=None,status='creating',user_id='e4edaa34382341fd8f99f9d0921d80b6',volume_type_id=1050a52b-98be-4a8d-9ffa-275ebecb0ab2), 'volume': Volume(_name_id=None,admin_metadata=,attach_status='detached',availability_zone='nova',bootable=False,cluster=,cluster_name=None,consistencygroup=,consistencygroup_id=None,created_at=2023-04-12T00:30:13Z,deleted=False,deleted_at=None,display_description=None,display_name='tempest-TestVolumeSwap-volume-1616234355',ec2_id=None,encryption_key_id=None,glance_metadata=,group=,group_id=None,host=None,id=65678a70-1c74-42ac-9334-dd959c1ea80f,launched_at=None,metadata={},migration_status=None,multiattach=False,previous_status=None,project_id='bff88f0df3414610858ecf3d60295c26',provider_auth=None,provider_geometry=None,provider_id=None,provider_location=None,replication_driver_data=None,replication_extended_status=None,replication_status=None,scheduled_at=None,service_uuid=None,shared_targets=True,size=1,snapshot_id=None,snapshots=,source_volid=None,status='creating',terminated_at=None,updated_at=None,use_quota=True,user_id='e4edaa34382341fd8f99f9d0921d80b6',volume_attachment=VolumeAttachmentList,volume_type=VolumeType(1050a52b-98be-4a8d-9ffa-275ebecb0ab2),volume_type_id=1050a52b-98be-4a8d-9ffa-275ebecb0ab2)}' {{(pid=83182) _task_receiver /usr/local/lib/python3.10/dist-packages/taskflow/listeners/logging.py:178}}
Apr 12 00:30:14 user devstack@c-api.service[83182]: DEBUG cinder.volume.api [None req-c236e853-c021-4918-bd0d-b4dcb6d43ee9 tempest-TestVolumeSwap-1224322718 tempest-TestVolumeSwap-1224322718-project-member] Task 'cinder.volume.flows.api.create_volume.QuotaCommitTask;volume:create' (7b9622ab-386f-4b93-b790-9bba04104e1f) transitioned into state 'RUNNING' from state 'PENDING' {{(pid=83182) _task_receiver /usr/local/lib/python3.10/dist-packages/taskflow/listeners/logging.py:190}}
Apr 12 00:30:14 user devstack@c-api.service[83182]: DEBUG cinder.volume.api [None req-c236e853-c021-4918-bd0d-b4dcb6d43ee9 tempest-TestVolumeSwap-1224322718 tempest-TestVolumeSwap-1224322718-project-member] Task 'cinder.volume.flows.api.create_volume.QuotaCommitTask;volume:create' (7b9622ab-386f-4b93-b790-9bba04104e1f) transitioned into state 'SUCCESS' from state 'RUNNING' with result '{'volume_properties': VolumeProperties(attach_status='detached',availability_zone='nova',cgsnapshot_id=None,consistencygroup_id=None,display_description=None,display_name='tempest-TestVolumeSwap-volume-1616234355',encryption_key_id=None,group_id=None,group_type_id=,metadata={},multiattach=False,project_id='bff88f0df3414610858ecf3d60295c26',qos_specs=None,replication_status=,reservations=['b96e6a26-56d5-49fe-b981-e70deef854a1','93e090a6-4348-4783-8df7-2db7548520a8','4faa4882-7c6e-4d13-b96c-006f35e6a095','4a4d17f7-457c-4f2a-b149-4c1d935c0e8c'],size=1,snapshot_id=None,source_replicaid=,source_volid=None,status='creating',user_id='e4edaa34382341fd8f99f9d0921d80b6',volume_type_id=1050a52b-98be-4a8d-9ffa-275ebecb0ab2)}' {{(pid=83182) _task_receiver /usr/local/lib/python3.10/dist-packages/taskflow/listeners/logging.py:178}}
Apr 12 00:30:14 user devstack@c-api.service[83184]: DEBUG cinder.api.middleware.request_id [None req-d05c5d57-9353-4b09-b238-ec50d865d0ac None None] RequestId filter calling following filter/app {{(pid=83184) _context_setter /opt/stack/cinder/cinder/api/middleware/request_id.py:62}}
Apr 12 00:30:14 user devstack@c-api.service[83182]: DEBUG cinder.volume.api [None req-c236e853-c021-4918-bd0d-b4dcb6d43ee9 tempest-TestVolumeSwap-1224322718 tempest-TestVolumeSwap-1224322718-project-member] Task 'cinder.volume.flows.api.create_volume.VolumeCastTask;volume:create' (2c07b661-2513-4c64-a6fe-46b34f7bece1) transitioned into state 'RUNNING' from state 'PENDING' {{(pid=83182) _task_receiver /usr/local/lib/python3.10/dist-packages/taskflow/listeners/logging.py:190}}
Apr 12 00:30:14 user devstack@c-api.service[83184]: INFO cinder.api.openstack.wsgi [None req-d05c5d57-9353-4b09-b238-ec50d865d0ac tempest-SnapshotsActionsTest-46484584 tempest-SnapshotsActionsTest-46484584-project-member] GET http://10.0.0.210/volume/v3/0748ccec997247d88d4057c28eb179f1/snapshots/8cdf3534-1a60-4622-a3a1-5d06b3c162c8
Apr 12 00:30:14 user devstack@c-api.service[83184]: DEBUG cinder.api.openstack.wsgi [None req-d05c5d57-9353-4b09-b238-ec50d865d0ac tempest-SnapshotsActionsTest-46484584 tempest-SnapshotsActionsTest-46484584-project-member] Empty body provided in request {{(pid=83184) get_body /opt/stack/cinder/cinder/api/openstack/wsgi.py:715}}
Apr 12 00:30:14 user devstack@c-api.service[83184]: DEBUG cinder.api.openstack.wsgi [None req-d05c5d57-9353-4b09-b238-ec50d865d0ac tempest-SnapshotsActionsTest-46484584 tempest-SnapshotsActionsTest-46484584-project-member] Calling method 'show' {{(pid=83184) _process_stack /opt/stack/cinder/cinder/api/openstack/wsgi.py:868}}
Apr 12 00:30:14 user devstack@c-api.service[83182]: DEBUG cinder.volume.api [None req-c236e853-c021-4918-bd0d-b4dcb6d43ee9 tempest-TestVolumeSwap-1224322718 tempest-TestVolumeSwap-1224322718-project-member] Task 'cinder.volume.flows.api.create_volume.VolumeCastTask;volume:create' (2c07b661-2513-4c64-a6fe-46b34f7bece1) transitioned into state 'SUCCESS' from state 'RUNNING' with result 'None' {{(pid=83182) _task_receiver /usr/local/lib/python3.10/dist-packages/taskflow/listeners/logging.py:178}}
Apr 12 00:30:14 user devstack@c-api.service[83184]: INFO cinder.api.openstack.wsgi [None req-d05c5d57-9353-4b09-b238-ec50d865d0ac tempest-SnapshotsActionsTest-46484584 tempest-SnapshotsActionsTest-46484584-project-member] http://10.0.0.210/volume/v3/0748ccec997247d88d4057c28eb179f1/snapshots/8cdf3534-1a60-4622-a3a1-5d06b3c162c8 returned with HTTP 404
Apr 12 00:30:14 user devstack@c-api.service[83184]: [pid: 83184|app: 0|req: 100/294] 10.0.0.210 () {62 vars in 1408 bytes} [Wed Apr 12 00:30:14 2023] GET /volume/v3/0748ccec997247d88d4057c28eb179f1/snapshots/8cdf3534-1a60-4622-a3a1-5d06b3c162c8 => generated 111 bytes in 33 msecs (HTTP/1.1 404) 7 headers in 292 bytes (1 switches on core 0)
Apr 12 00:30:14 user devstack@c-api.service[83182]: DEBUG cinder.volume.api [None req-c236e853-c021-4918-bd0d-b4dcb6d43ee9 tempest-TestVolumeSwap-1224322718 tempest-TestVolumeSwap-1224322718-project-member] Flow 'volume_create_api' (e744cf97-0c83-4a4c-a520-eeff623193b9) transitioned into state 'SUCCESS' from state 'RUNNING' {{(pid=83182) _flow_receiver /usr/local/lib/python3.10/dist-packages/taskflow/listeners/logging.py:141}}
Apr 12 00:30:14 user devstack@c-api.service[83182]: INFO cinder.volume.api [None req-c236e853-c021-4918-bd0d-b4dcb6d43ee9 tempest-TestVolumeSwap-1224322718 tempest-TestVolumeSwap-1224322718-project-member] Create volume request issued successfully.
Apr 12 00:30:14 user devstack@c-api.service[83182]: INFO cinder.api.openstack.wsgi [None req-c236e853-c021-4918-bd0d-b4dcb6d43ee9 tempest-TestVolumeSwap-1224322718 tempest-TestVolumeSwap-1224322718-project-member] http://10.0.0.210/volume/v3/bff88f0df3414610858ecf3d60295c26/volumes returned with HTTP 202
Apr 12 00:30:14 user devstack@c-api.service[83182]: [pid: 83182|app: 0|req: 91/295] 10.0.0.210 () {64 vars in 1312 bytes} [Wed Apr 12 00:30:13 2023] POST /volume/v3/bff88f0df3414610858ecf3d60295c26/volumes => generated 812 bytes in 854 msecs (HTTP/1.1 202) 7 headers in 291 bytes (1 switches on core 0)
Apr 12 00:30:14 user devstack@c-api.service[83184]: DEBUG cinder.api.middleware.request_id [None req-91683fa6-e80e-4e88-ab1d-ead7cbbd7708 None None] RequestId filter calling following filter/app {{(pid=83184) _context_setter /opt/stack/cinder/cinder/api/middleware/request_id.py:62}}
Apr 12 00:30:14 user devstack@c-api.service[83184]: INFO cinder.api.openstack.wsgi [None req-91683fa6-e80e-4e88-ab1d-ead7cbbd7708 tempest-SnapshotsActionsTest-46484584 tempest-SnapshotsActionsTest-46484584-project-member] GET http://10.0.0.210/volume/v3/0748ccec997247d88d4057c28eb179f1/volumes/0ec7566f-9863-43c5-be5f-f342f49b0d40
Apr 12 00:30:14 user devstack@c-api.service[83184]: DEBUG cinder.api.openstack.wsgi [None req-91683fa6-e80e-4e88-ab1d-ead7cbbd7708 tempest-SnapshotsActionsTest-46484584 tempest-SnapshotsActionsTest-46484584-project-member] Empty body provided in request {{(pid=83184) get_body /opt/stack/cinder/cinder/api/openstack/wsgi.py:715}}
Apr 12 00:30:14 user devstack@c-api.service[83184]: DEBUG cinder.api.openstack.wsgi [None req-91683fa6-e80e-4e88-ab1d-ead7cbbd7708 tempest-SnapshotsActionsTest-46484584 tempest-SnapshotsActionsTest-46484584-project-member] Calling method 'show' {{(pid=83184) _process_stack /opt/stack/cinder/cinder/api/openstack/wsgi.py:868}}
Apr 12 00:30:14 user devstack@c-api.service[83182]: DEBUG cinder.api.middleware.request_id [None req-618b9569-2213-43a4-aebc-e4f011991d02 None None] RequestId filter calling following filter/app {{(pid=83182) _context_setter /opt/stack/cinder/cinder/api/middleware/request_id.py:62}}
Apr 12 00:30:14 user devstack@c-api.service[83182]: INFO cinder.api.openstack.wsgi [None req-618b9569-2213-43a4-aebc-e4f011991d02 tempest-TestVolumeSwap-1224322718 tempest-TestVolumeSwap-1224322718-project-member] GET http://10.0.0.210/volume/v3/bff88f0df3414610858ecf3d60295c26/volumes/65678a70-1c74-42ac-9334-dd959c1ea80f
Apr 12 00:30:14 user devstack@c-api.service[83182]: DEBUG cinder.api.openstack.wsgi [None req-618b9569-2213-43a4-aebc-e4f011991d02 tempest-TestVolumeSwap-1224322718 tempest-TestVolumeSwap-1224322718-project-member] Empty body provided in request {{(pid=83182) get_body /opt/stack/cinder/cinder/api/openstack/wsgi.py:715}}
Apr 12 00:30:14 user devstack@c-api.service[83182]: DEBUG cinder.api.openstack.wsgi [None req-618b9569-2213-43a4-aebc-e4f011991d02 tempest-TestVolumeSwap-1224322718 tempest-TestVolumeSwap-1224322718-project-member] Calling method 'show' {{(pid=83182) _process_stack /opt/stack/cinder/cinder/api/openstack/wsgi.py:868}}
Apr 12 00:30:14 user devstack@c-api.service[83184]: /usr/local/lib/python3.10/dist-packages/oslo_context/context.py:100: DeprecationWarning: Policy enforcement is depending on the value of is_admin. This key is deprecated. Please update your policy file to use the standard policy values.
Apr 12 00:30:14 user devstack@c-api.service[83184]: warnings.warn('Policy enforcement is depending on the value of '
Apr 12 00:30:14 user devstack@c-api.service[83184]: DEBUG dbcounter [-] [83184] Writing DB stats cinder:SELECT=73,cinder:INSERT=13,cinder:UPDATE=13,cinder:DELETE=1 {{(pid=83184) stat_writer /usr/local/lib/python3.10/dist-packages/dbcounter.py:117}}
Apr 12 00:30:14 user devstack@c-api.service[83182]: /usr/local/lib/python3.10/dist-packages/oslo_context/context.py:100: DeprecationWarning: Policy enforcement is depending on the value of is_admin. This key is deprecated. Please update your policy file to use the standard policy values.
Apr 12 00:30:14 user devstack@c-api.service[83182]: warnings.warn('Policy enforcement is depending on the value of '
Apr 12 00:30:14 user devstack@c-api.service[83182]: INFO cinder.volume.api [None req-618b9569-2213-43a4-aebc-e4f011991d02 tempest-TestVolumeSwap-1224322718 tempest-TestVolumeSwap-1224322718-project-member] Volume info retrieved successfully.
Apr 12 00:30:14 user devstack@c-api.service[83183]: INFO cinder.api.openstack.wsgi [None req-bfdb11bd-1de0-46bb-ac4b-e70eafb4d846 tempest-VolumeTypesTest-2019599164 tempest-VolumeTypesTest-2019599164-project-member] POST http://10.0.0.210/volume/v3/cd5319da8f8e41e39d34b03d3f5e8f6f/volumes
Apr 12 00:30:14 user devstack@c-api.service[83183]: DEBUG cinder.api.openstack.wsgi [None req-bfdb11bd-1de0-46bb-ac4b-e70eafb4d846 tempest-VolumeTypesTest-2019599164 tempest-VolumeTypesTest-2019599164-project-member] Action: 'create', calling method: create, body: {"volume": {"name": "tempest-VolumeTypesTest-volume-1114871792", "volume_type": "b1bbc704-1192-4b52-b34e-dcfe7e6f3405", "size": 1}} {{(pid=83183) _process_stack /opt/stack/cinder/cinder/api/openstack/wsgi.py:866}}
Apr 12 00:30:14 user devstack@c-api.service[83184]: INFO cinder.volume.api [None req-91683fa6-e80e-4e88-ab1d-ead7cbbd7708 tempest-SnapshotsActionsTest-46484584 tempest-SnapshotsActionsTest-46484584-project-member] Volume info retrieved successfully.
Apr 12 00:30:14 user devstack@c-api.service[83183]: DEBUG cinder.api.v3.volumes [None req-bfdb11bd-1de0-46bb-ac4b-e70eafb4d846 tempest-VolumeTypesTest-2019599164 tempest-VolumeTypesTest-2019599164-project-member] Create volume request body: {'volume': {'name': 'tempest-VolumeTypesTest-volume-1114871792', 'volume_type': 'b1bbc704-1192-4b52-b34e-dcfe7e6f3405', 'size': 1}} {{(pid=83183) create /opt/stack/cinder/cinder/api/v3/volumes.py:297}}
Apr 12 00:30:14 user devstack@c-api.service[83182]: INFO cinder.api.openstack.wsgi [None req-618b9569-2213-43a4-aebc-e4f011991d02 tempest-TestVolumeSwap-1224322718 tempest-TestVolumeSwap-1224322718-project-member] http://10.0.0.210/volume/v3/bff88f0df3414610858ecf3d60295c26/volumes/65678a70-1c74-42ac-9334-dd959c1ea80f returned with HTTP 200
Apr 12 00:30:14 user devstack@c-api.service[83182]: [pid: 83182|app: 0|req: 92/296] 10.0.0.210 () {62 vars in 1402 bytes} [Wed Apr 12 00:30:14 2023] GET /volume/v3/bff88f0df3414610858ecf3d60295c26/volumes/65678a70-1c74-42ac-9334-dd959c1ea80f => generated 880 bytes in 73 msecs (HTTP/1.1 200) 7 headers in 285 bytes (2 switches on core 0)
Apr 12 00:30:14 user devstack@c-api.service[83184]: INFO cinder.api.openstack.wsgi [None req-91683fa6-e80e-4e88-ab1d-ead7cbbd7708 tempest-SnapshotsActionsTest-46484584 tempest-SnapshotsActionsTest-46484584-project-member] http://10.0.0.210/volume/v3/0748ccec997247d88d4057c28eb179f1/volumes/0ec7566f-9863-43c5-be5f-f342f49b0d40 returned with HTTP 200
Apr 12 00:30:14 user devstack@c-api.service[83184]: [pid: 83184|app: 0|req: 101/297] 10.0.0.210 () {62 vars in 1402 bytes} [Wed Apr 12 00:30:14 2023] GET /volume/v3/0748ccec997247d88d4057c28eb179f1/volumes/0ec7566f-9863-43c5-be5f-f342f49b0d40 => generated 911 bytes in 104 msecs (HTTP/1.1 200) 7 headers in 285 bytes (1 switches on core 0)
Apr 12 00:30:14 user devstack@c-api.service[83183]: INFO cinder.api.v3.volumes [None req-bfdb11bd-1de0-46bb-ac4b-e70eafb4d846 tempest-VolumeTypesTest-2019599164 tempest-VolumeTypesTest-2019599164-project-member] Create volume of 1 GB
Apr 12 00:30:14 user devstack@c-api.service[83183]: /usr/local/lib/python3.10/dist-packages/oslo_context/context.py:100: DeprecationWarning: Policy enforcement is depending on the value of is_admin. This key is deprecated. Please update your policy file to use the standard policy values.
Apr 12 00:30:14 user devstack@c-api.service[83183]: warnings.warn('Policy enforcement is depending on the value of '
Apr 12 00:30:14 user devstack@c-api.service[83183]: INFO cinder.volume.api [None req-bfdb11bd-1de0-46bb-ac4b-e70eafb4d846 tempest-VolumeTypesTest-2019599164 tempest-VolumeTypesTest-2019599164-project-member] Availability Zones retrieved successfully.
Apr 12 00:30:14 user devstack@c-api.service[83182]: DEBUG cinder.api.middleware.request_id [None req-3d3c1e5f-eb5a-4e13-8863-b64467e88dac None None] RequestId filter calling following filter/app {{(pid=83182) _context_setter /opt/stack/cinder/cinder/api/middleware/request_id.py:62}}
Apr 12 00:30:14 user devstack@c-api.service[83182]: INFO cinder.api.openstack.wsgi [None req-3d3c1e5f-eb5a-4e13-8863-b64467e88dac tempest-SnapshotsActionsTest-46484584 tempest-SnapshotsActionsTest-46484584-project-member] DELETE http://10.0.0.210/volume/v3/0748ccec997247d88d4057c28eb179f1/volumes/0ec7566f-9863-43c5-be5f-f342f49b0d40
Apr 12 00:30:14 user devstack@c-api.service[83182]: DEBUG cinder.api.openstack.wsgi [None req-3d3c1e5f-eb5a-4e13-8863-b64467e88dac tempest-SnapshotsActionsTest-46484584 tempest-SnapshotsActionsTest-46484584-project-member] Empty body provided in request {{(pid=83182) get_body /opt/stack/cinder/cinder/api/openstack/wsgi.py:715}}
Apr 12 00:30:14 user devstack@c-api.service[83182]: DEBUG cinder.api.openstack.wsgi [None req-3d3c1e5f-eb5a-4e13-8863-b64467e88dac tempest-SnapshotsActionsTest-46484584 tempest-SnapshotsActionsTest-46484584-project-member] Calling method 'delete' {{(pid=83182) _process_stack /opt/stack/cinder/cinder/api/openstack/wsgi.py:868}}
Apr 12 00:30:14 user devstack@c-api.service[83182]: INFO cinder.api.v3.volumes [None req-3d3c1e5f-eb5a-4e13-8863-b64467e88dac tempest-SnapshotsActionsTest-46484584 tempest-SnapshotsActionsTest-46484584-project-member] Delete volume with id: 0ec7566f-9863-43c5-be5f-f342f49b0d40
Apr 12 00:30:14 user devstack@c-api.service[83182]: /usr/local/lib/python3.10/dist-packages/oslo_context/context.py:100: DeprecationWarning: Policy enforcement is depending on the value of is_admin. This key is deprecated. Please update your policy file to use the standard policy values.
Apr 12 00:30:14 user devstack@c-api.service[83182]: warnings.warn('Policy enforcement is depending on the value of '
Apr 12 00:30:14 user devstack@c-api.service[83182]: INFO cinder.volume.api [None req-3d3c1e5f-eb5a-4e13-8863-b64467e88dac tempest-SnapshotsActionsTest-46484584 tempest-SnapshotsActionsTest-46484584-project-member] Volume info retrieved successfully.
Apr 12 00:30:14 user devstack@c-api.service[83183]: DEBUG cinder.volume.api [None req-bfdb11bd-1de0-46bb-ac4b-e70eafb4d846 tempest-VolumeTypesTest-2019599164 tempest-VolumeTypesTest-2019599164-project-member] Flow 'volume_create_api' (435f0a02-fe73-4922-a94e-a6b78fdbb834) transitioned into state 'RUNNING' from state 'PENDING' {{(pid=83183) _flow_receiver /usr/local/lib/python3.10/dist-packages/taskflow/listeners/logging.py:141}}
Apr 12 00:30:14 user devstack@c-api.service[83183]: DEBUG cinder.volume.api [None req-bfdb11bd-1de0-46bb-ac4b-e70eafb4d846 tempest-VolumeTypesTest-2019599164 tempest-VolumeTypesTest-2019599164-project-member] Task 'cinder.volume.flows.api.create_volume.ExtractVolumeRequestTask;volume:create' (ce07cedb-0f71-473e-bfe9-ff191d4bb0c4) transitioned into state 'RUNNING' from state 'PENDING' {{(pid=83183) _task_receiver /usr/local/lib/python3.10/dist-packages/taskflow/listeners/logging.py:190}}
Apr 12 00:30:14 user devstack@c-api.service[83183]: DEBUG cinder.volume.flows.api.create_volume [None req-bfdb11bd-1de0-46bb-ac4b-e70eafb4d846 tempest-VolumeTypesTest-2019599164 tempest-VolumeTypesTest-2019599164-project-member] Validating volume size '1' using validate_int {{(pid=83183) _extract_size /opt/stack/cinder/cinder/volume/flows/api/create_volume.py:228}}
Apr 12 00:30:14 user devstack@c-api.service[83182]: INFO cinder.volume.api [None req-3d3c1e5f-eb5a-4e13-8863-b64467e88dac tempest-SnapshotsActionsTest-46484584 tempest-SnapshotsActionsTest-46484584-project-member] Delete volume request issued successfully.
Apr 12 00:30:14 user devstack@c-api.service[83182]: INFO cinder.api.openstack.wsgi [None req-3d3c1e5f-eb5a-4e13-8863-b64467e88dac tempest-SnapshotsActionsTest-46484584 tempest-SnapshotsActionsTest-46484584-project-member] http://10.0.0.210/volume/v3/0748ccec997247d88d4057c28eb179f1/volumes/0ec7566f-9863-43c5-be5f-f342f49b0d40 returned with HTTP 202
Apr 12 00:30:14 user devstack@c-api.service[83182]: [pid: 83182|app: 0|req: 93/298] 10.0.0.210 () {62 vars in 1405 bytes} [Wed Apr 12 00:30:14 2023] DELETE /volume/v3/0748ccec997247d88d4057c28eb179f1/volumes/0ec7566f-9863-43c5-be5f-f342f49b0d40 => generated 0 bytes in 98 msecs (HTTP/1.1 202) 6 headers in 233 bytes (1 switches on core 0)
Apr 12 00:30:14 user devstack@c-api.service[83184]: DEBUG cinder.api.middleware.request_id [None req-2feb6794-f4b0-419e-a410-e60900f50ded None None] RequestId filter calling following filter/app {{(pid=83184) _context_setter /opt/stack/cinder/cinder/api/middleware/request_id.py:62}}
Apr 12 00:30:14 user devstack@c-api.service[83182]: DEBUG cinder.api.middleware.request_id [None req-63a764fa-bd57-4475-9351-cec281cca3a5 None None] RequestId filter calling following filter/app {{(pid=83182) _context_setter /opt/stack/cinder/cinder/api/middleware/request_id.py:62}}
Apr 12 00:30:14 user devstack@c-api.service[83184]: INFO cinder.api.openstack.wsgi [None req-2feb6794-f4b0-419e-a410-e60900f50ded tempest-SnapshotsActionsTest-46484584 tempest-SnapshotsActionsTest-46484584-project-member] GET http://10.0.0.210/volume/v3/0748ccec997247d88d4057c28eb179f1/volumes/0ec7566f-9863-43c5-be5f-f342f49b0d40
Apr 12 00:30:14 user devstack@c-api.service[83184]: DEBUG cinder.api.openstack.wsgi [None req-2feb6794-f4b0-419e-a410-e60900f50ded tempest-SnapshotsActionsTest-46484584 tempest-SnapshotsActionsTest-46484584-project-member] Empty body provided in request {{(pid=83184) get_body /opt/stack/cinder/cinder/api/openstack/wsgi.py:715}}
Apr 12 00:30:14 user devstack@c-api.service[83184]: DEBUG cinder.api.openstack.wsgi [None req-2feb6794-f4b0-419e-a410-e60900f50ded tempest-SnapshotsActionsTest-46484584 tempest-SnapshotsActionsTest-46484584-project-member] Calling method 'show' {{(pid=83184) _process_stack /opt/stack/cinder/cinder/api/openstack/wsgi.py:868}}
Apr 12 00:30:14 user devstack@c-api.service[83182]: INFO cinder.api.openstack.wsgi [None req-63a764fa-bd57-4475-9351-cec281cca3a5 tempest-TaggedBootDevicesTest_v242-2057856153 tempest-TaggedBootDevicesTest_v242-2057856153-project-member] GET http://10.0.0.210/volume/v3/c45d99a301794a748dadf4c96860835c/volumes/b952b7bd-63f1-4f96-be7e-f66be254c652
Apr 12 00:30:14 user devstack@c-api.service[83182]: DEBUG cinder.api.openstack.wsgi [None req-63a764fa-bd57-4475-9351-cec281cca3a5 tempest-TaggedBootDevicesTest_v242-2057856153 tempest-TaggedBootDevicesTest_v242-2057856153-project-member] Empty body provided in request {{(pid=83182) get_body /opt/stack/cinder/cinder/api/openstack/wsgi.py:715}}
Apr 12 00:30:14 user devstack@c-api.service[83182]: DEBUG cinder.api.openstack.wsgi [None req-63a764fa-bd57-4475-9351-cec281cca3a5 tempest-TaggedBootDevicesTest_v242-2057856153 tempest-TaggedBootDevicesTest_v242-2057856153-project-member] Calling method 'show' {{(pid=83182) _process_stack /opt/stack/cinder/cinder/api/openstack/wsgi.py:868}}
Apr 12 00:30:14 user devstack@c-api.service[83183]: DEBUG cinder.volume.api [None req-bfdb11bd-1de0-46bb-ac4b-e70eafb4d846 tempest-VolumeTypesTest-2019599164 tempest-VolumeTypesTest-2019599164-project-member] Task 'cinder.volume.flows.api.create_volume.ExtractVolumeRequestTask;volume:create' (ce07cedb-0f71-473e-bfe9-ff191d4bb0c4) transitioned into state 'SUCCESS' from state 'RUNNING' with result '{'size': 1, 'snapshot_id': None, 'source_volid': None, 'volume_type': VolumeType(created_at=2023-04-12T00:30:14Z,deleted=False,deleted_at=None,description=None,extra_specs={storage_protocol='iSCSI',vendor_name='Open-E'},id=b1bbc704-1192-4b52-b34e-dcfe7e6f3405,is_public=True,name='tempest-VolumeTypesTest-volume-type-86786685',projects=[],qos_specs=,qos_specs_id=None,updated_at=None), 'volume_type_id': 'b1bbc704-1192-4b52-b34e-dcfe7e6f3405', 'encryption_key_id': None, 'qos_specs': None, 'consistencygroup_id': None, 'cgsnapshot_id': None, 'group_id': None, 'replication_status': 'disabled', 'refresh_az': False, 'backup_id': None, 'multiattach': False, 'availability_zones': ['nova']}' {{(pid=83183) _task_receiver /usr/local/lib/python3.10/dist-packages/taskflow/listeners/logging.py:178}}
Apr 12 00:30:14 user devstack@c-api.service[83183]: DEBUG cinder.volume.api [None req-bfdb11bd-1de0-46bb-ac4b-e70eafb4d846 tempest-VolumeTypesTest-2019599164 tempest-VolumeTypesTest-2019599164-project-member] Task 'cinder.volume.flows.api.create_volume.QuotaReserveTask;volume:create' (557a2528-f051-4628-b3b2-8e17921d3385) transitioned into state 'RUNNING' from state 'PENDING' {{(pid=83183) _task_receiver /usr/local/lib/python3.10/dist-packages/taskflow/listeners/logging.py:190}}
Apr 12 00:30:14 user devstack@c-api.service[83184]: /usr/local/lib/python3.10/dist-packages/oslo_context/context.py:100: DeprecationWarning: Policy enforcement is depending on the value of is_admin. This key is deprecated. Please update your policy file to use the standard policy values.
Apr 12 00:30:14 user devstack@c-api.service[83184]: warnings.warn('Policy enforcement is depending on the value of '
Apr 12 00:30:14 user devstack@c-api.service[83182]: /usr/local/lib/python3.10/dist-packages/oslo_context/context.py:100: DeprecationWarning: Policy enforcement is depending on the value of is_admin. This key is deprecated. Please update your policy file to use the standard policy values.
Apr 12 00:30:14 user devstack@c-api.service[83182]: warnings.warn('Policy enforcement is depending on the value of '
Apr 12 00:30:14 user devstack@c-api.service[83182]: INFO cinder.volume.api [None req-63a764fa-bd57-4475-9351-cec281cca3a5 tempest-TaggedBootDevicesTest_v242-2057856153 tempest-TaggedBootDevicesTest_v242-2057856153-project-member] Volume info retrieved successfully.
Apr 12 00:30:14 user devstack@c-api.service[83184]: INFO cinder.volume.api [None req-2feb6794-f4b0-419e-a410-e60900f50ded tempest-SnapshotsActionsTest-46484584 tempest-SnapshotsActionsTest-46484584-project-member] Volume info retrieved successfully.
Apr 12 00:30:14 user devstack@c-api.service[83184]: INFO cinder.api.openstack.wsgi [None req-2feb6794-f4b0-419e-a410-e60900f50ded tempest-SnapshotsActionsTest-46484584 tempest-SnapshotsActionsTest-46484584-project-member] http://10.0.0.210/volume/v3/0748ccec997247d88d4057c28eb179f1/volumes/0ec7566f-9863-43c5-be5f-f342f49b0d40 returned with HTTP 200
Apr 12 00:30:14 user devstack@c-api.service[83184]: [pid: 83184|app: 0|req: 102/299] 10.0.0.210 () {62 vars in 1402 bytes} [Wed Apr 12 00:30:14 2023] GET /volume/v3/0748ccec997247d88d4057c28eb179f1/volumes/0ec7566f-9863-43c5-be5f-f342f49b0d40 => generated 910 bytes in 106 msecs (HTTP/1.1 200) 7 headers in 285 bytes (1 switches on core 0)
Apr 12 00:30:14 user devstack@c-api.service[83182]: INFO cinder.api.openstack.wsgi [None req-63a764fa-bd57-4475-9351-cec281cca3a5 tempest-TaggedBootDevicesTest_v242-2057856153 tempest-TaggedBootDevicesTest_v242-2057856153-project-member] http://10.0.0.210/volume/v3/c45d99a301794a748dadf4c96860835c/volumes/b952b7bd-63f1-4f96-be7e-f66be254c652 returned with HTTP 200
Apr 12 00:30:14 user devstack@c-api.service[83182]: [pid: 83182|app: 0|req: 94/300] 10.0.0.210 () {62 vars in 1402 bytes} [Wed Apr 12 00:30:14 2023] GET /volume/v3/c45d99a301794a748dadf4c96860835c/volumes/b952b7bd-63f1-4f96-be7e-f66be254c652 => generated 977 bytes in 109 msecs (HTTP/1.1 200) 7 headers in 285 bytes (2 switches on core 0)
Apr 12 00:30:14 user devstack@c-api.service[83183]: WARNING cinder.quota [None req-bfdb11bd-1de0-46bb-ac4b-e70eafb4d846 tempest-VolumeTypesTest-2019599164 tempest-VolumeTypesTest-2019599164-project-member] Deprecated: Default quota for resource: volumes_tempest-VolumeTypesTest-volume-type-86786685 is set by the default quota flag: quota_volumes_tempest-VolumeTypesTest-volume-type-86786685, it is now deprecated. Please use the default quota class for default quota.
Apr 12 00:30:14 user devstack@c-api.service[83183]: WARNING cinder.quota [None req-bfdb11bd-1de0-46bb-ac4b-e70eafb4d846 tempest-VolumeTypesTest-2019599164 tempest-VolumeTypesTest-2019599164-project-member] Deprecated: Default quota for resource: gigabytes_tempest-VolumeTypesTest-volume-type-86786685 is set by the default quota flag: quota_gigabytes_tempest-VolumeTypesTest-volume-type-86786685, it is now deprecated. Please use the default quota class for default quota.
Apr 12 00:30:14 user devstack@c-api.service[83183]: DEBUG dbcounter [-] [83183] Writing DB stats cinder:SELECT=91,cinder:UPDATE=2,cinder:INSERT=7 {{(pid=83183) stat_writer /usr/local/lib/python3.10/dist-packages/dbcounter.py:117}}
Apr 12 00:30:14 user devstack@c-api.service[83183]: DEBUG cinder.quota [None req-bfdb11bd-1de0-46bb-ac4b-e70eafb4d846 tempest-VolumeTypesTest-2019599164 tempest-VolumeTypesTest-2019599164-project-member] Created reservations ['23eeafd3-1978-450d-b420-b8931c7932b1', 'adb64e67-e763-420f-bbc5-0dc520e92653', '3759c0a0-1a7f-4b95-a3e0-7c19d5963b8d', 'ad6a6995-581b-4617-9b60-155d8f652656'] {{(pid=83183) reserve /opt/stack/cinder/cinder/quota.py:755}}
Apr 12 00:30:14 user devstack@c-api.service[83183]: DEBUG cinder.volume.api [None req-bfdb11bd-1de0-46bb-ac4b-e70eafb4d846 tempest-VolumeTypesTest-2019599164 tempest-VolumeTypesTest-2019599164-project-member] Task 'cinder.volume.flows.api.create_volume.QuotaReserveTask;volume:create' (557a2528-f051-4628-b3b2-8e17921d3385) transitioned into state 'SUCCESS' from state 'RUNNING' with result '{'reservations': ['23eeafd3-1978-450d-b420-b8931c7932b1', 'adb64e67-e763-420f-bbc5-0dc520e92653', '3759c0a0-1a7f-4b95-a3e0-7c19d5963b8d', 'ad6a6995-581b-4617-9b60-155d8f652656']}' {{(pid=83183) _task_receiver /usr/local/lib/python3.10/dist-packages/taskflow/listeners/logging.py:178}}
Apr 12 00:30:14 user devstack@c-api.service[83183]: DEBUG cinder.volume.api [None req-bfdb11bd-1de0-46bb-ac4b-e70eafb4d846 tempest-VolumeTypesTest-2019599164 tempest-VolumeTypesTest-2019599164-project-member] Task 'cinder.volume.flows.api.create_volume.EntryCreateTask;volume:create' (771888ed-4560-48e9-acdd-e6c1b5ec49ab) transitioned into state 'RUNNING' from state 'PENDING' {{(pid=83183) _task_receiver /usr/local/lib/python3.10/dist-packages/taskflow/listeners/logging.py:190}}
Apr 12 00:30:14 user devstack@c-api.service[83183]: DEBUG cinder.volume.api [None req-bfdb11bd-1de0-46bb-ac4b-e70eafb4d846 tempest-VolumeTypesTest-2019599164 tempest-VolumeTypesTest-2019599164-project-member] Task 'cinder.volume.flows.api.create_volume.EntryCreateTask;volume:create' (771888ed-4560-48e9-acdd-e6c1b5ec49ab) transitioned into state 'SUCCESS' from state 'RUNNING' with result '{'volume_id': 'fa733d2b-e349-4772-98dc-e9968e01c487', 'volume_properties': VolumeProperties(attach_status='detached',availability_zone='nova',cgsnapshot_id=None,consistencygroup_id=None,display_description=None,display_name='tempest-VolumeTypesTest-volume-1114871792',encryption_key_id=None,group_id=None,group_type_id=,metadata={},multiattach=False,project_id='cd5319da8f8e41e39d34b03d3f5e8f6f',qos_specs=None,replication_status=,reservations=['23eeafd3-1978-450d-b420-b8931c7932b1','adb64e67-e763-420f-bbc5-0dc520e92653','3759c0a0-1a7f-4b95-a3e0-7c19d5963b8d','ad6a6995-581b-4617-9b60-155d8f652656'],size=1,snapshot_id=None,source_replicaid=,source_volid=None,status='creating',user_id='94f9d2c74a5e4e26b9040ede34d1c118',volume_type_id=b1bbc704-1192-4b52-b34e-dcfe7e6f3405), 'volume': Volume(_name_id=None,admin_metadata=,attach_status='detached',availability_zone='nova',bootable=False,cluster=,cluster_name=None,consistencygroup=,consistencygroup_id=None,created_at=2023-04-12T00:30:14Z,deleted=False,deleted_at=None,display_description=None,display_name='tempest-VolumeTypesTest-volume-1114871792',ec2_id=None,encryption_key_id=None,glance_metadata=,group=,group_id=None,host=None,id=fa733d2b-e349-4772-98dc-e9968e01c487,launched_at=None,metadata={},migration_status=None,multiattach=False,previous_status=None,project_id='cd5319da8f8e41e39d34b03d3f5e8f6f',provider_auth=None,provider_geometry=None,provider_id=None,provider_location=None,replication_driver_data=None,replication_extended_status=None,replication_status=None,scheduled_at=None,service_uuid=None,shared_targets=True,size=1,snapshot_id=None,snapshots=,source_volid=None,status='creating',terminated_at=None,updated_at=None,use_quota=True,user_id='94f9d2c74a5e4e26b9040ede34d1c118',volume_attachment=VolumeAttachmentList,volume_type=VolumeType(b1bbc704-1192-4b52-b34e-dcfe7e6f3405),volume_type_id=b1bbc704-1192-4b52-b34e-dcfe7e6f3405)}' {{(pid=83183) _task_receiver /usr/local/lib/python3.10/dist-packages/taskflow/listeners/logging.py:178}}
Apr 12 00:30:14 user devstack@c-api.service[83183]: DEBUG cinder.volume.api [None req-bfdb11bd-1de0-46bb-ac4b-e70eafb4d846 tempest-VolumeTypesTest-2019599164 tempest-VolumeTypesTest-2019599164-project-member] Task 'cinder.volume.flows.api.create_volume.QuotaCommitTask;volume:create' (65fb48ad-69df-4217-8890-62acfd4c6ee2) transitioned into state 'RUNNING' from state 'PENDING' {{(pid=83183) _task_receiver /usr/local/lib/python3.10/dist-packages/taskflow/listeners/logging.py:190}}
Apr 12 00:30:14 user devstack@c-api.service[83183]: DEBUG cinder.volume.api [None req-bfdb11bd-1de0-46bb-ac4b-e70eafb4d846 tempest-VolumeTypesTest-2019599164 tempest-VolumeTypesTest-2019599164-project-member] Task 'cinder.volume.flows.api.create_volume.QuotaCommitTask;volume:create' (65fb48ad-69df-4217-8890-62acfd4c6ee2) transitioned into state 'SUCCESS' from state 'RUNNING' with result '{'volume_properties': VolumeProperties(attach_status='detached',availability_zone='nova',cgsnapshot_id=None,consistencygroup_id=None,display_description=None,display_name='tempest-VolumeTypesTest-volume-1114871792',encryption_key_id=None,group_id=None,group_type_id=,metadata={},multiattach=False,project_id='cd5319da8f8e41e39d34b03d3f5e8f6f',qos_specs=None,replication_status=,reservations=['23eeafd3-1978-450d-b420-b8931c7932b1','adb64e67-e763-420f-bbc5-0dc520e92653','3759c0a0-1a7f-4b95-a3e0-7c19d5963b8d','ad6a6995-581b-4617-9b60-155d8f652656'],size=1,snapshot_id=None,source_replicaid=,source_volid=None,status='creating',user_id='94f9d2c74a5e4e26b9040ede34d1c118',volume_type_id=b1bbc704-1192-4b52-b34e-dcfe7e6f3405)}' {{(pid=83183) _task_receiver /usr/local/lib/python3.10/dist-packages/taskflow/listeners/logging.py:178}}
Apr 12 00:30:14 user devstack@c-api.service[83183]: DEBUG cinder.volume.api [None req-bfdb11bd-1de0-46bb-ac4b-e70eafb4d846 tempest-VolumeTypesTest-2019599164 tempest-VolumeTypesTest-2019599164-project-member] Task 'cinder.volume.flows.api.create_volume.VolumeCastTask;volume:create' (9a176f8f-db84-4640-ae34-742db6c2e7dc) transitioned into state 'RUNNING' from state 'PENDING' {{(pid=83183) _task_receiver /usr/local/lib/python3.10/dist-packages/taskflow/listeners/logging.py:190}}
Apr 12 00:30:14 user devstack@c-api.service[83183]: DEBUG cinder.volume.api [None req-bfdb11bd-1de0-46bb-ac4b-e70eafb4d846 tempest-VolumeTypesTest-2019599164 tempest-VolumeTypesTest-2019599164-project-member] Task 'cinder.volume.flows.api.create_volume.VolumeCastTask;volume:create' (9a176f8f-db84-4640-ae34-742db6c2e7dc) transitioned into state 'SUCCESS' from state 'RUNNING' with result 'None' {{(pid=83183) _task_receiver /usr/local/lib/python3.10/dist-packages/taskflow/listeners/logging.py:178}}
Apr 12 00:30:14 user devstack@c-api.service[83183]: DEBUG cinder.volume.api [None req-bfdb11bd-1de0-46bb-ac4b-e70eafb4d846 tempest-VolumeTypesTest-2019599164 tempest-VolumeTypesTest-2019599164-project-member] Flow 'volume_create_api' (435f0a02-fe73-4922-a94e-a6b78fdbb834) transitioned into state 'SUCCESS' from state 'RUNNING' {{(pid=83183) _flow_receiver /usr/local/lib/python3.10/dist-packages/taskflow/listeners/logging.py:141}}
Apr 12 00:30:14 user devstack@c-api.service[83183]: INFO cinder.volume.api [None req-bfdb11bd-1de0-46bb-ac4b-e70eafb4d846 tempest-VolumeTypesTest-2019599164 tempest-VolumeTypesTest-2019599164-project-member] Create volume request issued successfully.
Apr 12 00:30:14 user devstack@c-api.service[83183]: INFO cinder.api.openstack.wsgi [None req-bfdb11bd-1de0-46bb-ac4b-e70eafb4d846 tempest-VolumeTypesTest-2019599164 tempest-VolumeTypesTest-2019599164-project-member] http://10.0.0.210/volume/v3/cd5319da8f8e41e39d34b03d3f5e8f6f/volumes returned with HTTP 202
Apr 12 00:30:14 user devstack@c-api.service[83183]: [pid: 83183|app: 0|req: 105/301] 10.0.0.210 () {64 vars in 1313 bytes} [Wed Apr 12 00:30:13 2023] POST /volume/v3/cd5319da8f8e41e39d34b03d3f5e8f6f/volumes => generated 846 bytes in 824 msecs (HTTP/1.1 202) 7 headers in 291 bytes (1 switches on core 0)
Apr 12 00:30:14 user devstack@c-api.service[83184]: DEBUG cinder.api.middleware.request_id [None req-180feb55-856e-4c99-a912-fb50dedd57d8 None None] RequestId filter calling following filter/app {{(pid=83184) _context_setter /opt/stack/cinder/cinder/api/middleware/request_id.py:62}}
Apr 12 00:30:14 user devstack@c-api.service[83184]: INFO cinder.api.openstack.wsgi [None req-180feb55-856e-4c99-a912-fb50dedd57d8 tempest-VolumeTypesTest-2019599164 tempest-VolumeTypesTest-2019599164-project-member] GET http://10.0.0.210/volume/v3/cd5319da8f8e41e39d34b03d3f5e8f6f/volumes/fa733d2b-e349-4772-98dc-e9968e01c487
