Apr 12 00:19:51 user devstack@keystone.service[53851]: DEBUG keystone.server.flask.request_processing.req_logging [None req-6d882142-3ca4-4f2f-830f-4171069c3dda None admin] PATH_INFO: `/v3/projects/59389ee3e3fc4d3f87b7538a13d7e8e0` {{(pid=53851) log_request_info /opt/stack/keystone/keystone/server/flask/request_processing/req_logging.py:29}}
Apr 12 00:19:51 user devstack@keystone.service[53852]: DEBUG keystone.server.flask.request_processing.middleware.auth_context [None req-383ec4bc-2067-4bea-853c-4764238e825c None admin] Validating token access rules against request {{(pid=53852) validate_allowed_request /usr/local/lib/python3.10/dist-packages/keystonemiddleware/auth_token/__init__.py:544}}
Apr 12 00:19:51 user devstack@keystone.service[53851]: DEBUG keystone.common.rbac_enforcer.enforcer [None req-6d882142-3ca4-4f2f-830f-4171069c3dda None admin] RBAC: Authorizing `identity:get_project(project_id=59389ee3e3fc4d3f87b7538a13d7e8e0)` {{(pid=53851) enforce_call /opt/stack/keystone/keystone/common/rbac_enforcer/enforcer.py:449}}
Apr 12 00:19:51 user devstack@keystone.service[53851]: DEBUG keystone.common.rbac_enforcer.enforcer [None req-6d882142-3ca4-4f2f-830f-4171069c3dda None admin] RBAC: Authorization granted {{(pid=53851) enforce_call /opt/stack/keystone/keystone/common/rbac_enforcer/enforcer.py:457}}
Apr 12 00:19:51 user devstack@keystone.service[53851]: [pid: 53851|app: 0|req: 25/71] 10.0.0.210 () {56 vars in 1181 bytes} [Wed Apr 12 00:19:51 2023] GET /identity/v3/projects/59389ee3e3fc4d3f87b7538a13d7e8e0 => generated 297 bytes in 133 msecs (HTTP/1.1 200) 5 headers in 177 bytes (1 switches on core 0)
Apr 12 00:19:51 user devstack@keystone.service[53851]: DEBUG keystone.server.flask.request_processing.middleware.auth_context [None req-6d882142-3ca4-4f2f-830f-4171069c3dda None admin] Authenticating user token {{(pid=53851) process_request /usr/local/lib/python3.10/dist-packages/keystonemiddleware/auth_token/__init__.py:406}}
Apr 12 00:19:51 user devstack@keystone.service[53850]: DEBUG keystone.server.flask.request_processing.middleware.auth_context [None req-76314a96-5c5e-4b99-b600-666c5d244b14 None admin] Validating token access rules against request {{(pid=53850) validate_allowed_request /usr/local/lib/python3.10/dist-packages/keystonemiddleware/auth_token/__init__.py:544}}
Apr 12 00:19:51 user devstack@keystone.service[53852]: DEBUG keystone.server.flask.request_processing.middleware.auth_context [None req-6312391b-b553-4620-bbfa-4f170c3b4442 None admin] RBAC: auth_context: {'token': , 'domain_id': None, 'trust_id': None, 'trustor_id': None, 'trustee_id': None, 'domain_name': None, 'group_ids': [], 'user_id': '1ff8b05e4b4c4db1890a1225f8225322', 'user_domain_id': 'default', 'system_scope': 'all', 'project_id': None, 'project_domain_id': None, 'roles': ['admin', 'member', 'reader'], 'is_admin_project': True, 'service_user_id': None, 'service_user_domain_id': None, 'service_project_id': None, 'service_project_domain_id': None, 'service_roles': []} {{(pid=53852) fill_context /opt/stack/keystone/keystone/server/flask/request_processing/middleware/auth_context.py:478}}
Apr 12 00:19:51 user devstack@keystone.service[53852]: DEBUG keystone.server.flask.request_processing.req_logging [None req-6312391b-b553-4620-bbfa-4f170c3b4442 None admin] REQUEST_METHOD: `GET` {{(pid=53852) log_request_info /opt/stack/keystone/keystone/server/flask/request_processing/req_logging.py:27}}
Apr 12 00:19:51 user devstack@keystone.service[53852]: DEBUG keystone.server.flask.request_processing.req_logging [None req-6312391b-b553-4620-bbfa-4f170c3b4442 None admin] SCRIPT_NAME: `/identity` {{(pid=53852) log_request_info /opt/stack/keystone/keystone/server/flask/request_processing/req_logging.py:28}}
Apr 12 00:19:51 user devstack@keystone.service[53852]: DEBUG keystone.server.flask.request_processing.req_logging [None req-6312391b-b553-4620-bbfa-4f170c3b4442 None admin] PATH_INFO: `/v3/users/1ff8b05e4b4c4db1890a1225f8225322` {{(pid=53852) log_request_info /opt/stack/keystone/keystone/server/flask/request_processing/req_logging.py:29}}
Apr 12 00:19:51 user devstack@keystone.service[53852]: DEBUG keystone.common.rbac_enforcer.enforcer [None req-6312391b-b553-4620-bbfa-4f170c3b4442 None admin] RBAC: Authorizing `identity:get_user(user_id=1ff8b05e4b4c4db1890a1225f8225322)` {{(pid=53852) enforce_call /opt/stack/keystone/keystone/common/rbac_enforcer/enforcer.py:449}}
Apr 12 00:19:51 user devstack@keystone.service[53852]: DEBUG keystone.common.rbac_enforcer.enforcer [None req-6312391b-b553-4620-bbfa-4f170c3b4442 None admin] RBAC: Authorization granted {{(pid=53852) enforce_call /opt/stack/keystone/keystone/common/rbac_enforcer/enforcer.py:457}}
Apr 12 00:19:51 user devstack@keystone.service[53852]: [pid: 53852|app: 0|req: 25/72] 10.0.0.210 () {56 vars in 1172 bytes} [Wed Apr 12 00:19:51 2023] GET /identity/v3/users/1ff8b05e4b4c4db1890a1225f8225322 => generated 246 bytes in 148 msecs (HTTP/1.1 200) 5 headers in 177 bytes (1 switches on core 0)
Apr 12 00:19:51 user devstack@keystone.service[53852]: DEBUG keystone.server.flask.request_processing.middleware.auth_context [None req-6312391b-b553-4620-bbfa-4f170c3b4442 None admin] Authenticating user token {{(pid=53852) process_request /usr/local/lib/python3.10/dist-packages/keystonemiddleware/auth_token/__init__.py:406}}
Apr 12 00:19:51 user devstack@keystone.service[53850]: DEBUG keystone.server.flask.request_processing.middleware.auth_context [None req-f280fc9b-8978-48ea-8360-67945cd90fd8 None admin] RBAC: auth_context: {'token': , 'domain_id': None, 'trust_id': None, 'trustor_id': None, 'trustee_id': None, 'domain_name': None, 'group_ids': [], 'user_id': '1ff8b05e4b4c4db1890a1225f8225322', 'user_domain_id': 'default', 'system_scope': 'all', 'project_id': None, 'project_domain_id': None, 'roles': ['admin', 'member', 'reader'], 'is_admin_project': True, 'service_user_id': None, 'service_user_domain_id': None, 'service_project_id': None, 'service_project_domain_id': None, 'service_roles': []} {{(pid=53850) fill_context /opt/stack/keystone/keystone/server/flask/request_processing/middleware/auth_context.py:478}}
Apr 12 00:19:51 user devstack@keystone.service[53850]: DEBUG keystone.server.flask.request_processing.req_logging [None req-f280fc9b-8978-48ea-8360-67945cd90fd8 None admin] REQUEST_METHOD: `GET` {{(pid=53850) log_request_info /opt/stack/keystone/keystone/server/flask/request_processing/req_logging.py:27}}
Apr 12 00:19:51 user devstack@keystone.service[53850]: DEBUG keystone.server.flask.request_processing.req_logging [None req-f280fc9b-8978-48ea-8360-67945cd90fd8 None admin] SCRIPT_NAME: `/identity` {{(pid=53850) log_request_info /opt/stack/keystone/keystone/server/flask/request_processing/req_logging.py:28}}
Apr 12 00:19:51 user devstack@keystone.service[53850]: DEBUG keystone.server.flask.request_processing.req_logging [None req-f280fc9b-8978-48ea-8360-67945cd90fd8 None admin] PATH_INFO: `/v3/roles` {{(pid=53850) log_request_info /opt/stack/keystone/keystone/server/flask/request_processing/req_logging.py:29}}
Apr 12 00:19:52 user devstack@keystone.service[53850]: DEBUG keystone.common.rbac_enforcer.enforcer [None req-f280fc9b-8978-48ea-8360-67945cd90fd8 None admin] RBAC: Adding query filter params (name=anotherrole) {{(pid=53850) _extract_filter_values /opt/stack/keystone/keystone/common/rbac_enforcer/enforcer.py:167}}
Apr 12 00:19:52 user devstack@keystone.service[53850]: DEBUG keystone.common.rbac_enforcer.enforcer [None req-f280fc9b-8978-48ea-8360-67945cd90fd8 None admin] RBAC: Authorizing `identity:list_roles()` {{(pid=53850) enforce_call /opt/stack/keystone/keystone/common/rbac_enforcer/enforcer.py:449}}
Apr 12 00:19:52 user devstack@keystone.service[53850]: DEBUG keystone.common.rbac_enforcer.enforcer [None req-f280fc9b-8978-48ea-8360-67945cd90fd8 None admin] RBAC: Authorization granted {{(pid=53850) enforce_call /opt/stack/keystone/keystone/common/rbac_enforcer/enforcer.py:457}}
Apr 12 00:19:52 user devstack@keystone.service[53850]: [pid: 53850|app: 0|req: 23/73] 10.0.0.210 () {56 vars in 1106 bytes} [Wed Apr 12 00:19:51 2023] GET /identity/v3/roles?name=anotherrole => generated 332 bytes in 138 msecs (HTTP/1.1 200) 5 headers in 177 bytes (1 switches on core 0)
Apr 12 00:19:52 user devstack@keystone.service[53850]: DEBUG keystone.server.flask.request_processing.middleware.auth_context [None req-f280fc9b-8978-48ea-8360-67945cd90fd8 None admin] Authenticating user token {{(pid=53850) process_request /usr/local/lib/python3.10/dist-packages/keystonemiddleware/auth_token/__init__.py:406}}
Apr 12 00:19:52 user devstack@keystone.service[53851]: DEBUG keystone.server.flask.request_processing.middleware.auth_context [None req-6d882142-3ca4-4f2f-830f-4171069c3dda None admin] Validating token access rules against request {{(pid=53851) validate_allowed_request /usr/local/lib/python3.10/dist-packages/keystonemiddleware/auth_token/__init__.py:544}}
Apr 12 00:19:52 user devstack@keystone.service[53851]: DEBUG dbcounter [-] [53851] Writing DB stats keystone:SELECT=100 {{(pid=53851) stat_writer /usr/local/lib/python3.10/dist-packages/dbcounter.py:117}}
Apr 12 00:19:52 user devstack@keystone.service[53851]: DEBUG keystone.server.flask.request_processing.middleware.auth_context [None req-f37a94d3-2767-4dd3-b40c-5d8de2224340 None admin] RBAC: auth_context: {'token': , 'domain_id': None, 'trust_id': None, 'trustor_id': None, 'trustee_id': None, 'domain_name': None, 'group_ids': [], 'user_id': '1ff8b05e4b4c4db1890a1225f8225322', 'user_domain_id': 'default', 'system_scope': 'all', 'project_id': None, 'project_domain_id': None, 'roles': ['admin', 'member', 'reader'], 'is_admin_project': True, 'service_user_id': None, 'service_user_domain_id': None, 'service_project_id': None, 'service_project_domain_id': None, 'service_roles': []} {{(pid=53851) fill_context /opt/stack/keystone/keystone/server/flask/request_processing/middleware/auth_context.py:478}}
Apr 12 00:19:52 user devstack@keystone.service[53851]: DEBUG keystone.server.flask.request_processing.req_logging [None req-f37a94d3-2767-4dd3-b40c-5d8de2224340 None admin] REQUEST_METHOD: `GET` {{(pid=53851) log_request_info /opt/stack/keystone/keystone/server/flask/request_processing/req_logging.py:27}}
Apr 12 00:19:52 user devstack@keystone.service[53851]: DEBUG keystone.server.flask.request_processing.req_logging [None req-f37a94d3-2767-4dd3-b40c-5d8de2224340 None admin] SCRIPT_NAME: `/identity` {{(pid=53851) log_request_info /opt/stack/keystone/keystone/server/flask/request_processing/req_logging.py:28}}
Apr 12 00:19:52 user devstack@keystone.service[53851]: DEBUG keystone.server.flask.request_processing.req_logging [None req-f37a94d3-2767-4dd3-b40c-5d8de2224340 None admin] PATH_INFO: `/v3/roles/member` {{(pid=53851) log_request_info /opt/stack/keystone/keystone/server/flask/request_processing/req_logging.py:29}}
Apr 12 00:19:52 user devstack@keystone.service[53851]: DEBUG keystone.common.rbac_enforcer.enforcer [None req-f37a94d3-2767-4dd3-b40c-5d8de2224340 None admin] Extracting inferred target data resulted in "NOT FOUND (404)". {{(pid=53851) enforce_call /opt/stack/keystone/keystone/common/rbac_enforcer/enforcer.py:409}}
Apr 12 00:19:52 user devstack@keystone.service[53851]: ERROR keystone.server.flask.application [None req-f37a94d3-2767-4dd3-b40c-5d8de2224340 None admin] Could not find role: member.: keystone.exception.RoleNotFound: Could not find role: member.
Apr 12 00:19:52 user devstack@keystone.service[53851]: ERROR keystone.server.flask.application
Traceback (most recent call last):
Apr 12 00:19:52 user devstack@keystone.service[53851]: ERROR keystone.server.flask.application
File "/usr/local/lib/python3.10/dist-packages/flask/app.py", line 1823, in full_dispatch_request
Apr 12 00:19:52 user devstack@keystone.service[53851]: ERROR keystone.server.flask.application rv = self.dispatch_request()
Apr 12 00:19:52 user devstack@keystone.service[53851]: ERROR keystone.server.flask.application
File "/usr/local/lib/python3.10/dist-packages/flask/app.py", line 1799, in dispatch_request
Apr 12 00:19:52 user devstack@keystone.service[53851]: ERROR keystone.server.flask.application return self.ensure_sync(self.view_functions[rule.endpoint])(**view_args)
Apr 12 00:19:52 user devstack@keystone.service[53851]: ERROR keystone.server.flask.application
File "/usr/local/lib/python3.10/dist-packages/flask_restful/__init__.py", line 467, in wrapper
Apr 12 00:19:52 user devstack@keystone.service[53851]: ERROR keystone.server.flask.application resp = resource(*args, **kwargs)
Apr 12 00:19:52 user devstack@keystone.service[53851]: ERROR keystone.server.flask.application
File "/usr/local/lib/python3.10/dist-packages/flask/views.py", line 107, in view
Apr 12 00:19:52 user devstack@keystone.service[53851]: ERROR keystone.server.flask.application return current_app.ensure_sync(self.dispatch_request)(**kwargs)
Apr 12 00:19:52 user devstack@keystone.service[53851]: ERROR keystone.server.flask.application
File "/usr/local/lib/python3.10/dist-packages/flask_restful/__init__.py", line 582, in dispatch_request
Apr 12 00:19:52 user devstack@keystone.service[53851]: ERROR keystone.server.flask.application resp = meth(*args, **kwargs)
Apr 12 00:19:52 user devstack@keystone.service[53851]: ERROR keystone.server.flask.application
File "/opt/stack/keystone/keystone/api/roles.py", line 50, in get
Apr 12 00:19:52 user devstack@keystone.service[53851]: ERROR keystone.server.flask.application return self._get_role(role_id)
Apr 12 00:19:52 user devstack@keystone.service[53851]: ERROR keystone.server.flask.application
File "/opt/stack/keystone/keystone/api/roles.py", line 70, in _get_role
Apr 12 00:19:52 user devstack@keystone.service[53851]: ERROR keystone.server.flask.application ENFORCER.enforce_call(action='identity:get_role')
Apr 12 00:19:52 user devstack@keystone.service[53851]: ERROR keystone.server.flask.application
File "/opt/stack/keystone/keystone/common/rbac_enforcer/enforcer.py", line 402, in enforce_call
Apr 12 00:19:52 user devstack@keystone.service[53851]: ERROR keystone.server.flask.application policy_dict.update(cls._extract_member_target_data(
Apr 12 00:19:52 user devstack@keystone.service[53851]: ERROR keystone.server.flask.application
File "/opt/stack/keystone/keystone/common/rbac_enforcer/enforcer.py", line 234, in _extract_member_target_data
Apr 12 00:19:52 user devstack@keystone.service[53851]: ERROR keystone.server.flask.application member_name: func(flask.request.view_args[key])
Apr 12 00:19:52 user devstack@keystone.service[53851]: ERROR keystone.server.flask.application
File "/opt/stack/keystone/keystone/common/manager.py", line 115, in wrapped
Apr 12 00:19:52 user devstack@keystone.service[53851]: ERROR keystone.server.flask.application __ret_val = __f(*args, **kwargs)
Apr 12 00:19:52 user devstack@keystone.service[53851]: ERROR keystone.server.flask.application
File "/usr/local/lib/python3.10/dist-packages/decorator.py", line 232, in fun
Apr 12 00:19:52 user devstack@keystone.service[53851]: ERROR keystone.server.flask.application return caller(func, *(extras + args), **kw)
Apr 12 00:19:52 user devstack@keystone.service[53851]: ERROR keystone.server.flask.application
File "/usr/local/lib/python3.10/dist-packages/dogpile/cache/region.py", line 1577, in get_or_create_for_user_func
Apr 12 00:19:52 user devstack@keystone.service[53851]: ERROR keystone.server.flask.application return self.get_or_create(
Apr 12 00:19:52 user devstack@keystone.service[53851]: ERROR keystone.server.flask.application
File "/usr/local/lib/python3.10/dist-packages/dogpile/cache/region.py", line 1042, in get_or_create
Apr 12 00:19:52 user devstack@keystone.service[53851]: ERROR keystone.server.flask.application with Lock(
Apr 12 00:19:52 user devstack@keystone.service[53851]: ERROR keystone.server.flask.application
File "/usr/local/lib/python3.10/dist-packages/dogpile/lock.py", line 185, in __enter__
Apr 12 00:19:52 user devstack@keystone.service[53851]: ERROR keystone.server.flask.application return self._enter()
Apr 12 00:19:52 user devstack@keystone.service[53851]: ERROR keystone.server.flask.application
File "/usr/local/lib/python3.10/dist-packages/dogpile/lock.py", line 94, in _enter
Apr 12 00:19:52 user devstack@keystone.service[53851]: ERROR keystone.server.flask.application generated = self._enter_create(value, createdtime)
Apr 12 00:19:52 user devstack@keystone.service[53851]: ERROR keystone.server.flask.application
File "/usr/local/lib/python3.10/dist-packages/dogpile/lock.py", line 178, in _enter_create
Apr 12 00:19:52 user devstack@keystone.service[53851]: ERROR keystone.server.flask.application return self.creator()
Apr 12 00:19:52 user devstack@keystone.service[53851]: ERROR keystone.server.flask.application
File "/usr/local/lib/python3.10/dist-packages/dogpile/cache/region.py", line 995, in gen_value
Apr 12 00:19:52 user devstack@keystone.service[53851]: ERROR keystone.server.flask.application created_value = creator(
Apr 12 00:19:52 user devstack@keystone.service[53851]: ERROR keystone.server.flask.application
File "/opt/stack/keystone/keystone/assignment/core.py", line 1276, in get_role
Apr 12 00:19:52 user devstack@keystone.service[53851]: ERROR keystone.server.flask.application return self.driver.get_role(role_id)
Apr 12 00:19:52 user devstack@keystone.service[53851]: ERROR keystone.server.flask.application
File "/opt/stack/keystone/keystone/assignment/role_backends/sql.py", line 70, in get_role
Apr 12 00:19:52 user devstack@keystone.service[53851]: ERROR keystone.server.flask.application return self._get_role(session, role_id).to_dict()
Apr 12 00:19:52 user devstack@keystone.service[53851]: ERROR keystone.server.flask.application
File "/opt/stack/keystone/keystone/assignment/role_backends/sql.py", line 65, in _get_role
Apr 12 00:19:52 user devstack@keystone.service[53851]: ERROR keystone.server.flask.application raise exception.RoleNotFound(role_id=role_id)
Apr 12 00:19:52 user devstack@keystone.service[53851]: ERROR keystone.server.flask.application keystone.exception.RoleNotFound: Could not find role: member.
Apr 12 00:19:52 user devstack@keystone.service[53851]: ERROR keystone.server.flask.application
Apr 12 00:19:52 user devstack@keystone.service[53851]: [pid: 53851|app: 0|req: 26/74] 10.0.0.210 () {56 vars in 1094 bytes} [Wed Apr 12 00:19:51 2023] GET /identity/v3/roles/member => generated 84 bytes in 137 msecs (HTTP/1.1 404) 5 headers in 183 bytes (1 switches on core 0)
Apr 12 00:19:52 user devstack@keystone.service[53851]: DEBUG keystone.server.flask.request_processing.middleware.auth_context [None req-f37a94d3-2767-4dd3-b40c-5d8de2224340 None admin] Authenticating user token {{(pid=53851) process_request /usr/local/lib/python3.10/dist-packages/keystonemiddleware/auth_token/__init__.py:406}}
Apr 12 00:19:52 user devstack@keystone.service[53850]: DEBUG dbcounter [-] [53850] Writing DB stats keystone:SELECT=100 {{(pid=53850) stat_writer /usr/local/lib/python3.10/dist-packages/dbcounter.py:117}}
Apr 12 00:19:52 user devstack@keystone.service[53852]: DEBUG keystone.server.flask.request_processing.middleware.auth_context [None req-6312391b-b553-4620-bbfa-4f170c3b4442 None admin] Validating token access rules against request {{(pid=53852) validate_allowed_request /usr/local/lib/python3.10/dist-packages/keystonemiddleware/auth_token/__init__.py:544}}
Apr 12 00:19:52 user devstack@keystone.service[53850]: DEBUG keystone.server.flask.request_processing.middleware.auth_context [None req-f280fc9b-8978-48ea-8360-67945cd90fd8 None admin] Validating token access rules against request {{(pid=53850) validate_allowed_request /usr/local/lib/python3.10/dist-packages/keystonemiddleware/auth_token/__init__.py:544}}
Apr 12 00:19:52 user devstack@keystone.service[53852]: DEBUG dbcounter [-] [53852] Writing DB stats keystone:SELECT=100 {{(pid=53852) stat_writer /usr/local/lib/python3.10/dist-packages/dbcounter.py:117}}
Apr 12 00:19:52 user devstack@keystone.service[53852]: DEBUG keystone.server.flask.request_processing.middleware.auth_context [None req-918f277d-ad17-4190-84c0-07eef320bd8c None admin] RBAC: auth_context: {'token': , 'domain_id': None, 'trust_id': None, 'trustor_id': None, 'trustee_id': None, 'domain_name': None, 'group_ids': [], 'user_id': '1ff8b05e4b4c4db1890a1225f8225322', 'user_domain_id': 'default', 'system_scope': 'all', 'project_id': None, 'project_domain_id': None, 'roles': ['admin', 'member', 'reader'], 'is_admin_project': True, 'service_user_id': None, 'service_user_domain_id': None, 'service_project_id': None, 'service_project_domain_id': None, 'service_roles': []} {{(pid=53852) fill_context /opt/stack/keystone/keystone/server/flask/request_processing/middleware/auth_context.py:478}}
Apr 12 00:19:52 user devstack@keystone.service[53852]: DEBUG keystone.server.flask.request_processing.req_logging [None req-918f277d-ad17-4190-84c0-07eef320bd8c None admin] REQUEST_METHOD: `PUT` {{(pid=53852) log_request_info /opt/stack/keystone/keystone/server/flask/request_processing/req_logging.py:27}}
Apr 12 00:19:52 user devstack@keystone.service[53852]: DEBUG keystone.server.flask.request_processing.req_logging [None req-918f277d-ad17-4190-84c0-07eef320bd8c None admin] SCRIPT_NAME: `/identity` {{(pid=53852) log_request_info /opt/stack/keystone/keystone/server/flask/request_processing/req_logging.py:28}}
Apr 12 00:19:52 user devstack@keystone.service[53852]: DEBUG keystone.server.flask.request_processing.req_logging [None req-918f277d-ad17-4190-84c0-07eef320bd8c None admin] PATH_INFO: `/v3/projects/59389ee3e3fc4d3f87b7538a13d7e8e0/users/b480eaf8727140ae8406cb73dbc5306b/roles/7dafd168494240bba10ecbfb6e59ff20` {{(pid=53852) log_request_info /opt/stack/keystone/keystone/server/flask/request_processing/req_logging.py:29}}
Apr 12 00:19:52 user devstack@keystone.service[53852]: DEBUG keystone.common.rbac_enforcer.enforcer [None req-918f277d-ad17-4190-84c0-07eef320bd8c None admin] RBAC: Authorizing `identity:create_grant(project_id=59389ee3e3fc4d3f87b7538a13d7e8e0, user_id=b480eaf8727140ae8406cb73dbc5306b, role_id=7dafd168494240bba10ecbfb6e59ff20)` {{(pid=53852) enforce_call /opt/stack/keystone/keystone/common/rbac_enforcer/enforcer.py:449}}
Apr 12 00:19:52 user devstack@keystone.service[53852]: DEBUG keystone.common.rbac_enforcer.enforcer [None req-918f277d-ad17-4190-84c0-07eef320bd8c None admin] RBAC: Authorization granted {{(pid=53852) enforce_call /opt/stack/keystone/keystone/common/rbac_enforcer/enforcer.py:457}}
Apr 12 00:19:52 user devstack@keystone.service[53850]: DEBUG keystone.server.flask.request_processing.middleware.auth_context [None req-91225562-647b-42e4-af94-4206844798f4 None admin] RBAC: auth_context: {'token': , 'domain_id': None, 'trust_id': None, 'trustor_id': None, 'trustee_id': None, 'domain_name': None, 'group_ids': [], 'user_id': '1ff8b05e4b4c4db1890a1225f8225322', 'user_domain_id': 'default', 'system_scope': 'all', 'project_id': None, 'project_domain_id': None, 'roles': ['admin', 'member', 'reader'], 'is_admin_project': True, 'service_user_id': None, 'service_user_domain_id': None, 'service_project_id': None, 'service_project_domain_id': None, 'service_roles': []} {{(pid=53850) fill_context /opt/stack/keystone/keystone/server/flask/request_processing/middleware/auth_context.py:478}}
Apr 12 00:19:52 user devstack@keystone.service[53850]: DEBUG keystone.server.flask.request_processing.req_logging [None req-91225562-647b-42e4-af94-4206844798f4 None admin] REQUEST_METHOD: `GET` {{(pid=53850) log_request_info /opt/stack/keystone/keystone/server/flask/request_processing/req_logging.py:27}}
Apr 12 00:19:52 user devstack@keystone.service[53850]: DEBUG keystone.server.flask.request_processing.req_logging [None req-91225562-647b-42e4-af94-4206844798f4 None admin] SCRIPT_NAME: `/identity` {{(pid=53850) log_request_info /opt/stack/keystone/keystone/server/flask/request_processing/req_logging.py:28}}
Apr 12 00:19:52 user devstack@keystone.service[53850]: DEBUG keystone.server.flask.request_processing.req_logging [None req-91225562-647b-42e4-af94-4206844798f4 None admin] PATH_INFO: `/v3/projects/59389ee3e3fc4d3f87b7538a13d7e8e0` {{(pid=53850) log_request_info /opt/stack/keystone/keystone/server/flask/request_processing/req_logging.py:29}}
Apr 12 00:19:52 user devstack@keystone.service[53850]: DEBUG keystone.common.rbac_enforcer.enforcer [None req-91225562-647b-42e4-af94-4206844798f4 None admin] RBAC: Authorizing `identity:get_project(project_id=59389ee3e3fc4d3f87b7538a13d7e8e0)` {{(pid=53850) enforce_call /opt/stack/keystone/keystone/common/rbac_enforcer/enforcer.py:449}}
Apr 12 00:19:52 user devstack@keystone.service[53850]: DEBUG keystone.common.rbac_enforcer.enforcer [None req-91225562-647b-42e4-af94-4206844798f4 None admin] RBAC: Authorization granted {{(pid=53850) enforce_call /opt/stack/keystone/keystone/common/rbac_enforcer/enforcer.py:457}}
Apr 12 00:19:52 user devstack@keystone.service[53850]: [pid: 53850|app: 0|req: 24/75] 10.0.0.210 () {56 vars in 1181 bytes} [Wed Apr 12 00:19:52 2023] GET /identity/v3/projects/59389ee3e3fc4d3f87b7538a13d7e8e0 => generated 297 bytes in 141 msecs (HTTP/1.1 200) 5 headers in 177 bytes (1 switches on core 0)
Apr 12 00:19:52 user devstack@keystone.service[53850]: DEBUG keystone.server.flask.request_processing.middleware.auth_context [None req-91225562-647b-42e4-af94-4206844798f4 None admin] Authenticating user token {{(pid=53850) process_request /usr/local/lib/python3.10/dist-packages/keystonemiddleware/auth_token/__init__.py:406}}
Apr 12 00:19:52 user devstack@keystone.service[53852]: [pid: 53852|app: 0|req: 26/76] 10.0.0.210 () {58 vars in 1434 bytes} [Wed Apr 12 00:19:51 2023] PUT /identity/v3/projects/59389ee3e3fc4d3f87b7538a13d7e8e0/users/b480eaf8727140ae8406cb73dbc5306b/roles/7dafd168494240bba10ecbfb6e59ff20 => generated 0 bytes in 167 msecs (HTTP/1.1 204) 3 headers in 132 bytes (0 switches on core 0)
Apr 12 00:19:52 user devstack@keystone.service[53852]: DEBUG keystone.server.flask.request_processing.middleware.auth_context [None req-918f277d-ad17-4190-84c0-07eef320bd8c None admin] Authenticating user token {{(pid=53852) process_request /usr/local/lib/python3.10/dist-packages/keystonemiddleware/auth_token/__init__.py:406}}
Apr 12 00:19:52 user devstack@keystone.service[53851]: DEBUG keystone.server.flask.request_processing.middleware.auth_context [None req-f37a94d3-2767-4dd3-b40c-5d8de2224340 None admin] Validating token access rules against request {{(pid=53851) validate_allowed_request /usr/local/lib/python3.10/dist-packages/keystonemiddleware/auth_token/__init__.py:544}}
Apr 12 00:19:52 user devstack@keystone.service[53851]: DEBUG keystone.server.flask.request_processing.middleware.auth_context [None req-861b268b-9fb4-4803-a0d6-5d8c6675df31 None admin] RBAC: auth_context: {'token': , 'domain_id': None, 'trust_id': None, 'trustor_id': None, 'trustee_id': None, 'domain_name': None, 'group_ids': [], 'user_id': '1ff8b05e4b4c4db1890a1225f8225322', 'user_domain_id': 'default', 'system_scope': 'all', 'project_id': None, 'project_domain_id': None, 'roles': ['admin', 'member', 'reader'], 'is_admin_project': True, 'service_user_id': None, 'service_user_domain_id': None, 'service_project_id': None, 'service_project_domain_id': None, 'service_roles': []} {{(pid=53851) fill_context /opt/stack/keystone/keystone/server/flask/request_processing/middleware/auth_context.py:478}}
Apr 12 00:19:52 user devstack@keystone.service[53851]: DEBUG keystone.server.flask.request_processing.req_logging [None req-861b268b-9fb4-4803-a0d6-5d8c6675df31 None admin] REQUEST_METHOD: `GET` {{(pid=53851) log_request_info /opt/stack/keystone/keystone/server/flask/request_processing/req_logging.py:27}}
Apr 12 00:19:52 user devstack@keystone.service[53851]: DEBUG keystone.server.flask.request_processing.req_logging [None req-861b268b-9fb4-4803-a0d6-5d8c6675df31 None admin] SCRIPT_NAME: `/identity` {{(pid=53851) log_request_info /opt/stack/keystone/keystone/server/flask/request_processing/req_logging.py:28}}
Apr 12 00:19:52 user devstack@keystone.service[53851]: DEBUG keystone.server.flask.request_processing.req_logging [None req-861b268b-9fb4-4803-a0d6-5d8c6675df31 None admin] PATH_INFO: `/v3/users/b480eaf8727140ae8406cb73dbc5306b` {{(pid=53851) log_request_info /opt/stack/keystone/keystone/server/flask/request_processing/req_logging.py:29}}
Apr 12 00:19:52 user devstack@keystone.service[53851]: DEBUG keystone.common.rbac_enforcer.enforcer [None req-861b268b-9fb4-4803-a0d6-5d8c6675df31 None admin] RBAC: Authorizing `identity:get_user(user_id=b480eaf8727140ae8406cb73dbc5306b)` {{(pid=53851) enforce_call /opt/stack/keystone/keystone/common/rbac_enforcer/enforcer.py:449}}
Apr 12 00:19:52 user devstack@keystone.service[53851]: DEBUG keystone.common.rbac_enforcer.enforcer [None req-861b268b-9fb4-4803-a0d6-5d8c6675df31 None admin] RBAC: Authorization granted {{(pid=53851) enforce_call /opt/stack/keystone/keystone/common/rbac_enforcer/enforcer.py:457}}
Apr 12 00:19:52 user devstack@keystone.service[53851]: [pid: 53851|app: 0|req: 27/77] 10.0.0.210 () {56 vars in 1172 bytes} [Wed Apr 12 00:19:52 2023] GET /identity/v3/users/b480eaf8727140ae8406cb73dbc5306b => generated 274 bytes in 127 msecs (HTTP/1.1 200) 5 headers in 177 bytes (1 switches on core 0)
Apr 12 00:19:52 user devstack@keystone.service[53851]: DEBUG keystone.server.flask.request_processing.middleware.auth_context [None req-861b268b-9fb4-4803-a0d6-5d8c6675df31 None admin] Authenticating user token {{(pid=53851) process_request /usr/local/lib/python3.10/dist-packages/keystonemiddleware/auth_token/__init__.py:406}}
Apr 12 00:19:52 user devstack@keystone.service[53851]: DEBUG dbcounter [-] [53851] Writing DB stats keystone:SELECT=100 {{(pid=53851) stat_writer /usr/local/lib/python3.10/dist-packages/dbcounter.py:117}}
Apr 12 00:19:52 user devstack@keystone.service[53852]: DEBUG keystone.server.flask.request_processing.middleware.auth_context [None req-918f277d-ad17-4190-84c0-07eef320bd8c None admin] Validating token access rules against request {{(pid=53852) validate_allowed_request /usr/local/lib/python3.10/dist-packages/keystonemiddleware/auth_token/__init__.py:544}}
Apr 12 00:19:52 user devstack@keystone.service[53850]: DEBUG keystone.server.flask.request_processing.middleware.auth_context [None req-91225562-647b-42e4-af94-4206844798f4 None admin] Validating token access rules against request {{(pid=53850) validate_allowed_request /usr/local/lib/python3.10/dist-packages/keystonemiddleware/auth_token/__init__.py:544}}
Apr 12 00:19:52 user devstack@keystone.service[53852]: DEBUG keystone.server.flask.request_processing.middleware.auth_context [None req-59acd3bc-8ab9-45df-b5d2-80157a9658f3 None admin] RBAC: auth_context: {'token': , 'domain_id': None, 'trust_id': None, 'trustor_id': None, 'trustee_id': None, 'domain_name': None, 'group_ids': [], 'user_id': '1ff8b05e4b4c4db1890a1225f8225322', 'user_domain_id': 'default', 'system_scope': 'all', 'project_id': None, 'project_domain_id': None, 'roles': ['admin', 'member', 'reader'], 'is_admin_project': True, 'service_user_id': None, 'service_user_domain_id': None, 'service_project_id': None, 'service_project_domain_id': None, 'service_roles': []} {{(pid=53852) fill_context /opt/stack/keystone/keystone/server/flask/request_processing/middleware/auth_context.py:478}}
Apr 12 00:19:52 user devstack@keystone.service[53852]: DEBUG keystone.server.flask.request_processing.req_logging [None req-59acd3bc-8ab9-45df-b5d2-80157a9658f3 None admin] REQUEST_METHOD: `GET` {{(pid=53852) log_request_info /opt/stack/keystone/keystone/server/flask/request_processing/req_logging.py:27}}
Apr 12 00:19:52 user devstack@keystone.service[53852]: DEBUG keystone.server.flask.request_processing.req_logging [None req-59acd3bc-8ab9-45df-b5d2-80157a9658f3 None admin] SCRIPT_NAME: `/identity` {{(pid=53852) log_request_info /opt/stack/keystone/keystone/server/flask/request_processing/req_logging.py:28}}
Apr 12 00:19:52 user devstack@keystone.service[53852]: DEBUG keystone.server.flask.request_processing.req_logging [None req-59acd3bc-8ab9-45df-b5d2-80157a9658f3 None admin] PATH_INFO: `/v3/roles` {{(pid=53852) log_request_info /opt/stack/keystone/keystone/server/flask/request_processing/req_logging.py:29}}
Apr 12 00:19:52 user devstack@keystone.service[53852]: DEBUG keystone.common.rbac_enforcer.enforcer [None req-59acd3bc-8ab9-45df-b5d2-80157a9658f3 None admin] RBAC: Adding query filter params (name=member) {{(pid=53852) _extract_filter_values /opt/stack/keystone/keystone/common/rbac_enforcer/enforcer.py:167}}
Apr 12 00:19:52 user devstack@keystone.service[53852]: DEBUG keystone.common.rbac_enforcer.enforcer [None req-59acd3bc-8ab9-45df-b5d2-80157a9658f3 None admin] RBAC: Authorizing `identity:list_roles()` {{(pid=53852) enforce_call /opt/stack/keystone/keystone/common/rbac_enforcer/enforcer.py:449}}
Apr 12 00:19:52 user devstack@keystone.service[53852]: DEBUG keystone.common.rbac_enforcer.enforcer [None req-59acd3bc-8ab9-45df-b5d2-80157a9658f3 None admin] RBAC: Authorization granted {{(pid=53852) enforce_call /opt/stack/keystone/keystone/common/rbac_enforcer/enforcer.py:457}}
Apr 12 00:19:52 user devstack@keystone.service[53852]: [pid: 53852|app: 0|req: 27/78] 10.0.0.210 () {56 vars in 1096 bytes} [Wed Apr 12 00:19:52 2023] GET /identity/v3/roles?name=member => generated 339 bytes in 151 msecs (HTTP/1.1 200) 5 headers in 177 bytes (1 switches on core 0)
Apr 12 00:19:52 user devstack@keystone.service[53852]: DEBUG keystone.server.flask.request_processing.middleware.auth_context [None req-59acd3bc-8ab9-45df-b5d2-80157a9658f3 None admin] Authenticating user token {{(pid=53852) process_request /usr/local/lib/python3.10/dist-packages/keystonemiddleware/auth_token/__init__.py:406}}
Apr 12 00:19:52 user devstack@keystone.service[53850]: DEBUG keystone.server.flask.request_processing.middleware.auth_context [None req-93ff5e6b-6454-4105-8228-4127156e1a91 None admin] RBAC: auth_context: {'token': , 'domain_id': None, 'trust_id': None, 'trustor_id': None, 'trustee_id': None, 'domain_name': None, 'group_ids': [], 'user_id': '1ff8b05e4b4c4db1890a1225f8225322', 'user_domain_id': 'default', 'system_scope': 'all', 'project_id': None, 'project_domain_id': None, 'roles': ['admin', 'member', 'reader'], 'is_admin_project': True, 'service_user_id': None, 'service_user_domain_id': None, 'service_project_id': None, 'service_project_domain_id': None, 'service_roles': []} {{(pid=53850) fill_context /opt/stack/keystone/keystone/server/flask/request_processing/middleware/auth_context.py:478}}
Apr 12 00:19:52 user devstack@keystone.service[53850]: DEBUG keystone.server.flask.request_processing.req_logging [None req-93ff5e6b-6454-4105-8228-4127156e1a91 None admin] REQUEST_METHOD: `GET` {{(pid=53850) log_request_info /opt/stack/keystone/keystone/server/flask/request_processing/req_logging.py:27}}
Apr 12 00:19:52 user devstack@keystone.service[53850]: DEBUG keystone.server.flask.request_processing.req_logging [None req-93ff5e6b-6454-4105-8228-4127156e1a91 None admin] SCRIPT_NAME: `/identity` {{(pid=53850) log_request_info /opt/stack/keystone/keystone/server/flask/request_processing/req_logging.py:28}}
Apr 12 00:19:52 user devstack@keystone.service[53850]: DEBUG keystone.server.flask.request_processing.req_logging [None req-93ff5e6b-6454-4105-8228-4127156e1a91 None admin] PATH_INFO: `/v3/domains/default` {{(pid=53850) log_request_info /opt/stack/keystone/keystone/server/flask/request_processing/req_logging.py:29}}
Apr 12 00:19:52 user devstack@keystone.service[53850]: DEBUG keystone.common.rbac_enforcer.enforcer [None req-93ff5e6b-6454-4105-8228-4127156e1a91 None admin] RBAC: Authorizing `identity:get_domain(domain_id=default)` {{(pid=53850) enforce_call /opt/stack/keystone/keystone/common/rbac_enforcer/enforcer.py:449}}
Apr 12 00:19:52 user devstack@keystone.service[53851]: DEBUG keystone.server.flask.request_processing.middleware.auth_context [None req-861b268b-9fb4-4803-a0d6-5d8c6675df31 None admin] Validating token access rules against request {{(pid=53851) validate_allowed_request /usr/local/lib/python3.10/dist-packages/keystonemiddleware/auth_token/__init__.py:544}}
Apr 12 00:19:52 user devstack@keystone.service[53850]: DEBUG keystone.common.rbac_enforcer.enforcer [None req-93ff5e6b-6454-4105-8228-4127156e1a91 None admin] RBAC: Authorization granted {{(pid=53850) enforce_call /opt/stack/keystone/keystone/common/rbac_enforcer/enforcer.py:457}}
Apr 12 00:19:52 user devstack@keystone.service[53850]: [pid: 53850|app: 0|req: 25/79] 10.0.0.210 () {56 vars in 1103 bytes} [Wed Apr 12 00:19:52 2023] GET /identity/v3/domains/default => generated 198 bytes in 171 msecs (HTTP/1.1 200) 5 headers in 177 bytes (1 switches on core 0)
Apr 12 00:19:52 user devstack@keystone.service[53850]: DEBUG keystone.server.flask.request_processing.middleware.auth_context [None req-93ff5e6b-6454-4105-8228-4127156e1a91 None admin] Authenticating user token {{(pid=53850) process_request /usr/local/lib/python3.10/dist-packages/keystonemiddleware/auth_token/__init__.py:406}}
Apr 12 00:19:52 user devstack@keystone.service[53850]: DEBUG dbcounter [-] [53850] Writing DB stats keystone:SELECT=100 {{(pid=53850) stat_writer /usr/local/lib/python3.10/dist-packages/dbcounter.py:117}}
Apr 12 00:19:52 user devstack@keystone.service[53852]: DEBUG dbcounter [-] [53852] Writing DB stats keystone:SELECT=99,keystone:INSERT=1 {{(pid=53852) stat_writer /usr/local/lib/python3.10/dist-packages/dbcounter.py:117}}
Apr 12 00:19:52 user devstack@keystone.service[53851]: DEBUG keystone.server.flask.request_processing.middleware.auth_context [None req-3d174f03-ed59-4a3b-a815-dc1d6f63587b None admin] RBAC: auth_context: {'token': , 'domain_id': None, 'trust_id': None, 'trustor_id': None, 'trustee_id': None, 'domain_name': None, 'group_ids': [], 'user_id': '1ff8b05e4b4c4db1890a1225f8225322', 'user_domain_id': 'default', 'system_scope': 'all', 'project_id': None, 'project_domain_id': None, 'roles': ['admin', 'member', 'reader'], 'is_admin_project': True, 'service_user_id': None, 'service_user_domain_id': None, 'service_project_id': None, 'service_project_domain_id': None, 'service_roles': []} {{(pid=53851) fill_context /opt/stack/keystone/keystone/server/flask/request_processing/middleware/auth_context.py:478}}
Apr 12 00:19:52 user devstack@keystone.service[53851]: DEBUG keystone.server.flask.request_processing.req_logging [None req-3d174f03-ed59-4a3b-a815-dc1d6f63587b None admin] REQUEST_METHOD: `PUT` {{(pid=53851) log_request_info /opt/stack/keystone/keystone/server/flask/request_processing/req_logging.py:27}}
Apr 12 00:19:52 user devstack@keystone.service[53851]: DEBUG keystone.server.flask.request_processing.req_logging [None req-3d174f03-ed59-4a3b-a815-dc1d6f63587b None admin] SCRIPT_NAME: `/identity` {{(pid=53851) log_request_info /opt/stack/keystone/keystone/server/flask/request_processing/req_logging.py:28}}
Apr 12 00:19:52 user devstack@keystone.service[53851]: DEBUG keystone.server.flask.request_processing.req_logging [None req-3d174f03-ed59-4a3b-a815-dc1d6f63587b None admin] PATH_INFO: `/v3/projects/59389ee3e3fc4d3f87b7538a13d7e8e0/users/1ff8b05e4b4c4db1890a1225f8225322/roles/3533dfb4a565410ea6f9ff6657c48824` {{(pid=53851) log_request_info /opt/stack/keystone/keystone/server/flask/request_processing/req_logging.py:29}}
Apr 12 00:19:52 user devstack@keystone.service[53851]: DEBUG keystone.common.rbac_enforcer.enforcer [None req-3d174f03-ed59-4a3b-a815-dc1d6f63587b None admin] RBAC: Authorizing `identity:create_grant(project_id=59389ee3e3fc4d3f87b7538a13d7e8e0, user_id=1ff8b05e4b4c4db1890a1225f8225322, role_id=3533dfb4a565410ea6f9ff6657c48824)` {{(pid=53851) enforce_call /opt/stack/keystone/keystone/common/rbac_enforcer/enforcer.py:449}}
Apr 12 00:19:52 user devstack@keystone.service[53851]: DEBUG keystone.common.rbac_enforcer.enforcer [None req-3d174f03-ed59-4a3b-a815-dc1d6f63587b None admin] RBAC: Authorization granted {{(pid=53851) enforce_call /opt/stack/keystone/keystone/common/rbac_enforcer/enforcer.py:457}}
Apr 12 00:19:52 user devstack@keystone.service[53851]: [pid: 53851|app: 0|req: 28/80] 10.0.0.210 () {58 vars in 1434 bytes} [Wed Apr 12 00:19:52 2023] PUT /identity/v3/projects/59389ee3e3fc4d3f87b7538a13d7e8e0/users/1ff8b05e4b4c4db1890a1225f8225322/roles/3533dfb4a565410ea6f9ff6657c48824 => generated 0 bytes in 166 msecs (HTTP/1.1 204) 3 headers in 132 bytes (0 switches on core 0)
Apr 12 00:19:52 user devstack@keystone.service[53851]: DEBUG keystone.server.flask.request_processing.middleware.auth_context [None req-3d174f03-ed59-4a3b-a815-dc1d6f63587b None admin] Authenticating user token {{(pid=53851) process_request /usr/local/lib/python3.10/dist-packages/keystonemiddleware/auth_token/__init__.py:406}}
Apr 12 00:19:52 user devstack@keystone.service[53850]: DEBUG keystone.server.flask.request_processing.middleware.auth_context [None req-93ff5e6b-6454-4105-8228-4127156e1a91 None admin] Validating token access rules against request {{(pid=53850) validate_allowed_request /usr/local/lib/python3.10/dist-packages/keystonemiddleware/auth_token/__init__.py:544}}
Apr 12 00:19:52 user devstack@keystone.service[53852]: DEBUG keystone.server.flask.request_processing.middleware.auth_context [None req-59acd3bc-8ab9-45df-b5d2-80157a9658f3 None admin] Validating token access rules against request {{(pid=53852) validate_allowed_request /usr/local/lib/python3.10/dist-packages/keystonemiddleware/auth_token/__init__.py:544}}
Apr 12 00:19:52 user devstack@keystone.service[53850]: DEBUG keystone.server.flask.request_processing.middleware.auth_context [None req-a7d9bea7-2afe-4d83-b0ce-5f951abc245d None admin] RBAC: auth_context: {'token': , 'domain_id': None, 'trust_id': None, 'trustor_id': None, 'trustee_id': None, 'domain_name': None, 'group_ids': [], 'user_id': '1ff8b05e4b4c4db1890a1225f8225322', 'user_domain_id': 'default', 'system_scope': 'all', 'project_id': None, 'project_domain_id': None, 'roles': ['admin', 'member', 'reader'], 'is_admin_project': True, 'service_user_id': None, 'service_user_domain_id': None, 'service_project_id': None, 'service_project_domain_id': None, 'service_roles': []} {{(pid=53850) fill_context /opt/stack/keystone/keystone/server/flask/request_processing/middleware/auth_context.py:478}}
Apr 12 00:19:52 user devstack@keystone.service[53850]: DEBUG keystone.server.flask.request_processing.req_logging [None req-a7d9bea7-2afe-4d83-b0ce-5f951abc245d None admin] REQUEST_METHOD: `GET` {{(pid=53850) log_request_info /opt/stack/keystone/keystone/server/flask/request_processing/req_logging.py:27}}
Apr 12 00:19:52 user devstack@keystone.service[53850]: DEBUG keystone.server.flask.request_processing.req_logging [None req-a7d9bea7-2afe-4d83-b0ce-5f951abc245d None admin] SCRIPT_NAME: `/identity` {{(pid=53850) log_request_info /opt/stack/keystone/keystone/server/flask/request_processing/req_logging.py:28}}
Apr 12 00:19:52 user devstack@keystone.service[53850]: DEBUG keystone.server.flask.request_processing.req_logging [None req-a7d9bea7-2afe-4d83-b0ce-5f951abc245d None admin] PATH_INFO: `/v3/users/b480eaf8727140ae8406cb73dbc5306b` {{(pid=53850) log_request_info /opt/stack/keystone/keystone/server/flask/request_processing/req_logging.py:29}}
Apr 12 00:19:52 user devstack@keystone.service[53850]: DEBUG keystone.common.rbac_enforcer.enforcer [None req-a7d9bea7-2afe-4d83-b0ce-5f951abc245d None admin] RBAC: Authorizing `identity:get_user(user_id=b480eaf8727140ae8406cb73dbc5306b)` {{(pid=53850) enforce_call /opt/stack/keystone/keystone/common/rbac_enforcer/enforcer.py:449}}
Apr 12 00:19:52 user devstack@keystone.service[53850]: DEBUG keystone.common.rbac_enforcer.enforcer [None req-a7d9bea7-2afe-4d83-b0ce-5f951abc245d None admin] RBAC: Authorization granted {{(pid=53850) enforce_call /opt/stack/keystone/keystone/common/rbac_enforcer/enforcer.py:457}}
Apr 12 00:19:52 user devstack@keystone.service[53852]: DEBUG keystone.server.flask.request_processing.middleware.auth_context [None req-c7159c63-a7d2-4e9c-8433-d4d97a44b131 None admin] RBAC: auth_context: {'token': , 'domain_id': None, 'trust_id': None, 'trustor_id': None, 'trustee_id': None, 'domain_name': None, 'group_ids': [], 'user_id': '1ff8b05e4b4c4db1890a1225f8225322', 'user_domain_id': 'default', 'system_scope': 'all', 'project_id': None, 'project_domain_id': None, 'roles': ['admin', 'member', 'reader'], 'is_admin_project': True, 'service_user_id': None, 'service_user_domain_id': None, 'service_project_id': None, 'service_project_domain_id': None, 'service_roles': []} {{(pid=53852) fill_context /opt/stack/keystone/keystone/server/flask/request_processing/middleware/auth_context.py:478}}
Apr 12 00:19:52 user devstack@keystone.service[53852]: DEBUG keystone.server.flask.request_processing.req_logging [None req-c7159c63-a7d2-4e9c-8433-d4d97a44b131 None admin] REQUEST_METHOD: `GET` {{(pid=53852) log_request_info /opt/stack/keystone/keystone/server/flask/request_processing/req_logging.py:27}}
Apr 12 00:19:52 user devstack@keystone.service[53850]: [pid: 53850|app: 0|req: 26/81] 10.0.0.210 () {56 vars in 1172 bytes} [Wed Apr 12 00:19:52 2023] GET /identity/v3/users/b480eaf8727140ae8406cb73dbc5306b => generated 274 bytes in 141 msecs (HTTP/1.1 200) 5 headers in 177 bytes (1 switches on core 0)
Apr 12 00:19:52 user devstack@keystone.service[53852]: DEBUG keystone.server.flask.request_processing.req_logging [None req-c7159c63-a7d2-4e9c-8433-d4d97a44b131 None admin] SCRIPT_NAME: `/identity` {{(pid=53852) log_request_info /opt/stack/keystone/keystone/server/flask/request_processing/req_logging.py:28}}
Apr 12 00:19:52 user devstack@keystone.service[53852]: DEBUG keystone.server.flask.request_processing.req_logging [None req-c7159c63-a7d2-4e9c-8433-d4d97a44b131 None admin] PATH_INFO: `/v3/projects/59389ee3e3fc4d3f87b7538a13d7e8e0` {{(pid=53852) log_request_info /opt/stack/keystone/keystone/server/flask/request_processing/req_logging.py:29}}
Apr 12 00:19:52 user devstack@keystone.service[53852]: DEBUG keystone.common.rbac_enforcer.enforcer [None req-c7159c63-a7d2-4e9c-8433-d4d97a44b131 None admin] RBAC: Authorizing `identity:get_project(project_id=59389ee3e3fc4d3f87b7538a13d7e8e0)` {{(pid=53852) enforce_call /opt/stack/keystone/keystone/common/rbac_enforcer/enforcer.py:449}}
Apr 12 00:19:52 user devstack@keystone.service[53852]: DEBUG keystone.common.rbac_enforcer.enforcer [None req-c7159c63-a7d2-4e9c-8433-d4d97a44b131 None admin] RBAC: Authorization granted {{(pid=53852) enforce_call /opt/stack/keystone/keystone/common/rbac_enforcer/enforcer.py:457}}
Apr 12 00:19:52 user devstack@keystone.service[53852]: [pid: 53852|app: 0|req: 28/82] 10.0.0.210 () {56 vars in 1181 bytes} [Wed Apr 12 00:19:52 2023] GET /identity/v3/projects/59389ee3e3fc4d3f87b7538a13d7e8e0 => generated 297 bytes in 157 msecs (HTTP/1.1 200) 5 headers in 177 bytes (1 switches on core 0)
Apr 12 00:19:52 user devstack@keystone.service[53850]: DEBUG keystone.server.flask.request_processing.middleware.auth_context [None req-a7d9bea7-2afe-4d83-b0ce-5f951abc245d None admin] Authenticating user token {{(pid=53850) process_request /usr/local/lib/python3.10/dist-packages/keystonemiddleware/auth_token/__init__.py:406}}
Apr 12 00:19:52 user devstack@keystone.service[53852]: DEBUG keystone.server.flask.request_processing.middleware.auth_context [None req-c7159c63-a7d2-4e9c-8433-d4d97a44b131 None admin] Authenticating user token {{(pid=53852) process_request /usr/local/lib/python3.10/dist-packages/keystonemiddleware/auth_token/__init__.py:406}}
Apr 12 00:19:52 user devstack@keystone.service[53851]: DEBUG dbcounter [-] [53851] Writing DB stats keystone:SELECT=99,keystone:INSERT=1 {{(pid=53851) stat_writer /usr/local/lib/python3.10/dist-packages/dbcounter.py:117}}
Apr 12 00:19:52 user devstack@keystone.service[53851]: DEBUG keystone.server.flask.request_processing.middleware.auth_context [None req-3d174f03-ed59-4a3b-a815-dc1d6f63587b None admin] Validating token access rules against request {{(pid=53851) validate_allowed_request /usr/local/lib/python3.10/dist-packages/keystonemiddleware/auth_token/__init__.py:544}}
Apr 12 00:19:52 user devstack@keystone.service[53851]: DEBUG keystone.server.flask.request_processing.middleware.auth_context [None req-50e002c9-0c08-4c32-a7b9-6c5f9c943edc None admin] RBAC: auth_context: {'token': , 'domain_id': None, 'trust_id': None, 'trustor_id': None, 'trustee_id': None, 'domain_name': None, 'group_ids': [], 'user_id': '1ff8b05e4b4c4db1890a1225f8225322', 'user_domain_id': 'default', 'system_scope': 'all', 'project_id': None, 'project_domain_id': None, 'roles': ['admin', 'member', 'reader'], 'is_admin_project': True, 'service_user_id': None, 'service_user_domain_id': None, 'service_project_id': None, 'service_project_domain_id': None, 'service_roles': []} {{(pid=53851) fill_context /opt/stack/keystone/keystone/server/flask/request_processing/middleware/auth_context.py:478}}
Apr 12 00:19:52 user devstack@keystone.service[53851]: DEBUG keystone.server.flask.request_processing.req_logging [None req-50e002c9-0c08-4c32-a7b9-6c5f9c943edc None admin] REQUEST_METHOD: `POST` {{(pid=53851) log_request_info /opt/stack/keystone/keystone/server/flask/request_processing/req_logging.py:27}}
Apr 12 00:19:52 user devstack@keystone.service[53851]: DEBUG keystone.server.flask.request_processing.req_logging [None req-50e002c9-0c08-4c32-a7b9-6c5f9c943edc None admin] SCRIPT_NAME: `/identity` {{(pid=53851) log_request_info /opt/stack/keystone/keystone/server/flask/request_processing/req_logging.py:28}}
Apr 12 00:19:52 user devstack@keystone.service[53851]: DEBUG keystone.server.flask.request_processing.req_logging [None req-50e002c9-0c08-4c32-a7b9-6c5f9c943edc None admin] PATH_INFO: `/v3/users` {{(pid=53851) log_request_info /opt/stack/keystone/keystone/server/flask/request_processing/req_logging.py:29}}
