Nov 07 15:10:35 user devstack@keystone.service[45857]: DEBUG keystone.server.flask.request_processing.req_logging [None req-82da3a63-8e9f-450c-829a-2f8183e98142 None admin] REQUEST_METHOD: `POST` {{(pid=45857) log_request_info /opt/stack/keystone/keystone/server/flask/request_processing/req_logging.py:27}}
Nov 07 15:10:35 user devstack@keystone.service[45857]: DEBUG keystone.server.flask.request_processing.req_logging [None req-82da3a63-8e9f-450c-829a-2f8183e98142 None admin] SCRIPT_NAME: `/identity` {{(pid=45857) log_request_info /opt/stack/keystone/keystone/server/flask/request_processing/req_logging.py:28}}
Nov 07 15:10:35 user devstack@keystone.service[45857]: DEBUG keystone.server.flask.request_processing.req_logging [None req-82da3a63-8e9f-450c-829a-2f8183e98142 None admin] PATH_INFO: `/v3/users` {{(pid=45857) log_request_info /opt/stack/keystone/keystone/server/flask/request_processing/req_logging.py:29}}
Nov 07 15:10:35 user devstack@keystone.service[45857]: DEBUG keystone.common.rbac_enforcer.enforcer [None req-82da3a63-8e9f-450c-829a-2f8183e98142 None admin] RBAC: Authorizing `identity:create_user()` {{(pid=45857) enforce_call /opt/stack/keystone/keystone/common/rbac_enforcer/enforcer.py:449}}
Nov 07 15:10:35 user devstack@keystone.service[45857]: DEBUG keystone.common.rbac_enforcer.enforcer [None req-82da3a63-8e9f-450c-829a-2f8183e98142 None admin] RBAC: Authorization granted {{(pid=45857) enforce_call /opt/stack/keystone/keystone/common/rbac_enforcer/enforcer.py:457}}
Nov 07 15:10:35 user devstack@keystone.service[45859]: DEBUG keystone.server.flask.request_processing.middleware.auth_context [None req-3356f5dd-b95b-447c-a3cb-968c15c7809c None admin] RBAC: auth_context: {'token': , 'domain_id': None, 'trust_id': None, 'trustor_id': None, 'trustee_id': None, 'domain_name': None, 'group_ids': [], 'user_id': 'd2a37fa8e0034df0b1e3f8f803749587', 'user_domain_id': 'default', 'system_scope': 'all', 'project_id': None, 'project_domain_id': None, 'roles': ['admin', 'manager', 'member', 'reader'], 'is_admin_project': True, 'service_user_id': None, 'service_user_domain_id': None, 'service_project_id': None, 'service_project_domain_id': None, 'service_roles': []} {{(pid=45859) fill_context /opt/stack/keystone/keystone/server/flask/request_processing/middleware/auth_context.py:480}}
Nov 07 15:10:35 user devstack@keystone.service[45857]: WARNING keystone.common.password_hashing [None req-82da3a63-8e9f-450c-829a-2f8183e98142 None admin] Truncating password to algorithm specific maximum length 72 characters.
Nov 07 15:10:35 user devstack@keystone.service[45859]: DEBUG keystone.server.flask.request_processing.req_logging [None req-3356f5dd-b95b-447c-a3cb-968c15c7809c None admin] REQUEST_METHOD: `GET` {{(pid=45859) log_request_info /opt/stack/keystone/keystone/server/flask/request_processing/req_logging.py:27}}
Nov 07 15:10:35 user devstack@keystone.service[45859]: DEBUG keystone.server.flask.request_processing.req_logging [None req-3356f5dd-b95b-447c-a3cb-968c15c7809c None admin] SCRIPT_NAME: `/identity` {{(pid=45859) log_request_info /opt/stack/keystone/keystone/server/flask/request_processing/req_logging.py:28}}
Nov 07 15:10:35 user devstack@keystone.service[45857]: DEBUG passlib.handlers.bcrypt [None req-82da3a63-8e9f-450c-829a-2f8183e98142 None admin] detected 'bcrypt' backend, version '4.0.1' {{(pid=45857) _load_backend_mixin /opt/stack/data/venv/lib/python3.10/site-packages/passlib/handlers/bcrypt.py:625}}
Nov 07 15:10:35 user devstack@keystone.service[45859]: DEBUG keystone.server.flask.request_processing.req_logging [None req-3356f5dd-b95b-447c-a3cb-968c15c7809c None admin] PATH_INFO: `/v3/projects/75a09c5932ab4859a972089c2efd1cd1` {{(pid=45859) log_request_info /opt/stack/keystone/keystone/server/flask/request_processing/req_logging.py:29}}
Nov 07 15:10:35 user devstack@keystone.service[45857]: DEBUG passlib.handlers.bcrypt [None req-82da3a63-8e9f-450c-829a-2f8183e98142 None admin] 'bcrypt' backend lacks $2$ support, enabling workaround {{(pid=45857) _finalize_backend_mixin /opt/stack/data/venv/lib/python3.10/site-packages/passlib/handlers/bcrypt.py:406}}
Nov 07 15:10:35 user devstack@keystone.service[45859]: DEBUG keystone.common.rbac_enforcer.enforcer [None req-3356f5dd-b95b-447c-a3cb-968c15c7809c None admin] RBAC: Authorizing `identity:get_project(project_id=75a09c5932ab4859a972089c2efd1cd1)` {{(pid=45859) enforce_call /opt/stack/keystone/keystone/common/rbac_enforcer/enforcer.py:449}}
Nov 07 15:10:35 user devstack@keystone.service[45859]: DEBUG keystone.common.rbac_enforcer.enforcer [None req-3356f5dd-b95b-447c-a3cb-968c15c7809c None admin] RBAC: Authorization granted {{(pid=45859) enforce_call /opt/stack/keystone/keystone/common/rbac_enforcer/enforcer.py:457}}
Nov 07 15:10:35 user devstack@keystone.service[45859]: [pid: 45859|app: 0|req: 21/67] 10.0.0.210 () {56 vars in 1181 bytes} [Tue Nov 7 15:10:35 2023] GET /identity/v3/projects/75a09c5932ab4859a972089c2efd1cd1 => generated 297 bytes in 239 msecs (HTTP/1.1 200) 5 headers in 177 bytes (1 switches on core 0)
Nov 07 15:10:35 user devstack@keystone.service[45859]: DEBUG keystone.server.flask.request_processing.middleware.auth_context [None req-3356f5dd-b95b-447c-a3cb-968c15c7809c None admin] Authenticating user token {{(pid=45859) process_request /opt/stack/data/venv/lib/python3.10/site-packages/keystonemiddleware/auth_token/__init__.py:406}}
Nov 07 15:10:36 user devstack@keystone.service[45858]: DEBUG keystone.server.flask.request_processing.middleware.auth_context [None req-47dbc232-b89a-49c5-8370-adafced01ffb None admin] Validating token access rules against request {{(pid=45858) validate_allowed_request /opt/stack/data/venv/lib/python3.10/site-packages/keystonemiddleware/auth_token/__init__.py:544}}
Nov 07 15:10:36 user devstack@keystone.service[45857]: [pid: 45857|app: 0|req: 27/68] 10.0.0.210 () {60 vars in 1127 bytes} [Tue Nov 7 15:10:35 2023] POST /identity/v3/users => generated 288 bytes in 199 msecs (HTTP/1.1 201) 5 headers in 182 bytes (1 switches on core 0)
Nov 07 15:10:36 user devstack@keystone.service[45857]: DEBUG keystone.server.flask.request_processing.middleware.auth_context [None req-82da3a63-8e9f-450c-829a-2f8183e98142 None admin] Authenticating user token {{(pid=45857) process_request /opt/stack/data/venv/lib/python3.10/site-packages/keystonemiddleware/auth_token/__init__.py:406}}
Nov 07 15:10:36 user devstack@keystone.service[45858]: DEBUG keystone.server.flask.request_processing.middleware.auth_context [None req-ab6e5e4c-947f-430b-9aad-48420af77243 None admin] RBAC: auth_context: {'token': , 'domain_id': None, 'trust_id': None, 'trustor_id': None, 'trustee_id': None, 'domain_name': None, 'group_ids': [], 'user_id': 'd2a37fa8e0034df0b1e3f8f803749587', 'user_domain_id': 'default', 'system_scope': 'all', 'project_id': None, 'project_domain_id': None, 'roles': ['admin', 'manager', 'member', 'reader'], 'is_admin_project': True, 'service_user_id': None, 'service_user_domain_id': None, 'service_project_id': None, 'service_project_domain_id': None, 'service_roles': []} {{(pid=45858) fill_context /opt/stack/keystone/keystone/server/flask/request_processing/middleware/auth_context.py:480}}
Nov 07 15:10:36 user devstack@keystone.service[45858]: DEBUG keystone.server.flask.request_processing.req_logging [None req-ab6e5e4c-947f-430b-9aad-48420af77243 None admin] REQUEST_METHOD: `GET` {{(pid=45858) log_request_info /opt/stack/keystone/keystone/server/flask/request_processing/req_logging.py:27}}
Nov 07 15:10:36 user devstack@keystone.service[45858]: DEBUG keystone.server.flask.request_processing.req_logging [None req-ab6e5e4c-947f-430b-9aad-48420af77243 None admin] SCRIPT_NAME: `/identity` {{(pid=45858) log_request_info /opt/stack/keystone/keystone/server/flask/request_processing/req_logging.py:28}}
Nov 07 15:10:36 user devstack@keystone.service[45858]: DEBUG keystone.server.flask.request_processing.req_logging [None req-ab6e5e4c-947f-430b-9aad-48420af77243 None admin] PATH_INFO: `/v3/projects/75a09c5932ab4859a972089c2efd1cd1` {{(pid=45858) log_request_info /opt/stack/keystone/keystone/server/flask/request_processing/req_logging.py:29}}
Nov 07 15:10:36 user devstack@keystone.service[45858]: DEBUG keystone.common.rbac_enforcer.enforcer [None req-ab6e5e4c-947f-430b-9aad-48420af77243 None admin] RBAC: Authorizing `identity:get_project(project_id=75a09c5932ab4859a972089c2efd1cd1)` {{(pid=45858) enforce_call /opt/stack/keystone/keystone/common/rbac_enforcer/enforcer.py:449}}
Nov 07 15:10:36 user devstack@keystone.service[45858]: DEBUG keystone.common.rbac_enforcer.enforcer [None req-ab6e5e4c-947f-430b-9aad-48420af77243 None admin] RBAC: Authorization granted {{(pid=45858) enforce_call /opt/stack/keystone/keystone/common/rbac_enforcer/enforcer.py:457}}
Nov 07 15:10:36 user devstack@keystone.service[45858]: [pid: 45858|app: 0|req: 21/69] 10.0.0.210 () {56 vars in 1181 bytes} [Tue Nov 7 15:10:35 2023] GET /identity/v3/projects/75a09c5932ab4859a972089c2efd1cd1 => generated 297 bytes in 136 msecs (HTTP/1.1 200) 5 headers in 177 bytes (1 switches on core 0)
Nov 07 15:10:36 user devstack@keystone.service[45858]: DEBUG keystone.server.flask.request_processing.middleware.auth_context [None req-ab6e5e4c-947f-430b-9aad-48420af77243 None admin] Authenticating user token {{(pid=45858) process_request /opt/stack/data/venv/lib/python3.10/site-packages/keystonemiddleware/auth_token/__init__.py:406}}
Nov 07 15:10:36 user devstack@keystone.service[45859]: DEBUG keystone.server.flask.request_processing.middleware.auth_context [None req-3356f5dd-b95b-447c-a3cb-968c15c7809c None admin] Validating token access rules against request {{(pid=45859) validate_allowed_request /opt/stack/data/venv/lib/python3.10/site-packages/keystonemiddleware/auth_token/__init__.py:544}}
Nov 07 15:10:36 user devstack@keystone.service[45859]: DEBUG keystone.server.flask.request_processing.middleware.auth_context [None req-bb424148-0227-4f27-90bf-767a154359bb None admin] RBAC: auth_context: {'token': , 'domain_id': None, 'trust_id': None, 'trustor_id': None, 'trustee_id': None, 'domain_name': None, 'group_ids': [], 'user_id': 'd2a37fa8e0034df0b1e3f8f803749587', 'user_domain_id': 'default', 'system_scope': 'all', 'project_id': None, 'project_domain_id': None, 'roles': ['admin', 'manager', 'member', 'reader'], 'is_admin_project': True, 'service_user_id': None, 'service_user_domain_id': None, 'service_project_id': None, 'service_project_domain_id': None, 'service_roles': []} {{(pid=45859) fill_context /opt/stack/keystone/keystone/server/flask/request_processing/middleware/auth_context.py:480}}
Nov 07 15:10:36 user devstack@keystone.service[45859]: DEBUG keystone.server.flask.request_processing.req_logging [None req-bb424148-0227-4f27-90bf-767a154359bb None admin] REQUEST_METHOD: `GET` {{(pid=45859) log_request_info /opt/stack/keystone/keystone/server/flask/request_processing/req_logging.py:27}}
Nov 07 15:10:36 user devstack@keystone.service[45859]: DEBUG keystone.server.flask.request_processing.req_logging [None req-bb424148-0227-4f27-90bf-767a154359bb None admin] SCRIPT_NAME: `/identity` {{(pid=45859) log_request_info /opt/stack/keystone/keystone/server/flask/request_processing/req_logging.py:28}}
Nov 07 15:10:36 user devstack@keystone.service[45859]: DEBUG keystone.server.flask.request_processing.req_logging [None req-bb424148-0227-4f27-90bf-767a154359bb None admin] PATH_INFO: `/v3/users/b1c047eb55a74ea7a22b0a56cc06033a` {{(pid=45859) log_request_info /opt/stack/keystone/keystone/server/flask/request_processing/req_logging.py:29}}
Nov 07 15:10:36 user devstack@keystone.service[45859]: DEBUG keystone.common.rbac_enforcer.enforcer [None req-bb424148-0227-4f27-90bf-767a154359bb None admin] RBAC: Authorizing `identity:get_user(user_id=b1c047eb55a74ea7a22b0a56cc06033a)` {{(pid=45859) enforce_call /opt/stack/keystone/keystone/common/rbac_enforcer/enforcer.py:449}}
Nov 07 15:10:36 user devstack@keystone.service[45859]: DEBUG keystone.common.rbac_enforcer.enforcer [None req-bb424148-0227-4f27-90bf-767a154359bb None admin] RBAC: Authorization granted {{(pid=45859) enforce_call /opt/stack/keystone/keystone/common/rbac_enforcer/enforcer.py:457}}
Nov 07 15:10:36 user devstack@keystone.service[45859]: [pid: 45859|app: 0|req: 22/70] 10.0.0.210 () {56 vars in 1172 bytes} [Tue Nov 7 15:10:35 2023] GET /identity/v3/users/b1c047eb55a74ea7a22b0a56cc06033a => generated 274 bytes in 142 msecs (HTTP/1.1 200) 5 headers in 177 bytes (1 switches on core 0)
Nov 07 15:10:36 user devstack@keystone.service[45859]: DEBUG keystone.server.flask.request_processing.middleware.auth_context [None req-bb424148-0227-4f27-90bf-767a154359bb None admin] Authenticating user token {{(pid=45859) process_request /opt/stack/data/venv/lib/python3.10/site-packages/keystonemiddleware/auth_token/__init__.py:406}}
Nov 07 15:10:36 user devstack@keystone.service[45857]: DEBUG keystone.server.flask.request_processing.middleware.auth_context [None req-82da3a63-8e9f-450c-829a-2f8183e98142 None admin] Validating token access rules against request {{(pid=45857) validate_allowed_request /opt/stack/data/venv/lib/python3.10/site-packages/keystonemiddleware/auth_token/__init__.py:544}}
Nov 07 15:10:36 user devstack@keystone.service[45858]: DEBUG keystone.server.flask.request_processing.middleware.auth_context [None req-ab6e5e4c-947f-430b-9aad-48420af77243 None admin] Validating token access rules against request {{(pid=45858) validate_allowed_request /opt/stack/data/venv/lib/python3.10/site-packages/keystonemiddleware/auth_token/__init__.py:544}}
Nov 07 15:10:36 user devstack@keystone.service[45857]: DEBUG keystone.server.flask.request_processing.middleware.auth_context [None req-a613cc39-4de6-4457-973c-17bd3f9633ea None admin] RBAC: auth_context: {'token': , 'domain_id': None, 'trust_id': None, 'trustor_id': None, 'trustee_id': None, 'domain_name': None, 'group_ids': [], 'user_id': 'd2a37fa8e0034df0b1e3f8f803749587', 'user_domain_id': 'default', 'system_scope': 'all', 'project_id': None, 'project_domain_id': None, 'roles': ['admin', 'manager', 'member', 'reader'], 'is_admin_project': True, 'service_user_id': None, 'service_user_domain_id': None, 'service_project_id': None, 'service_project_domain_id': None, 'service_roles': []} {{(pid=45857) fill_context /opt/stack/keystone/keystone/server/flask/request_processing/middleware/auth_context.py:480}}
Nov 07 15:10:36 user devstack@keystone.service[45857]: DEBUG keystone.server.flask.request_processing.req_logging [None req-a613cc39-4de6-4457-973c-17bd3f9633ea None admin] REQUEST_METHOD: `PUT` {{(pid=45857) log_request_info /opt/stack/keystone/keystone/server/flask/request_processing/req_logging.py:27}}
Nov 07 15:10:36 user devstack@keystone.service[45857]: DEBUG keystone.server.flask.request_processing.req_logging [None req-a613cc39-4de6-4457-973c-17bd3f9633ea None admin] SCRIPT_NAME: `/identity` {{(pid=45857) log_request_info /opt/stack/keystone/keystone/server/flask/request_processing/req_logging.py:28}}
Nov 07 15:10:36 user devstack@keystone.service[45857]: DEBUG keystone.server.flask.request_processing.req_logging [None req-a613cc39-4de6-4457-973c-17bd3f9633ea None admin] PATH_INFO: `/v3/projects/75a09c5932ab4859a972089c2efd1cd1/users/d2a37fa8e0034df0b1e3f8f803749587/roles/7d089477285c4947a1f787e566a03a62` {{(pid=45857) log_request_info /opt/stack/keystone/keystone/server/flask/request_processing/req_logging.py:29}}
Nov 07 15:10:36 user devstack@keystone.service[45857]: DEBUG keystone.common.rbac_enforcer.enforcer [None req-a613cc39-4de6-4457-973c-17bd3f9633ea None admin] RBAC: Authorizing `identity:create_grant(project_id=75a09c5932ab4859a972089c2efd1cd1, user_id=d2a37fa8e0034df0b1e3f8f803749587, role_id=7d089477285c4947a1f787e566a03a62)` {{(pid=45857) enforce_call /opt/stack/keystone/keystone/common/rbac_enforcer/enforcer.py:449}}
Nov 07 15:10:36 user devstack@keystone.service[45858]: DEBUG keystone.server.flask.request_processing.middleware.auth_context [None req-e810bbe0-263a-4db3-93ea-571645936068 None admin] RBAC: auth_context: {'token': , 'domain_id': None, 'trust_id': None, 'trustor_id': None, 'trustee_id': None, 'domain_name': None, 'group_ids': [], 'user_id': 'd2a37fa8e0034df0b1e3f8f803749587', 'user_domain_id': 'default', 'system_scope': 'all', 'project_id': None, 'project_domain_id': None, 'roles': ['admin', 'manager', 'member', 'reader'], 'is_admin_project': True, 'service_user_id': None, 'service_user_domain_id': None, 'service_project_id': None, 'service_project_domain_id': None, 'service_roles': []} {{(pid=45858) fill_context /opt/stack/keystone/keystone/server/flask/request_processing/middleware/auth_context.py:480}}
Nov 07 15:10:36 user devstack@keystone.service[45858]: DEBUG keystone.server.flask.request_processing.req_logging [None req-e810bbe0-263a-4db3-93ea-571645936068 None admin] REQUEST_METHOD: `PUT` {{(pid=45858) log_request_info /opt/stack/keystone/keystone/server/flask/request_processing/req_logging.py:27}}
Nov 07 15:10:36 user devstack@keystone.service[45858]: DEBUG keystone.server.flask.request_processing.req_logging [None req-e810bbe0-263a-4db3-93ea-571645936068 None admin] SCRIPT_NAME: `/identity` {{(pid=45858) log_request_info /opt/stack/keystone/keystone/server/flask/request_processing/req_logging.py:28}}
Nov 07 15:10:36 user devstack@keystone.service[45858]: DEBUG keystone.server.flask.request_processing.req_logging [None req-e810bbe0-263a-4db3-93ea-571645936068 None admin] PATH_INFO: `/v3/projects/75a09c5932ab4859a972089c2efd1cd1/users/b1c047eb55a74ea7a22b0a56cc06033a/roles/47b4d2c763f74c3d9a61a589dc1be780` {{(pid=45858) log_request_info /opt/stack/keystone/keystone/server/flask/request_processing/req_logging.py:29}}
Nov 07 15:10:36 user devstack@keystone.service[45857]: DEBUG keystone.common.rbac_enforcer.enforcer [None req-a613cc39-4de6-4457-973c-17bd3f9633ea None admin] RBAC: Authorization granted {{(pid=45857) enforce_call /opt/stack/keystone/keystone/common/rbac_enforcer/enforcer.py:457}}
Nov 07 15:10:36 user devstack@keystone.service[45858]: DEBUG keystone.common.rbac_enforcer.enforcer [None req-e810bbe0-263a-4db3-93ea-571645936068 None admin] RBAC: Authorizing `identity:create_grant(project_id=75a09c5932ab4859a972089c2efd1cd1, user_id=b1c047eb55a74ea7a22b0a56cc06033a, role_id=47b4d2c763f74c3d9a61a589dc1be780)` {{(pid=45858) enforce_call /opt/stack/keystone/keystone/common/rbac_enforcer/enforcer.py:449}}
Nov 07 15:10:36 user devstack@keystone.service[45858]: DEBUG keystone.common.rbac_enforcer.enforcer [None req-e810bbe0-263a-4db3-93ea-571645936068 None admin] RBAC: Authorization granted {{(pid=45858) enforce_call /opt/stack/keystone/keystone/common/rbac_enforcer/enforcer.py:457}}
Nov 07 15:10:36 user devstack@keystone.service[45857]: [pid: 45857|app: 0|req: 28/71] 10.0.0.210 () {58 vars in 1434 bytes} [Tue Nov 7 15:10:36 2023] PUT /identity/v3/projects/75a09c5932ab4859a972089c2efd1cd1/users/d2a37fa8e0034df0b1e3f8f803749587/roles/7d089477285c4947a1f787e566a03a62 => generated 0 bytes in 175 msecs (HTTP/1.1 204) 3 headers in 132 bytes (0 switches on core 0)
Nov 07 15:10:36 user devstack@keystone.service[45858]: [pid: 45858|app: 0|req: 22/72] 10.0.0.210 () {58 vars in 1434 bytes} [Tue Nov 7 15:10:36 2023] PUT /identity/v3/projects/75a09c5932ab4859a972089c2efd1cd1/users/b1c047eb55a74ea7a22b0a56cc06033a/roles/47b4d2c763f74c3d9a61a589dc1be780 => generated 0 bytes in 153 msecs (HTTP/1.1 204) 3 headers in 132 bytes (0 switches on core 0)
Nov 07 15:10:36 user devstack@keystone.service[45859]: DEBUG keystone.server.flask.request_processing.middleware.auth_context [None req-bb424148-0227-4f27-90bf-767a154359bb None admin] Validating token access rules against request {{(pid=45859) validate_allowed_request /opt/stack/data/venv/lib/python3.10/site-packages/keystonemiddleware/auth_token/__init__.py:544}}
Nov 07 15:10:36 user devstack@keystone.service[45859]: DEBUG keystone.server.flask.request_processing.middleware.auth_context [None req-d86536a7-c867-4c5d-9f44-0dfc57d8e27d None admin] RBAC: auth_context: {'token': , 'domain_id': None, 'trust_id': None, 'trustor_id': None, 'trustee_id': None, 'domain_name': None, 'group_ids': [], 'user_id': 'd2a37fa8e0034df0b1e3f8f803749587', 'user_domain_id': 'default', 'system_scope': 'all', 'project_id': None, 'project_domain_id': None, 'roles': ['admin', 'manager', 'member', 'reader'], 'is_admin_project': True, 'service_user_id': None, 'service_user_domain_id': None, 'service_project_id': None, 'service_project_domain_id': None, 'service_roles': []} {{(pid=45859) fill_context /opt/stack/keystone/keystone/server/flask/request_processing/middleware/auth_context.py:480}}
Nov 07 15:10:36 user devstack@keystone.service[45859]: DEBUG keystone.server.flask.request_processing.req_logging [None req-d86536a7-c867-4c5d-9f44-0dfc57d8e27d None admin] REQUEST_METHOD: `GET` {{(pid=45859) log_request_info /opt/stack/keystone/keystone/server/flask/request_processing/req_logging.py:27}}
Nov 07 15:10:36 user devstack@keystone.service[45859]: DEBUG keystone.server.flask.request_processing.req_logging [None req-d86536a7-c867-4c5d-9f44-0dfc57d8e27d None admin] SCRIPT_NAME: `/identity` {{(pid=45859) log_request_info /opt/stack/keystone/keystone/server/flask/request_processing/req_logging.py:28}}
Nov 07 15:10:36 user devstack@keystone.service[45859]: DEBUG keystone.server.flask.request_processing.req_logging [None req-d86536a7-c867-4c5d-9f44-0dfc57d8e27d None admin] PATH_INFO: `/v3/projects/b0d13b7c38e74c87876a78f43356bbd5` {{(pid=45859) log_request_info /opt/stack/keystone/keystone/server/flask/request_processing/req_logging.py:29}}
Nov 07 15:10:36 user devstack@keystone.service[45859]: DEBUG keystone.common.rbac_enforcer.enforcer [None req-d86536a7-c867-4c5d-9f44-0dfc57d8e27d None admin] RBAC: Authorizing `identity:get_project(project_id=b0d13b7c38e74c87876a78f43356bbd5)` {{(pid=45859) enforce_call /opt/stack/keystone/keystone/common/rbac_enforcer/enforcer.py:449}}
Nov 07 15:10:36 user devstack@keystone.service[45859]: DEBUG keystone.common.rbac_enforcer.enforcer [None req-d86536a7-c867-4c5d-9f44-0dfc57d8e27d None admin] RBAC: Authorization granted {{(pid=45859) enforce_call /opt/stack/keystone/keystone/common/rbac_enforcer/enforcer.py:457}}
Nov 07 15:10:36 user devstack@keystone.service[45859]: [pid: 45859|app: 0|req: 23/73] 10.0.0.210 () {56 vars in 1181 bytes} [Tue Nov 7 15:10:36 2023] GET /identity/v3/projects/b0d13b7c38e74c87876a78f43356bbd5 => generated 311 bytes in 173 msecs (HTTP/1.1 200) 5 headers in 177 bytes (2 switches on core 0)
Nov 07 15:10:36 user devstack@keystone.service[45857]: DEBUG keystone.server.flask.request_processing.middleware.auth_context [None req-a613cc39-4de6-4457-973c-17bd3f9633ea None admin] Authenticating user token {{(pid=45857) process_request /opt/stack/data/venv/lib/python3.10/site-packages/keystonemiddleware/auth_token/__init__.py:406}}
Nov 07 15:10:36 user devstack@keystone.service[45857]: DEBUG keystone.server.flask.request_processing.middleware.auth_context [None req-a613cc39-4de6-4457-973c-17bd3f9633ea None admin] Validating token access rules against request {{(pid=45857) validate_allowed_request /opt/stack/data/venv/lib/python3.10/site-packages/keystonemiddleware/auth_token/__init__.py:544}}
Nov 07 15:10:36 user devstack@keystone.service[45857]: DEBUG keystone.server.flask.request_processing.middleware.auth_context [None req-f66a7e59-db17-4834-be1f-829de1fb1d2e None admin] RBAC: auth_context: {'token': , 'domain_id': None, 'trust_id': None, 'trustor_id': None, 'trustee_id': None, 'domain_name': None, 'group_ids': [], 'user_id': 'd2a37fa8e0034df0b1e3f8f803749587', 'user_domain_id': 'default', 'system_scope': 'all', 'project_id': None, 'project_domain_id': None, 'roles': ['admin', 'manager', 'member', 'reader'], 'is_admin_project': True, 'service_user_id': None, 'service_user_domain_id': None, 'service_project_id': None, 'service_project_domain_id': None, 'service_roles': []} {{(pid=45857) fill_context /opt/stack/keystone/keystone/server/flask/request_processing/middleware/auth_context.py:480}}
Nov 07 15:10:36 user devstack@keystone.service[45857]: DEBUG keystone.server.flask.request_processing.req_logging [None req-f66a7e59-db17-4834-be1f-829de1fb1d2e None admin] REQUEST_METHOD: `PUT` {{(pid=45857) log_request_info /opt/stack/keystone/keystone/server/flask/request_processing/req_logging.py:27}}
Nov 07 15:10:36 user devstack@keystone.service[45857]: DEBUG keystone.server.flask.request_processing.req_logging [None req-f66a7e59-db17-4834-be1f-829de1fb1d2e None admin] SCRIPT_NAME: `/identity` {{(pid=45857) log_request_info /opt/stack/keystone/keystone/server/flask/request_processing/req_logging.py:28}}
Nov 07 15:10:36 user devstack@keystone.service[45857]: DEBUG keystone.server.flask.request_processing.req_logging [None req-f66a7e59-db17-4834-be1f-829de1fb1d2e None admin] PATH_INFO: `/v3/projects/b0d13b7c38e74c87876a78f43356bbd5/users/b1c047eb55a74ea7a22b0a56cc06033a/roles/0009f3232f3d497d810bda825df8c6d2` {{(pid=45857) log_request_info /opt/stack/keystone/keystone/server/flask/request_processing/req_logging.py:29}}
Nov 07 15:10:36 user devstack@keystone.service[45857]: DEBUG keystone.common.rbac_enforcer.enforcer [None req-f66a7e59-db17-4834-be1f-829de1fb1d2e None admin] RBAC: Authorizing `identity:create_grant(project_id=b0d13b7c38e74c87876a78f43356bbd5, user_id=b1c047eb55a74ea7a22b0a56cc06033a, role_id=0009f3232f3d497d810bda825df8c6d2)` {{(pid=45857) enforce_call /opt/stack/keystone/keystone/common/rbac_enforcer/enforcer.py:449}}
Nov 07 15:10:36 user devstack@keystone.service[45857]: DEBUG keystone.common.rbac_enforcer.enforcer [None req-f66a7e59-db17-4834-be1f-829de1fb1d2e None admin] RBAC: Authorization granted {{(pid=45857) enforce_call /opt/stack/keystone/keystone/common/rbac_enforcer/enforcer.py:457}}
Nov 07 15:10:36 user devstack@keystone.service[45857]: [pid: 45857|app: 0|req: 29/74] 10.0.0.210 () {58 vars in 1434 bytes} [Tue Nov 7 15:10:36 2023] PUT /identity/v3/projects/b0d13b7c38e74c87876a78f43356bbd5/users/b1c047eb55a74ea7a22b0a56cc06033a/roles/0009f3232f3d497d810bda825df8c6d2 => generated 0 bytes in 197 msecs (HTTP/1.1 204) 3 headers in 132 bytes (0 switches on core 0)
Nov 07 15:10:37 user devstack@keystone.service[45858]: DEBUG keystone.server.flask.request_processing.req_logging [None req-ce275b37-d309-4113-9a4f-ccc8b6eb7504 None None] REQUEST_METHOD: `GET` {{(pid=45858) log_request_info /opt/stack/keystone/keystone/server/flask/request_processing/req_logging.py:27}}
Nov 07 15:10:37 user devstack@keystone.service[45858]: DEBUG keystone.server.flask.request_processing.req_logging [None req-ce275b37-d309-4113-9a4f-ccc8b6eb7504 None None] SCRIPT_NAME: `/identity` {{(pid=45858) log_request_info /opt/stack/keystone/keystone/server/flask/request_processing/req_logging.py:28}}
Nov 07 15:10:37 user devstack@keystone.service[45858]: DEBUG keystone.server.flask.request_processing.req_logging [None req-ce275b37-d309-4113-9a4f-ccc8b6eb7504 None None] PATH_INFO: `/` {{(pid=45858) log_request_info /opt/stack/keystone/keystone/server/flask/request_processing/req_logging.py:29}}
Nov 07 15:10:37 user devstack@keystone.service[45858]: [pid: 45858|app: 0|req: 23/75] 10.0.0.210 () {54 vars in 921 bytes} [Tue Nov 7 15:10:37 2023] GET /identity => generated 269 bytes in 3 msecs (HTTP/1.1 300) 6 headers in 233 bytes (1 switches on core 0)
Nov 07 15:10:37 user devstack@keystone.service[45859]: DEBUG keystone.server.flask.request_processing.middleware.auth_context [None req-d86536a7-c867-4c5d-9f44-0dfc57d8e27d None admin] Authenticating user token {{(pid=45859) process_request /opt/stack/data/venv/lib/python3.10/site-packages/keystonemiddleware/auth_token/__init__.py:406}}
Nov 07 15:10:37 user devstack@keystone.service[45859]: DEBUG keystone.server.flask.request_processing.middleware.auth_context [None req-d86536a7-c867-4c5d-9f44-0dfc57d8e27d None admin] Validating token access rules against request {{(pid=45859) validate_allowed_request /opt/stack/data/venv/lib/python3.10/site-packages/keystonemiddleware/auth_token/__init__.py:544}}
Nov 07 15:10:37 user devstack@keystone.service[45859]: DEBUG keystone.server.flask.request_processing.middleware.auth_context [None req-09c4ead5-d8b2-4d91-9fd9-0cf0111b2987 None admin] RBAC: auth_context: {'token': , 'domain_id': None, 'trust_id': None, 'trustor_id': None, 'trustee_id': None, 'domain_name': None, 'group_ids': [], 'user_id': 'd2a37fa8e0034df0b1e3f8f803749587', 'user_domain_id': 'default', 'system_scope': 'all', 'project_id': None, 'project_domain_id': None, 'roles': ['admin', 'manager', 'member', 'reader'], 'is_admin_project': True, 'service_user_id': None, 'service_user_domain_id': None, 'service_project_id': None, 'service_project_domain_id': None, 'service_roles': []} {{(pid=45859) fill_context /opt/stack/keystone/keystone/server/flask/request_processing/middleware/auth_context.py:480}}
Nov 07 15:10:37 user devstack@keystone.service[45859]: DEBUG keystone.server.flask.request_processing.req_logging [None req-09c4ead5-d8b2-4d91-9fd9-0cf0111b2987 None admin] REQUEST_METHOD: `GET` {{(pid=45859) log_request_info /opt/stack/keystone/keystone/server/flask/request_processing/req_logging.py:27}}
Nov 07 15:10:37 user devstack@keystone.service[45859]: DEBUG keystone.server.flask.request_processing.req_logging [None req-09c4ead5-d8b2-4d91-9fd9-0cf0111b2987 None admin] SCRIPT_NAME: `/identity` {{(pid=45859) log_request_info /opt/stack/keystone/keystone/server/flask/request_processing/req_logging.py:28}}
Nov 07 15:10:37 user devstack@keystone.service[45859]: DEBUG keystone.server.flask.request_processing.req_logging [None req-09c4ead5-d8b2-4d91-9fd9-0cf0111b2987 None admin] PATH_INFO: `/v3/roles/member` {{(pid=45859) log_request_info /opt/stack/keystone/keystone/server/flask/request_processing/req_logging.py:29}}
Nov 07 15:10:37 user devstack@keystone.service[45859]: DEBUG keystone.common.rbac_enforcer.enforcer [None req-09c4ead5-d8b2-4d91-9fd9-0cf0111b2987 None admin] Extracting inferred target data resulted in "NOT FOUND (404)". {{(pid=45859) enforce_call /opt/stack/keystone/keystone/common/rbac_enforcer/enforcer.py:409}}
Nov 07 15:10:37 user devstack@keystone.service[45859]: ERROR keystone.server.flask.application [None req-09c4ead5-d8b2-4d91-9fd9-0cf0111b2987 None admin] Could not find role: member.: keystone.exception.RoleNotFound: Could not find role: member.
Nov 07 15:10:37 user devstack@keystone.service[45859]: ERROR keystone.server.flask.application
Traceback (most recent call last):
Nov 07 15:10:37 user devstack@keystone.service[45859]: ERROR keystone.server.flask.application
File "/opt/stack/data/venv/lib/python3.10/site-packages/flask/app.py", line 1823, in full_dispatch_request
Nov 07 15:10:37 user devstack@keystone.service[45859]: ERROR keystone.server.flask.application rv = self.dispatch_request()
Nov 07 15:10:37 user devstack@keystone.service[45859]: ERROR keystone.server.flask.application
File "/opt/stack/data/venv/lib/python3.10/site-packages/flask/app.py", line 1799, in dispatch_request
Nov 07 15:10:37 user devstack@keystone.service[45859]: ERROR keystone.server.flask.application return self.ensure_sync(self.view_functions[rule.endpoint])(**view_args)
Nov 07 15:10:37 user devstack@keystone.service[45859]: ERROR keystone.server.flask.application
File "/opt/stack/data/venv/lib/python3.10/site-packages/flask_restful/__init__.py", line 489, in wrapper
Nov 07 15:10:37 user devstack@keystone.service[45859]: ERROR keystone.server.flask.application resp = resource(*args, **kwargs)
Nov 07 15:10:37 user devstack@keystone.service[45859]: ERROR keystone.server.flask.application
File "/opt/stack/data/venv/lib/python3.10/site-packages/flask/views.py", line 107, in view
Nov 07 15:10:37 user devstack@keystone.service[45859]: ERROR keystone.server.flask.application return current_app.ensure_sync(self.dispatch_request)(**kwargs)
Nov 07 15:10:37 user devstack@keystone.service[45859]: ERROR keystone.server.flask.application
File "/opt/stack/data/venv/lib/python3.10/site-packages/flask_restful/__init__.py", line 604, in dispatch_request
Nov 07 15:10:37 user devstack@keystone.service[45859]: ERROR keystone.server.flask.application resp = meth(*args, **kwargs)
Nov 07 15:10:37 user devstack@keystone.service[45859]: ERROR keystone.server.flask.application
File "/opt/stack/keystone/keystone/api/roles.py", line 50, in get
Nov 07 15:10:37 user devstack@keystone.service[45859]: ERROR keystone.server.flask.application return self._get_role(role_id)
Nov 07 15:10:37 user devstack@keystone.service[45859]: ERROR keystone.server.flask.application
File "/opt/stack/keystone/keystone/api/roles.py", line 70, in _get_role
Nov 07 15:10:37 user devstack@keystone.service[45859]: ERROR keystone.server.flask.application ENFORCER.enforce_call(action='identity:get_role')
Nov 07 15:10:37 user devstack@keystone.service[45859]: ERROR keystone.server.flask.application
File "/opt/stack/keystone/keystone/common/rbac_enforcer/enforcer.py", line 402, in enforce_call
Nov 07 15:10:37 user devstack@keystone.service[45859]: ERROR keystone.server.flask.application policy_dict.update(cls._extract_member_target_data(
Nov 07 15:10:37 user devstack@keystone.service[45859]: ERROR keystone.server.flask.application
File "/opt/stack/keystone/keystone/common/rbac_enforcer/enforcer.py", line 234, in _extract_member_target_data
Nov 07 15:10:37 user devstack@keystone.service[45859]: ERROR keystone.server.flask.application member_name: func(flask.request.view_args[key])
Nov 07 15:10:37 user devstack@keystone.service[45859]: ERROR keystone.server.flask.application
File "/opt/stack/keystone/keystone/common/manager.py", line 115, in wrapped
Nov 07 15:10:37 user devstack@keystone.service[45859]: ERROR keystone.server.flask.application __ret_val = __f(*args, **kwargs)
Nov 07 15:10:37 user devstack@keystone.service[45859]: ERROR keystone.server.flask.application
File "/opt/stack/data/venv/lib/python3.10/site-packages/decorator.py", line 232, in fun
Nov 07 15:10:37 user devstack@keystone.service[45859]: ERROR keystone.server.flask.application return caller(func, *(extras + args), **kw)
Nov 07 15:10:37 user devstack@keystone.service[45859]: ERROR keystone.server.flask.application
File "/opt/stack/data/venv/lib/python3.10/site-packages/dogpile/cache/region.py", line 1594, in get_or_create_for_user_func
Nov 07 15:10:37 user devstack@keystone.service[45859]: ERROR keystone.server.flask.application return self.get_or_create(
Nov 07 15:10:37 user devstack@keystone.service[45859]: ERROR keystone.server.flask.application
File "/opt/stack/data/venv/lib/python3.10/site-packages/dogpile/cache/region.py", line 1054, in get_or_create
Nov 07 15:10:37 user devstack@keystone.service[45859]: ERROR keystone.server.flask.application with Lock(
Nov 07 15:10:37 user devstack@keystone.service[45859]: ERROR keystone.server.flask.application
File "/opt/stack/data/venv/lib/python3.10/site-packages/dogpile/lock.py", line 185, in __enter__
Nov 07 15:10:37 user devstack@keystone.service[45859]: ERROR keystone.server.flask.application return self._enter()
Nov 07 15:10:37 user devstack@keystone.service[45859]: ERROR keystone.server.flask.application
File "/opt/stack/data/venv/lib/python3.10/site-packages/dogpile/lock.py", line 94, in _enter
Nov 07 15:10:37 user devstack@keystone.service[45859]: ERROR keystone.server.flask.application generated = self._enter_create(value, createdtime)
Nov 07 15:10:37 user devstack@keystone.service[45859]: ERROR keystone.server.flask.application
File "/opt/stack/data/venv/lib/python3.10/site-packages/dogpile/lock.py", line 178, in _enter_create
Nov 07 15:10:37 user devstack@keystone.service[45859]: ERROR keystone.server.flask.application return self.creator()
Nov 07 15:10:37 user devstack@keystone.service[45859]: ERROR keystone.server.flask.application
File "/opt/stack/data/venv/lib/python3.10/site-packages/dogpile/cache/region.py", line 1007, in gen_value
Nov 07 15:10:37 user devstack@keystone.service[45859]: ERROR keystone.server.flask.application created_value = creator(
Nov 07 15:10:37 user devstack@keystone.service[45859]: ERROR keystone.server.flask.application
File "/opt/stack/keystone/keystone/assignment/core.py", line 1276, in get_role
Nov 07 15:10:37 user devstack@keystone.service[45859]: ERROR keystone.server.flask.application return self.driver.get_role(role_id)
Nov 07 15:10:37 user devstack@keystone.service[45859]: ERROR keystone.server.flask.application
File "/opt/stack/keystone/keystone/assignment/role_backends/sql.py", line 70, in get_role
Nov 07 15:10:37 user devstack@keystone.service[45859]: ERROR keystone.server.flask.application return self._get_role(session, role_id).to_dict()
Nov 07 15:10:37 user devstack@keystone.service[45859]: ERROR keystone.server.flask.application
File "/opt/stack/keystone/keystone/assignment/role_backends/sql.py", line 65, in _get_role
Nov 07 15:10:37 user devstack@keystone.service[45859]: ERROR keystone.server.flask.application raise exception.RoleNotFound(role_id=role_id)
Nov 07 15:10:37 user devstack@keystone.service[45859]: ERROR keystone.server.flask.application keystone.exception.RoleNotFound: Could not find role: member.
Nov 07 15:10:37 user devstack@keystone.service[45859]: ERROR keystone.server.flask.application
Nov 07 15:10:37 user devstack@keystone.service[45859]: [pid: 45859|app: 0|req: 24/76] 10.0.0.210 () {56 vars in 1094 bytes} [Tue Nov 7 15:10:37 2023] GET /identity/v3/roles/member => generated 84 bytes in 157 msecs (HTTP/1.1 404) 5 headers in 183 bytes (1 switches on core 0)
Nov 07 15:10:37 user devstack@keystone.service[45857]: DEBUG keystone.server.flask.request_processing.middleware.auth_context [None req-f66a7e59-db17-4834-be1f-829de1fb1d2e None admin] Authenticating user token {{(pid=45857) process_request /opt/stack/data/venv/lib/python3.10/site-packages/keystonemiddleware/auth_token/__init__.py:406}}
Nov 07 15:10:37 user devstack@keystone.service[45857]: DEBUG keystone.server.flask.request_processing.middleware.auth_context [None req-f66a7e59-db17-4834-be1f-829de1fb1d2e None admin] Validating token access rules against request {{(pid=45857) validate_allowed_request /opt/stack/data/venv/lib/python3.10/site-packages/keystonemiddleware/auth_token/__init__.py:544}}
Nov 07 15:10:37 user devstack@keystone.service[45857]: DEBUG keystone.server.flask.request_processing.middleware.auth_context [None req-298fe3b2-50d2-430f-bb4c-f391e3b3ccce None admin] RBAC: auth_context: {'token': , 'domain_id': None, 'trust_id': None, 'trustor_id': None, 'trustee_id': None, 'domain_name': None, 'group_ids': [], 'user_id': 'd2a37fa8e0034df0b1e3f8f803749587', 'user_domain_id': 'default', 'system_scope': 'all', 'project_id': None, 'project_domain_id': None, 'roles': ['admin', 'manager', 'member', 'reader'], 'is_admin_project': True, 'service_user_id': None, 'service_user_domain_id': None, 'service_project_id': None, 'service_project_domain_id': None, 'service_roles': []} {{(pid=45857) fill_context /opt/stack/keystone/keystone/server/flask/request_processing/middleware/auth_context.py:480}}
Nov 07 15:10:37 user devstack@keystone.service[45857]: DEBUG keystone.server.flask.request_processing.req_logging [None req-298fe3b2-50d2-430f-bb4c-f391e3b3ccce None admin] REQUEST_METHOD: `GET` {{(pid=45857) log_request_info /opt/stack/keystone/keystone/server/flask/request_processing/req_logging.py:27}}
Nov 07 15:10:37 user devstack@keystone.service[45857]: DEBUG keystone.server.flask.request_processing.req_logging [None req-298fe3b2-50d2-430f-bb4c-f391e3b3ccce None admin] SCRIPT_NAME: `/identity` {{(pid=45857) log_request_info /opt/stack/keystone/keystone/server/flask/request_processing/req_logging.py:28}}
Nov 07 15:10:37 user devstack@keystone.service[45857]: DEBUG keystone.server.flask.request_processing.req_logging [None req-298fe3b2-50d2-430f-bb4c-f391e3b3ccce None admin] PATH_INFO: `/v3/roles` {{(pid=45857) log_request_info /opt/stack/keystone/keystone/server/flask/request_processing/req_logging.py:29}}
Nov 07 15:10:37 user devstack@keystone.service[45857]: DEBUG keystone.common.rbac_enforcer.enforcer [None req-298fe3b2-50d2-430f-bb4c-f391e3b3ccce None admin] RBAC: Adding query filter params (name=member) {{(pid=45857) _extract_filter_values /opt/stack/keystone/keystone/common/rbac_enforcer/enforcer.py:167}}
Nov 07 15:10:37 user devstack@keystone.service[45857]: DEBUG keystone.common.rbac_enforcer.enforcer [None req-298fe3b2-50d2-430f-bb4c-f391e3b3ccce None admin] RBAC: Authorizing `identity:list_roles()` {{(pid=45857) enforce_call /opt/stack/keystone/keystone/common/rbac_enforcer/enforcer.py:449}}
Nov 07 15:10:37 user devstack@keystone.service[45857]: DEBUG keystone.common.rbac_enforcer.enforcer [None req-298fe3b2-50d2-430f-bb4c-f391e3b3ccce None admin] RBAC: Authorization granted {{(pid=45857) enforce_call /opt/stack/keystone/keystone/common/rbac_enforcer/enforcer.py:457}}
Nov 07 15:10:37 user devstack@keystone.service[45857]: [pid: 45857|app: 0|req: 30/77] 10.0.0.210 () {56 vars in 1096 bytes} [Tue Nov 7 15:10:37 2023] GET /identity/v3/roles?name=member => generated 339 bytes in 146 msecs (HTTP/1.1 200) 5 headers in 177 bytes (1 switches on core 0)
Nov 07 15:10:37 user devstack@keystone.service[45858]: DEBUG keystone.server.flask.request_processing.middleware.auth_context [None req-ce275b37-d309-4113-9a4f-ccc8b6eb7504 None None] Authenticating user token {{(pid=45858) process_request /opt/stack/data/venv/lib/python3.10/site-packages/keystonemiddleware/auth_token/__init__.py:406}}
Nov 07 15:10:37 user devstack@keystone.service[45859]: DEBUG keystone.server.flask.request_processing.req_logging [None req-6004663f-13c9-4e61-a6c3-b292087dc0f6 None None] REQUEST_METHOD: `GET` {{(pid=45859) log_request_info /opt/stack/keystone/keystone/server/flask/request_processing/req_logging.py:27}}
Nov 07 15:10:37 user devstack@keystone.service[45859]: DEBUG keystone.server.flask.request_processing.req_logging [None req-6004663f-13c9-4e61-a6c3-b292087dc0f6 None None] SCRIPT_NAME: `/identity` {{(pid=45859) log_request_info /opt/stack/keystone/keystone/server/flask/request_processing/req_logging.py:28}}
Nov 07 15:10:37 user devstack@keystone.service[45859]: DEBUG keystone.server.flask.request_processing.req_logging [None req-6004663f-13c9-4e61-a6c3-b292087dc0f6 None None] PATH_INFO: `/` {{(pid=45859) log_request_info /opt/stack/keystone/keystone/server/flask/request_processing/req_logging.py:29}}
Nov 07 15:10:37 user devstack@keystone.service[45859]: [pid: 45859|app: 0|req: 25/78] 10.0.0.210 () {54 vars in 921 bytes} [Tue Nov 7 15:10:37 2023] GET /identity => generated 269 bytes in 5 msecs (HTTP/1.1 300) 6 headers in 233 bytes (1 switches on core 0)
Nov 07 15:10:37 user devstack@keystone.service[45857]: DEBUG keystone.server.flask.request_processing.middleware.auth_context [None req-298fe3b2-50d2-430f-bb4c-f391e3b3ccce None admin] Authenticating user token {{(pid=45857) process_request /opt/stack/data/venv/lib/python3.10/site-packages/keystonemiddleware/auth_token/__init__.py:406}}
Nov 07 15:10:37 user devstack@keystone.service[45859]: DEBUG keystone.server.flask.request_processing.req_logging [None req-8fa2907e-2b70-4673-8ba5-190e5074e1c5 None None] REQUEST_METHOD: `GET` {{(pid=45859) log_request_info /opt/stack/keystone/keystone/server/flask/request_processing/req_logging.py:27}}
Nov 07 15:10:37 user devstack@keystone.service[45859]: DEBUG keystone.server.flask.request_processing.req_logging [None req-8fa2907e-2b70-4673-8ba5-190e5074e1c5 None None] SCRIPT_NAME: `/identity` {{(pid=45859) log_request_info /opt/stack/keystone/keystone/server/flask/request_processing/req_logging.py:28}}
Nov 07 15:10:37 user devstack@keystone.service[45859]: DEBUG keystone.server.flask.request_processing.req_logging [None req-8fa2907e-2b70-4673-8ba5-190e5074e1c5 None None] PATH_INFO: `/` {{(pid=45859) log_request_info /opt/stack/keystone/keystone/server/flask/request_processing/req_logging.py:29}}
Nov 07 15:10:37 user devstack@keystone.service[45859]: [pid: 45859|app: 0|req: 26/79] 10.0.0.210 () {54 vars in 921 bytes} [Tue Nov 7 15:10:37 2023] GET /identity => generated 269 bytes in 3 msecs (HTTP/1.1 300) 6 headers in 233 bytes (1 switches on core 0)
Nov 07 15:10:37 user devstack@keystone.service[45859]: DEBUG keystone.server.flask.request_processing.middleware.auth_context [None req-8fa2907e-2b70-4673-8ba5-190e5074e1c5 None None] Authenticating user token {{(pid=45859) process_request /opt/stack/data/venv/lib/python3.10/site-packages/keystonemiddleware/auth_token/__init__.py:406}}
Nov 07 15:10:38 user devstack@keystone.service[45858]: DEBUG keystone.server.flask.request_processing.middleware.auth_context [None req-ce275b37-d309-4113-9a4f-ccc8b6eb7504 None None] Validating token access rules against request {{(pid=45858) validate_allowed_request /opt/stack/data/venv/lib/python3.10/site-packages/keystonemiddleware/auth_token/__init__.py:544}}
Nov 07 15:10:38 user devstack@keystone.service[45857]: DEBUG keystone.server.flask.request_processing.middleware.auth_context [None req-298fe3b2-50d2-430f-bb4c-f391e3b3ccce None admin] Validating token access rules against request {{(pid=45857) validate_allowed_request /opt/stack/data/venv/lib/python3.10/site-packages/keystonemiddleware/auth_token/__init__.py:544}}
Nov 07 15:10:38 user devstack@keystone.service[45858]: DEBUG keystone.server.flask.request_processing.middleware.auth_context [None req-fb8fe8f5-b835-45ee-9fce-fb179b0f5d56 None admin] RBAC: auth_context: {'token': , 'domain_id': None, 'trust_id': None, 'trustor_id': None, 'trustee_id': None, 'domain_name': None, 'group_ids': [], 'user_id': 'd2a37fa8e0034df0b1e3f8f803749587', 'user_domain_id': 'default', 'system_scope': 'all', 'project_id': None, 'project_domain_id': None, 'roles': ['admin', 'manager', 'member', 'reader'], 'is_admin_project': True, 'service_user_id': None, 'service_user_domain_id': None, 'service_project_id': None, 'service_project_domain_id': None, 'service_roles': []} {{(pid=45858) fill_context /opt/stack/keystone/keystone/server/flask/request_processing/middleware/auth_context.py:480}}
Nov 07 15:10:38 user devstack@keystone.service[45858]: DEBUG keystone.server.flask.request_processing.req_logging [None req-fb8fe8f5-b835-45ee-9fce-fb179b0f5d56 None admin] REQUEST_METHOD: `GET` {{(pid=45858) log_request_info /opt/stack/keystone/keystone/server/flask/request_processing/req_logging.py:27}}
Nov 07 15:10:38 user devstack@keystone.service[45858]: DEBUG keystone.server.flask.request_processing.req_logging [None req-fb8fe8f5-b835-45ee-9fce-fb179b0f5d56 None admin] SCRIPT_NAME: `/identity` {{(pid=45858) log_request_info /opt/stack/keystone/keystone/server/flask/request_processing/req_logging.py:28}}
Nov 07 15:10:38 user devstack@keystone.service[45858]: DEBUG keystone.server.flask.request_processing.req_logging [None req-fb8fe8f5-b835-45ee-9fce-fb179b0f5d56 None admin] PATH_INFO: `/v3/users/b1c047eb55a74ea7a22b0a56cc06033a` {{(pid=45858) log_request_info /opt/stack/keystone/keystone/server/flask/request_processing/req_logging.py:29}}
Nov 07 15:10:38 user devstack@keystone.service[45858]: DEBUG keystone.common.rbac_enforcer.enforcer [None req-fb8fe8f5-b835-45ee-9fce-fb179b0f5d56 None admin] RBAC: Authorizing `identity:get_user(user_id=b1c047eb55a74ea7a22b0a56cc06033a)` {{(pid=45858) enforce_call /opt/stack/keystone/keystone/common/rbac_enforcer/enforcer.py:449}}
Nov 07 15:10:38 user devstack@keystone.service[45858]: DEBUG keystone.common.rbac_enforcer.enforcer [None req-fb8fe8f5-b835-45ee-9fce-fb179b0f5d56 None admin] RBAC: Authorization granted {{(pid=45858) enforce_call /opt/stack/keystone/keystone/common/rbac_enforcer/enforcer.py:457}}
Nov 07 15:10:38 user devstack@keystone.service[45858]: [pid: 45858|app: 0|req: 24/80] 10.0.0.210 () {56 vars in 1172 bytes} [Tue Nov 7 15:10:37 2023] GET /identity/v3/users/b1c047eb55a74ea7a22b0a56cc06033a => generated 274 bytes in 150 msecs (HTTP/1.1 200) 5 headers in 177 bytes (1 switches on core 0)
Nov 07 15:10:38 user devstack@keystone.service[45858]: DEBUG keystone.server.flask.request_processing.req_logging [None req-f8f58724-6cc9-4756-81c2-236fdb4065ea None None] REQUEST_METHOD: `GET` {{(pid=45858) log_request_info /opt/stack/keystone/keystone/server/flask/request_processing/req_logging.py:27}}
Nov 07 15:10:38 user devstack@keystone.service[45858]: DEBUG keystone.server.flask.request_processing.req_logging [None req-f8f58724-6cc9-4756-81c2-236fdb4065ea None None] SCRIPT_NAME: `/identity` {{(pid=45858) log_request_info /opt/stack/keystone/keystone/server/flask/request_processing/req_logging.py:28}}
Nov 07 15:10:38 user devstack@keystone.service[45858]: DEBUG keystone.server.flask.request_processing.req_logging [None req-f8f58724-6cc9-4756-81c2-236fdb4065ea None None] PATH_INFO: `/` {{(pid=45858) log_request_info /opt/stack/keystone/keystone/server/flask/request_processing/req_logging.py:29}}
Nov 07 15:10:38 user devstack@keystone.service[45858]: [pid: 45858|app: 0|req: 25/81] 10.0.0.210 () {54 vars in 921 bytes} [Tue Nov 7 15:10:38 2023] GET /identity => generated 269 bytes in 3 msecs (HTTP/1.1 300) 6 headers in 233 bytes (1 switches on core 0)
Nov 07 15:10:38 user devstack@keystone.service[45858]: DEBUG keystone.server.flask.request_processing.req_logging [None req-cb77e346-fe30-4f3b-b96b-58ed5bd52e5a None None] REQUEST_METHOD: `GET` {{(pid=45858) log_request_info /opt/stack/keystone/keystone/server/flask/request_processing/req_logging.py:27}}
Nov 07 15:10:38 user devstack@keystone.service[45858]: DEBUG keystone.server.flask.request_processing.req_logging [None req-cb77e346-fe30-4f3b-b96b-58ed5bd52e5a None None] SCRIPT_NAME: `/identity` {{(pid=45858) log_request_info /opt/stack/keystone/keystone/server/flask/request_processing/req_logging.py:28}}
