Nov 15 15:38:26 user devstack@n-api.service[65110]: DEBUG nova.api.openstack.wsgi [None req-18ffa79b-2d6b-4769-83fb-77a03188e23d admin admin] Action: 'create', calling method: >, body: {"flavor": {"disk": 160, "rxtx_factor": 1.0, "vcpus": 8, "OS-FLV-EXT-DATA:ephemeral": 0, "os-flavor-access:is_public": true, "name": "m1.xlarge", "ram": 16384, "id": "5", "swap": 0}} {{(pid=65110) _process_stack /opt/stack/nova/nova/api/openstack/wsgi.py:511}}
Nov 15 15:38:26 user devstack@n-api.service[65110]: INFO nova.api.openstack.requestlog [None req-18ffa79b-2d6b-4769-83fb-77a03188e23d admin admin] 10.0.0.210 "POST /compute/v2.1/flavors" status: 200 len: 406 microversion: 2.61 time: 0.021922
Nov 15 15:38:26 user devstack@n-api.service[65110]: [pid: 65110|app: 0|req: 11/34] 10.0.0.210 () {64 vars in 1277 bytes} [Wed Nov 15 15:38:26 2023] POST /compute/v2.1/flavors => generated 406 bytes in 23 msecs (HTTP/1.1 200) 9 headers in 359 bytes (1 switches on core 0)
Nov 15 15:38:26 user devstack@n-api.service[65108]: DEBUG nova.api.openstack.wsgi [None req-7280e8ce-1fe9-4c8a-8809-8a69e954db50 admin admin] Action: 'create', calling method: >, body: {"extra_specs": {"hw_rng:allowed": "True"}} {{(pid=65108) _process_stack /opt/stack/nova/nova/api/openstack/wsgi.py:511}}
Nov 15 15:38:26 user devstack@n-api.service[65108]: INFO nova.api.openstack.requestlog [None req-7280e8ce-1fe9-4c8a-8809-8a69e954db50 admin admin] 10.0.0.210 "POST /compute/v2.1/flavors/5/os-extra_specs" status: 200 len: 43 microversion: 2.61 time: 0.024159
Nov 15 15:38:26 user devstack@n-api.service[65108]: [pid: 65108|app: 0|req: 12/35] 10.0.0.210 () {64 vars in 1327 bytes} [Wed Nov 15 15:38:26 2023] POST /compute/v2.1/flavors/5/os-extra_specs => generated 43 bytes in 25 msecs (HTTP/1.1 200) 9 headers in 358 bytes (1 switches on core 0)
Nov 15 15:38:59 user devstack@n-api.service[65109]: DEBUG nova.api.openstack.wsgi [None req-aa041ceb-24de-4eab-a397-56164f31f07e admin admin] Calling method '>' {{(pid=65109) _process_stack /opt/stack/nova/nova/api/openstack/wsgi.py:513}}
Nov 15 15:38:59 user devstack@n-api.service[65109]: INFO nova.api.openstack.requestlog [None req-aa041ceb-24de-4eab-a397-56164f31f07e admin admin] 10.0.0.210 "GET /compute/v2.1" status: 200 len: 387 microversion: 2.1 time: 0.001633
Nov 15 15:38:59 user devstack@n-api.service[65109]: [pid: 65109|app: 0|req: 13/36] 10.0.0.210 () {58 vars in 1007 bytes} [Wed Nov 15 15:38:59 2023] GET /compute/v2.1 => generated 387 bytes in 3 msecs (HTTP/1.1 200) 9 headers in 357 bytes (1 switches on core 0)
Nov 15 15:38:59 user devstack@n-api.service[65110]: DEBUG nova.api.openstack.wsgi [None req-00e8fe35-9b5d-4529-a871-29388a08854d admin admin] Calling method '>' {{(pid=65110) _process_stack /opt/stack/nova/nova/api/openstack/wsgi.py:513}}
Nov 15 15:38:59 user devstack@n-api.service[65110]: DEBUG oslo_concurrency.lockutils [None req-00e8fe35-9b5d-4529-a871-29388a08854d admin admin] Acquiring lock "00000000-0000-0000-0000-000000000000" by "nova.context.set_target_cell..get_or_set_cached_cell_and_set_connections" {{(pid=65110) inner /opt/stack/data/venv/lib/python3.10/site-packages/oslo_concurrency/lockutils.py:404}}
Nov 15 15:38:59 user devstack@n-api.service[65110]: DEBUG oslo_concurrency.lockutils [None req-00e8fe35-9b5d-4529-a871-29388a08854d admin admin] Lock "00000000-0000-0000-0000-000000000000" acquired by "nova.context.set_target_cell..get_or_set_cached_cell_and_set_connections" :: waited 0.001s {{(pid=65110) inner /opt/stack/data/venv/lib/python3.10/site-packages/oslo_concurrency/lockutils.py:409}}
Nov 15 15:38:59 user devstack@n-api.service[65110]: DEBUG oslo_concurrency.lockutils [None req-00e8fe35-9b5d-4529-a871-29388a08854d admin admin] Lock "00000000-0000-0000-0000-000000000000" "released" by "nova.context.set_target_cell..get_or_set_cached_cell_and_set_connections" :: held 0.001s {{(pid=65110) inner /opt/stack/data/venv/lib/python3.10/site-packages/oslo_concurrency/lockutils.py:423}}
Nov 15 15:38:59 user devstack@n-api.service[65110]: DEBUG oslo_concurrency.lockutils [None req-00e8fe35-9b5d-4529-a871-29388a08854d admin admin] Acquiring lock "35dd790d-511d-4b17-9720-ce96b6b602f7" by "nova.context.set_target_cell..get_or_set_cached_cell_and_set_connections" {{(pid=65110) inner /opt/stack/data/venv/lib/python3.10/site-packages/oslo_concurrency/lockutils.py:404}}
Nov 15 15:38:59 user devstack@n-api.service[65110]: DEBUG oslo_concurrency.lockutils [None req-00e8fe35-9b5d-4529-a871-29388a08854d admin admin] Lock "35dd790d-511d-4b17-9720-ce96b6b602f7" acquired by "nova.context.set_target_cell..get_or_set_cached_cell_and_set_connections" :: waited 0.001s {{(pid=65110) inner /opt/stack/data/venv/lib/python3.10/site-packages/oslo_concurrency/lockutils.py:409}}
Nov 15 15:38:59 user devstack@n-api.service[65110]: DEBUG oslo_concurrency.lockutils [None req-00e8fe35-9b5d-4529-a871-29388a08854d admin admin] Lock "35dd790d-511d-4b17-9720-ce96b6b602f7" "released" by "nova.context.set_target_cell..get_or_set_cached_cell_and_set_connections" :: held 0.001s {{(pid=65110) inner /opt/stack/data/venv/lib/python3.10/site-packages/oslo_concurrency/lockutils.py:423}}
Nov 15 15:38:59 user devstack@n-api.service[65110]: DEBUG dbcounter [-] [65110] Writing DB stats nova_api:SELECT=15,nova_api:INSERT=5 {{(pid=65110) stat_writer /opt/stack/data/venv/lib/python3.10/site-packages/dbcounter.py:115}}
Nov 15 15:38:59 user devstack@n-api.service[65110]: INFO nova.api.openstack.requestlog [None req-00e8fe35-9b5d-4529-a871-29388a08854d admin admin] 10.0.0.210 "GET /compute/v2.1/os-services?binary=nova-compute&host=user" status: 200 len: 247 microversion: 2.69 time: 0.050086
Nov 15 15:38:59 user devstack@n-api.service[65110]: [pid: 65110|app: 0|req: 12/37] 10.0.0.210 () {64 vars in 1389 bytes} [Wed Nov 15 15:38:59 2023] GET /compute/v2.1/os-services?binary=nova-compute&host=user => generated 247 bytes in 52 msecs (HTTP/1.1 200) 9 headers in 359 bytes (1 switches on core 0)
Nov 15 15:39:30 user devstack@n-api.service[65108]: DEBUG nova.api.openstack.wsgi [None req-7280e8ce-1fe9-4c8a-8809-8a69e954db50 admin admin] Calling method '>' {{(pid=65108) _process_stack /opt/stack/nova/nova/api/openstack/wsgi.py:513}}
Nov 15 15:39:30 user devstack@n-api.service[65108]: INFO nova.api.openstack.requestlog [None req-7280e8ce-1fe9-4c8a-8809-8a69e954db50 admin admin] 10.0.0.210 "GET /compute/v2.1" status: 200 len: 387 microversion: 2.1 time: 0.001352
Nov 15 15:39:30 user devstack@n-api.service[65108]: [pid: 65108|app: 0|req: 13/38] 10.0.0.210 () {58 vars in 1007 bytes} [Wed Nov 15 15:39:30 2023] GET /compute/v2.1 => generated 387 bytes in 2 msecs (HTTP/1.1 200) 9 headers in 357 bytes (1 switches on core 0)
Nov 15 15:39:30 user devstack@n-api.service[65109]: DEBUG dbcounter [-] [65109] Writing DB stats nova_api:SELECT=32,nova_api:SAVEPOINT=5,nova_api:INSERT=5,nova_api:RELEASE=5 {{(pid=65109) stat_writer /opt/stack/data/venv/lib/python3.10/site-packages/dbcounter.py:115}}
Nov 15 15:39:30 user devstack@n-api.service[65109]: DEBUG nova.api.openstack.wsgi [None req-9f88ea9f-16e2-45d1-8099-255474ee9c97 admin admin] Calling method '>' {{(pid=65109) _process_stack /opt/stack/nova/nova/api/openstack/wsgi.py:513}}
Nov 15 15:39:30 user devstack@n-api.service[65109]: INFO nova.api.openstack.requestlog [None req-9f88ea9f-16e2-45d1-8099-255474ee9c97 admin admin] 10.0.0.210 "GET /compute/v2.1/flavors/detail?is_public=True" status: 200 len: 4182 microversion: 2.61 time: 0.025718
Nov 15 15:39:30 user devstack@n-api.service[65109]: [pid: 65109|app: 0|req: 14/39] 10.0.0.210 () {64 vars in 1368 bytes} [Wed Nov 15 15:39:30 2023] GET /compute/v2.1/flavors/detail?is_public=True => generated 4182 bytes in 27 msecs (HTTP/1.1 200) 9 headers in 360 bytes (1 switches on core 0)
Nov 15 15:39:33 user devstack@n-api.service[65110]: DEBUG nova.api.openstack.wsgi [None req-00e8fe35-9b5d-4529-a871-29388a08854d admin admin] Calling method '>' {{(pid=65110) _process_stack /opt/stack/nova/nova/api/openstack/wsgi.py:513}}
Nov 15 15:39:33 user devstack@n-api.service[65110]: INFO nova.api.openstack.requestlog [None req-00e8fe35-9b5d-4529-a871-29388a08854d admin admin] 10.0.0.210 "GET /compute/v2.1" status: 200 len: 387 microversion: 2.1 time: 0.002591
Nov 15 15:39:33 user devstack@n-api.service[65110]: [pid: 65110|app: 0|req: 13/40] 10.0.0.210 () {58 vars in 1007 bytes} [Wed Nov 15 15:39:33 2023] GET /compute/v2.1 => generated 387 bytes in 5 msecs (HTTP/1.1 200) 9 headers in 357 bytes (1 switches on core 0)
Nov 15 15:39:33 user devstack@n-api.service[65108]: DEBUG dbcounter [-] [65108] Writing DB stats nova_api:SELECT=47,nova_api:INSERT=10,nova_api:SAVEPOINT=5,nova_api:RELEASE=5 {{(pid=65108) stat_writer /opt/stack/data/venv/lib/python3.10/site-packages/dbcounter.py:115}}
Nov 15 15:39:33 user devstack@n-api.service[65108]: DEBUG nova.api.openstack.wsgi [None req-7c17a15a-53f8-4c22-9386-5d2d8a28a6a5 admin admin] Calling method '>' {{(pid=65108) _process_stack /opt/stack/nova/nova/api/openstack/wsgi.py:513}}
Nov 15 15:39:33 user devstack@n-api.service[65108]: INFO nova.api.openstack.requestlog [None req-7c17a15a-53f8-4c22-9386-5d2d8a28a6a5 admin admin] 10.0.0.210 "GET /compute/v2.1/flavors/1" status: 200 len: 424 microversion: 2.61 time: 0.014108
Nov 15 15:39:33 user devstack@n-api.service[65108]: [pid: 65108|app: 0|req: 14/41] 10.0.0.210 () {64 vars in 1311 bytes} [Wed Nov 15 15:39:33 2023] GET /compute/v2.1/flavors/1 => generated 424 bytes in 15 msecs (HTTP/1.1 200) 9 headers in 359 bytes (1 switches on core 0)
Nov 15 15:39:35 user devstack@n-api.service[65109]: DEBUG nova.api.openstack.wsgi [None req-9f88ea9f-16e2-45d1-8099-255474ee9c97 admin admin] Calling method '>' {{(pid=65109) _process_stack /opt/stack/nova/nova/api/openstack/wsgi.py:513}}
Nov 15 15:39:35 user devstack@n-api.service[65109]: INFO nova.api.openstack.requestlog [None req-9f88ea9f-16e2-45d1-8099-255474ee9c97 admin admin] 10.0.0.210 "GET /compute/v2.1" status: 200 len: 387 microversion: 2.1 time: 0.002447
Nov 15 15:39:35 user devstack@n-api.service[65109]: [pid: 65109|app: 0|req: 15/42] 10.0.0.210 () {58 vars in 1007 bytes} [Wed Nov 15 15:39:35 2023] GET /compute/v2.1 => generated 387 bytes in 4 msecs (HTTP/1.1 200) 9 headers in 357 bytes (1 switches on core 0)
Nov 15 15:39:35 user devstack@n-api.service[65110]: DEBUG dbcounter [-] [65110] Writing DB stats nova_cell0:SELECT=2 {{(pid=65110) stat_writer /opt/stack/data/venv/lib/python3.10/site-packages/dbcounter.py:115}}
Nov 15 15:39:35 user devstack@n-api.service[65110]: DEBUG dbcounter [-] [65110] Writing DB stats nova_cell1:SELECT=2 {{(pid=65110) stat_writer /opt/stack/data/venv/lib/python3.10/site-packages/dbcounter.py:115}}
Nov 15 15:39:35 user devstack@n-api.service[65110]: DEBUG dbcounter [-] [65110] Writing DB stats nova_api:SELECT=4 {{(pid=65110) stat_writer /opt/stack/data/venv/lib/python3.10/site-packages/dbcounter.py:115}}
Nov 15 15:39:35 user devstack@n-api.service[65110]: DEBUG nova.api.openstack.wsgi [None req-415cc085-7530-4e59-9dc7-5fa14ae62f5d admin admin] Calling method '>' {{(pid=65110) _process_stack /opt/stack/nova/nova/api/openstack/wsgi.py:513}}
Nov 15 15:39:35 user devstack@n-api.service[65110]: INFO nova.api.openstack.requestlog [None req-415cc085-7530-4e59-9dc7-5fa14ae62f5d admin admin] 10.0.0.210 "GET /compute/v2.1/flavors/2" status: 200 len: 427 microversion: 2.61 time: 0.024574
Nov 15 15:39:35 user devstack@n-api.service[65110]: [pid: 65110|app: 0|req: 14/43] 10.0.0.210 () {64 vars in 1311 bytes} [Wed Nov 15 15:39:35 2023] GET /compute/v2.1/flavors/2 => generated 427 bytes in 26 msecs (HTTP/1.1 200) 9 headers in 359 bytes (1 switches on core 0)
Nov 15 15:42:08 user devstack@n-api.service[65108]: DEBUG nova.api.openstack.wsgi [None req-054b737f-59d9-40f6-997a-f6c123161ec2 tempest-ServerActionsTestOtherB-1639554019 tempest-ServerActionsTestOtherB-1639554019-project-member] Action: 'create', calling method: .version_select at 0x7f378097f5b0>, body: {"keypair": {"name": "tempest-keypair-1443587891", "public_key": "ecdsa-sha2-nistp384 AAAAE2VjZHNhLXNoYTItbmlzdHAzODQAAAAIbmlzdHAzODQAAABhBHDtQJetJ6Rk20c4hPtGwdXQFMr0uCunjnCHrbE9N8X1CK4eaSxIJ0toRrH6rIs/fnj/j1wH6JsSbbR4k+6/SYSgl5MkIr31LVAAq08GjC8oywimCVbOM2FiQT1Z+vDZ4Q=="}} {{(pid=65108) _process_stack /opt/stack/nova/nova/api/openstack/wsgi.py:511}}
Nov 15 15:42:08 user devstack@n-api.service[65108]: DEBUG nova.quota [None req-054b737f-59d9-40f6-997a-f6c123161ec2 tempest-ServerActionsTestOtherB-1639554019 tempest-ServerActionsTestOtherB-1639554019-project-member] Getting quotas for project 2038e0b00a9d431eaadfaac074eaee2d. Resources: {'key_pairs'} {{(pid=65108) _get_quotas /opt/stack/nova/nova/quota.py:393}}
Nov 15 15:42:08 user devstack@n-api.service[65108]: DEBUG nova.quota [None req-054b737f-59d9-40f6-997a-f6c123161ec2 tempest-ServerActionsTestOtherB-1639554019 tempest-ServerActionsTestOtherB-1639554019-project-member] Getting quotas for user 3f344bdd39e54736a7b7c7388bb8dbdb and project 2038e0b00a9d431eaadfaac074eaee2d. Resources: {'key_pairs'} {{(pid=65108) _get_quotas /opt/stack/nova/nova/quota.py:383}}
Nov 15 15:42:08 user devstack@n-api.service[65108]: INFO nova.api.openstack.requestlog [None req-054b737f-59d9-40f6-997a-f6c123161ec2 tempest-ServerActionsTestOtherB-1639554019 tempest-ServerActionsTestOtherB-1639554019-project-member] 10.0.0.210 "POST /compute/v2.1/os-keypairs" status: 200 len: 386 microversion: 2.1 time: 0.278272
Nov 15 15:42:08 user devstack@n-api.service[65108]: [pid: 65108|app: 0|req: 15/44] 10.0.0.210 () {64 vars in 1236 bytes} [Wed Nov 15 15:42:08 2023] POST /compute/v2.1/os-keypairs => generated 386 bytes in 280 msecs (HTTP/1.1 200) 9 headers in 357 bytes (1 switches on core 0)
Nov 15 15:42:08 user devstack@n-api.service[65109]: DEBUG nova.api.openstack.wsgi [None req-90d3a391-86ba-4bc1-9ff5-2c3b729cc587 tempest-ServerActionsTestOtherA-440053215 tempest-ServerActionsTestOtherA-440053215-project-member] Action: 'create', calling method: .version_select at 0x7f3780852dd0>, body: {"keypair": {"name": "tempest-keypair-445240852", "public_key": "ecdsa-sha2-nistp384 AAAAE2VjZHNhLXNoYTItbmlzdHAzODQAAAAIbmlzdHAzODQAAABhBKOK3PAivNlUMi7++TK27m1OeprwtKQmKYyIKwIKQbL9dyFfwu3BaSBO+So5Pc0i8GBVMhwbgAcaEes2qfIhIsv+HRguR7auBQKe5xcJqEFvB4eO11D5dHXsRj0bOoQHzA=="}} {{(pid=65109) _process_stack /opt/stack/nova/nova/api/openstack/wsgi.py:511}}
Nov 15 15:42:08 user devstack@n-api.service[65109]: DEBUG nova.quota [None req-90d3a391-86ba-4bc1-9ff5-2c3b729cc587 tempest-ServerActionsTestOtherA-440053215 tempest-ServerActionsTestOtherA-440053215-project-member] Getting quotas for project 18c587b1467441ceb091ece4e973408e. Resources: {'key_pairs'} {{(pid=65109) _get_quotas /opt/stack/nova/nova/quota.py:393}}
Nov 15 15:42:08 user devstack@n-api.service[65109]: DEBUG nova.quota [None req-90d3a391-86ba-4bc1-9ff5-2c3b729cc587 tempest-ServerActionsTestOtherA-440053215 tempest-ServerActionsTestOtherA-440053215-project-member] Getting quotas for user 975ca4994eb74b6bbf541bb308b148f1 and project 18c587b1467441ceb091ece4e973408e. Resources: {'key_pairs'} {{(pid=65109) _get_quotas /opt/stack/nova/nova/quota.py:383}}
Nov 15 15:42:08 user devstack@n-api.service[65109]: INFO nova.api.openstack.requestlog [None req-90d3a391-86ba-4bc1-9ff5-2c3b729cc587 tempest-ServerActionsTestOtherA-440053215 tempest-ServerActionsTestOtherA-440053215-project-member] 10.0.0.210 "POST /compute/v2.1/os-keypairs" status: 200 len: 385 microversion: 2.1 time: 0.254545
Nov 15 15:42:08 user devstack@n-api.service[65109]: [pid: 65109|app: 0|req: 16/45] 10.0.0.210 () {64 vars in 1236 bytes} [Wed Nov 15 15:42:08 2023] POST /compute/v2.1/os-keypairs => generated 385 bytes in 256 msecs (HTTP/1.1 200) 9 headers in 357 bytes (1 switches on core 0)
Nov 15 15:42:10 user devstack@n-api.service[65110]: DEBUG dbcounter [-] [65110] Writing DB stats nova_api:SELECT=2 {{(pid=65110) stat_writer /opt/stack/data/venv/lib/python3.10/site-packages/dbcounter.py:115}}
Nov 15 15:42:10 user devstack@n-api.service[65110]: DEBUG nova.api.openstack.wsgi [None req-03a3ea79-b457-4902-998f-adfbb52f7a2d tempest-DeleteServersTestJSON-246956719 tempest-DeleteServersTestJSON-246956719-project-member] Action: 'create', calling method: >, body: {"server": {"name": "tempest-DeleteServersTestJSON-server-1420653092", "imageRef": "42c1c869-d893-4140-8d14-8f5bfccef902", "flavorRef": "1", "networks": [{"uuid": "c4b76d52-df84-4523-9fff-16493253d944"}]}} {{(pid=65110) _process_stack /opt/stack/nova/nova/api/openstack/wsgi.py:511}}
Nov 15 15:42:11 user devstack@n-api.service[65110]: DEBUG nova.network.neutron [None req-03a3ea79-b457-4902-998f-adfbb52f7a2d tempest-DeleteServersTestJSON-246956719 tempest-DeleteServersTestJSON-246956719-project-member] validate_networks() for [('c4b76d52-df84-4523-9fff-16493253d944', None, None, None, None, None)] {{(pid=65110) validate_networks /opt/stack/nova/nova/network/neutron.py:2645}}
Nov 15 15:42:12 user devstack@n-api.service[65108]: DEBUG nova.api.openstack.wsgi [None req-c56d775b-4000-4bb8-9d4b-e7b642092861 tempest-ServerActionsV293TestJSON-454148145 tempest-ServerActionsV293TestJSON-454148145-project-member] Action: 'create', calling method: .version_select at 0x7f37808dfbe0>, body: {"keypair": {"name": "tempest-keypair-624131362", "public_key": "ecdsa-sha2-nistp384 AAAAE2VjZHNhLXNoYTItbmlzdHAzODQAAAAIbmlzdHAzODQAAABhBAZuL0lKSeQSmfKmIBc0y4wjQIUYc/kbj7nBhYoRizDL8V3tEg42nmwefDg19ixWeBGL15mxKkyqXiMN6ZaAG6o6DJ7dWAFawgN0oxQWIMw3wsl2m94YQ81exO6szKGNkA=="}} {{(pid=65108) _process_stack /opt/stack/nova/nova/api/openstack/wsgi.py:511}}
Nov 15 15:42:12 user devstack@n-api.service[65108]: DEBUG nova.quota [None req-c56d775b-4000-4bb8-9d4b-e7b642092861 tempest-ServerActionsV293TestJSON-454148145 tempest-ServerActionsV293TestJSON-454148145-project-member] Getting quotas for project 1bae3e7bf05d46c48aab837a23446af4. Resources: {'key_pairs'} {{(pid=65108) _get_quotas /opt/stack/nova/nova/quota.py:393}}
Nov 15 15:42:12 user devstack@n-api.service[65108]: DEBUG nova.quota [None req-c56d775b-4000-4bb8-9d4b-e7b642092861 tempest-ServerActionsV293TestJSON-454148145 tempest-ServerActionsV293TestJSON-454148145-project-member] Getting quotas for user 967d134fe5cb41aaa8181e8372724dd7 and project 1bae3e7bf05d46c48aab837a23446af4. Resources: {'key_pairs'} {{(pid=65108) _get_quotas /opt/stack/nova/nova/quota.py:383}}
Nov 15 15:42:12 user devstack@n-api.service[65108]: INFO nova.api.openstack.requestlog [None req-c56d775b-4000-4bb8-9d4b-e7b642092861 tempest-ServerActionsV293TestJSON-454148145 tempest-ServerActionsV293TestJSON-454148145-project-member] 10.0.0.210 "POST /compute/v2.1/os-keypairs" status: 201 len: 400 microversion: 2.93 time: 0.243740
Nov 15 15:42:12 user devstack@n-api.service[65108]: [pid: 65108|app: 0|req: 16/46] 10.0.0.210 () {66 vars in 1277 bytes} [Wed Nov 15 15:42:11 2023] POST /compute/v2.1/os-keypairs => generated 400 bytes in 245 msecs (HTTP/1.1 201) 9 headers in 364 bytes (1 switches on core 0)
Nov 15 15:42:12 user devstack@n-api.service[65109]: DEBUG nova.api.openstack.wsgi [None req-2bc75723-6daa-4011-92eb-e121c08b1270 tempest-ServerStableDeviceRescueTest-1847037719 tempest-ServerStableDeviceRescueTest-1847037719-project-member] Action: 'create', calling method: .version_select at 0x7f3780853d90>, body: {"keypair": {"name": "tempest-keypair-112033150", "public_key": "ecdsa-sha2-nistp384 AAAAE2VjZHNhLXNoYTItbmlzdHAzODQAAAAIbmlzdHAzODQAAABhBBBUOIfdbDk/brXXiylka2/btdkrjY3diz7DKadf13/ZIXcRbgTpOTtE06UY9cDwKBRHgGAHt69/VENIJfjafbfdolZpGClTyfIfX148jIcxUAMRahY1njiu0GNtx6ilXg=="}} {{(pid=65109) _process_stack /opt/stack/nova/nova/api/openstack/wsgi.py:511}}
Nov 15 15:42:12 user devstack@n-api.service[65109]: DEBUG nova.quota [None req-2bc75723-6daa-4011-92eb-e121c08b1270 tempest-ServerStableDeviceRescueTest-1847037719 tempest-ServerStableDeviceRescueTest-1847037719-project-member] Getting quotas for project 5ed810aaa216455bb359448237bb716b. Resources: {'key_pairs'} {{(pid=65109) _get_quotas /opt/stack/nova/nova/quota.py:393}}
Nov 15 15:42:12 user devstack@n-api.service[65109]: DEBUG nova.quota [None req-2bc75723-6daa-4011-92eb-e121c08b1270 tempest-ServerStableDeviceRescueTest-1847037719 tempest-ServerStableDeviceRescueTest-1847037719-project-member] Getting quotas for user 1b18bf4b448346beaea19f95e59ea778 and project 5ed810aaa216455bb359448237bb716b. Resources: {'key_pairs'} {{(pid=65109) _get_quotas /opt/stack/nova/nova/quota.py:383}}
Nov 15 15:42:12 user devstack@n-api.service[65109]: INFO nova.api.openstack.requestlog [None req-2bc75723-6daa-4011-92eb-e121c08b1270 tempest-ServerStableDeviceRescueTest-1847037719 tempest-ServerStableDeviceRescueTest-1847037719-project-member] 10.0.0.210 "POST /compute/v2.1/os-keypairs" status: 200 len: 385 microversion: 2.1 time: 0.088506
Nov 15 15:42:12 user devstack@n-api.service[65109]: [pid: 65109|app: 0|req: 17/47] 10.0.0.210 () {64 vars in 1236 bytes} [Wed Nov 15 15:42:12 2023] POST /compute/v2.1/os-keypairs => generated 385 bytes in 90 msecs (HTTP/1.1 200) 9 headers in 357 bytes (1 switches on core 0)
Nov 15 15:42:12 user devstack@n-api.service[65110]: DEBUG nova.virt.hardware [None req-03a3ea79-b457-4902-998f-adfbb52f7a2d tempest-DeleteServersTestJSON-246956719 tempest-DeleteServersTestJSON-246956719-project-member] Flavor limits 0:0:0 {{(pid=65110) get_cpu_topology_constraints /opt/stack/nova/nova/virt/hardware.py:348}}
Nov 15 15:42:12 user devstack@n-api.service[65110]: DEBUG nova.virt.hardware [None req-03a3ea79-b457-4902-998f-adfbb52f7a2d tempest-DeleteServersTestJSON-246956719 tempest-DeleteServersTestJSON-246956719-project-member] Image limits 0:0:0 {{(pid=65110) get_cpu_topology_constraints /opt/stack/nova/nova/virt/hardware.py:352}}
Nov 15 15:42:12 user devstack@n-api.service[65110]: DEBUG nova.virt.hardware [None req-03a3ea79-b457-4902-998f-adfbb52f7a2d tempest-DeleteServersTestJSON-246956719 tempest-DeleteServersTestJSON-246956719-project-member] Flavor pref 0:0:0 {{(pid=65110) get_cpu_topology_constraints /opt/stack/nova/nova/virt/hardware.py:388}}
Nov 15 15:42:12 user devstack@n-api.service[65110]: DEBUG nova.virt.hardware [None req-03a3ea79-b457-4902-998f-adfbb52f7a2d tempest-DeleteServersTestJSON-246956719 tempest-DeleteServersTestJSON-246956719-project-member] Image pref 0:0:0 {{(pid=65110) get_cpu_topology_constraints /opt/stack/nova/nova/virt/hardware.py:392}}
Nov 15 15:42:12 user devstack@n-api.service[65110]: DEBUG nova.virt.hardware [None req-03a3ea79-b457-4902-998f-adfbb52f7a2d tempest-DeleteServersTestJSON-246956719 tempest-DeleteServersTestJSON-246956719-project-member] Chose sockets=0, cores=0, threads=0; limits were sockets=65536, cores=65536, threads=65536 {{(pid=65110) get_cpu_topology_constraints /opt/stack/nova/nova/virt/hardware.py:430}}
Nov 15 15:42:12 user devstack@n-api.service[65110]: DEBUG oslo_concurrency.lockutils [None req-03a3ea79-b457-4902-998f-adfbb52f7a2d tempest-DeleteServersTestJSON-246956719 tempest-DeleteServersTestJSON-246956719-project-member] Acquiring lock "00000000-0000-0000-0000-000000000000" by "nova.context.set_target_cell..get_or_set_cached_cell_and_set_connections" {{(pid=65110) inner /opt/stack/data/venv/lib/python3.10/site-packages/oslo_concurrency/lockutils.py:404}}
Nov 15 15:42:12 user devstack@n-api.service[65110]: DEBUG oslo_concurrency.lockutils [None req-03a3ea79-b457-4902-998f-adfbb52f7a2d tempest-DeleteServersTestJSON-246956719 tempest-DeleteServersTestJSON-246956719-project-member] Lock "00000000-0000-0000-0000-000000000000" acquired by "nova.context.set_target_cell..get_or_set_cached_cell_and_set_connections" :: waited 0.001s {{(pid=65110) inner /opt/stack/data/venv/lib/python3.10/site-packages/oslo_concurrency/lockutils.py:409}}
Nov 15 15:42:12 user devstack@n-api.service[65110]: DEBUG oslo_concurrency.lockutils [None req-03a3ea79-b457-4902-998f-adfbb52f7a2d tempest-DeleteServersTestJSON-246956719 tempest-DeleteServersTestJSON-246956719-project-member] Lock "00000000-0000-0000-0000-000000000000" "released" by "nova.context.set_target_cell..get_or_set_cached_cell_and_set_connections" :: held 0.000s {{(pid=65110) inner /opt/stack/data/venv/lib/python3.10/site-packages/oslo_concurrency/lockutils.py:423}}
Nov 15 15:42:12 user devstack@n-api.service[65110]: DEBUG oslo_concurrency.lockutils [None req-03a3ea79-b457-4902-998f-adfbb52f7a2d tempest-DeleteServersTestJSON-246956719 tempest-DeleteServersTestJSON-246956719-project-member] Acquiring lock "35dd790d-511d-4b17-9720-ce96b6b602f7" by "nova.context.set_target_cell..get_or_set_cached_cell_and_set_connections" {{(pid=65110) inner /opt/stack/data/venv/lib/python3.10/site-packages/oslo_concurrency/lockutils.py:404}}
Nov 15 15:42:12 user devstack@n-api.service[65110]: DEBUG oslo_concurrency.lockutils [None req-03a3ea79-b457-4902-998f-adfbb52f7a2d tempest-DeleteServersTestJSON-246956719 tempest-DeleteServersTestJSON-246956719-project-member] Lock "35dd790d-511d-4b17-9720-ce96b6b602f7" acquired by "nova.context.set_target_cell..get_or_set_cached_cell_and_set_connections" :: waited 0.001s {{(pid=65110) inner /opt/stack/data/venv/lib/python3.10/site-packages/oslo_concurrency/lockutils.py:409}}
Nov 15 15:42:12 user devstack@n-api.service[65110]: DEBUG oslo_concurrency.lockutils [None req-03a3ea79-b457-4902-998f-adfbb52f7a2d tempest-DeleteServersTestJSON-246956719 tempest-DeleteServersTestJSON-246956719-project-member] Lock "35dd790d-511d-4b17-9720-ce96b6b602f7" "released" by "nova.context.set_target_cell..get_or_set_cached_cell_and_set_connections" :: held 0.000s {{(pid=65110) inner /opt/stack/data/venv/lib/python3.10/site-packages/oslo_concurrency/lockutils.py:423}}
Nov 15 15:42:12 user devstack@n-api.service[65110]: DEBUG nova.quota [None req-03a3ea79-b457-4902-998f-adfbb52f7a2d tempest-DeleteServersTestJSON-246956719 tempest-DeleteServersTestJSON-246956719-project-member] Getting quotas for project c7f3f18923d3425e8db038b5d83dddbc. Resources: {'cores', 'ram', 'instances'} {{(pid=65110) _get_quotas /opt/stack/nova/nova/quota.py:393}}
Nov 15 15:42:12 user devstack@n-api.service[65110]: DEBUG nova.quota [None req-03a3ea79-b457-4902-998f-adfbb52f7a2d tempest-DeleteServersTestJSON-246956719 tempest-DeleteServersTestJSON-246956719-project-member] Getting quotas for user 06d872503684414b89a28d9fea2f4ee9 and project c7f3f18923d3425e8db038b5d83dddbc. Resources: {'cores', 'ram', 'instances'} {{(pid=65110) _get_quotas /opt/stack/nova/nova/quota.py:383}}
Nov 15 15:42:12 user devstack@n-api.service[65110]: DEBUG nova.compute.api [None req-03a3ea79-b457-4902-998f-adfbb52f7a2d tempest-DeleteServersTestJSON-246956719 tempest-DeleteServersTestJSON-246956719-project-member] Going to run 1 instances... {{(pid=65110) _provision_instances /opt/stack/nova/nova/compute/api.py:1404}}
Nov 15 15:42:12 user devstack@n-api.service[65110]: DEBUG nova.compute.api [None req-03a3ea79-b457-4902-998f-adfbb52f7a2d tempest-DeleteServersTestJSON-246956719 tempest-DeleteServersTestJSON-246956719-project-member] [instance: 82599a5d-33c4-4d13-ba6d-56cd211083ef] block_device_mapping [BlockDeviceMapping(attachment_id=,boot_index=0,connection_info=None,created_at=,delete_on_termination=True,deleted=,deleted_at=,destination_type='local',device_name=None,device_type='disk',disk_bus=None,encrypted=False,encryption_format=None,encryption_options=None,encryption_secret_uuid=None,guest_format=None,id=,image_id='42c1c869-d893-4140-8d14-8f5bfccef902',instance=,instance_uuid=,no_device=False,snapshot_id=None,source_type='image',tag=None,updated_at=,uuid=,volume_id=None,volume_size=None,volume_type=None)] {{(pid=65110) _bdm_validate_set_size_and_instance /opt/stack/nova/nova/compute/api.py:1865}}
Nov 15 15:42:12 user devstack@n-api.service[65110]: INFO nova.api.openstack.requestlog [None req-03a3ea79-b457-4902-998f-adfbb52f7a2d tempest-DeleteServersTestJSON-246956719 tempest-DeleteServersTestJSON-246956719-project-member] 10.0.0.210 "POST /compute/v2.1/servers" status: 202 len: 378 microversion: 2.1 time: 2.260771
Nov 15 15:42:12 user devstack@n-api.service[65110]: [pid: 65110|app: 0|req: 15/48] 10.0.0.210 () {64 vars in 1224 bytes} [Wed Nov 15 15:42:10 2023] POST /compute/v2.1/servers => generated 378 bytes in 2262 msecs (HTTP/1.1 202) 10 headers in 450 bytes (1 switches on core 0)
Nov 15 15:42:12 user devstack@n-api.service[65108]: DEBUG nova.api.openstack.wsgi [None req-60eb8c1c-6b34-41c4-ad24-7fef8e572fa7 tempest-DeleteServersTestJSON-246956719 tempest-DeleteServersTestJSON-246956719-project-member] Calling method '>' {{(pid=65108) _process_stack /opt/stack/nova/nova/api/openstack/wsgi.py:513}}
Nov 15 15:42:12 user devstack@n-api.service[65108]: DEBUG nova.compute.api [None req-60eb8c1c-6b34-41c4-ad24-7fef8e572fa7 tempest-DeleteServersTestJSON-246956719 tempest-DeleteServersTestJSON-246956719-project-member] [instance: 82599a5d-33c4-4d13-ba6d-56cd211083ef] Fetching instance by UUID {{(pid=65108) get /opt/stack/nova/nova/compute/api.py:2978}}
Nov 15 15:42:13 user devstack@n-api.service[65109]: DEBUG nova.api.openstack.wsgi [None req-7e202a35-4fdf-4c44-98b9-b11fb594cc00 tempest-ServerActionsTestOtherA-440053215 tempest-ServerActionsTestOtherA-440053215-project-member] Action: 'create', calling method: >, body: {"server": {"name": "tempest-ServerActionsTestOtherA-server-1684390480", "imageRef": "42c1c869-d893-4140-8d14-8f5bfccef902", "flavorRef": "1", "adminPass": "***", "networks": [{"uuid": "d1f6de08-aee1-4418-9f8f-c41e14c74b1c"}], "security_groups": [{"name": "tempest-securitygroup--1588027759"}], "key_name": "tempest-keypair-445240852", "user_data": "}} {{(pid=65109) _process_stack /opt/stack/nova/nova/api/openstack/wsgi.py:511}}
Nov 15 15:42:13 user devstack@n-api.service[65108]: DEBUG nova.policy [None req-60eb8c1c-6b34-41c4-ad24-7fef8e572fa7 tempest-DeleteServersTestJSON-246956719 tempest-DeleteServersTestJSON-246956719-project-member] Policy check for os_compute_api:os-extended-server-attributes failed with credentials {'is_admin': False, 'user_id': '06d872503684414b89a28d9fea2f4ee9', 'user_domain_id': 'default', 'system_scope': None, 'domain_id': None, 'project_id': 'c7f3f18923d3425e8db038b5d83dddbc', 'project_domain_id': 'default', 'roles': ['reader', 'member'], 'is_admin_project': True, 'service_user_id': None, 'service_user_domain_id': None, 'service_project_id': None, 'service_project_domain_id': None, 'service_roles': []} {{(pid=65108) authorize /opt/stack/nova/nova/policy.py:203}}
Nov 15 15:42:13 user devstack@n-api.service[65108]: INFO nova.api.openstack.requestlog [None req-60eb8c1c-6b34-41c4-ad24-7fef8e572fa7 tempest-DeleteServersTestJSON-246956719 tempest-DeleteServersTestJSON-246956719-project-member] 10.0.0.210 "GET /compute/v2.1/servers/82599a5d-33c4-4d13-ba6d-56cd211083ef" status: 200 len: 1207 microversion: 2.1 time: 0.558834
Nov 15 15:42:13 user devstack@n-api.service[65108]: [pid: 65108|app: 0|req: 17/49] 10.0.0.210 () {62 vars in 1313 bytes} [Wed Nov 15 15:42:12 2023] GET /compute/v2.1/servers/82599a5d-33c4-4d13-ba6d-56cd211083ef => generated 1207 bytes in 561 msecs (HTTP/1.1 200) 9 headers in 358 bytes (1 switches on core 0)
Nov 15 15:42:13 user devstack@n-api.service[65110]: DEBUG nova.api.openstack.wsgi [None req-e02ac820-fd7e-47d9-9a4d-45c4a1972036 tempest-ServerActionsTestOtherB-1639554019 tempest-ServerActionsTestOtherB-1639554019-project-member] Action: 'create', calling method: >, body: {"server": {"name": "tempest-ServerActionsTestOtherB-server-67125786", "imageRef": "42c1c869-d893-4140-8d14-8f5bfccef902", "flavorRef": "1", "adminPass": "***", "networks": [{"uuid": "1992ea2a-7f2f-4354-a190-9508ed519e02"}], "security_groups": [{"name": "tempest-securitygroup--1804612481"}], "key_name": "tempest-keypair-1443587891", "user_data": "}} {{(pid=65110) _process_stack /opt/stack/nova/nova/api/openstack/wsgi.py:511}}
Nov 15 15:42:13 user devstack@n-api.service[65109]: DEBUG nova.network.neutron [None req-7e202a35-4fdf-4c44-98b9-b11fb594cc00 tempest-ServerActionsTestOtherA-440053215 tempest-ServerActionsTestOtherA-440053215-project-member] validate_networks() for [('d1f6de08-aee1-4418-9f8f-c41e14c74b1c', None, None, None, None, None)] {{(pid=65109) validate_networks /opt/stack/nova/nova/network/neutron.py:2645}}
Nov 15 15:42:14 user devstack@n-api.service[65110]: DEBUG nova.network.neutron [None req-e02ac820-fd7e-47d9-9a4d-45c4a1972036 tempest-ServerActionsTestOtherB-1639554019 tempest-ServerActionsTestOtherB-1639554019-project-member] validate_networks() for [('1992ea2a-7f2f-4354-a190-9508ed519e02', None, None, None, None, None)] {{(pid=65110) validate_networks /opt/stack/nova/nova/network/neutron.py:2645}}
Nov 15 15:42:15 user devstack@n-api.service[65109]: DEBUG nova.virt.hardware [None req-7e202a35-4fdf-4c44-98b9-b11fb594cc00 tempest-ServerActionsTestOtherA-440053215 tempest-ServerActionsTestOtherA-440053215-project-member] Flavor limits 0:0:0 {{(pid=65109) get_cpu_topology_constraints /opt/stack/nova/nova/virt/hardware.py:348}}
Nov 15 15:42:15 user devstack@n-api.service[65109]: DEBUG nova.virt.hardware [None req-7e202a35-4fdf-4c44-98b9-b11fb594cc00 tempest-ServerActionsTestOtherA-440053215 tempest-ServerActionsTestOtherA-440053215-project-member] Image limits 0:0:0 {{(pid=65109) get_cpu_topology_constraints /opt/stack/nova/nova/virt/hardware.py:352}}
Nov 15 15:42:15 user devstack@n-api.service[65109]: DEBUG nova.virt.hardware [None req-7e202a35-4fdf-4c44-98b9-b11fb594cc00 tempest-ServerActionsTestOtherA-440053215 tempest-ServerActionsTestOtherA-440053215-project-member] Flavor pref 0:0:0 {{(pid=65109) get_cpu_topology_constraints /opt/stack/nova/nova/virt/hardware.py:388}}
Nov 15 15:42:15 user devstack@n-api.service[65109]: DEBUG nova.virt.hardware [None req-7e202a35-4fdf-4c44-98b9-b11fb594cc00 tempest-ServerActionsTestOtherA-440053215 tempest-ServerActionsTestOtherA-440053215-project-member] Image pref 0:0:0 {{(pid=65109) get_cpu_topology_constraints /opt/stack/nova/nova/virt/hardware.py:392}}
Nov 15 15:42:15 user devstack@n-api.service[65109]: DEBUG nova.virt.hardware [None req-7e202a35-4fdf-4c44-98b9-b11fb594cc00 tempest-ServerActionsTestOtherA-440053215 tempest-ServerActionsTestOtherA-440053215-project-member] Chose sockets=0, cores=0, threads=0; limits were sockets=65536, cores=65536, threads=65536 {{(pid=65109) get_cpu_topology_constraints /opt/stack/nova/nova/virt/hardware.py:430}}
Nov 15 15:42:15 user devstack@n-api.service[65109]: DEBUG oslo_concurrency.lockutils [None req-7e202a35-4fdf-4c44-98b9-b11fb594cc00 tempest-ServerActionsTestOtherA-440053215 tempest-ServerActionsTestOtherA-440053215-project-member] Acquiring lock "00000000-0000-0000-0000-000000000000" by "nova.context.set_target_cell..get_or_set_cached_cell_and_set_connections" {{(pid=65109) inner /opt/stack/data/venv/lib/python3.10/site-packages/oslo_concurrency/lockutils.py:404}}
Nov 15 15:42:15 user devstack@n-api.service[65109]: DEBUG oslo_concurrency.lockutils [None req-7e202a35-4fdf-4c44-98b9-b11fb594cc00 tempest-ServerActionsTestOtherA-440053215 tempest-ServerActionsTestOtherA-440053215-project-member] Lock "00000000-0000-0000-0000-000000000000" acquired by "nova.context.set_target_cell..get_or_set_cached_cell_and_set_connections" :: waited 0.001s {{(pid=65109) inner /opt/stack/data/venv/lib/python3.10/site-packages/oslo_concurrency/lockutils.py:409}}
Nov 15 15:42:15 user devstack@n-api.service[65109]: DEBUG oslo_concurrency.lockutils [None req-7e202a35-4fdf-4c44-98b9-b11fb594cc00 tempest-ServerActionsTestOtherA-440053215 tempest-ServerActionsTestOtherA-440053215-project-member] Lock "00000000-0000-0000-0000-000000000000" "released" by "nova.context.set_target_cell..get_or_set_cached_cell_and_set_connections" :: held 0.000s {{(pid=65109) inner /opt/stack/data/venv/lib/python3.10/site-packages/oslo_concurrency/lockutils.py:423}}
Nov 15 15:42:15 user devstack@n-api.service[65109]: DEBUG oslo_concurrency.lockutils [None req-7e202a35-4fdf-4c44-98b9-b11fb594cc00 tempest-ServerActionsTestOtherA-440053215 tempest-ServerActionsTestOtherA-440053215-project-member] Acquiring lock "35dd790d-511d-4b17-9720-ce96b6b602f7" by "nova.context.set_target_cell..get_or_set_cached_cell_and_set_connections" {{(pid=65109) inner /opt/stack/data/venv/lib/python3.10/site-packages/oslo_concurrency/lockutils.py:404}}
Nov 15 15:42:15 user devstack@n-api.service[65109]: DEBUG oslo_concurrency.lockutils [None req-7e202a35-4fdf-4c44-98b9-b11fb594cc00 tempest-ServerActionsTestOtherA-440053215 tempest-ServerActionsTestOtherA-440053215-project-member] Lock "35dd790d-511d-4b17-9720-ce96b6b602f7" acquired by "nova.context.set_target_cell..get_or_set_cached_cell_and_set_connections" :: waited 0.000s {{(pid=65109) inner /opt/stack/data/venv/lib/python3.10/site-packages/oslo_concurrency/lockutils.py:409}}
Nov 15 15:42:15 user devstack@n-api.service[65109]: DEBUG oslo_concurrency.lockutils [None req-7e202a35-4fdf-4c44-98b9-b11fb594cc00 tempest-ServerActionsTestOtherA-440053215 tempest-ServerActionsTestOtherA-440053215-project-member] Lock "35dd790d-511d-4b17-9720-ce96b6b602f7" "released" by "nova.context.set_target_cell..get_or_set_cached_cell_and_set_connections" :: held 0.000s {{(pid=65109) inner /opt/stack/data/venv/lib/python3.10/site-packages/oslo_concurrency/lockutils.py:423}}
Nov 15 15:42:15 user devstack@n-api.service[65109]: DEBUG nova.quota [None req-7e202a35-4fdf-4c44-98b9-b11fb594cc00 tempest-ServerActionsTestOtherA-440053215 tempest-ServerActionsTestOtherA-440053215-project-member] Getting quotas for project 18c587b1467441ceb091ece4e973408e. Resources: {'cores', 'ram', 'instances'} {{(pid=65109) _get_quotas /opt/stack/nova/nova/quota.py:393}}
Nov 15 15:42:15 user devstack@n-api.service[65109]: DEBUG nova.quota [None req-7e202a35-4fdf-4c44-98b9-b11fb594cc00 tempest-ServerActionsTestOtherA-440053215 tempest-ServerActionsTestOtherA-440053215-project-member] Getting quotas for user 975ca4994eb74b6bbf541bb308b148f1 and project 18c587b1467441ceb091ece4e973408e. Resources: {'cores', 'ram', 'instances'} {{(pid=65109) _get_quotas /opt/stack/nova/nova/quota.py:383}}
Nov 15 15:42:15 user devstack@n-api.service[65110]: DEBUG nova.virt.hardware [None req-e02ac820-fd7e-47d9-9a4d-45c4a1972036 tempest-ServerActionsTestOtherB-1639554019 tempest-ServerActionsTestOtherB-1639554019-project-member] Flavor limits 0:0:0 {{(pid=65110) get_cpu_topology_constraints /opt/stack/nova/nova/virt/hardware.py:348}}
Nov 15 15:42:15 user devstack@n-api.service[65110]: DEBUG nova.virt.hardware [None req-e02ac820-fd7e-47d9-9a4d-45c4a1972036 tempest-ServerActionsTestOtherB-1639554019 tempest-ServerActionsTestOtherB-1639554019-project-member] Image limits 0:0:0 {{(pid=65110) get_cpu_topology_constraints /opt/stack/nova/nova/virt/hardware.py:352}}
Nov 15 15:42:15 user devstack@n-api.service[65110]: DEBUG nova.virt.hardware [None req-e02ac820-fd7e-47d9-9a4d-45c4a1972036 tempest-ServerActionsTestOtherB-1639554019 tempest-ServerActionsTestOtherB-1639554019-project-member] Flavor pref 0:0:0 {{(pid=65110) get_cpu_topology_constraints /opt/stack/nova/nova/virt/hardware.py:388}}
Nov 15 15:42:15 user devstack@n-api.service[65110]: DEBUG nova.virt.hardware [None req-e02ac820-fd7e-47d9-9a4d-45c4a1972036 tempest-ServerActionsTestOtherB-1639554019 tempest-ServerActionsTestOtherB-1639554019-project-member] Image pref 0:0:0 {{(pid=65110) get_cpu_topology_constraints /opt/stack/nova/nova/virt/hardware.py:392}}
Nov 15 15:42:15 user devstack@n-api.service[65110]: DEBUG nova.virt.hardware [None req-e02ac820-fd7e-47d9-9a4d-45c4a1972036 tempest-ServerActionsTestOtherB-1639554019 tempest-ServerActionsTestOtherB-1639554019-project-member] Chose sockets=0, cores=0, threads=0; limits were sockets=65536, cores=65536, threads=65536 {{(pid=65110) get_cpu_topology_constraints /opt/stack/nova/nova/virt/hardware.py:430}}
Nov 15 15:42:15 user devstack@n-api.service[65109]: DEBUG nova.compute.api [None req-7e202a35-4fdf-4c44-98b9-b11fb594cc00 tempest-ServerActionsTestOtherA-440053215 tempest-ServerActionsTestOtherA-440053215-project-member] Going to run 1 instances... {{(pid=65109) _provision_instances /opt/stack/nova/nova/compute/api.py:1404}}
Nov 15 15:42:15 user devstack@n-api.service[65109]: DEBUG nova.compute.api [None req-7e202a35-4fdf-4c44-98b9-b11fb594cc00 tempest-ServerActionsTestOtherA-440053215 tempest-ServerActionsTestOtherA-440053215-project-member] [instance: 6bff7d80-06e7-4219-a602-6c6be1fef714] block_device_mapping [BlockDeviceMapping(attachment_id=,boot_index=0,connection_info=None,created_at=,delete_on_termination=True,deleted=,deleted_at=,destination_type='local',device_name=None,device_type='disk',disk_bus=None,encrypted=False,encryption_format=None,encryption_options=None,encryption_secret_uuid=None,guest_format=None,id=,image_id='42c1c869-d893-4140-8d14-8f5bfccef902',instance=,instance_uuid=,no_device=False,snapshot_id=None,source_type='image',tag=None,updated_at=,uuid=,volume_id=None,volume_size=None,volume_type=None)] {{(pid=65109) _bdm_validate_set_size_and_instance /opt/stack/nova/nova/compute/api.py:1865}}
Nov 15 15:42:15 user devstack@n-api.service[65110]: DEBUG oslo_concurrency.lockutils [None req-e02ac820-fd7e-47d9-9a4d-45c4a1972036 tempest-ServerActionsTestOtherB-1639554019 tempest-ServerActionsTestOtherB-1639554019-project-member] Acquiring lock "00000000-0000-0000-0000-000000000000" by "nova.context.set_target_cell..get_or_set_cached_cell_and_set_connections" {{(pid=65110) inner /opt/stack/data/venv/lib/python3.10/site-packages/oslo_concurrency/lockutils.py:404}}
Nov 15 15:42:15 user devstack@n-api.service[65110]: DEBUG oslo_concurrency.lockutils [None req-e02ac820-fd7e-47d9-9a4d-45c4a1972036 tempest-ServerActionsTestOtherB-1639554019 tempest-ServerActionsTestOtherB-1639554019-project-member] Lock "00000000-0000-0000-0000-000000000000" acquired by "nova.context.set_target_cell..get_or_set_cached_cell_and_set_connections" :: waited 0.002s {{(pid=65110) inner /opt/stack/data/venv/lib/python3.10/site-packages/oslo_concurrency/lockutils.py:409}}
Nov 15 15:42:15 user devstack@n-api.service[65110]: DEBUG oslo_concurrency.lockutils [None req-e02ac820-fd7e-47d9-9a4d-45c4a1972036 tempest-ServerActionsTestOtherB-1639554019 tempest-ServerActionsTestOtherB-1639554019-project-member] Lock "00000000-0000-0000-0000-000000000000" "released" by "nova.context.set_target_cell..get_or_set_cached_cell_and_set_connections" :: held 0.001s {{(pid=65110) inner /opt/stack/data/venv/lib/python3.10/site-packages/oslo_concurrency/lockutils.py:423}}
Nov 15 15:42:15 user devstack@n-api.service[65110]: DEBUG oslo_concurrency.lockutils [None req-e02ac820-fd7e-47d9-9a4d-45c4a1972036 tempest-ServerActionsTestOtherB-1639554019 tempest-ServerActionsTestOtherB-1639554019-project-member] Acquiring lock "35dd790d-511d-4b17-9720-ce96b6b602f7" by "nova.context.set_target_cell..get_or_set_cached_cell_and_set_connections" {{(pid=65110) inner /opt/stack/data/venv/lib/python3.10/site-packages/oslo_concurrency/lockutils.py:404}}
Nov 15 15:42:15 user devstack@n-api.service[65110]: DEBUG oslo_concurrency.lockutils [None req-e02ac820-fd7e-47d9-9a4d-45c4a1972036 tempest-ServerActionsTestOtherB-1639554019 tempest-ServerActionsTestOtherB-1639554019-project-member] Lock "35dd790d-511d-4b17-9720-ce96b6b602f7" acquired by "nova.context.set_target_cell..get_or_set_cached_cell_and_set_connections" :: waited 0.001s {{(pid=65110) inner /opt/stack/data/venv/lib/python3.10/site-packages/oslo_concurrency/lockutils.py:409}}
Nov 15 15:42:15 user devstack@n-api.service[65110]: DEBUG oslo_concurrency.lockutils [None req-e02ac820-fd7e-47d9-9a4d-45c4a1972036 tempest-ServerActionsTestOtherB-1639554019 tempest-ServerActionsTestOtherB-1639554019-project-member] Lock "35dd790d-511d-4b17-9720-ce96b6b602f7" "released" by "nova.context.set_target_cell..get_or_set_cached_cell_and_set_connections" :: held 0.001s {{(pid=65110) inner /opt/stack/data/venv/lib/python3.10/site-packages/oslo_concurrency/lockutils.py:423}}
Nov 15 15:42:15 user devstack@n-api.service[65110]: DEBUG nova.quota [None req-e02ac820-fd7e-47d9-9a4d-45c4a1972036 tempest-ServerActionsTestOtherB-1639554019 tempest-ServerActionsTestOtherB-1639554019-project-member] Getting quotas for project 2038e0b00a9d431eaadfaac074eaee2d. Resources: {'cores', 'ram', 'instances'} {{(pid=65110) _get_quotas /opt/stack/nova/nova/quota.py:393}}
Nov 15 15:42:15 user devstack@n-api.service[65110]: DEBUG nova.quota [None req-e02ac820-fd7e-47d9-9a4d-45c4a1972036 tempest-ServerActionsTestOtherB-1639554019 tempest-ServerActionsTestOtherB-1639554019-project-member] Getting quotas for user 3f344bdd39e54736a7b7c7388bb8dbdb and project 2038e0b00a9d431eaadfaac074eaee2d. Resources: {'cores', 'ram', 'instances'} {{(pid=65110) _get_quotas /opt/stack/nova/nova/quota.py:383}}
Nov 15 15:42:15 user devstack@n-api.service[65110]: DEBUG nova.compute.api [None req-e02ac820-fd7e-47d9-9a4d-45c4a1972036 tempest-ServerActionsTestOtherB-1639554019 tempest-ServerActionsTestOtherB-1639554019-project-member] Going to run 1 instances... {{(pid=65110) _provision_instances /opt/stack/nova/nova/compute/api.py:1404}}
Nov 15 15:42:15 user devstack@n-api.service[65110]: DEBUG nova.compute.api [None req-e02ac820-fd7e-47d9-9a4d-45c4a1972036 tempest-ServerActionsTestOtherB-1639554019 tempest-ServerActionsTestOtherB-1639554019-project-member] [instance: 7447d0b9-3152-49ab-8576-994810c20e29] block_device_mapping [BlockDeviceMapping(attachment_id=,boot_index=0,connection_info=None,created_at=,delete_on_termination=True,deleted=,deleted_at=,destination_type='local',device_name=None,device_type='disk',disk_bus=None,encrypted=False,encryption_format=None,encryption_options=None,encryption_secret_uuid=None,guest_format=None,id=,image_id='42c1c869-d893-4140-8d14-8f5bfccef902',instance=,instance_uuid=,no_device=False,snapshot_id=None,source_type='image',tag=None,updated_at=,uuid=,volume_id=None,volume_size=None,volume_type=None)] {{(pid=65110) _bdm_validate_set_size_and_instance /opt/stack/nova/nova/compute/api.py:1865}}
Nov 15 15:42:15 user devstack@n-api.service[65109]: INFO nova.api.openstack.requestlog [None req-7e202a35-4fdf-4c44-98b9-b11fb594cc00 tempest-ServerActionsTestOtherA-440053215 tempest-ServerActionsTestOtherA-440053215-project-member] 10.0.0.210 "POST /compute/v2.1/servers" status: 202 len: 407 microversion: 2.1 time: 1.845907
Nov 15 15:42:15 user devstack@n-api.service[65109]: [pid: 65109|app: 0|req: 18/50] 10.0.0.210 () {64 vars in 1224 bytes} [Wed Nov 15 15:42:13 2023] POST /compute/v2.1/servers => generated 407 bytes in 1848 msecs (HTTP/1.1 202) 10 headers in 450 bytes (1 switches on core 0)
Nov 15 15:42:15 user devstack@n-api.service[65108]: DEBUG nova.api.openstack.wsgi [None req-9460f990-2b2c-4f25-ad11-c18a73ed67bf tempest-ServerActionsTestOtherA-440053215 tempest-ServerActionsTestOtherA-440053215-project-member] Calling method '>' {{(pid=65108) _process_stack /opt/stack/nova/nova/api/openstack/wsgi.py:513}}
Nov 15 15:42:15 user devstack@n-api.service[65108]: DEBUG nova.compute.api [None req-9460f990-2b2c-4f25-ad11-c18a73ed67bf tempest-ServerActionsTestOtherA-440053215 tempest-ServerActionsTestOtherA-440053215-project-member] [instance: 6bff7d80-06e7-4219-a602-6c6be1fef714] Fetching instance by UUID {{(pid=65108) get /opt/stack/nova/nova/compute/api.py:2978}}
Nov 15 15:42:15 user devstack@n-api.service[65110]: INFO nova.api.openstack.requestlog [None req-e02ac820-fd7e-47d9-9a4d-45c4a1972036 tempest-ServerActionsTestOtherB-1639554019 tempest-ServerActionsTestOtherB-1639554019-project-member] 10.0.0.210 "POST /compute/v2.1/servers" status: 202 len: 407 microversion: 2.1 time: 1.389082
Nov 15 15:42:15 user devstack@n-api.service[65110]: [pid: 65110|app: 0|req: 16/51] 10.0.0.210 () {64 vars in 1224 bytes} [Wed Nov 15 15:42:13 2023] POST /compute/v2.1/servers => generated 407 bytes in 1392 msecs (HTTP/1.1 202) 10 headers in 450 bytes (2 switches on core 0)
Nov 15 15:42:15 user devstack@n-api.service[65109]: DEBUG nova.api.openstack.wsgi [None req-9ca033ea-c88a-4773-8843-5e644013170c tempest-ServerActionsTestOtherB-1639554019 tempest-ServerActionsTestOtherB-1639554019-project-member] Calling method '>' {{(pid=65109) _process_stack /opt/stack/nova/nova/api/openstack/wsgi.py:513}}
Nov 15 15:42:15 user devstack@n-api.service[65109]: DEBUG nova.compute.api [None req-9ca033ea-c88a-4773-8843-5e644013170c tempest-ServerActionsTestOtherB-1639554019 tempest-ServerActionsTestOtherB-1639554019-project-member] [instance: 7447d0b9-3152-49ab-8576-994810c20e29] Fetching instance by UUID {{(pid=65109) get /opt/stack/nova/nova/compute/api.py:2978}}
Nov 15 15:42:15 user devstack@n-api.service[65108]: DEBUG nova.policy [None req-9460f990-2b2c-4f25-ad11-c18a73ed67bf tempest-ServerActionsTestOtherA-440053215 tempest-ServerActionsTestOtherA-440053215-project-member] Policy check for os_compute_api:os-extended-server-attributes failed with credentials {'is_admin': False, 'user_id': '975ca4994eb74b6bbf541bb308b148f1', 'user_domain_id': 'default', 'system_scope': None, 'domain_id': None, 'project_id': '18c587b1467441ceb091ece4e973408e', 'project_domain_id': 'default', 'roles': ['reader', 'member'], 'is_admin_project': True, 'service_user_id': None, 'service_user_domain_id': None, 'service_project_id': None, 'service_project_domain_id': None, 'service_roles': []} {{(pid=65108) authorize /opt/stack/nova/nova/policy.py:203}}
Nov 15 15:42:15 user devstack@n-api.service[65108]: INFO nova.api.openstack.requestlog [None req-9460f990-2b2c-4f25-ad11-c18a73ed67bf tempest-ServerActionsTestOtherA-440053215 tempest-ServerActionsTestOtherA-440053215-project-member] 10.0.0.210 "GET /compute/v2.1/servers/6bff7d80-06e7-4219-a602-6c6be1fef714" status: 200 len: 1232 microversion: 2.1 time: 0.145262
Nov 15 15:42:15 user devstack@n-api.service[65108]: [pid: 65108|app: 0|req: 18/52] 10.0.0.210 () {62 vars in 1313 bytes} [Wed Nov 15 15:42:15 2023] GET /compute/v2.1/servers/6bff7d80-06e7-4219-a602-6c6be1fef714 => generated 1232 bytes in 147 msecs (HTTP/1.1 200) 9 headers in 358 bytes (1 switches on core 0)
