Nov 15 15:45:57 user devstack@n-api.service[65109]: INFO nova.api.openstack.requestlog [None req-a8b234cb-a0cc-4198-a17f-7a58f7083f02 tempest-TaggedAttachmentsTest-1270051836 tempest-TaggedAttachmentsTest-1270051836-project-admin] 10.0.0.210 "GET /compute/v2.1/servers/82cf5365-8116-43dc-adcf-58006b301b6b/os-instance-actions/req-2604c3df-b970-4cb8-80b7-35d2e0fe2ecd" status: 200 len: 503 microversion: 2.49 time: 0.154115
Nov 15 15:45:57 user devstack@n-api.service[65109]: [pid: 65109|app: 0|req: 91/265] 10.0.0.210 () {64 vars in 1537 bytes} [Wed Nov 15 15:45:57 2023] GET /compute/v2.1/servers/82cf5365-8116-43dc-adcf-58006b301b6b/os-instance-actions/req-2604c3df-b970-4cb8-80b7-35d2e0fe2ecd => generated 503 bytes in 155 msecs (HTTP/1.1 200) 9 headers in 359 bytes (1 switches on core 0)
Nov 15 15:45:57 user devstack@n-api.service[65110]: DEBUG nova.api.openstack.wsgi [None req-ba6322e7-44a3-4350-8d51-b4bb0e0c1ba7 tempest-TaggedAttachmentsTest-1270051836 tempest-TaggedAttachmentsTest-1270051836-project-admin] Calling method '>' {{(pid=65110) _process_stack /opt/stack/nova/nova/api/openstack/wsgi.py:513}}
Nov 15 15:45:57 user devstack@n-api.service[65110]: DEBUG nova.compute.api [None req-ba6322e7-44a3-4350-8d51-b4bb0e0c1ba7 tempest-TaggedAttachmentsTest-1270051836 tempest-TaggedAttachmentsTest-1270051836-project-admin] [instance: 82cf5365-8116-43dc-adcf-58006b301b6b] Fetching instance by UUID {{(pid=65110) get /opt/stack/nova/nova/compute/api.py:2978}}
Nov 15 15:45:57 user devstack@n-api.service[65110]: DEBUG oslo_concurrency.lockutils [None req-ba6322e7-44a3-4350-8d51-b4bb0e0c1ba7 tempest-TaggedAttachmentsTest-1270051836 tempest-TaggedAttachmentsTest-1270051836-project-admin] Acquiring lock "35dd790d-511d-4b17-9720-ce96b6b602f7" by "nova.context.set_target_cell..get_or_set_cached_cell_and_set_connections" {{(pid=65110) inner /opt/stack/data/venv/lib/python3.10/site-packages/oslo_concurrency/lockutils.py:404}}
Nov 15 15:45:57 user devstack@n-api.service[65110]: DEBUG oslo_concurrency.lockutils [None req-ba6322e7-44a3-4350-8d51-b4bb0e0c1ba7 tempest-TaggedAttachmentsTest-1270051836 tempest-TaggedAttachmentsTest-1270051836-project-admin] Lock "35dd790d-511d-4b17-9720-ce96b6b602f7" acquired by "nova.context.set_target_cell..get_or_set_cached_cell_and_set_connections" :: waited 0.001s {{(pid=65110) inner /opt/stack/data/venv/lib/python3.10/site-packages/oslo_concurrency/lockutils.py:409}}
Nov 15 15:45:57 user devstack@n-api.service[65110]: DEBUG oslo_concurrency.lockutils [None req-ba6322e7-44a3-4350-8d51-b4bb0e0c1ba7 tempest-TaggedAttachmentsTest-1270051836 tempest-TaggedAttachmentsTest-1270051836-project-admin] Lock "35dd790d-511d-4b17-9720-ce96b6b602f7" "released" by "nova.context.set_target_cell..get_or_set_cached_cell_and_set_connections" :: held 0.001s {{(pid=65110) inner /opt/stack/data/venv/lib/python3.10/site-packages/oslo_concurrency/lockutils.py:423}}
Nov 15 15:45:57 user devstack@n-api.service[65110]: DEBUG oslo_concurrency.lockutils [None req-ba6322e7-44a3-4350-8d51-b4bb0e0c1ba7 tempest-TaggedAttachmentsTest-1270051836 tempest-TaggedAttachmentsTest-1270051836-project-admin] Acquiring lock "35dd790d-511d-4b17-9720-ce96b6b602f7" by "nova.context.set_target_cell..get_or_set_cached_cell_and_set_connections" {{(pid=65110) inner /opt/stack/data/venv/lib/python3.10/site-packages/oslo_concurrency/lockutils.py:404}}
Nov 15 15:45:57 user devstack@n-api.service[65110]: DEBUG oslo_concurrency.lockutils [None req-ba6322e7-44a3-4350-8d51-b4bb0e0c1ba7 tempest-TaggedAttachmentsTest-1270051836 tempest-TaggedAttachmentsTest-1270051836-project-admin] Lock "35dd790d-511d-4b17-9720-ce96b6b602f7" acquired by "nova.context.set_target_cell..get_or_set_cached_cell_and_set_connections" :: waited 0.001s {{(pid=65110) inner /opt/stack/data/venv/lib/python3.10/site-packages/oslo_concurrency/lockutils.py:409}}
Nov 15 15:45:57 user devstack@n-api.service[65110]: DEBUG oslo_concurrency.lockutils [None req-ba6322e7-44a3-4350-8d51-b4bb0e0c1ba7 tempest-TaggedAttachmentsTest-1270051836 tempest-TaggedAttachmentsTest-1270051836-project-admin] Lock "35dd790d-511d-4b17-9720-ce96b6b602f7" "released" by "nova.context.set_target_cell..get_or_set_cached_cell_and_set_connections" :: held 0.000s {{(pid=65110) inner /opt/stack/data/venv/lib/python3.10/site-packages/oslo_concurrency/lockutils.py:423}}
Nov 15 15:45:57 user devstack@n-api.service[65110]: INFO nova.api.openstack.requestlog [None req-ba6322e7-44a3-4350-8d51-b4bb0e0c1ba7 tempest-TaggedAttachmentsTest-1270051836 tempest-TaggedAttachmentsTest-1270051836-project-admin] 10.0.0.210 "GET /compute/v2.1/servers/82cf5365-8116-43dc-adcf-58006b301b6b/os-instance-actions/req-2604c3df-b970-4cb8-80b7-35d2e0fe2ecd" status: 200 len: 503 microversion: 2.49 time: 0.093406
Nov 15 15:45:57 user devstack@n-api.service[65110]: [pid: 65110|app: 0|req: 87/266] 10.0.0.210 () {64 vars in 1537 bytes} [Wed Nov 15 15:45:57 2023] GET /compute/v2.1/servers/82cf5365-8116-43dc-adcf-58006b301b6b/os-instance-actions/req-2604c3df-b970-4cb8-80b7-35d2e0fe2ecd => generated 503 bytes in 96 msecs (HTTP/1.1 200) 9 headers in 359 bytes (1 switches on core 0)
Nov 15 15:45:57 user devstack@n-api.service[65108]: DEBUG nova.api.openstack.wsgi [None req-ab77e6be-c820-4622-bcf8-07d4c6a2fa50 tempest-TaggedAttachmentsTest-635424622 tempest-TaggedAttachmentsTest-635424622-project-member] Calling method '>' {{(pid=65108) _process_stack /opt/stack/nova/nova/api/openstack/wsgi.py:513}}
Nov 15 15:45:57 user devstack@n-api.service[65108]: DEBUG nova.compute.api [None req-ab77e6be-c820-4622-bcf8-07d4c6a2fa50 tempest-TaggedAttachmentsTest-635424622 tempest-TaggedAttachmentsTest-635424622-project-member] [instance: 82cf5365-8116-43dc-adcf-58006b301b6b] Fetching instance by UUID {{(pid=65108) get /opt/stack/nova/nova/compute/api.py:2978}}
Nov 15 15:45:57 user devstack@n-api.service[65108]: DEBUG oslo_concurrency.lockutils [None req-ab77e6be-c820-4622-bcf8-07d4c6a2fa50 tempest-TaggedAttachmentsTest-635424622 tempest-TaggedAttachmentsTest-635424622-project-member] Acquiring lock "35dd790d-511d-4b17-9720-ce96b6b602f7" by "nova.context.set_target_cell..get_or_set_cached_cell_and_set_connections" {{(pid=65108) inner /opt/stack/data/venv/lib/python3.10/site-packages/oslo_concurrency/lockutils.py:404}}
Nov 15 15:45:57 user devstack@n-api.service[65108]: DEBUG oslo_concurrency.lockutils [None req-ab77e6be-c820-4622-bcf8-07d4c6a2fa50 tempest-TaggedAttachmentsTest-635424622 tempest-TaggedAttachmentsTest-635424622-project-member] Lock "35dd790d-511d-4b17-9720-ce96b6b602f7" acquired by "nova.context.set_target_cell..get_or_set_cached_cell_and_set_connections" :: waited 0.001s {{(pid=65108) inner /opt/stack/data/venv/lib/python3.10/site-packages/oslo_concurrency/lockutils.py:409}}
Nov 15 15:45:57 user devstack@n-api.service[65108]: DEBUG oslo_concurrency.lockutils [None req-ab77e6be-c820-4622-bcf8-07d4c6a2fa50 tempest-TaggedAttachmentsTest-635424622 tempest-TaggedAttachmentsTest-635424622-project-member] Lock "35dd790d-511d-4b17-9720-ce96b6b602f7" "released" by "nova.context.set_target_cell..get_or_set_cached_cell_and_set_connections" :: held 0.001s {{(pid=65108) inner /opt/stack/data/venv/lib/python3.10/site-packages/oslo_concurrency/lockutils.py:423}}
Nov 15 15:45:57 user devstack@n-api.service[65108]: DEBUG oslo_concurrency.lockutils [None req-ab77e6be-c820-4622-bcf8-07d4c6a2fa50 tempest-TaggedAttachmentsTest-635424622 tempest-TaggedAttachmentsTest-635424622-project-member] Acquiring lock "35dd790d-511d-4b17-9720-ce96b6b602f7" by "nova.context.set_target_cell..get_or_set_cached_cell_and_set_connections" {{(pid=65108) inner /opt/stack/data/venv/lib/python3.10/site-packages/oslo_concurrency/lockutils.py:404}}
Nov 15 15:45:57 user devstack@n-api.service[65108]: DEBUG oslo_concurrency.lockutils [None req-ab77e6be-c820-4622-bcf8-07d4c6a2fa50 tempest-TaggedAttachmentsTest-635424622 tempest-TaggedAttachmentsTest-635424622-project-member] Lock "35dd790d-511d-4b17-9720-ce96b6b602f7" acquired by "nova.context.set_target_cell..get_or_set_cached_cell_and_set_connections" :: waited 0.000s {{(pid=65108) inner /opt/stack/data/venv/lib/python3.10/site-packages/oslo_concurrency/lockutils.py:409}}
Nov 15 15:45:57 user devstack@n-api.service[65108]: DEBUG oslo_concurrency.lockutils [None req-ab77e6be-c820-4622-bcf8-07d4c6a2fa50 tempest-TaggedAttachmentsTest-635424622 tempest-TaggedAttachmentsTest-635424622-project-member] Lock "35dd790d-511d-4b17-9720-ce96b6b602f7" "released" by "nova.context.set_target_cell..get_or_set_cached_cell_and_set_connections" :: held 0.000s {{(pid=65108) inner /opt/stack/data/venv/lib/python3.10/site-packages/oslo_concurrency/lockutils.py:423}}
Nov 15 15:45:57 user devstack@n-api.service[65108]: INFO nova.api.openstack.requestlog [None req-ab77e6be-c820-4622-bcf8-07d4c6a2fa50 tempest-TaggedAttachmentsTest-635424622 tempest-TaggedAttachmentsTest-635424622-project-member] 10.0.0.210 "GET /compute/v2.1/servers/82cf5365-8116-43dc-adcf-58006b301b6b/os-volume_attachments" status: 200 len: 25 microversion: 2.49 time: 0.046183
Nov 15 15:45:57 user devstack@n-api.service[65108]: [pid: 65108|app: 0|req: 89/267] 10.0.0.210 () {64 vars in 1420 bytes} [Wed Nov 15 15:45:57 2023] GET /compute/v2.1/servers/82cf5365-8116-43dc-adcf-58006b301b6b/os-volume_attachments => generated 25 bytes in 48 msecs (HTTP/1.1 200) 9 headers in 358 bytes (1 switches on core 0)
Nov 15 15:45:57 user devstack@n-api.service[65109]: DEBUG nova.api.openstack.wsgi [None req-65ffec92-707c-43dd-9635-12d88c3a1818 tempest-TaggedAttachmentsTest-635424622 tempest-TaggedAttachmentsTest-635424622-project-member] Calling method '>' {{(pid=65109) _process_stack /opt/stack/nova/nova/api/openstack/wsgi.py:513}}
Nov 15 15:45:57 user devstack@n-api.service[65109]: DEBUG nova.compute.api [None req-65ffec92-707c-43dd-9635-12d88c3a1818 tempest-TaggedAttachmentsTest-635424622 tempest-TaggedAttachmentsTest-635424622-project-member] [instance: 82cf5365-8116-43dc-adcf-58006b301b6b] Fetching instance by UUID {{(pid=65109) get /opt/stack/nova/nova/compute/api.py:2978}}
Nov 15 15:45:57 user devstack@n-api.service[65109]: DEBUG oslo_concurrency.lockutils [None req-65ffec92-707c-43dd-9635-12d88c3a1818 tempest-TaggedAttachmentsTest-635424622 tempest-TaggedAttachmentsTest-635424622-project-member] Acquiring lock "35dd790d-511d-4b17-9720-ce96b6b602f7" by "nova.context.set_target_cell..get_or_set_cached_cell_and_set_connections" {{(pid=65109) inner /opt/stack/data/venv/lib/python3.10/site-packages/oslo_concurrency/lockutils.py:404}}
Nov 15 15:45:57 user devstack@n-api.service[65109]: DEBUG oslo_concurrency.lockutils [None req-65ffec92-707c-43dd-9635-12d88c3a1818 tempest-TaggedAttachmentsTest-635424622 tempest-TaggedAttachmentsTest-635424622-project-member] Lock "35dd790d-511d-4b17-9720-ce96b6b602f7" acquired by "nova.context.set_target_cell..get_or_set_cached_cell_and_set_connections" :: waited 0.000s {{(pid=65109) inner /opt/stack/data/venv/lib/python3.10/site-packages/oslo_concurrency/lockutils.py:409}}
Nov 15 15:45:57 user devstack@n-api.service[65109]: DEBUG oslo_concurrency.lockutils [None req-65ffec92-707c-43dd-9635-12d88c3a1818 tempest-TaggedAttachmentsTest-635424622 tempest-TaggedAttachmentsTest-635424622-project-member] Lock "35dd790d-511d-4b17-9720-ce96b6b602f7" "released" by "nova.context.set_target_cell..get_or_set_cached_cell_and_set_connections" :: held 0.000s {{(pid=65109) inner /opt/stack/data/venv/lib/python3.10/site-packages/oslo_concurrency/lockutils.py:423}}
Nov 15 15:45:57 user devstack@n-api.service[65109]: DEBUG oslo_concurrency.lockutils [None req-65ffec92-707c-43dd-9635-12d88c3a1818 tempest-TaggedAttachmentsTest-635424622 tempest-TaggedAttachmentsTest-635424622-project-member] Acquiring lock "35dd790d-511d-4b17-9720-ce96b6b602f7" by "nova.context.set_target_cell..get_or_set_cached_cell_and_set_connections" {{(pid=65109) inner /opt/stack/data/venv/lib/python3.10/site-packages/oslo_concurrency/lockutils.py:404}}
Nov 15 15:45:57 user devstack@n-api.service[65109]: DEBUG oslo_concurrency.lockutils [None req-65ffec92-707c-43dd-9635-12d88c3a1818 tempest-TaggedAttachmentsTest-635424622 tempest-TaggedAttachmentsTest-635424622-project-member] Lock "35dd790d-511d-4b17-9720-ce96b6b602f7" acquired by "nova.context.set_target_cell..get_or_set_cached_cell_and_set_connections" :: waited 0.000s {{(pid=65109) inner /opt/stack/data/venv/lib/python3.10/site-packages/oslo_concurrency/lockutils.py:409}}
Nov 15 15:45:57 user devstack@n-api.service[65109]: DEBUG oslo_concurrency.lockutils [None req-65ffec92-707c-43dd-9635-12d88c3a1818 tempest-TaggedAttachmentsTest-635424622 tempest-TaggedAttachmentsTest-635424622-project-member] Lock "35dd790d-511d-4b17-9720-ce96b6b602f7" "released" by "nova.context.set_target_cell..get_or_set_cached_cell_and_set_connections" :: held 0.000s {{(pid=65109) inner /opt/stack/data/venv/lib/python3.10/site-packages/oslo_concurrency/lockutils.py:423}}
Nov 15 15:45:57 user devstack@n-api.service[65109]: DEBUG nova.compute.api [None req-65ffec92-707c-43dd-9635-12d88c3a1818 tempest-TaggedAttachmentsTest-635424622 tempest-TaggedAttachmentsTest-635424622-project-member] [instance: 82cf5365-8116-43dc-adcf-58006b301b6b] Going to try to terminate instance {{(pid=65109) delete /opt/stack/nova/nova/compute/api.py:2722}}
Nov 15 15:45:57 user devstack@n-api.service[65109]: INFO nova.api.openstack.requestlog [None req-65ffec92-707c-43dd-9635-12d88c3a1818 tempest-TaggedAttachmentsTest-635424622 tempest-TaggedAttachmentsTest-635424622-project-member] 10.0.0.210 "DELETE /compute/v2.1/servers/82cf5365-8116-43dc-adcf-58006b301b6b" status: 204 len: 0 microversion: 2.49 time: 0.105513
Nov 15 15:45:57 user devstack@n-api.service[65109]: [pid: 65109|app: 0|req: 92/268] 10.0.0.210 () {64 vars in 1357 bytes} [Wed Nov 15 15:45:57 2023] DELETE /compute/v2.1/servers/82cf5365-8116-43dc-adcf-58006b301b6b => generated 0 bytes in 107 msecs (HTTP/1.1 204) 9 headers in 365 bytes (1 switches on core 0)
Nov 15 15:45:57 user devstack@n-api.service[65110]: DEBUG nova.api.openstack.wsgi [None req-135d7e2d-10d7-43bf-8e41-6bd3247fe383 tempest-TaggedAttachmentsTest-635424622 tempest-TaggedAttachmentsTest-635424622-project-member] Calling method '>' {{(pid=65110) _process_stack /opt/stack/nova/nova/api/openstack/wsgi.py:513}}
Nov 15 15:45:57 user devstack@n-api.service[65110]: DEBUG nova.compute.api [None req-135d7e2d-10d7-43bf-8e41-6bd3247fe383 tempest-TaggedAttachmentsTest-635424622 tempest-TaggedAttachmentsTest-635424622-project-member] [instance: 82cf5365-8116-43dc-adcf-58006b301b6b] Fetching instance by UUID {{(pid=65110) get /opt/stack/nova/nova/compute/api.py:2978}}
Nov 15 15:45:57 user devstack@n-api.service[65110]: DEBUG oslo_concurrency.lockutils [None req-135d7e2d-10d7-43bf-8e41-6bd3247fe383 tempest-TaggedAttachmentsTest-635424622 tempest-TaggedAttachmentsTest-635424622-project-member] Acquiring lock "35dd790d-511d-4b17-9720-ce96b6b602f7" by "nova.context.set_target_cell..get_or_set_cached_cell_and_set_connections" {{(pid=65110) inner /opt/stack/data/venv/lib/python3.10/site-packages/oslo_concurrency/lockutils.py:404}}
Nov 15 15:45:57 user devstack@n-api.service[65110]: DEBUG oslo_concurrency.lockutils [None req-135d7e2d-10d7-43bf-8e41-6bd3247fe383 tempest-TaggedAttachmentsTest-635424622 tempest-TaggedAttachmentsTest-635424622-project-member] Lock "35dd790d-511d-4b17-9720-ce96b6b602f7" acquired by "nova.context.set_target_cell..get_or_set_cached_cell_and_set_connections" :: waited 0.001s {{(pid=65110) inner /opt/stack/data/venv/lib/python3.10/site-packages/oslo_concurrency/lockutils.py:409}}
Nov 15 15:45:57 user devstack@n-api.service[65110]: DEBUG oslo_concurrency.lockutils [None req-135d7e2d-10d7-43bf-8e41-6bd3247fe383 tempest-TaggedAttachmentsTest-635424622 tempest-TaggedAttachmentsTest-635424622-project-member] Lock "35dd790d-511d-4b17-9720-ce96b6b602f7" "released" by "nova.context.set_target_cell..get_or_set_cached_cell_and_set_connections" :: held 0.001s {{(pid=65110) inner /opt/stack/data/venv/lib/python3.10/site-packages/oslo_concurrency/lockutils.py:423}}
Nov 15 15:45:57 user devstack@n-api.service[65110]: DEBUG oslo_concurrency.lockutils [None req-135d7e2d-10d7-43bf-8e41-6bd3247fe383 tempest-TaggedAttachmentsTest-635424622 tempest-TaggedAttachmentsTest-635424622-project-member] Acquiring lock "35dd790d-511d-4b17-9720-ce96b6b602f7" by "nova.context.set_target_cell..get_or_set_cached_cell_and_set_connections" {{(pid=65110) inner /opt/stack/data/venv/lib/python3.10/site-packages/oslo_concurrency/lockutils.py:404}}
Nov 15 15:45:57 user devstack@n-api.service[65110]: DEBUG oslo_concurrency.lockutils [None req-135d7e2d-10d7-43bf-8e41-6bd3247fe383 tempest-TaggedAttachmentsTest-635424622 tempest-TaggedAttachmentsTest-635424622-project-member] Lock "35dd790d-511d-4b17-9720-ce96b6b602f7" acquired by "nova.context.set_target_cell..get_or_set_cached_cell_and_set_connections" :: waited 0.000s {{(pid=65110) inner /opt/stack/data/venv/lib/python3.10/site-packages/oslo_concurrency/lockutils.py:409}}
Nov 15 15:45:57 user devstack@n-api.service[65110]: DEBUG oslo_concurrency.lockutils [None req-135d7e2d-10d7-43bf-8e41-6bd3247fe383 tempest-TaggedAttachmentsTest-635424622 tempest-TaggedAttachmentsTest-635424622-project-member] Lock "35dd790d-511d-4b17-9720-ce96b6b602f7" "released" by "nova.context.set_target_cell..get_or_set_cached_cell_and_set_connections" :: held 0.000s {{(pid=65110) inner /opt/stack/data/venv/lib/python3.10/site-packages/oslo_concurrency/lockutils.py:423}}
Nov 15 15:45:58 user devstack@n-api.service[65110]: DEBUG nova.policy [None req-135d7e2d-10d7-43bf-8e41-6bd3247fe383 tempest-TaggedAttachmentsTest-635424622 tempest-TaggedAttachmentsTest-635424622-project-member] Policy check for os_compute_api:os-extended-server-attributes failed with credentials {'is_admin': False, 'user_id': 'ffb7f652d1ea433a92ffcccf0b93f3b2', 'user_domain_id': 'default', 'system_scope': None, 'domain_id': None, 'project_id': '7cb8bb4f0ef14c929f8ba8c60295b2ea', 'project_domain_id': 'default', 'roles': ['reader', 'member'], 'is_admin_project': True, 'service_user_id': None, 'service_user_domain_id': None, 'service_project_id': None, 'service_project_domain_id': None, 'service_roles': []} {{(pid=65110) authorize /opt/stack/nova/nova/policy.py:203}}
Nov 15 15:45:58 user devstack@n-api.service[65108]: DEBUG nova.api.openstack.wsgi [req-4d949c9f-4183-4d20-a177-9d1680b66ba1 req-40b4d330-d759-4b36-b4dd-a79de267e13d service nova] Action: 'create', calling method: >, body: {"events": [{"server_uuid": "82cf5365-8116-43dc-adcf-58006b301b6b", "name": "network-vif-unplugged", "status": "completed", "tag": "6114f792-1084-4110-a522-3e22b0991f20"}]} {{(pid=65108) _process_stack /opt/stack/nova/nova/api/openstack/wsgi.py:511}}
Nov 15 15:45:58 user devstack@n-api.service[65110]: DEBUG nova.policy [None req-135d7e2d-10d7-43bf-8e41-6bd3247fe383 tempest-TaggedAttachmentsTest-635424622 tempest-TaggedAttachmentsTest-635424622-project-member] Policy check for os_compute_api:servers:show:host_status failed with credentials {'is_admin': False, 'user_id': 'ffb7f652d1ea433a92ffcccf0b93f3b2', 'user_domain_id': 'default', 'system_scope': None, 'domain_id': None, 'project_id': '7cb8bb4f0ef14c929f8ba8c60295b2ea', 'project_domain_id': 'default', 'roles': ['reader', 'member'], 'is_admin_project': True, 'service_user_id': None, 'service_user_domain_id': None, 'service_project_id': None, 'service_project_domain_id': None, 'service_roles': []} {{(pid=65110) authorize /opt/stack/nova/nova/policy.py:203}}
Nov 15 15:45:58 user devstack@n-api.service[65110]: DEBUG nova.policy [None req-135d7e2d-10d7-43bf-8e41-6bd3247fe383 tempest-TaggedAttachmentsTest-635424622 tempest-TaggedAttachmentsTest-635424622-project-member] Policy check for os_compute_api:servers:show:host_status:unknown-only failed with credentials {'is_admin': False, 'user_id': 'ffb7f652d1ea433a92ffcccf0b93f3b2', 'user_domain_id': 'default', 'system_scope': None, 'domain_id': None, 'project_id': '7cb8bb4f0ef14c929f8ba8c60295b2ea', 'project_domain_id': 'default', 'roles': ['reader', 'member'], 'is_admin_project': True, 'service_user_id': None, 'service_user_domain_id': None, 'service_project_id': None, 'service_project_domain_id': None, 'service_roles': []} {{(pid=65110) authorize /opt/stack/nova/nova/policy.py:203}}
Nov 15 15:45:58 user devstack@n-api.service[65110]: INFO nova.api.openstack.requestlog [None req-135d7e2d-10d7-43bf-8e41-6bd3247fe383 tempest-TaggedAttachmentsTest-635424622 tempest-TaggedAttachmentsTest-635424622-project-member] 10.0.0.210 "GET /compute/v2.1/servers/82cf5365-8116-43dc-adcf-58006b301b6b" status: 200 len: 1751 microversion: 2.49 time: 0.349064
Nov 15 15:45:58 user devstack@n-api.service[65110]: [pid: 65110|app: 0|req: 88/269] 10.0.0.210 () {64 vars in 1354 bytes} [Wed Nov 15 15:45:57 2023] GET /compute/v2.1/servers/82cf5365-8116-43dc-adcf-58006b301b6b => generated 1751 bytes in 351 msecs (HTTP/1.1 200) 9 headers in 360 bytes (1 switches on core 0)
Nov 15 15:45:58 user devstack@n-api.service[65108]: DEBUG oslo_concurrency.lockutils [req-4d949c9f-4183-4d20-a177-9d1680b66ba1 req-40b4d330-d759-4b36-b4dd-a79de267e13d service nova] Acquiring lock "35dd790d-511d-4b17-9720-ce96b6b602f7" by "nova.context.set_target_cell..get_or_set_cached_cell_and_set_connections" {{(pid=65108) inner /opt/stack/data/venv/lib/python3.10/site-packages/oslo_concurrency/lockutils.py:404}}
Nov 15 15:45:58 user devstack@n-api.service[65108]: DEBUG oslo_concurrency.lockutils [req-4d949c9f-4183-4d20-a177-9d1680b66ba1 req-40b4d330-d759-4b36-b4dd-a79de267e13d service nova] Lock "35dd790d-511d-4b17-9720-ce96b6b602f7" acquired by "nova.context.set_target_cell..get_or_set_cached_cell_and_set_connections" :: waited 0.001s {{(pid=65108) inner /opt/stack/data/venv/lib/python3.10/site-packages/oslo_concurrency/lockutils.py:409}}
Nov 15 15:45:58 user devstack@n-api.service[65108]: DEBUG oslo_concurrency.lockutils [req-4d949c9f-4183-4d20-a177-9d1680b66ba1 req-40b4d330-d759-4b36-b4dd-a79de267e13d service nova] Lock "35dd790d-511d-4b17-9720-ce96b6b602f7" "released" by "nova.context.set_target_cell..get_or_set_cached_cell_and_set_connections" :: held 0.000s {{(pid=65108) inner /opt/stack/data/venv/lib/python3.10/site-packages/oslo_concurrency/lockutils.py:423}}
Nov 15 15:45:58 user devstack@n-api.service[65108]: INFO nova.api.openstack.compute.server_external_events [req-4d949c9f-4183-4d20-a177-9d1680b66ba1 req-40b4d330-d759-4b36-b4dd-a79de267e13d service nova] Creating event network-vif-unplugged:6114f792-1084-4110-a522-3e22b0991f20 for instance 82cf5365-8116-43dc-adcf-58006b301b6b on user
Nov 15 15:45:58 user devstack@n-api.service[65108]: INFO nova.api.openstack.requestlog [req-4d949c9f-4183-4d20-a177-9d1680b66ba1 req-40b4d330-d759-4b36-b4dd-a79de267e13d service nova] 10.0.0.210 "POST /compute/v2.1/os-server-external-events" status: 200 len: 185 microversion: 2.1 time: 0.038325
Nov 15 15:45:58 user devstack@n-api.service[65108]: [pid: 65108|app: 0|req: 90/270] 10.0.0.210 () {68 vars in 1394 bytes} [Wed Nov 15 15:45:58 2023] POST /compute/v2.1/os-server-external-events => generated 185 bytes in 40 msecs (HTTP/1.1 200) 9 headers in 357 bytes (1 switches on core 0)
Nov 15 15:45:59 user devstack@n-api.service[65109]: DEBUG nova.api.openstack.wsgi [None req-06bfbc71-78af-4906-a357-d61b325a9cb9 tempest-VolumesSnapshotsTestJSON-2102289416 tempest-VolumesSnapshotsTestJSON-2102289416-project-member] Action: 'create', calling method: .version_select at 0x7f377f7afeb0>, body: {"volume": {"size": 1, "display_name": "tempest-VolumesSnapshotsTestJSON-volume-25116362"}} {{(pid=65109) _process_stack /opt/stack/nova/nova/api/openstack/wsgi.py:511}}
Nov 15 15:45:59 user devstack@n-api.service[65110]: DEBUG nova.api.openstack.wsgi [None req-28c94b25-e9af-437d-8858-f85812d54d9e tempest-ServerActionsTestOtherA-440053215 tempest-ServerActionsTestOtherA-440053215-project-member] Action: 'create', calling method: .version_select at 0x7f377fa1b010>, body: {"keypair": {"name": "tempest-keypair-545373946", "public_key": "ecdsa-sha2-nistp384 AAAAE2VjZHNhLXNoYTItbmlzdHAzODQAAAAIbmlzdHAzODQAAABhBBL3KDARi3OEVNXIhl0pAbzbbsz2DNfqsc3kxN3ObexMvoC3eyls8GHPkEn3oa5+ls9jdwSUVHEuTDX56unIVH6uGBnWBj5DQJc/OI5kBcpcKj/DuRqvYj4UgFfh8HSKpQ=="}} {{(pid=65110) _process_stack /opt/stack/nova/nova/api/openstack/wsgi.py:511}}
Nov 15 15:45:59 user devstack@n-api.service[65110]: DEBUG nova.quota [None req-28c94b25-e9af-437d-8858-f85812d54d9e tempest-ServerActionsTestOtherA-440053215 tempest-ServerActionsTestOtherA-440053215-project-member] Getting quotas for project 18c587b1467441ceb091ece4e973408e. Resources: {'key_pairs'} {{(pid=65110) _get_quotas /opt/stack/nova/nova/quota.py:393}}
Nov 15 15:45:59 user devstack@n-api.service[65110]: DEBUG nova.quota [None req-28c94b25-e9af-437d-8858-f85812d54d9e tempest-ServerActionsTestOtherA-440053215 tempest-ServerActionsTestOtherA-440053215-project-member] Getting quotas for user 975ca4994eb74b6bbf541bb308b148f1 and project 18c587b1467441ceb091ece4e973408e. Resources: {'key_pairs'} {{(pid=65110) _get_quotas /opt/stack/nova/nova/quota.py:383}}
Nov 15 15:45:59 user devstack@n-api.service[65110]: INFO nova.api.openstack.requestlog [None req-28c94b25-e9af-437d-8858-f85812d54d9e tempest-ServerActionsTestOtherA-440053215 tempest-ServerActionsTestOtherA-440053215-project-member] 10.0.0.210 "POST /compute/v2.1/os-keypairs" status: 200 len: 385 microversion: 2.1 time: 0.059231
Nov 15 15:45:59 user devstack@n-api.service[65110]: [pid: 65110|app: 0|req: 89/271] 10.0.0.210 () {64 vars in 1236 bytes} [Wed Nov 15 15:45:59 2023] POST /compute/v2.1/os-keypairs => generated 385 bytes in 61 msecs (HTTP/1.1 200) 9 headers in 357 bytes (1 switches on core 0)
Nov 15 15:45:59 user devstack@n-api.service[65109]: INFO nova.api.openstack.requestlog [None req-06bfbc71-78af-4906-a357-d61b325a9cb9 tempest-VolumesSnapshotsTestJSON-2102289416 tempest-VolumesSnapshotsTestJSON-2102289416-project-member] 10.0.0.210 "POST /compute/v2.1/os-volumes" status: 200 len: 343 microversion: 2.1 time: 0.481158
Nov 15 15:45:59 user devstack@n-api.service[65109]: [pid: 65109|app: 0|req: 93/272] 10.0.0.210 () {64 vars in 1232 bytes} [Wed Nov 15 15:45:58 2023] POST /compute/v2.1/os-volumes => generated 343 bytes in 483 msecs (HTTP/1.1 200) 10 headers in 447 bytes (2 switches on core 0)
Nov 15 15:45:59 user devstack@n-api.service[65108]: DEBUG nova.api.openstack.wsgi [None req-97f8166a-f6ec-4a7c-895c-66b8de27c23a tempest-VolumesSnapshotsTestJSON-2102289416 tempest-VolumesSnapshotsTestJSON-2102289416-project-member] Calling method '.version_select at 0x7f377fc67490>' {{(pid=65108) _process_stack /opt/stack/nova/nova/api/openstack/wsgi.py:513}}
Nov 15 15:45:59 user devstack@n-api.service[65108]: INFO nova.api.openstack.requestlog [None req-97f8166a-f6ec-4a7c-895c-66b8de27c23a tempest-VolumesSnapshotsTestJSON-2102289416 tempest-VolumesSnapshotsTestJSON-2102289416-project-member] 10.0.0.210 "GET /compute/v2.1/os-volumes/a3ec6b88-e0e8-4a61-9f40-8dc4329ea858" status: 200 len: 343 microversion: 2.1 time: 0.056374
Nov 15 15:45:59 user devstack@n-api.service[65108]: [pid: 65108|app: 0|req: 91/273] 10.0.0.210 () {62 vars in 1322 bytes} [Wed Nov 15 15:45:59 2023] GET /compute/v2.1/os-volumes/a3ec6b88-e0e8-4a61-9f40-8dc4329ea858 => generated 343 bytes in 58 msecs (HTTP/1.1 200) 9 headers in 357 bytes (1 switches on core 0)
Nov 15 15:46:00 user devstack@n-api.service[65110]: DEBUG nova.api.openstack.wsgi [req-e3fbe345-c612-4a50-a440-fd082bc8584f req-b18ca323-8c75-444b-9403-d8003a5651f1 service nova] Action: 'create', calling method: >, body: {"events": [{"server_uuid": "82cf5365-8116-43dc-adcf-58006b301b6b", "name": "network-vif-deleted", "tag": "6114f792-1084-4110-a522-3e22b0991f20"}]} {{(pid=65110) _process_stack /opt/stack/nova/nova/api/openstack/wsgi.py:511}}
Nov 15 15:46:00 user devstack@n-api.service[65109]: DEBUG nova.api.openstack.wsgi [req-940eca29-66ec-4768-b4ea-919d567f8aca req-c7b87435-0bbb-4986-9bd4-6cd324d77e5f service nova] Action: 'create', calling method: >, body: {"events": [{"server_uuid": "82cf5365-8116-43dc-adcf-58006b301b6b", "name": "network-vif-plugged", "status": "completed", "tag": "6114f792-1084-4110-a522-3e22b0991f20"}]} {{(pid=65109) _process_stack /opt/stack/nova/nova/api/openstack/wsgi.py:511}}
Nov 15 15:46:00 user devstack@n-api.service[65110]: DEBUG oslo_concurrency.lockutils [req-e3fbe345-c612-4a50-a440-fd082bc8584f req-b18ca323-8c75-444b-9403-d8003a5651f1 service nova] Acquiring lock "35dd790d-511d-4b17-9720-ce96b6b602f7" by "nova.context.set_target_cell..get_or_set_cached_cell_and_set_connections" {{(pid=65110) inner /opt/stack/data/venv/lib/python3.10/site-packages/oslo_concurrency/lockutils.py:404}}
Nov 15 15:46:00 user devstack@n-api.service[65110]: DEBUG oslo_concurrency.lockutils [req-e3fbe345-c612-4a50-a440-fd082bc8584f req-b18ca323-8c75-444b-9403-d8003a5651f1 service nova] Lock "35dd790d-511d-4b17-9720-ce96b6b602f7" acquired by "nova.context.set_target_cell..get_or_set_cached_cell_and_set_connections" :: waited 0.001s {{(pid=65110) inner /opt/stack/data/venv/lib/python3.10/site-packages/oslo_concurrency/lockutils.py:409}}
Nov 15 15:46:00 user devstack@n-api.service[65110]: DEBUG oslo_concurrency.lockutils [req-e3fbe345-c612-4a50-a440-fd082bc8584f req-b18ca323-8c75-444b-9403-d8003a5651f1 service nova] Lock "35dd790d-511d-4b17-9720-ce96b6b602f7" "released" by "nova.context.set_target_cell..get_or_set_cached_cell_and_set_connections" :: held 0.001s {{(pid=65110) inner /opt/stack/data/venv/lib/python3.10/site-packages/oslo_concurrency/lockutils.py:423}}
Nov 15 15:46:00 user devstack@n-api.service[65109]: DEBUG oslo_concurrency.lockutils [req-940eca29-66ec-4768-b4ea-919d567f8aca req-c7b87435-0bbb-4986-9bd4-6cd324d77e5f service nova] Acquiring lock "35dd790d-511d-4b17-9720-ce96b6b602f7" by "nova.context.set_target_cell..get_or_set_cached_cell_and_set_connections" {{(pid=65109) inner /opt/stack/data/venv/lib/python3.10/site-packages/oslo_concurrency/lockutils.py:404}}
Nov 15 15:46:00 user devstack@n-api.service[65109]: DEBUG oslo_concurrency.lockutils [req-940eca29-66ec-4768-b4ea-919d567f8aca req-c7b87435-0bbb-4986-9bd4-6cd324d77e5f service nova] Lock "35dd790d-511d-4b17-9720-ce96b6b602f7" acquired by "nova.context.set_target_cell..get_or_set_cached_cell_and_set_connections" :: waited 0.001s {{(pid=65109) inner /opt/stack/data/venv/lib/python3.10/site-packages/oslo_concurrency/lockutils.py:409}}
Nov 15 15:46:00 user devstack@n-api.service[65109]: DEBUG oslo_concurrency.lockutils [req-940eca29-66ec-4768-b4ea-919d567f8aca req-c7b87435-0bbb-4986-9bd4-6cd324d77e5f service nova] Lock "35dd790d-511d-4b17-9720-ce96b6b602f7" "released" by "nova.context.set_target_cell..get_or_set_cached_cell_and_set_connections" :: held 0.000s {{(pid=65109) inner /opt/stack/data/venv/lib/python3.10/site-packages/oslo_concurrency/lockutils.py:423}}
Nov 15 15:46:00 user devstack@n-api.service[65110]: INFO nova.api.openstack.compute.server_external_events [req-e3fbe345-c612-4a50-a440-fd082bc8584f req-b18ca323-8c75-444b-9403-d8003a5651f1 service nova] Creating event network-vif-deleted:6114f792-1084-4110-a522-3e22b0991f20 for instance 82cf5365-8116-43dc-adcf-58006b301b6b on user
Nov 15 15:46:00 user devstack@n-api.service[65110]: INFO nova.api.openstack.requestlog [req-e3fbe345-c612-4a50-a440-fd082bc8584f req-b18ca323-8c75-444b-9403-d8003a5651f1 service nova] 10.0.0.210 "POST /compute/v2.1/os-server-external-events" status: 200 len: 183 microversion: 2.1 time: 0.046347
Nov 15 15:46:00 user devstack@n-api.service[65110]: [pid: 65110|app: 0|req: 90/274] 10.0.0.210 () {68 vars in 1394 bytes} [Wed Nov 15 15:46:00 2023] POST /compute/v2.1/os-server-external-events => generated 183 bytes in 48 msecs (HTTP/1.1 200) 9 headers in 357 bytes (2 switches on core 0)
Nov 15 15:46:00 user devstack@n-api.service[65109]: INFO nova.api.openstack.compute.server_external_events [req-940eca29-66ec-4768-b4ea-919d567f8aca req-c7b87435-0bbb-4986-9bd4-6cd324d77e5f service nova] Creating event network-vif-plugged:6114f792-1084-4110-a522-3e22b0991f20 for instance 82cf5365-8116-43dc-adcf-58006b301b6b on user
Nov 15 15:46:00 user devstack@n-api.service[65109]: INFO nova.api.openstack.requestlog [req-940eca29-66ec-4768-b4ea-919d567f8aca req-c7b87435-0bbb-4986-9bd4-6cd324d77e5f service nova] 10.0.0.210 "POST /compute/v2.1/os-server-external-events" status: 200 len: 183 microversion: 2.1 time: 0.048895
Nov 15 15:46:00 user devstack@n-api.service[65109]: [pid: 65109|app: 0|req: 94/275] 10.0.0.210 () {68 vars in 1394 bytes} [Wed Nov 15 15:46:00 2023] POST /compute/v2.1/os-server-external-events => generated 183 bytes in 52 msecs (HTTP/1.1 200) 9 headers in 357 bytes (1 switches on core 0)
Nov 15 15:46:00 user devstack@n-api.service[65108]: DEBUG nova.api.openstack.wsgi [None req-a9fec5e7-9eab-414f-89f6-aae7358de350 tempest-VolumesSnapshotsTestJSON-2102289416 tempest-VolumesSnapshotsTestJSON-2102289416-project-member] Calling method '.version_select at 0x7f377fc65cf0>' {{(pid=65108) _process_stack /opt/stack/nova/nova/api/openstack/wsgi.py:513}}
Nov 15 15:46:00 user devstack@n-api.service[65108]: INFO nova.api.openstack.requestlog [None req-a9fec5e7-9eab-414f-89f6-aae7358de350 tempest-VolumesSnapshotsTestJSON-2102289416 tempest-VolumesSnapshotsTestJSON-2102289416-project-member] 10.0.0.210 "GET /compute/v2.1/os-volumes/a3ec6b88-e0e8-4a61-9f40-8dc4329ea858" status: 200 len: 343 microversion: 2.1 time: 0.061044
Nov 15 15:46:00 user devstack@n-api.service[65108]: [pid: 65108|app: 0|req: 92/276] 10.0.0.210 () {62 vars in 1322 bytes} [Wed Nov 15 15:46:00 2023] GET /compute/v2.1/os-volumes/a3ec6b88-e0e8-4a61-9f40-8dc4329ea858 => generated 343 bytes in 62 msecs (HTTP/1.1 200) 9 headers in 357 bytes (1 switches on core 0)
Nov 15 15:46:01 user devstack@n-api.service[65110]: DEBUG nova.api.openstack.wsgi [None req-f35c660a-113a-43e7-a2f4-1c39a16a26a6 tempest-ServerActionsTestOtherA-440053215 tempest-ServerActionsTestOtherA-440053215-project-member] Action: 'create', calling method: >, body: {"server": {"name": "tempest-tempest.common.compute-instance-699262549", "imageRef": "42c1c869-d893-4140-8d14-8f5bfccef902", "flavorRef": "1", "networks": [{"uuid": "d1f6de08-aee1-4418-9f8f-c41e14c74b1c"}], "security_groups": [{"name": "tempest-securitygroup--1976278161"}], "key_name": "tempest-keypair-545373946", "user_data": "IyEvYmluL3NoCmVjaG8gIlByaW50aW5nIGNpcnJvcyB1c2VyIGF1dGhvcml6ZWQga2V5cyIKY2F0IH5jaXJyb3MvLnNzaC9hdXRob3JpemVkX2tleXMgfHwgdHJ1ZQo="}} {{(pid=65110) _process_stack /opt/stack/nova/nova/api/openstack/wsgi.py:511}}
Nov 15 15:46:01 user devstack@n-api.service[65110]: DEBUG nova.network.neutron [None req-f35c660a-113a-43e7-a2f4-1c39a16a26a6 tempest-ServerActionsTestOtherA-440053215 tempest-ServerActionsTestOtherA-440053215-project-member] validate_networks() for [('d1f6de08-aee1-4418-9f8f-c41e14c74b1c', None, None, None, None, None)] {{(pid=65110) validate_networks /opt/stack/nova/nova/network/neutron.py:2645}}
Nov 15 15:46:01 user devstack@n-api.service[65109]: DEBUG nova.api.openstack.wsgi [None req-b0dbcf3b-85ae-465c-9ce2-ca106ce90389 tempest-VolumesSnapshotsTestJSON-2102289416 tempest-VolumesSnapshotsTestJSON-2102289416-project-member] Calling method '.version_select at 0x7f377f7acc10>' {{(pid=65109) _process_stack /opt/stack/nova/nova/api/openstack/wsgi.py:513}}
Nov 15 15:46:01 user devstack@n-api.service[65109]: INFO nova.api.openstack.requestlog [None req-b0dbcf3b-85ae-465c-9ce2-ca106ce90389 tempest-VolumesSnapshotsTestJSON-2102289416 tempest-VolumesSnapshotsTestJSON-2102289416-project-member] 10.0.0.210 "GET /compute/v2.1/os-volumes/a3ec6b88-e0e8-4a61-9f40-8dc4329ea858" status: 200 len: 344 microversion: 2.1 time: 0.061682
Nov 15 15:46:01 user devstack@n-api.service[65109]: [pid: 65109|app: 0|req: 95/277] 10.0.0.210 () {62 vars in 1322 bytes} [Wed Nov 15 15:46:01 2023] GET /compute/v2.1/os-volumes/a3ec6b88-e0e8-4a61-9f40-8dc4329ea858 => generated 344 bytes in 64 msecs (HTTP/1.1 200) 9 headers in 357 bytes (1 switches on core 0)
Nov 15 15:46:01 user devstack@n-api.service[65108]: DEBUG nova.api.openstack.wsgi [None req-9a7473d8-b9e9-4bb4-b917-6cf1d6a366d2 tempest-VolumesSnapshotsTestJSON-2102289416 tempest-VolumesSnapshotsTestJSON-2102289416-project-member] Action: 'create', calling method: .version_select at 0x7f377fc663b0>, body: {"snapshot": {"volume_id": "a3ec6b88-e0e8-4a61-9f40-8dc4329ea858", "display_name": "tempest-VolumesSnapshotsTestJSON-Snapshot-1819752653"}} {{(pid=65108) _process_stack /opt/stack/nova/nova/api/openstack/wsgi.py:511}}
Nov 15 15:46:01 user devstack@n-api.service[65109]: DEBUG nova.api.openstack.wsgi [None req-735298d4-5967-40d5-a4f6-558ed9bb8d6e tempest-TestStampPattern-1242322391 tempest-TestStampPattern-1242322391-project-member] Action: 'create', calling method: >, body: {"server": {"name": "tempest-TestStampPattern-server-1541999983", "imageRef": "c0e3ff54-f80d-4339-a560-fd039c59a8a4", "flavorRef": "1", "key_name": "tempest-TestStampPattern-2145058288", "security_groups": [{"name": "tempest-secgroup-smoke-667676642"}], "networks": [{"uuid": "4020f725-4b48-4039-9454-9741da40c159"}]}} {{(pid=65109) _process_stack /opt/stack/nova/nova/api/openstack/wsgi.py:511}}
Nov 15 15:46:01 user devstack@n-api.service[65108]: INFO nova.api.openstack.requestlog [None req-9a7473d8-b9e9-4bb4-b917-6cf1d6a366d2 tempest-VolumesSnapshotsTestJSON-2102289416 tempest-VolumesSnapshotsTestJSON-2102289416-project-member] 10.0.0.210 "POST /compute/v2.1/os-snapshots" status: 200 len: 287 microversion: 2.1 time: 0.161975
Nov 15 15:46:01 user devstack@n-api.service[65108]: [pid: 65108|app: 0|req: 93/278] 10.0.0.210 () {64 vars in 1239 bytes} [Wed Nov 15 15:46:01 2023] POST /compute/v2.1/os-snapshots => generated 287 bytes in 164 msecs (HTTP/1.1 200) 9 headers in 357 bytes (1 switches on core 0)
Nov 15 15:46:01 user devstack@n-api.service[65108]: DEBUG nova.api.openstack.wsgi [None req-3f6e754b-a64d-4d1b-b600-252435affc99 tempest-VolumesSnapshotsTestJSON-2102289416 tempest-VolumesSnapshotsTestJSON-2102289416-project-member] Calling method '.version_select at 0x7f377fb21d80>' {{(pid=65108) _process_stack /opt/stack/nova/nova/api/openstack/wsgi.py:513}}
Nov 15 15:46:01 user devstack@n-api.service[65108]: INFO nova.api.openstack.requestlog [None req-3f6e754b-a64d-4d1b-b600-252435affc99 tempest-VolumesSnapshotsTestJSON-2102289416 tempest-VolumesSnapshotsTestJSON-2102289416-project-member] 10.0.0.210 "GET /compute/v2.1/os-snapshots/944468e1-514a-4f92-b695-0803919a598b" status: 200 len: 287 microversion: 2.1 time: 0.042772
Nov 15 15:46:01 user devstack@n-api.service[65108]: [pid: 65108|app: 0|req: 94/279] 10.0.0.210 () {62 vars in 1328 bytes} [Wed Nov 15 15:46:01 2023] GET /compute/v2.1/os-snapshots/944468e1-514a-4f92-b695-0803919a598b => generated 287 bytes in 45 msecs (HTTP/1.1 200) 9 headers in 357 bytes (1 switches on core 0)
Nov 15 15:46:01 user devstack@n-api.service[65108]: DEBUG nova.api.openstack.wsgi [None req-95e3f5a3-f423-4808-be44-4b39aea3f0f4 tempest-VolumesSnapshotsTestJSON-2102289416 tempest-VolumesSnapshotsTestJSON-2102289416-project-member] Calling method '.version_select at 0x7f377fb209d0>' {{(pid=65108) _process_stack /opt/stack/nova/nova/api/openstack/wsgi.py:513}}
Nov 15 15:46:01 user devstack@n-api.service[65110]: DEBUG nova.virt.hardware [None req-f35c660a-113a-43e7-a2f4-1c39a16a26a6 tempest-ServerActionsTestOtherA-440053215 tempest-ServerActionsTestOtherA-440053215-project-member] Flavor limits 0:0:0 {{(pid=65110) get_cpu_topology_constraints /opt/stack/nova/nova/virt/hardware.py:348}}
Nov 15 15:46:01 user devstack@n-api.service[65110]: DEBUG nova.virt.hardware [None req-f35c660a-113a-43e7-a2f4-1c39a16a26a6 tempest-ServerActionsTestOtherA-440053215 tempest-ServerActionsTestOtherA-440053215-project-member] Image limits 0:0:0 {{(pid=65110) get_cpu_topology_constraints /opt/stack/nova/nova/virt/hardware.py:352}}
Nov 15 15:46:01 user devstack@n-api.service[65110]: DEBUG nova.virt.hardware [None req-f35c660a-113a-43e7-a2f4-1c39a16a26a6 tempest-ServerActionsTestOtherA-440053215 tempest-ServerActionsTestOtherA-440053215-project-member] Flavor pref 0:0:0 {{(pid=65110) get_cpu_topology_constraints /opt/stack/nova/nova/virt/hardware.py:388}}
Nov 15 15:46:01 user devstack@n-api.service[65110]: DEBUG nova.virt.hardware [None req-f35c660a-113a-43e7-a2f4-1c39a16a26a6 tempest-ServerActionsTestOtherA-440053215 tempest-ServerActionsTestOtherA-440053215-project-member] Image pref 0:0:0 {{(pid=65110) get_cpu_topology_constraints /opt/stack/nova/nova/virt/hardware.py:392}}
Nov 15 15:46:01 user devstack@n-api.service[65110]: DEBUG nova.virt.hardware [None req-f35c660a-113a-43e7-a2f4-1c39a16a26a6 tempest-ServerActionsTestOtherA-440053215 tempest-ServerActionsTestOtherA-440053215-project-member] Chose sockets=0, cores=0, threads=0; limits were sockets=65536, cores=65536, threads=65536 {{(pid=65110) get_cpu_topology_constraints /opt/stack/nova/nova/virt/hardware.py:430}}
Nov 15 15:46:01 user devstack@n-api.service[65110]: DEBUG oslo_concurrency.lockutils [None req-f35c660a-113a-43e7-a2f4-1c39a16a26a6 tempest-ServerActionsTestOtherA-440053215 tempest-ServerActionsTestOtherA-440053215-project-member] Acquiring lock "00000000-0000-0000-0000-000000000000" by "nova.context.set_target_cell..get_or_set_cached_cell_and_set_connections" {{(pid=65110) inner /opt/stack/data/venv/lib/python3.10/site-packages/oslo_concurrency/lockutils.py:404}}
Nov 15 15:46:01 user devstack@n-api.service[65110]: DEBUG oslo_concurrency.lockutils [None req-f35c660a-113a-43e7-a2f4-1c39a16a26a6 tempest-ServerActionsTestOtherA-440053215 tempest-ServerActionsTestOtherA-440053215-project-member] Lock "00000000-0000-0000-0000-000000000000" acquired by "nova.context.set_target_cell..get_or_set_cached_cell_and_set_connections" :: waited 0.001s {{(pid=65110) inner /opt/stack/data/venv/lib/python3.10/site-packages/oslo_concurrency/lockutils.py:409}}
Nov 15 15:46:01 user devstack@n-api.service[65110]: DEBUG oslo_concurrency.lockutils [None req-f35c660a-113a-43e7-a2f4-1c39a16a26a6 tempest-ServerActionsTestOtherA-440053215 tempest-ServerActionsTestOtherA-440053215-project-member] Lock "00000000-0000-0000-0000-000000000000" "released" by "nova.context.set_target_cell..get_or_set_cached_cell_and_set_connections" :: held 0.000s {{(pid=65110) inner /opt/stack/data/venv/lib/python3.10/site-packages/oslo_concurrency/lockutils.py:423}}
Nov 15 15:46:01 user devstack@n-api.service[65110]: DEBUG oslo_concurrency.lockutils [None req-f35c660a-113a-43e7-a2f4-1c39a16a26a6 tempest-ServerActionsTestOtherA-440053215 tempest-ServerActionsTestOtherA-440053215-project-member] Acquiring lock "35dd790d-511d-4b17-9720-ce96b6b602f7" by "nova.context.set_target_cell..get_or_set_cached_cell_and_set_connections" {{(pid=65110) inner /opt/stack/data/venv/lib/python3.10/site-packages/oslo_concurrency/lockutils.py:404}}
Nov 15 15:46:01 user devstack@n-api.service[65110]: DEBUG oslo_concurrency.lockutils [None req-f35c660a-113a-43e7-a2f4-1c39a16a26a6 tempest-ServerActionsTestOtherA-440053215 tempest-ServerActionsTestOtherA-440053215-project-member] Lock "35dd790d-511d-4b17-9720-ce96b6b602f7" acquired by "nova.context.set_target_cell..get_or_set_cached_cell_and_set_connections" :: waited 0.000s {{(pid=65110) inner /opt/stack/data/venv/lib/python3.10/site-packages/oslo_concurrency/lockutils.py:409}}
Nov 15 15:46:01 user devstack@n-api.service[65110]: DEBUG oslo_concurrency.lockutils [None req-f35c660a-113a-43e7-a2f4-1c39a16a26a6 tempest-ServerActionsTestOtherA-440053215 tempest-ServerActionsTestOtherA-440053215-project-member] Lock "35dd790d-511d-4b17-9720-ce96b6b602f7" "released" by "nova.context.set_target_cell..get_or_set_cached_cell_and_set_connections" :: held 0.000s {{(pid=65110) inner /opt/stack/data/venv/lib/python3.10/site-packages/oslo_concurrency/lockutils.py:423}}
Nov 15 15:46:01 user devstack@n-api.service[65110]: DEBUG nova.quota [None req-f35c660a-113a-43e7-a2f4-1c39a16a26a6 tempest-ServerActionsTestOtherA-440053215 tempest-ServerActionsTestOtherA-440053215-project-member] Getting quotas for project 18c587b1467441ceb091ece4e973408e. Resources: {'cores', 'ram', 'instances'} {{(pid=65110) _get_quotas /opt/stack/nova/nova/quota.py:393}}
Nov 15 15:46:01 user devstack@n-api.service[65110]: DEBUG nova.quota [None req-f35c660a-113a-43e7-a2f4-1c39a16a26a6 tempest-ServerActionsTestOtherA-440053215 tempest-ServerActionsTestOtherA-440053215-project-member] Getting quotas for user 975ca4994eb74b6bbf541bb308b148f1 and project 18c587b1467441ceb091ece4e973408e. Resources: {'cores', 'ram', 'instances'} {{(pid=65110) _get_quotas /opt/stack/nova/nova/quota.py:383}}
Nov 15 15:46:01 user devstack@n-api.service[65109]: DEBUG nova.network.neutron [None req-735298d4-5967-40d5-a4f6-558ed9bb8d6e tempest-TestStampPattern-1242322391 tempest-TestStampPattern-1242322391-project-member] validate_networks() for [('4020f725-4b48-4039-9454-9741da40c159', None, None, None, None, None)] {{(pid=65109) validate_networks /opt/stack/nova/nova/network/neutron.py:2645}}
Nov 15 15:46:01 user devstack@n-api.service[65108]: INFO nova.api.openstack.requestlog [None req-95e3f5a3-f423-4808-be44-4b39aea3f0f4 tempest-VolumesSnapshotsTestJSON-2102289416 tempest-VolumesSnapshotsTestJSON-2102289416-project-member] 10.0.0.210 "GET /compute/v2.1/os-snapshots" status: 200 len: 290 microversion: 2.1 time: 0.061303
Nov 15 15:46:01 user devstack@n-api.service[65108]: [pid: 65108|app: 0|req: 95/280] 10.0.0.210 () {62 vars in 1217 bytes} [Wed Nov 15 15:46:01 2023] GET /compute/v2.1/os-snapshots => generated 290 bytes in 63 msecs (HTTP/1.1 200) 9 headers in 357 bytes (2 switches on core 0)
Nov 15 15:46:01 user devstack@n-api.service[65110]: DEBUG nova.compute.api [None req-f35c660a-113a-43e7-a2f4-1c39a16a26a6 tempest-ServerActionsTestOtherA-440053215 tempest-ServerActionsTestOtherA-440053215-project-member] Going to run 1 instances... {{(pid=65110) _provision_instances /opt/stack/nova/nova/compute/api.py:1404}}
Nov 15 15:46:01 user devstack@n-api.service[65108]: DEBUG nova.api.openstack.wsgi [None req-8107b071-311d-4f5a-b84e-54bf416afd3e tempest-VolumesSnapshotsTestJSON-2102289416 tempest-VolumesSnapshotsTestJSON-2102289416-project-member] Calling method '.version_select at 0x7f377f695e10>' {{(pid=65108) _process_stack /opt/stack/nova/nova/api/openstack/wsgi.py:513}}
Nov 15 15:46:01 user devstack@n-api.service[65110]: DEBUG nova.compute.api [None req-f35c660a-113a-43e7-a2f4-1c39a16a26a6 tempest-ServerActionsTestOtherA-440053215 tempest-ServerActionsTestOtherA-440053215-project-member] [instance: 497c558c-8e03-4dd5-ab88-8df09337e0fa] block_device_mapping [BlockDeviceMapping(attachment_id=,boot_index=0,connection_info=None,created_at=,delete_on_termination=True,deleted=,deleted_at=,destination_type='local',device_name=None,device_type='disk',disk_bus=None,encrypted=False,encryption_format=None,encryption_options=None,encryption_secret_uuid=None,guest_format=None,id=,image_id='42c1c869-d893-4140-8d14-8f5bfccef902',instance=,instance_uuid=,no_device=False,snapshot_id=None,source_type='image',tag=None,updated_at=,uuid=,volume_id=None,volume_size=None,volume_type=None)] {{(pid=65110) _bdm_validate_set_size_and_instance /opt/stack/nova/nova/compute/api.py:1865}}
Nov 15 15:46:01 user devstack@n-api.service[65108]: INFO nova.api.openstack.requestlog [None req-8107b071-311d-4f5a-b84e-54bf416afd3e tempest-VolumesSnapshotsTestJSON-2102289416 tempest-VolumesSnapshotsTestJSON-2102289416-project-member] 10.0.0.210 "GET /compute/v2.1/os-snapshots/944468e1-514a-4f92-b695-0803919a598b" status: 200 len: 287 microversion: 2.1 time: 0.036210
Nov 15 15:46:01 user devstack@n-api.service[65108]: [pid: 65108|app: 0|req: 96/281] 10.0.0.210 () {62 vars in 1328 bytes} [Wed Nov 15 15:46:01 2023] GET /compute/v2.1/os-snapshots/944468e1-514a-4f92-b695-0803919a598b => generated 287 bytes in 38 msecs (HTTP/1.1 200) 9 headers in 357 bytes (2 switches on core 0)
Nov 15 15:46:01 user devstack@n-api.service[65110]: INFO nova.api.openstack.requestlog [None req-f35c660a-113a-43e7-a2f4-1c39a16a26a6 tempest-ServerActionsTestOtherA-440053215 tempest-ServerActionsTestOtherA-440053215-project-member] 10.0.0.210 "POST /compute/v2.1/servers" status: 202 len: 404 microversion: 2.1 time: 0.772958
Nov 15 15:46:01 user devstack@n-api.service[65110]: [pid: 65110|app: 0|req: 91/282] 10.0.0.210 () {64 vars in 1224 bytes} [Wed Nov 15 15:46:01 2023] POST /compute/v2.1/servers => generated 404 bytes in 776 msecs (HTTP/1.1 202) 10 headers in 450 bytes (1 switches on core 0)
Nov 15 15:46:01 user devstack@n-api.service[65108]: DEBUG nova.api.openstack.wsgi [None req-583dc46f-2214-41d4-92b6-9756aeb1cc0c tempest-ServerActionsTestOtherA-440053215 tempest-ServerActionsTestOtherA-440053215-project-member] Calling method '>' {{(pid=65108) _process_stack /opt/stack/nova/nova/api/openstack/wsgi.py:513}}
Nov 15 15:46:01 user devstack@n-api.service[65108]: DEBUG nova.compute.api [None req-583dc46f-2214-41d4-92b6-9756aeb1cc0c tempest-ServerActionsTestOtherA-440053215 tempest-ServerActionsTestOtherA-440053215-project-member] [instance: 497c558c-8e03-4dd5-ab88-8df09337e0fa] Fetching instance by UUID {{(pid=65108) get /opt/stack/nova/nova/compute/api.py:2978}}
Nov 15 15:46:02 user devstack@n-api.service[65108]: DEBUG nova.policy [None req-583dc46f-2214-41d4-92b6-9756aeb1cc0c tempest-ServerActionsTestOtherA-440053215 tempest-ServerActionsTestOtherA-440053215-project-member] Policy check for os_compute_api:os-extended-server-attributes failed with credentials {'is_admin': False, 'user_id': '975ca4994eb74b6bbf541bb308b148f1', 'user_domain_id': 'default', 'system_scope': None, 'domain_id': None, 'project_id': '18c587b1467441ceb091ece4e973408e', 'project_domain_id': 'default', 'roles': ['reader', 'member'], 'is_admin_project': True, 'service_user_id': None, 'service_user_domain_id': None, 'service_project_id': None, 'service_project_domain_id': None, 'service_roles': []} {{(pid=65108) authorize /opt/stack/nova/nova/policy.py:203}}
