Apr 21 15:22:07 user devstack@keystone.service[42679]: [pid: 42679|app: 0|req: 9/28] 10.0.0.210 () {54 vars in 920 bytes} [Fri Apr 21 15:22:07 2023] GET /identity => generated 269 bytes in 3 msecs (HTTP/1.1 300) 6 headers in 233 bytes (1 switches on core 0)
Apr 21 15:22:07 user devstack@keystone.service[42680]: DEBUG keystone.server.flask.request_processing.req_logging [None req-dd47d61d-c9e9-48f4-8d32-99fd66798a17 None None] REQUEST_METHOD: `POST` {{(pid=42680) log_request_info /opt/stack/keystone/keystone/server/flask/request_processing/req_logging.py:27}}
Apr 21 15:22:07 user devstack@keystone.service[42680]: DEBUG keystone.server.flask.request_processing.req_logging [None req-dd47d61d-c9e9-48f4-8d32-99fd66798a17 None None] SCRIPT_NAME: `/identity` {{(pid=42680) log_request_info /opt/stack/keystone/keystone/server/flask/request_processing/req_logging.py:28}}
Apr 21 15:22:07 user devstack@keystone.service[42680]: DEBUG keystone.server.flask.request_processing.req_logging [None req-dd47d61d-c9e9-48f4-8d32-99fd66798a17 None None] PATH_INFO: `/v3/auth/tokens` {{(pid=42680) log_request_info /opt/stack/keystone/keystone/server/flask/request_processing/req_logging.py:29}}
Apr 21 15:22:07 user devstack@keystone.service[42680]: WARNING keystone.common.password_hashing [None req-dd47d61d-c9e9-48f4-8d32-99fd66798a17 None None] Truncating password to algorithm specific maximum length 54 characters.
Apr 21 15:22:07 user devstack@keystone.service[42680]: DEBUG keystone.auth.core [None req-dd47d61d-c9e9-48f4-8d32-99fd66798a17 None None] MFA Rules not processed for user `b1bf28ff5faf466fae480749eaa1e806`. Rule list: `[]` (Enabled: `True`). {{(pid=42680) check_auth_methods_against_rules /opt/stack/keystone/keystone/auth/core.py:438}}
Apr 21 15:22:07 user devstack@keystone.service[42680]: DEBUG keystone.common.fernet_utils [None req-dd47d61d-c9e9-48f4-8d32-99fd66798a17 None None] Loaded 2 Fernet keys from /etc/keystone/fernet-keys/, but `[fernet_tokens] max_active_keys = 3`; perhaps there have not been enough key rotations to reach `max_active_keys` yet? {{(pid=42680) load_keys /opt/stack/keystone/keystone/common/fernet_utils.py:286}}
Apr 21 15:22:07 user devstack@keystone.service[42680]: DEBUG dbcounter [-] [42680] Writing DB stats keystone:SELECT=99,keystone:INSERT=1 {{(pid=42680) stat_writer /usr/local/lib/python3.10/dist-packages/dbcounter.py:117}}
Apr 21 15:22:07 user devstack@keystone.service[42681]: DEBUG keystone.server.flask.request_processing.middleware.auth_context [None req-1130f680-89dd-4685-9753-449a11a50f03 None None] Validating token access rules against request {{(pid=42681) validate_allowed_request /usr/local/lib/python3.10/dist-packages/keystonemiddleware/auth_token/__init__.py:544}}
Apr 21 15:22:07 user devstack@keystone.service[42681]: DEBUG keystone.server.flask.request_processing.middleware.auth_context [None req-ddab4b48-a479-404e-8772-621addc9d83b None admin] RBAC: auth_context: {'token': , 'domain_id': None, 'trust_id': None, 'trustor_id': None, 'trustee_id': None, 'domain_name': None, 'group_ids': [], 'user_id': 'b1bf28ff5faf466fae480749eaa1e806', 'user_domain_id': 'default', 'system_scope': 'all', 'project_id': None, 'project_domain_id': None, 'roles': ['admin', 'member', 'reader'], 'is_admin_project': True, 'service_user_id': None, 'service_user_domain_id': None, 'service_project_id': None, 'service_project_domain_id': None, 'service_roles': []} {{(pid=42681) fill_context /opt/stack/keystone/keystone/server/flask/request_processing/middleware/auth_context.py:478}}
Apr 21 15:22:07 user devstack@keystone.service[42681]: DEBUG keystone.server.flask.request_processing.req_logging [None req-ddab4b48-a479-404e-8772-621addc9d83b None admin] REQUEST_METHOD: `GET` {{(pid=42681) log_request_info /opt/stack/keystone/keystone/server/flask/request_processing/req_logging.py:27}}
Apr 21 15:22:07 user devstack@keystone.service[42681]: DEBUG keystone.server.flask.request_processing.req_logging [None req-ddab4b48-a479-404e-8772-621addc9d83b None admin] SCRIPT_NAME: `/identity` {{(pid=42681) log_request_info /opt/stack/keystone/keystone/server/flask/request_processing/req_logging.py:28}}
Apr 21 15:22:07 user devstack@keystone.service[42681]: DEBUG keystone.server.flask.request_processing.req_logging [None req-ddab4b48-a479-404e-8772-621addc9d83b None admin] PATH_INFO: `/v3/domains/Default` {{(pid=42681) log_request_info /opt/stack/keystone/keystone/server/flask/request_processing/req_logging.py:29}}
Apr 21 15:22:07 user devstack@keystone.service[42680]: [pid: 42680|app: 0|req: 10/29] 10.0.0.210 () {58 vars in 1017 bytes} [Fri Apr 21 15:22:07 2023] POST /identity/v3/auth/tokens => generated 798 bytes in 90 msecs (HTTP/1.1 201) 6 headers in 363 bytes (1 switches on core 0)
Apr 21 15:22:07 user devstack@keystone.service[42681]: DEBUG keystone.common.rbac_enforcer.enforcer [None req-ddab4b48-a479-404e-8772-621addc9d83b None admin] RBAC: Authorizing `identity:get_domain(domain_id=Default)` {{(pid=42681) enforce_call /opt/stack/keystone/keystone/common/rbac_enforcer/enforcer.py:449}}
Apr 21 15:22:07 user devstack@keystone.service[42681]: DEBUG keystone.common.rbac_enforcer.enforcer [None req-ddab4b48-a479-404e-8772-621addc9d83b None admin] RBAC: Authorization granted {{(pid=42681) enforce_call /opt/stack/keystone/keystone/common/rbac_enforcer/enforcer.py:457}}
Apr 21 15:22:07 user devstack@keystone.service[42681]: ERROR keystone.server.flask.application [None req-ddab4b48-a479-404e-8772-621addc9d83b None admin] Could not find domain: Default.: keystone.exception.DomainNotFound: Could not find domain: Default.
Apr 21 15:22:07 user devstack@keystone.service[42681]: ERROR keystone.server.flask.application
Traceback (most recent call last):
Apr 21 15:22:07 user devstack@keystone.service[42681]: ERROR keystone.server.flask.application
File "/usr/local/lib/python3.10/dist-packages/flask/app.py", line 1823, in full_dispatch_request
Apr 21 15:22:07 user devstack@keystone.service[42681]: ERROR keystone.server.flask.application rv = self.dispatch_request()
Apr 21 15:22:07 user devstack@keystone.service[42681]: ERROR keystone.server.flask.application
File "/usr/local/lib/python3.10/dist-packages/flask/app.py", line 1799, in dispatch_request
Apr 21 15:22:07 user devstack@keystone.service[42681]: ERROR keystone.server.flask.application return self.ensure_sync(self.view_functions[rule.endpoint])(**view_args)
Apr 21 15:22:07 user devstack@keystone.service[42681]: ERROR keystone.server.flask.application
File "/usr/local/lib/python3.10/dist-packages/flask_restful/__init__.py", line 467, in wrapper
Apr 21 15:22:07 user devstack@keystone.service[42681]: ERROR keystone.server.flask.application resp = resource(*args, **kwargs)
Apr 21 15:22:07 user devstack@keystone.service[42681]: ERROR keystone.server.flask.application
File "/usr/local/lib/python3.10/dist-packages/flask/views.py", line 107, in view
Apr 21 15:22:07 user devstack@keystone.service[42681]: ERROR keystone.server.flask.application return current_app.ensure_sync(self.dispatch_request)(**kwargs)
Apr 21 15:22:07 user devstack@keystone.service[42681]: ERROR keystone.server.flask.application
File "/usr/local/lib/python3.10/dist-packages/flask_restful/__init__.py", line 582, in dispatch_request
Apr 21 15:22:07 user devstack@keystone.service[42681]: ERROR keystone.server.flask.application resp = meth(*args, **kwargs)
Apr 21 15:22:07 user devstack@keystone.service[42681]: ERROR keystone.server.flask.application
File "/opt/stack/keystone/keystone/api/domains.py", line 89, in get
Apr 21 15:22:07 user devstack@keystone.service[42681]: ERROR keystone.server.flask.application return self._get_domain(domain_id)
Apr 21 15:22:07 user devstack@keystone.service[42681]: ERROR keystone.server.flask.application
File "/opt/stack/keystone/keystone/api/domains.py", line 97, in _get_domain
Apr 21 15:22:07 user devstack@keystone.service[42681]: ERROR keystone.server.flask.application domain = PROVIDERS.resource_api.get_domain(domain_id)
Apr 21 15:22:07 user devstack@keystone.service[42681]: ERROR keystone.server.flask.application
File "/opt/stack/keystone/keystone/common/manager.py", line 115, in wrapped
Apr 21 15:22:07 user devstack@keystone.service[42681]: ERROR keystone.server.flask.application __ret_val = __f(*args, **kwargs)
Apr 21 15:22:07 user devstack@keystone.service[42681]: ERROR keystone.server.flask.application
File "/usr/local/lib/python3.10/dist-packages/decorator.py", line 232, in fun
Apr 21 15:22:07 user devstack@keystone.service[42681]: ERROR keystone.server.flask.application return caller(func, *(extras + args), **kw)
Apr 21 15:22:07 user devstack@keystone.service[42681]: ERROR keystone.server.flask.application
File "/usr/local/lib/python3.10/dist-packages/dogpile/cache/region.py", line 1577, in get_or_create_for_user_func
Apr 21 15:22:07 user devstack@keystone.service[42681]: ERROR keystone.server.flask.application return self.get_or_create(
Apr 21 15:22:07 user devstack@keystone.service[42681]: ERROR keystone.server.flask.application
File "/usr/local/lib/python3.10/dist-packages/dogpile/cache/region.py", line 1042, in get_or_create
Apr 21 15:22:07 user devstack@keystone.service[42681]: ERROR keystone.server.flask.application with Lock(
Apr 21 15:22:07 user devstack@keystone.service[42681]: ERROR keystone.server.flask.application
File "/usr/local/lib/python3.10/dist-packages/dogpile/lock.py", line 185, in __enter__
Apr 21 15:22:07 user devstack@keystone.service[42681]: ERROR keystone.server.flask.application return self._enter()
Apr 21 15:22:07 user devstack@keystone.service[42681]: ERROR keystone.server.flask.application
File "/usr/local/lib/python3.10/dist-packages/dogpile/lock.py", line 94, in _enter
Apr 21 15:22:07 user devstack@keystone.service[42681]: ERROR keystone.server.flask.application generated = self._enter_create(value, createdtime)
Apr 21 15:22:07 user devstack@keystone.service[42681]: ERROR keystone.server.flask.application
File "/usr/local/lib/python3.10/dist-packages/dogpile/lock.py", line 178, in _enter_create
Apr 21 15:22:07 user devstack@keystone.service[42681]: ERROR keystone.server.flask.application return self.creator()
Apr 21 15:22:07 user devstack@keystone.service[42681]: ERROR keystone.server.flask.application
File "/usr/local/lib/python3.10/dist-packages/dogpile/cache/region.py", line 995, in gen_value
Apr 21 15:22:07 user devstack@keystone.service[42681]: ERROR keystone.server.flask.application created_value = creator(
Apr 21 15:22:07 user devstack@keystone.service[42681]: ERROR keystone.server.flask.application
File "/opt/stack/keystone/keystone/resource/core.py", line 716, in get_domain
Apr 21 15:22:07 user devstack@keystone.service[42681]: ERROR keystone.server.flask.application raise exception.DomainNotFound(domain_id=domain_id)
Apr 21 15:22:07 user devstack@keystone.service[42681]: ERROR keystone.server.flask.application keystone.exception.DomainNotFound: Could not find domain: Default.
Apr 21 15:22:07 user devstack@keystone.service[42681]: ERROR keystone.server.flask.application
Apr 21 15:22:07 user devstack@keystone.service[42681]: [pid: 42681|app: 0|req: 11/30] 10.0.0.210 () {56 vars in 1103 bytes} [Fri Apr 21 15:22:07 2023] GET /identity/v3/domains/Default => generated 87 bytes in 191 msecs (HTTP/1.1 404) 5 headers in 183 bytes (1 switches on core 0)
Apr 21 15:22:07 user devstack@keystone.service[42679]: DEBUG keystone.server.flask.request_processing.middleware.auth_context [None req-91aefcab-7d53-4df6-8511-3a605899f379 None None] Authenticating user token {{(pid=42679) process_request /usr/local/lib/python3.10/dist-packages/keystonemiddleware/auth_token/__init__.py:406}}
Apr 21 15:22:07 user devstack@keystone.service[42680]: DEBUG keystone.server.flask.request_processing.middleware.auth_context [None req-dd47d61d-c9e9-48f4-8d32-99fd66798a17 None None] Authenticating user token {{(pid=42680) process_request /usr/local/lib/python3.10/dist-packages/keystonemiddleware/auth_token/__init__.py:406}}
Apr 21 15:22:07 user devstack@keystone.service[42681]: DEBUG keystone.server.flask.request_processing.middleware.auth_context [None req-ddab4b48-a479-404e-8772-621addc9d83b None admin] Authenticating user token {{(pid=42681) process_request /usr/local/lib/python3.10/dist-packages/keystonemiddleware/auth_token/__init__.py:406}}
Apr 21 15:22:07 user devstack@keystone.service[42680]: DEBUG keystone.server.flask.request_processing.middleware.auth_context [None req-dd47d61d-c9e9-48f4-8d32-99fd66798a17 None None] Validating token access rules against request {{(pid=42680) validate_allowed_request /usr/local/lib/python3.10/dist-packages/keystonemiddleware/auth_token/__init__.py:544}}
Apr 21 15:22:07 user devstack@keystone.service[42679]: DEBUG keystone.server.flask.request_processing.middleware.auth_context [None req-91aefcab-7d53-4df6-8511-3a605899f379 None None] Validating token access rules against request {{(pid=42679) validate_allowed_request /usr/local/lib/python3.10/dist-packages/keystonemiddleware/auth_token/__init__.py:544}}
Apr 21 15:22:07 user devstack@keystone.service[42680]: DEBUG keystone.server.flask.request_processing.middleware.auth_context [None req-fa444013-a3cf-4c4e-a121-9b68153167df None admin] RBAC: auth_context: {'token': , 'domain_id': None, 'trust_id': None, 'trustor_id': None, 'trustee_id': None, 'domain_name': None, 'group_ids': [], 'user_id': 'b1bf28ff5faf466fae480749eaa1e806', 'user_domain_id': 'default', 'system_scope': 'all', 'project_id': None, 'project_domain_id': None, 'roles': ['admin', 'member', 'reader'], 'is_admin_project': True, 'service_user_id': None, 'service_user_domain_id': None, 'service_project_id': None, 'service_project_domain_id': None, 'service_roles': []} {{(pid=42680) fill_context /opt/stack/keystone/keystone/server/flask/request_processing/middleware/auth_context.py:478}}
Apr 21 15:22:07 user devstack@keystone.service[42680]: DEBUG keystone.server.flask.request_processing.req_logging [None req-fa444013-a3cf-4c4e-a121-9b68153167df None admin] REQUEST_METHOD: `POST` {{(pid=42680) log_request_info /opt/stack/keystone/keystone/server/flask/request_processing/req_logging.py:27}}
Apr 21 15:22:07 user devstack@keystone.service[42680]: DEBUG keystone.server.flask.request_processing.req_logging [None req-fa444013-a3cf-4c4e-a121-9b68153167df None admin] SCRIPT_NAME: `/identity` {{(pid=42680) log_request_info /opt/stack/keystone/keystone/server/flask/request_processing/req_logging.py:28}}
Apr 21 15:22:07 user devstack@keystone.service[42680]: DEBUG keystone.server.flask.request_processing.req_logging [None req-fa444013-a3cf-4c4e-a121-9b68153167df None admin] PATH_INFO: `/v3/roles` {{(pid=42680) log_request_info /opt/stack/keystone/keystone/server/flask/request_processing/req_logging.py:29}}
Apr 21 15:22:07 user devstack@keystone.service[42680]: DEBUG keystone.common.rbac_enforcer.enforcer [None req-fa444013-a3cf-4c4e-a121-9b68153167df None admin] RBAC: Authorizing `identity:create_role()` {{(pid=42680) enforce_call /opt/stack/keystone/keystone/common/rbac_enforcer/enforcer.py:449}}
Apr 21 15:22:07 user devstack@keystone.service[42680]: DEBUG keystone.common.rbac_enforcer.enforcer [None req-fa444013-a3cf-4c4e-a121-9b68153167df None admin] RBAC: Authorization granted {{(pid=42680) enforce_call /opt/stack/keystone/keystone/common/rbac_enforcer/enforcer.py:457}}
Apr 21 15:22:07 user devstack@keystone.service[42681]: DEBUG dbcounter [-] [42681] Writing DB stats keystone:SELECT=100 {{(pid=42681) stat_writer /usr/local/lib/python3.10/dist-packages/dbcounter.py:117}}
Apr 21 15:22:07 user devstack@keystone.service[42680]: [pid: 42680|app: 0|req: 11/31] 10.0.0.210 () {60 vars in 1126 bytes} [Fri Apr 21 15:22:07 2023] POST /identity/v3/roles => generated 218 bytes in 151 msecs (HTTP/1.1 201) 5 headers in 182 bytes (1 switches on core 0)
Apr 21 15:22:07 user devstack@keystone.service[42680]: DEBUG keystone.server.flask.request_processing.req_logging [None req-362fce88-8bd4-4c20-889a-18f584d549d9 None None] REQUEST_METHOD: `GET` {{(pid=42680) log_request_info /opt/stack/keystone/keystone/server/flask/request_processing/req_logging.py:27}}
Apr 21 15:22:07 user devstack@keystone.service[42680]: DEBUG keystone.server.flask.request_processing.req_logging [None req-362fce88-8bd4-4c20-889a-18f584d549d9 None None] SCRIPT_NAME: `/identity` {{(pid=42680) log_request_info /opt/stack/keystone/keystone/server/flask/request_processing/req_logging.py:28}}
Apr 21 15:22:07 user devstack@keystone.service[42680]: DEBUG keystone.server.flask.request_processing.req_logging [None req-362fce88-8bd4-4c20-889a-18f584d549d9 None None] PATH_INFO: `/` {{(pid=42680) log_request_info /opt/stack/keystone/keystone/server/flask/request_processing/req_logging.py:29}}
Apr 21 15:22:07 user devstack@keystone.service[42680]: [pid: 42680|app: 0|req: 12/32] 10.0.0.210 () {54 vars in 920 bytes} [Fri Apr 21 15:22:07 2023] GET /identity => generated 269 bytes in 2 msecs (HTTP/1.1 300) 6 headers in 233 bytes (1 switches on core 0)
Apr 21 15:22:07 user devstack@keystone.service[42680]: DEBUG keystone.server.flask.request_processing.req_logging [None req-d696335d-9597-4595-ae25-fc432fef239a None None] REQUEST_METHOD: `POST` {{(pid=42680) log_request_info /opt/stack/keystone/keystone/server/flask/request_processing/req_logging.py:27}}
Apr 21 15:22:07 user devstack@keystone.service[42680]: DEBUG keystone.server.flask.request_processing.req_logging [None req-d696335d-9597-4595-ae25-fc432fef239a None None] SCRIPT_NAME: `/identity` {{(pid=42680) log_request_info /opt/stack/keystone/keystone/server/flask/request_processing/req_logging.py:28}}
Apr 21 15:22:07 user devstack@keystone.service[42680]: DEBUG keystone.server.flask.request_processing.req_logging [None req-d696335d-9597-4595-ae25-fc432fef239a None None] PATH_INFO: `/v3/auth/tokens` {{(pid=42680) log_request_info /opt/stack/keystone/keystone/server/flask/request_processing/req_logging.py:29}}
Apr 21 15:22:07 user devstack@keystone.service[42679]: DEBUG keystone.server.flask.request_processing.middleware.auth_context [None req-19c0466e-5616-4744-9784-10cbcb79ce84 None admin] RBAC: auth_context: {'token': , 'domain_id': None, 'trust_id': None, 'trustor_id': None, 'trustee_id': None, 'domain_name': None, 'group_ids': [], 'user_id': 'b1bf28ff5faf466fae480749eaa1e806', 'user_domain_id': 'default', 'system_scope': 'all', 'project_id': None, 'project_domain_id': None, 'roles': ['admin', 'member', 'reader'], 'is_admin_project': True, 'service_user_id': None, 'service_user_domain_id': None, 'service_project_id': None, 'service_project_domain_id': None, 'service_roles': []} {{(pid=42679) fill_context /opt/stack/keystone/keystone/server/flask/request_processing/middleware/auth_context.py:478}}
Apr 21 15:22:07 user devstack@keystone.service[42680]: WARNING keystone.common.password_hashing [None req-d696335d-9597-4595-ae25-fc432fef239a None None] Truncating password to algorithm specific maximum length 54 characters.
Apr 21 15:22:07 user devstack@keystone.service[42679]: DEBUG keystone.server.flask.request_processing.req_logging [None req-19c0466e-5616-4744-9784-10cbcb79ce84 None admin] REQUEST_METHOD: `GET` {{(pid=42679) log_request_info /opt/stack/keystone/keystone/server/flask/request_processing/req_logging.py:27}}
Apr 21 15:22:07 user devstack@keystone.service[42679]: DEBUG keystone.server.flask.request_processing.req_logging [None req-19c0466e-5616-4744-9784-10cbcb79ce84 None admin] SCRIPT_NAME: `/identity` {{(pid=42679) log_request_info /opt/stack/keystone/keystone/server/flask/request_processing/req_logging.py:28}}
Apr 21 15:22:07 user devstack@keystone.service[42680]: DEBUG keystone.auth.core [None req-d696335d-9597-4595-ae25-fc432fef239a None None] MFA Rules not processed for user `b1bf28ff5faf466fae480749eaa1e806`. Rule list: `[]` (Enabled: `True`). {{(pid=42680) check_auth_methods_against_rules /opt/stack/keystone/keystone/auth/core.py:438}}
Apr 21 15:22:07 user devstack@keystone.service[42679]: DEBUG keystone.server.flask.request_processing.req_logging [None req-19c0466e-5616-4744-9784-10cbcb79ce84 None admin] PATH_INFO: `/v3/domains` {{(pid=42679) log_request_info /opt/stack/keystone/keystone/server/flask/request_processing/req_logging.py:29}}
Apr 21 15:22:07 user devstack@keystone.service[42680]: DEBUG keystone.common.fernet_utils [None req-d696335d-9597-4595-ae25-fc432fef239a None None] Loaded 2 Fernet keys from /etc/keystone/fernet-keys/, but `[fernet_tokens] max_active_keys = 3`; perhaps there have not been enough key rotations to reach `max_active_keys` yet? {{(pid=42680) load_keys /opt/stack/keystone/keystone/common/fernet_utils.py:286}}
Apr 21 15:22:07 user devstack@keystone.service[42679]: DEBUG keystone.common.rbac_enforcer.enforcer [None req-19c0466e-5616-4744-9784-10cbcb79ce84 None admin] RBAC: Adding query filter params (name=Default) {{(pid=42679) _extract_filter_values /opt/stack/keystone/keystone/common/rbac_enforcer/enforcer.py:167}}
Apr 21 15:22:07 user devstack@keystone.service[42679]: DEBUG keystone.common.rbac_enforcer.enforcer [None req-19c0466e-5616-4744-9784-10cbcb79ce84 None admin] RBAC: Authorizing `identity:list_domains()` {{(pid=42679) enforce_call /opt/stack/keystone/keystone/common/rbac_enforcer/enforcer.py:449}}
Apr 21 15:22:07 user devstack@keystone.service[42679]: DEBUG keystone.common.rbac_enforcer.enforcer [None req-19c0466e-5616-4744-9784-10cbcb79ce84 None admin] RBAC: Authorization granted {{(pid=42679) enforce_call /opt/stack/keystone/keystone/common/rbac_enforcer/enforcer.py:457}}
Apr 21 15:22:07 user devstack@keystone.service[42681]: DEBUG keystone.server.flask.request_processing.middleware.auth_context [None req-ddab4b48-a479-404e-8772-621addc9d83b None admin] Validating token access rules against request {{(pid=42681) validate_allowed_request /usr/local/lib/python3.10/dist-packages/keystonemiddleware/auth_token/__init__.py:544}}
Apr 21 15:22:07 user devstack@keystone.service[42680]: DEBUG dbcounter [-] [42680] Writing DB stats keystone:SELECT=99,keystone:INSERT=1 {{(pid=42680) stat_writer /usr/local/lib/python3.10/dist-packages/dbcounter.py:117}}
Apr 21 15:22:07 user devstack@keystone.service[42679]: [pid: 42679|app: 0|req: 10/33] 10.0.0.210 () {56 vars in 1104 bytes} [Fri Apr 21 15:22:07 2023] GET /identity/v3/domains?name=Default => generated 306 bytes in 209 msecs (HTTP/1.1 200) 5 headers in 177 bytes (1 switches on core 0)
Apr 21 15:22:07 user devstack@keystone.service[42679]: DEBUG keystone.server.flask.request_processing.middleware.auth_context [None req-19c0466e-5616-4744-9784-10cbcb79ce84 None admin] Authenticating user token {{(pid=42679) process_request /usr/local/lib/python3.10/dist-packages/keystonemiddleware/auth_token/__init__.py:406}}
Apr 21 15:22:07 user devstack@keystone.service[42679]: DEBUG dbcounter [-] [42679] Writing DB stats keystone:SELECT=100 {{(pid=42679) stat_writer /usr/local/lib/python3.10/dist-packages/dbcounter.py:117}}
Apr 21 15:22:07 user devstack@keystone.service[42681]: DEBUG keystone.server.flask.request_processing.middleware.auth_context [None req-2c3abe15-91b7-4d79-aef0-c69803fbacd8 None admin] RBAC: auth_context: {'token': , 'domain_id': None, 'trust_id': None, 'trustor_id': None, 'trustee_id': None, 'domain_name': None, 'group_ids': [], 'user_id': 'b1bf28ff5faf466fae480749eaa1e806', 'user_domain_id': 'default', 'system_scope': 'all', 'project_id': None, 'project_domain_id': None, 'roles': ['admin', 'member', 'reader'], 'is_admin_project': True, 'service_user_id': None, 'service_user_domain_id': None, 'service_project_id': None, 'service_project_domain_id': None, 'service_roles': []} {{(pid=42681) fill_context /opt/stack/keystone/keystone/server/flask/request_processing/middleware/auth_context.py:478}}
Apr 21 15:22:07 user devstack@keystone.service[42681]: DEBUG keystone.server.flask.request_processing.req_logging [None req-2c3abe15-91b7-4d79-aef0-c69803fbacd8 None admin] REQUEST_METHOD: `GET` {{(pid=42681) log_request_info /opt/stack/keystone/keystone/server/flask/request_processing/req_logging.py:27}}
Apr 21 15:22:07 user devstack@keystone.service[42681]: DEBUG keystone.server.flask.request_processing.req_logging [None req-2c3abe15-91b7-4d79-aef0-c69803fbacd8 None admin] SCRIPT_NAME: `/identity` {{(pid=42681) log_request_info /opt/stack/keystone/keystone/server/flask/request_processing/req_logging.py:28}}
Apr 21 15:22:07 user devstack@keystone.service[42681]: DEBUG keystone.server.flask.request_processing.req_logging [None req-2c3abe15-91b7-4d79-aef0-c69803fbacd8 None admin] PATH_INFO: `/v3/roles/admin` {{(pid=42681) log_request_info /opt/stack/keystone/keystone/server/flask/request_processing/req_logging.py:29}}
Apr 21 15:22:07 user devstack@keystone.service[42680]: [pid: 42680|app: 0|req: 13/34] 10.0.0.210 () {58 vars in 1017 bytes} [Fri Apr 21 15:22:07 2023] POST /identity/v3/auth/tokens => generated 798 bytes in 82 msecs (HTTP/1.1 201) 6 headers in 363 bytes (2 switches on core 0)
Apr 21 15:22:07 user devstack@keystone.service[42681]: DEBUG keystone.common.rbac_enforcer.enforcer [None req-2c3abe15-91b7-4d79-aef0-c69803fbacd8 None admin] Extracting inferred target data resulted in "NOT FOUND (404)". {{(pid=42681) enforce_call /opt/stack/keystone/keystone/common/rbac_enforcer/enforcer.py:409}}
Apr 21 15:22:07 user devstack@keystone.service[42680]: DEBUG keystone.server.flask.request_processing.req_logging [None req-705c7c73-8356-48cf-b469-a7f1541a7cdf None None] REQUEST_METHOD: `GET` {{(pid=42680) log_request_info /opt/stack/keystone/keystone/server/flask/request_processing/req_logging.py:27}}
Apr 21 15:22:07 user devstack@keystone.service[42680]: DEBUG keystone.server.flask.request_processing.req_logging [None req-705c7c73-8356-48cf-b469-a7f1541a7cdf None None] SCRIPT_NAME: `/identity` {{(pid=42680) log_request_info /opt/stack/keystone/keystone/server/flask/request_processing/req_logging.py:28}}
Apr 21 15:22:07 user devstack@keystone.service[42680]: DEBUG keystone.server.flask.request_processing.req_logging [None req-705c7c73-8356-48cf-b469-a7f1541a7cdf None None] PATH_INFO: `/` {{(pid=42680) log_request_info /opt/stack/keystone/keystone/server/flask/request_processing/req_logging.py:29}}
Apr 21 15:22:07 user devstack@keystone.service[42680]: [pid: 42680|app: 0|req: 14/35] 10.0.0.210 () {54 vars in 920 bytes} [Fri Apr 21 15:22:07 2023] GET /identity => generated 269 bytes in 2 msecs (HTTP/1.1 300) 6 headers in 233 bytes (1 switches on core 0)
Apr 21 15:22:07 user devstack@keystone.service[42680]: DEBUG keystone.server.flask.request_processing.middleware.auth_context [None req-705c7c73-8356-48cf-b469-a7f1541a7cdf None None] Authenticating user token {{(pid=42680) process_request /usr/local/lib/python3.10/dist-packages/keystonemiddleware/auth_token/__init__.py:406}}
Apr 21 15:22:07 user devstack@keystone.service[42681]: ERROR keystone.server.flask.application [None req-2c3abe15-91b7-4d79-aef0-c69803fbacd8 None admin] Could not find role: admin.: keystone.exception.RoleNotFound: Could not find role: admin.
Apr 21 15:22:07 user devstack@keystone.service[42681]: ERROR keystone.server.flask.application
Traceback (most recent call last):
Apr 21 15:22:07 user devstack@keystone.service[42681]: ERROR keystone.server.flask.application
File "/usr/local/lib/python3.10/dist-packages/flask/app.py", line 1823, in full_dispatch_request
Apr 21 15:22:07 user devstack@keystone.service[42681]: ERROR keystone.server.flask.application rv = self.dispatch_request()
Apr 21 15:22:07 user devstack@keystone.service[42681]: ERROR keystone.server.flask.application
File "/usr/local/lib/python3.10/dist-packages/flask/app.py", line 1799, in dispatch_request
Apr 21 15:22:07 user devstack@keystone.service[42681]: ERROR keystone.server.flask.application return self.ensure_sync(self.view_functions[rule.endpoint])(**view_args)
Apr 21 15:22:07 user devstack@keystone.service[42681]: ERROR keystone.server.flask.application
File "/usr/local/lib/python3.10/dist-packages/flask_restful/__init__.py", line 467, in wrapper
Apr 21 15:22:07 user devstack@keystone.service[42681]: ERROR keystone.server.flask.application resp = resource(*args, **kwargs)
Apr 21 15:22:07 user devstack@keystone.service[42681]: ERROR keystone.server.flask.application
File "/usr/local/lib/python3.10/dist-packages/flask/views.py", line 107, in view
Apr 21 15:22:07 user devstack@keystone.service[42681]: ERROR keystone.server.flask.application return current_app.ensure_sync(self.dispatch_request)(**kwargs)
Apr 21 15:22:07 user devstack@keystone.service[42681]: ERROR keystone.server.flask.application
File "/usr/local/lib/python3.10/dist-packages/flask_restful/__init__.py", line 582, in dispatch_request
Apr 21 15:22:07 user devstack@keystone.service[42681]: ERROR keystone.server.flask.application resp = meth(*args, **kwargs)
Apr 21 15:22:07 user devstack@keystone.service[42681]: ERROR keystone.server.flask.application
File "/opt/stack/keystone/keystone/api/roles.py", line 50, in get
Apr 21 15:22:07 user devstack@keystone.service[42681]: ERROR keystone.server.flask.application return self._get_role(role_id)
Apr 21 15:22:07 user devstack@keystone.service[42681]: ERROR keystone.server.flask.application
File "/opt/stack/keystone/keystone/api/roles.py", line 70, in _get_role
Apr 21 15:22:07 user devstack@keystone.service[42681]: ERROR keystone.server.flask.application ENFORCER.enforce_call(action='identity:get_role')
Apr 21 15:22:07 user devstack@keystone.service[42681]: ERROR keystone.server.flask.application
File "/opt/stack/keystone/keystone/common/rbac_enforcer/enforcer.py", line 402, in enforce_call
Apr 21 15:22:07 user devstack@keystone.service[42681]: ERROR keystone.server.flask.application policy_dict.update(cls._extract_member_target_data(
Apr 21 15:22:07 user devstack@keystone.service[42681]: ERROR keystone.server.flask.application
File "/opt/stack/keystone/keystone/common/rbac_enforcer/enforcer.py", line 234, in _extract_member_target_data
Apr 21 15:22:07 user devstack@keystone.service[42681]: ERROR keystone.server.flask.application member_name: func(flask.request.view_args[key])
Apr 21 15:22:07 user devstack@keystone.service[42681]: ERROR keystone.server.flask.application
File "/opt/stack/keystone/keystone/common/manager.py", line 115, in wrapped
Apr 21 15:22:07 user devstack@keystone.service[42681]: ERROR keystone.server.flask.application __ret_val = __f(*args, **kwargs)
Apr 21 15:22:07 user devstack@keystone.service[42681]: ERROR keystone.server.flask.application
File "/usr/local/lib/python3.10/dist-packages/decorator.py", line 232, in fun
Apr 21 15:22:07 user devstack@keystone.service[42681]: ERROR keystone.server.flask.application return caller(func, *(extras + args), **kw)
Apr 21 15:22:07 user devstack@keystone.service[42681]: ERROR keystone.server.flask.application
File "/usr/local/lib/python3.10/dist-packages/dogpile/cache/region.py", line 1577, in get_or_create_for_user_func
Apr 21 15:22:07 user devstack@keystone.service[42681]: ERROR keystone.server.flask.application return self.get_or_create(
Apr 21 15:22:07 user devstack@keystone.service[42681]: ERROR keystone.server.flask.application
File "/usr/local/lib/python3.10/dist-packages/dogpile/cache/region.py", line 1042, in get_or_create
Apr 21 15:22:07 user devstack@keystone.service[42681]: ERROR keystone.server.flask.application with Lock(
Apr 21 15:22:07 user devstack@keystone.service[42681]: ERROR keystone.server.flask.application
File "/usr/local/lib/python3.10/dist-packages/dogpile/lock.py", line 185, in __enter__
Apr 21 15:22:07 user devstack@keystone.service[42681]: ERROR keystone.server.flask.application return self._enter()
Apr 21 15:22:07 user devstack@keystone.service[42681]: ERROR keystone.server.flask.application
File "/usr/local/lib/python3.10/dist-packages/dogpile/lock.py", line 94, in _enter
Apr 21 15:22:07 user devstack@keystone.service[42681]: ERROR keystone.server.flask.application generated = self._enter_create(value, createdtime)
Apr 21 15:22:07 user devstack@keystone.service[42681]: ERROR keystone.server.flask.application
File "/usr/local/lib/python3.10/dist-packages/dogpile/lock.py", line 178, in _enter_create
Apr 21 15:22:07 user devstack@keystone.service[42681]: ERROR keystone.server.flask.application return self.creator()
Apr 21 15:22:07 user devstack@keystone.service[42681]: ERROR keystone.server.flask.application
File "/usr/local/lib/python3.10/dist-packages/dogpile/cache/region.py", line 995, in gen_value
Apr 21 15:22:07 user devstack@keystone.service[42681]: ERROR keystone.server.flask.application created_value = creator(
Apr 21 15:22:07 user devstack@keystone.service[42681]: ERROR keystone.server.flask.application
File "/opt/stack/keystone/keystone/assignment/core.py", line 1276, in get_role
Apr 21 15:22:07 user devstack@keystone.service[42681]: ERROR keystone.server.flask.application return self.driver.get_role(role_id)
Apr 21 15:22:07 user devstack@keystone.service[42681]: ERROR keystone.server.flask.application
File "/opt/stack/keystone/keystone/assignment/role_backends/sql.py", line 70, in get_role
Apr 21 15:22:07 user devstack@keystone.service[42681]: ERROR keystone.server.flask.application return self._get_role(session, role_id).to_dict()
Apr 21 15:22:07 user devstack@keystone.service[42681]: ERROR keystone.server.flask.application
File "/opt/stack/keystone/keystone/assignment/role_backends/sql.py", line 65, in _get_role
Apr 21 15:22:07 user devstack@keystone.service[42681]: ERROR keystone.server.flask.application raise exception.RoleNotFound(role_id=role_id)
Apr 21 15:22:07 user devstack@keystone.service[42681]: ERROR keystone.server.flask.application keystone.exception.RoleNotFound: Could not find role: admin.
Apr 21 15:22:07 user devstack@keystone.service[42681]: ERROR keystone.server.flask.application
Apr 21 15:22:07 user devstack@keystone.service[42681]: [pid: 42681|app: 0|req: 12/36] 10.0.0.210 () {56 vars in 1091 bytes} [Fri Apr 21 15:22:07 2023] GET /identity/v3/roles/admin => generated 83 bytes in 177 msecs (HTTP/1.1 404) 5 headers in 183 bytes (2 switches on core 0)
Apr 21 15:22:07 user devstack@keystone.service[42681]: DEBUG keystone.server.flask.request_processing.req_logging [None req-1f67b30a-0560-477e-8acb-15b195a1bc50 None None] REQUEST_METHOD: `POST` {{(pid=42681) log_request_info /opt/stack/keystone/keystone/server/flask/request_processing/req_logging.py:27}}
Apr 21 15:22:07 user devstack@keystone.service[42681]: DEBUG keystone.server.flask.request_processing.req_logging [None req-1f67b30a-0560-477e-8acb-15b195a1bc50 None None] SCRIPT_NAME: `/identity` {{(pid=42681) log_request_info /opt/stack/keystone/keystone/server/flask/request_processing/req_logging.py:28}}
Apr 21 15:22:07 user devstack@keystone.service[42681]: DEBUG keystone.server.flask.request_processing.req_logging [None req-1f67b30a-0560-477e-8acb-15b195a1bc50 None None] PATH_INFO: `/v3/auth/tokens` {{(pid=42681) log_request_info /opt/stack/keystone/keystone/server/flask/request_processing/req_logging.py:29}}
Apr 21 15:22:07 user devstack@keystone.service[42681]: WARNING keystone.common.password_hashing [None req-1f67b30a-0560-477e-8acb-15b195a1bc50 None None] Truncating password to algorithm specific maximum length 54 characters.
Apr 21 15:22:07 user devstack@keystone.service[42681]: DEBUG keystone.auth.core [None req-1f67b30a-0560-477e-8acb-15b195a1bc50 None None] MFA Rules not processed for user `b1bf28ff5faf466fae480749eaa1e806`. Rule list: `[]` (Enabled: `True`). {{(pid=42681) check_auth_methods_against_rules /opt/stack/keystone/keystone/auth/core.py:438}}
Apr 21 15:22:07 user devstack@keystone.service[42681]: DEBUG keystone.common.fernet_utils [None req-1f67b30a-0560-477e-8acb-15b195a1bc50 None None] Loaded 2 Fernet keys from /etc/keystone/fernet-keys/, but `[fernet_tokens] max_active_keys = 3`; perhaps there have not been enough key rotations to reach `max_active_keys` yet? {{(pid=42681) load_keys /opt/stack/keystone/keystone/common/fernet_utils.py:286}}
Apr 21 15:22:07 user devstack@keystone.service[42679]: DEBUG keystone.server.flask.request_processing.middleware.auth_context [None req-19c0466e-5616-4744-9784-10cbcb79ce84 None admin] Validating token access rules against request {{(pid=42679) validate_allowed_request /usr/local/lib/python3.10/dist-packages/keystonemiddleware/auth_token/__init__.py:544}}
Apr 21 15:22:07 user devstack@keystone.service[42679]: DEBUG keystone.server.flask.request_processing.middleware.auth_context [None req-be553b36-8d7c-4624-b15b-aa3f13a55ce4 None admin] RBAC: auth_context: {'token': , 'domain_id': None, 'trust_id': None, 'trustor_id': None, 'trustee_id': None, 'domain_name': None, 'group_ids': [], 'user_id': 'b1bf28ff5faf466fae480749eaa1e806', 'user_domain_id': 'default', 'system_scope': 'all', 'project_id': None, 'project_domain_id': None, 'roles': ['admin', 'member', 'reader'], 'is_admin_project': True, 'service_user_id': None, 'service_user_domain_id': None, 'service_project_id': None, 'service_project_domain_id': None, 'service_roles': []} {{(pid=42679) fill_context /opt/stack/keystone/keystone/server/flask/request_processing/middleware/auth_context.py:478}}
Apr 21 15:22:07 user devstack@keystone.service[42679]: DEBUG keystone.server.flask.request_processing.req_logging [None req-be553b36-8d7c-4624-b15b-aa3f13a55ce4 None admin] REQUEST_METHOD: `POST` {{(pid=42679) log_request_info /opt/stack/keystone/keystone/server/flask/request_processing/req_logging.py:27}}
Apr 21 15:22:07 user devstack@keystone.service[42679]: DEBUG keystone.server.flask.request_processing.req_logging [None req-be553b36-8d7c-4624-b15b-aa3f13a55ce4 None admin] SCRIPT_NAME: `/identity` {{(pid=42679) log_request_info /opt/stack/keystone/keystone/server/flask/request_processing/req_logging.py:28}}
Apr 21 15:22:07 user devstack@keystone.service[42679]: DEBUG keystone.server.flask.request_processing.req_logging [None req-be553b36-8d7c-4624-b15b-aa3f13a55ce4 None admin] PATH_INFO: `/v3/roles` {{(pid=42679) log_request_info /opt/stack/keystone/keystone/server/flask/request_processing/req_logging.py:29}}
Apr 21 15:22:07 user devstack@keystone.service[42679]: DEBUG keystone.common.rbac_enforcer.enforcer [None req-be553b36-8d7c-4624-b15b-aa3f13a55ce4 None admin] RBAC: Authorizing `identity:create_role()` {{(pid=42679) enforce_call /opt/stack/keystone/keystone/common/rbac_enforcer/enforcer.py:449}}
Apr 21 15:22:07 user devstack@keystone.service[42679]: DEBUG keystone.common.rbac_enforcer.enforcer [None req-be553b36-8d7c-4624-b15b-aa3f13a55ce4 None admin] RBAC: Authorization granted {{(pid=42679) enforce_call /opt/stack/keystone/keystone/common/rbac_enforcer/enforcer.py:457}}
Apr 21 15:22:07 user devstack@keystone.service[42680]: DEBUG keystone.server.flask.request_processing.middleware.auth_context [None req-705c7c73-8356-48cf-b469-a7f1541a7cdf None None] Validating token access rules against request {{(pid=42680) validate_allowed_request /usr/local/lib/python3.10/dist-packages/keystonemiddleware/auth_token/__init__.py:544}}
Apr 21 15:22:07 user devstack@keystone.service[42681]: [pid: 42681|app: 0|req: 13/37] 10.0.0.210 () {58 vars in 1017 bytes} [Fri Apr 21 15:22:07 2023] POST /identity/v3/auth/tokens => generated 798 bytes in 102 msecs (HTTP/1.1 201) 6 headers in 363 bytes (1 switches on core 0)
Apr 21 15:22:07 user devstack@keystone.service[42681]: DEBUG keystone.server.flask.request_processing.middleware.auth_context [None req-1f67b30a-0560-477e-8acb-15b195a1bc50 None None] Authenticating user token {{(pid=42681) process_request /usr/local/lib/python3.10/dist-packages/keystonemiddleware/auth_token/__init__.py:406}}
Apr 21 15:22:07 user devstack@keystone.service[42680]: DEBUG keystone.server.flask.request_processing.middleware.auth_context [None req-2e13e113-5075-4541-9267-99636b7a646f None admin] RBAC: auth_context: {'token': , 'domain_id': None, 'trust_id': None, 'trustor_id': None, 'trustee_id': None, 'domain_name': None, 'group_ids': [], 'user_id': 'b1bf28ff5faf466fae480749eaa1e806', 'user_domain_id': 'default', 'system_scope': 'all', 'project_id': None, 'project_domain_id': None, 'roles': ['admin', 'member', 'reader'], 'is_admin_project': True, 'service_user_id': None, 'service_user_domain_id': None, 'service_project_id': None, 'service_project_domain_id': None, 'service_roles': []} {{(pid=42680) fill_context /opt/stack/keystone/keystone/server/flask/request_processing/middleware/auth_context.py:478}}
Apr 21 15:22:07 user devstack@keystone.service[42680]: DEBUG keystone.server.flask.request_processing.req_logging [None req-2e13e113-5075-4541-9267-99636b7a646f None admin] REQUEST_METHOD: `POST` {{(pid=42680) log_request_info /opt/stack/keystone/keystone/server/flask/request_processing/req_logging.py:27}}
Apr 21 15:22:07 user devstack@keystone.service[42680]: DEBUG keystone.server.flask.request_processing.req_logging [None req-2e13e113-5075-4541-9267-99636b7a646f None admin] SCRIPT_NAME: `/identity` {{(pid=42680) log_request_info /opt/stack/keystone/keystone/server/flask/request_processing/req_logging.py:28}}
Apr 21 15:22:07 user devstack@keystone.service[42680]: DEBUG keystone.server.flask.request_processing.req_logging [None req-2e13e113-5075-4541-9267-99636b7a646f None admin] PATH_INFO: `/v3/projects` {{(pid=42680) log_request_info /opt/stack/keystone/keystone/server/flask/request_processing/req_logging.py:29}}
Apr 21 15:22:07 user devstack@keystone.service[42680]: DEBUG keystone.common.rbac_enforcer.enforcer [None req-2e13e113-5075-4541-9267-99636b7a646f None admin] RBAC: Authorizing `identity:create_project()` {{(pid=42680) enforce_call /opt/stack/keystone/keystone/common/rbac_enforcer/enforcer.py:449}}
Apr 21 15:22:07 user devstack@keystone.service[42680]: DEBUG keystone.common.rbac_enforcer.enforcer [None req-2e13e113-5075-4541-9267-99636b7a646f None admin] RBAC: Authorization granted {{(pid=42680) enforce_call /opt/stack/keystone/keystone/common/rbac_enforcer/enforcer.py:457}}
Apr 21 15:22:07 user devstack@keystone.service[42680]: [pid: 42680|app: 0|req: 15/38] 10.0.0.210 () {60 vars in 1136 bytes} [Fri Apr 21 15:22:07 2023] POST /identity/v3/projects => generated 300 bytes in 154 msecs (HTTP/1.1 201) 5 headers in 182 bytes (1 switches on core 0)
Apr 21 15:22:07 user devstack@keystone.service[42681]: DEBUG dbcounter [-] [42681] Writing DB stats keystone:SELECT=100 {{(pid=42681) stat_writer /usr/local/lib/python3.10/dist-packages/dbcounter.py:117}}
Apr 21 15:22:07 user devstack@keystone.service[42681]: DEBUG keystone.server.flask.request_processing.middleware.auth_context [None req-1f67b30a-0560-477e-8acb-15b195a1bc50 None None] Validating token access rules against request {{(pid=42681) validate_allowed_request /usr/local/lib/python3.10/dist-packages/keystonemiddleware/auth_token/__init__.py:544}}
Apr 21 15:22:07 user devstack@keystone.service[42680]: DEBUG keystone.server.flask.request_processing.middleware.auth_context [None req-2e13e113-5075-4541-9267-99636b7a646f None admin] Authenticating user token {{(pid=42680) process_request /usr/local/lib/python3.10/dist-packages/keystonemiddleware/auth_token/__init__.py:406}}
Apr 21 15:22:07 user devstack@keystone.service[42680]: DEBUG dbcounter [-] [42680] Writing DB stats keystone:SELECT=99,keystone:INSERT=1 {{(pid=42680) stat_writer /usr/local/lib/python3.10/dist-packages/dbcounter.py:117}}
Apr 21 15:22:07 user devstack@keystone.service[42679]: [pid: 42679|app: 0|req: 11/39] 10.0.0.210 () {60 vars in 1126 bytes} [Fri Apr 21 15:22:07 2023] POST /identity/v3/roles => generated 224 bytes in 264 msecs (HTTP/1.1 201) 5 headers in 182 bytes (1 switches on core 0)
Apr 21 15:22:07 user devstack@keystone.service[42681]: DEBUG keystone.server.flask.request_processing.middleware.auth_context [None req-75b42ea3-a26d-4454-8a82-2b32ed6ddf20 None admin] RBAC: auth_context: {'token': , 'domain_id': None, 'trust_id': None, 'trustor_id': None, 'trustee_id': None, 'domain_name': None, 'group_ids': [], 'user_id': 'b1bf28ff5faf466fae480749eaa1e806', 'user_domain_id': 'default', 'system_scope': 'all', 'project_id': None, 'project_domain_id': None, 'roles': ['admin', 'member', 'reader'], 'is_admin_project': True, 'service_user_id': None, 'service_user_domain_id': None, 'service_project_id': None, 'service_project_domain_id': None, 'service_roles': []} {{(pid=42681) fill_context /opt/stack/keystone/keystone/server/flask/request_processing/middleware/auth_context.py:478}}
Apr 21 15:22:07 user devstack@keystone.service[42681]: DEBUG keystone.server.flask.request_processing.req_logging [None req-75b42ea3-a26d-4454-8a82-2b32ed6ddf20 None admin] REQUEST_METHOD: `GET` {{(pid=42681) log_request_info /opt/stack/keystone/keystone/server/flask/request_processing/req_logging.py:27}}
Apr 21 15:22:07 user devstack@keystone.service[42681]: DEBUG keystone.server.flask.request_processing.req_logging [None req-75b42ea3-a26d-4454-8a82-2b32ed6ddf20 None admin] SCRIPT_NAME: `/identity` {{(pid=42681) log_request_info /opt/stack/keystone/keystone/server/flask/request_processing/req_logging.py:28}}
Apr 21 15:22:07 user devstack@keystone.service[42681]: DEBUG keystone.server.flask.request_processing.req_logging [None req-75b42ea3-a26d-4454-8a82-2b32ed6ddf20 None admin] PATH_INFO: `/v3/roles` {{(pid=42681) log_request_info /opt/stack/keystone/keystone/server/flask/request_processing/req_logging.py:29}}
Apr 21 15:22:07 user devstack@keystone.service[42681]: DEBUG keystone.common.rbac_enforcer.enforcer [None req-75b42ea3-a26d-4454-8a82-2b32ed6ddf20 None admin] RBAC: Adding query filter params (name=admin) {{(pid=42681) _extract_filter_values /opt/stack/keystone/keystone/common/rbac_enforcer/enforcer.py:167}}
Apr 21 15:22:07 user devstack@keystone.service[42681]: DEBUG keystone.common.rbac_enforcer.enforcer [None req-75b42ea3-a26d-4454-8a82-2b32ed6ddf20 None admin] RBAC: Authorizing `identity:list_roles()` {{(pid=42681) enforce_call /opt/stack/keystone/keystone/common/rbac_enforcer/enforcer.py:449}}
Apr 21 15:22:07 user devstack@keystone.service[42681]: DEBUG keystone.common.rbac_enforcer.enforcer [None req-75b42ea3-a26d-4454-8a82-2b32ed6ddf20 None admin] RBAC: Authorization granted {{(pid=42681) enforce_call /opt/stack/keystone/keystone/common/rbac_enforcer/enforcer.py:457}}
Apr 21 15:22:07 user devstack@keystone.service[42681]: [pid: 42681|app: 0|req: 14/40] 10.0.0.210 () {56 vars in 1094 bytes} [Fri Apr 21 15:22:07 2023] GET /identity/v3/roles?name=admin => generated 337 bytes in 149 msecs (HTTP/1.1 200) 5 headers in 177 bytes (1 switches on core 0)
Apr 21 15:22:07 user devstack@keystone.service[42679]: DEBUG keystone.server.flask.request_processing.middleware.auth_context [None req-be553b36-8d7c-4624-b15b-aa3f13a55ce4 None admin] Authenticating user token {{(pid=42679) process_request /usr/local/lib/python3.10/dist-packages/keystonemiddleware/auth_token/__init__.py:406}}
Apr 21 15:22:07 user devstack@keystone.service[42680]: DEBUG keystone.server.flask.request_processing.middleware.auth_context [None req-2e13e113-5075-4541-9267-99636b7a646f None admin] Validating token access rules against request {{(pid=42680) validate_allowed_request /usr/local/lib/python3.10/dist-packages/keystonemiddleware/auth_token/__init__.py:544}}
Apr 21 15:22:07 user devstack@keystone.service[42681]: DEBUG keystone.server.flask.request_processing.middleware.auth_context [None req-75b42ea3-a26d-4454-8a82-2b32ed6ddf20 None admin] Authenticating user token {{(pid=42681) process_request /usr/local/lib/python3.10/dist-packages/keystonemiddleware/auth_token/__init__.py:406}}
Apr 21 15:22:07 user devstack@keystone.service[42679]: DEBUG dbcounter [-] [42679] Writing DB stats keystone:SELECT=99,keystone:INSERT=1 {{(pid=42679) stat_writer /usr/local/lib/python3.10/dist-packages/dbcounter.py:117}}
Apr 21 15:22:07 user devstack@keystone.service[42680]: DEBUG keystone.server.flask.request_processing.middleware.auth_context [None req-350472db-03eb-41a4-b16d-8043e5cb2345 None admin] RBAC: auth_context: {'token': , 'domain_id': None, 'trust_id': None, 'trustor_id': None, 'trustee_id': None, 'domain_name': None, 'group_ids': [], 'user_id': 'b1bf28ff5faf466fae480749eaa1e806', 'user_domain_id': 'default', 'system_scope': 'all', 'project_id': None, 'project_domain_id': None, 'roles': ['admin', 'member', 'reader'], 'is_admin_project': True, 'service_user_id': None, 'service_user_domain_id': None, 'service_project_id': None, 'service_project_domain_id': None, 'service_roles': []} {{(pid=42680) fill_context /opt/stack/keystone/keystone/server/flask/request_processing/middleware/auth_context.py:478}}
Apr 21 15:22:07 user devstack@keystone.service[42680]: DEBUG keystone.server.flask.request_processing.req_logging [None req-350472db-03eb-41a4-b16d-8043e5cb2345 None admin] REQUEST_METHOD: `POST` {{(pid=42680) log_request_info /opt/stack/keystone/keystone/server/flask/request_processing/req_logging.py:27}}
Apr 21 15:22:07 user devstack@keystone.service[42680]: DEBUG keystone.server.flask.request_processing.req_logging [None req-350472db-03eb-41a4-b16d-8043e5cb2345 None admin] SCRIPT_NAME: `/identity` {{(pid=42680) log_request_info /opt/stack/keystone/keystone/server/flask/request_processing/req_logging.py:28}}
Apr 21 15:22:07 user devstack@keystone.service[42680]: DEBUG keystone.server.flask.request_processing.req_logging [None req-350472db-03eb-41a4-b16d-8043e5cb2345 None admin] PATH_INFO: `/v3/roles` {{(pid=42680) log_request_info /opt/stack/keystone/keystone/server/flask/request_processing/req_logging.py:29}}
Apr 21 15:22:07 user devstack@keystone.service[42680]: DEBUG keystone.common.rbac_enforcer.enforcer [None req-350472db-03eb-41a4-b16d-8043e5cb2345 None admin] RBAC: Authorizing `identity:create_role()` {{(pid=42680) enforce_call /opt/stack/keystone/keystone/common/rbac_enforcer/enforcer.py:449}}
Apr 21 15:22:07 user devstack@keystone.service[42680]: DEBUG keystone.common.rbac_enforcer.enforcer [None req-350472db-03eb-41a4-b16d-8043e5cb2345 None admin] RBAC: Authorization granted {{(pid=42680) enforce_call /opt/stack/keystone/keystone/common/rbac_enforcer/enforcer.py:457}}
