Apr 21 15:22:19 user devstack@keystone.service[42679]: DEBUG keystone.server.flask.request_processing.req_logging [None req-695a6fff-7a14-41d2-9a44-e0ac134cd66a None admin] REQUEST_METHOD: `GET` {{(pid=42679) log_request_info /opt/stack/keystone/keystone/server/flask/request_processing/req_logging.py:27}}
Apr 21 15:22:19 user devstack@keystone.service[42679]: DEBUG keystone.server.flask.request_processing.req_logging [None req-695a6fff-7a14-41d2-9a44-e0ac134cd66a None admin] SCRIPT_NAME: `/identity` {{(pid=42679) log_request_info /opt/stack/keystone/keystone/server/flask/request_processing/req_logging.py:28}}
Apr 21 15:22:19 user devstack@keystone.service[42679]: DEBUG keystone.server.flask.request_processing.req_logging [None req-695a6fff-7a14-41d2-9a44-e0ac134cd66a None admin] PATH_INFO: `/v3/roles/member` {{(pid=42679) log_request_info /opt/stack/keystone/keystone/server/flask/request_processing/req_logging.py:29}}
Apr 21 15:22:19 user devstack@keystone.service[42679]: DEBUG keystone.common.rbac_enforcer.enforcer [None req-695a6fff-7a14-41d2-9a44-e0ac134cd66a None admin] Extracting inferred target data resulted in "NOT FOUND (404)". {{(pid=42679) enforce_call /opt/stack/keystone/keystone/common/rbac_enforcer/enforcer.py:409}}
Apr 21 15:22:19 user devstack@keystone.service[42679]: ERROR keystone.server.flask.application [None req-695a6fff-7a14-41d2-9a44-e0ac134cd66a None admin] Could not find role: member.: keystone.exception.RoleNotFound: Could not find role: member.
Apr 21 15:22:19 user devstack@keystone.service[42679]: ERROR keystone.server.flask.application
Traceback (most recent call last):
Apr 21 15:22:19 user devstack@keystone.service[42679]: ERROR keystone.server.flask.application
File "/usr/local/lib/python3.10/dist-packages/flask/app.py", line 1823, in full_dispatch_request
Apr 21 15:22:19 user devstack@keystone.service[42679]: ERROR keystone.server.flask.application rv = self.dispatch_request()
Apr 21 15:22:19 user devstack@keystone.service[42679]: ERROR keystone.server.flask.application
File "/usr/local/lib/python3.10/dist-packages/flask/app.py", line 1799, in dispatch_request
Apr 21 15:22:19 user devstack@keystone.service[42679]: ERROR keystone.server.flask.application return self.ensure_sync(self.view_functions[rule.endpoint])(**view_args)
Apr 21 15:22:19 user devstack@keystone.service[42679]: ERROR keystone.server.flask.application
File "/usr/local/lib/python3.10/dist-packages/flask_restful/__init__.py", line 467, in wrapper
Apr 21 15:22:19 user devstack@keystone.service[42679]: ERROR keystone.server.flask.application resp = resource(*args, **kwargs)
Apr 21 15:22:19 user devstack@keystone.service[42679]: ERROR keystone.server.flask.application
File "/usr/local/lib/python3.10/dist-packages/flask/views.py", line 107, in view
Apr 21 15:22:19 user devstack@keystone.service[42679]: ERROR keystone.server.flask.application return current_app.ensure_sync(self.dispatch_request)(**kwargs)
Apr 21 15:22:19 user devstack@keystone.service[42679]: ERROR keystone.server.flask.application
File "/usr/local/lib/python3.10/dist-packages/flask_restful/__init__.py", line 582, in dispatch_request
Apr 21 15:22:19 user devstack@keystone.service[42679]: ERROR keystone.server.flask.application resp = meth(*args, **kwargs)
Apr 21 15:22:19 user devstack@keystone.service[42679]: ERROR keystone.server.flask.application
File "/opt/stack/keystone/keystone/api/roles.py", line 50, in get
Apr 21 15:22:19 user devstack@keystone.service[42679]: ERROR keystone.server.flask.application return self._get_role(role_id)
Apr 21 15:22:19 user devstack@keystone.service[42679]: ERROR keystone.server.flask.application
File "/opt/stack/keystone/keystone/api/roles.py", line 70, in _get_role
Apr 21 15:22:19 user devstack@keystone.service[42679]: ERROR keystone.server.flask.application ENFORCER.enforce_call(action='identity:get_role')
Apr 21 15:22:19 user devstack@keystone.service[42679]: ERROR keystone.server.flask.application
File "/opt/stack/keystone/keystone/common/rbac_enforcer/enforcer.py", line 402, in enforce_call
Apr 21 15:22:19 user devstack@keystone.service[42679]: ERROR keystone.server.flask.application policy_dict.update(cls._extract_member_target_data(
Apr 21 15:22:19 user devstack@keystone.service[42679]: ERROR keystone.server.flask.application
File "/opt/stack/keystone/keystone/common/rbac_enforcer/enforcer.py", line 234, in _extract_member_target_data
Apr 21 15:22:19 user devstack@keystone.service[42679]: ERROR keystone.server.flask.application member_name: func(flask.request.view_args[key])
Apr 21 15:22:19 user devstack@keystone.service[42679]: ERROR keystone.server.flask.application
File "/opt/stack/keystone/keystone/common/manager.py", line 115, in wrapped
Apr 21 15:22:19 user devstack@keystone.service[42679]: ERROR keystone.server.flask.application __ret_val = __f(*args, **kwargs)
Apr 21 15:22:19 user devstack@keystone.service[42679]: ERROR keystone.server.flask.application
File "/usr/local/lib/python3.10/dist-packages/decorator.py", line 232, in fun
Apr 21 15:22:19 user devstack@keystone.service[42679]: ERROR keystone.server.flask.application return caller(func, *(extras + args), **kw)
Apr 21 15:22:19 user devstack@keystone.service[42679]: ERROR keystone.server.flask.application
File "/usr/local/lib/python3.10/dist-packages/dogpile/cache/region.py", line 1577, in get_or_create_for_user_func
Apr 21 15:22:19 user devstack@keystone.service[42679]: ERROR keystone.server.flask.application return self.get_or_create(
Apr 21 15:22:19 user devstack@keystone.service[42679]: ERROR keystone.server.flask.application
File "/usr/local/lib/python3.10/dist-packages/dogpile/cache/region.py", line 1042, in get_or_create
Apr 21 15:22:19 user devstack@keystone.service[42679]: ERROR keystone.server.flask.application with Lock(
Apr 21 15:22:19 user devstack@keystone.service[42679]: ERROR keystone.server.flask.application
File "/usr/local/lib/python3.10/dist-packages/dogpile/lock.py", line 185, in __enter__
Apr 21 15:22:19 user devstack@keystone.service[42679]: ERROR keystone.server.flask.application return self._enter()
Apr 21 15:22:19 user devstack@keystone.service[42679]: ERROR keystone.server.flask.application
File "/usr/local/lib/python3.10/dist-packages/dogpile/lock.py", line 94, in _enter
Apr 21 15:22:19 user devstack@keystone.service[42679]: ERROR keystone.server.flask.application generated = self._enter_create(value, createdtime)
Apr 21 15:22:19 user devstack@keystone.service[42679]: ERROR keystone.server.flask.application
File "/usr/local/lib/python3.10/dist-packages/dogpile/lock.py", line 178, in _enter_create
Apr 21 15:22:19 user devstack@keystone.service[42679]: ERROR keystone.server.flask.application return self.creator()
Apr 21 15:22:19 user devstack@keystone.service[42679]: ERROR keystone.server.flask.application
File "/usr/local/lib/python3.10/dist-packages/dogpile/cache/region.py", line 995, in gen_value
Apr 21 15:22:19 user devstack@keystone.service[42679]: ERROR keystone.server.flask.application created_value = creator(
Apr 21 15:22:19 user devstack@keystone.service[42679]: ERROR keystone.server.flask.application
File "/opt/stack/keystone/keystone/assignment/core.py", line 1276, in get_role
Apr 21 15:22:19 user devstack@keystone.service[42679]: ERROR keystone.server.flask.application return self.driver.get_role(role_id)
Apr 21 15:22:19 user devstack@keystone.service[42679]: ERROR keystone.server.flask.application
File "/opt/stack/keystone/keystone/assignment/role_backends/sql.py", line 70, in get_role
Apr 21 15:22:19 user devstack@keystone.service[42679]: ERROR keystone.server.flask.application return self._get_role(session, role_id).to_dict()
Apr 21 15:22:19 user devstack@keystone.service[42679]: ERROR keystone.server.flask.application
File "/opt/stack/keystone/keystone/assignment/role_backends/sql.py", line 65, in _get_role
Apr 21 15:22:19 user devstack@keystone.service[42679]: ERROR keystone.server.flask.application raise exception.RoleNotFound(role_id=role_id)
Apr 21 15:22:19 user devstack@keystone.service[42679]: ERROR keystone.server.flask.application keystone.exception.RoleNotFound: Could not find role: member.
Apr 21 15:22:19 user devstack@keystone.service[42679]: ERROR keystone.server.flask.application
Apr 21 15:22:19 user devstack@keystone.service[42679]: [pid: 42679|app: 0|req: 36/109] 10.0.0.210 () {56 vars in 1094 bytes} [Fri Apr 21 15:22:19 2023] GET /identity/v3/roles/member => generated 84 bytes in 132 msecs (HTTP/1.1 404) 5 headers in 183 bytes (1 switches on core 0)
Apr 21 15:22:19 user devstack@keystone.service[42679]: DEBUG keystone.server.flask.request_processing.middleware.auth_context [None req-695a6fff-7a14-41d2-9a44-e0ac134cd66a None admin] Authenticating user token {{(pid=42679) process_request /usr/local/lib/python3.10/dist-packages/keystonemiddleware/auth_token/__init__.py:406}}
Apr 21 15:22:19 user devstack@keystone.service[42681]: DEBUG keystone.server.flask.request_processing.middleware.auth_context [None req-1c161de9-89a1-4f47-bf37-9c1678d2a8aa None admin] Validating token access rules against request {{(pid=42681) validate_allowed_request /usr/local/lib/python3.10/dist-packages/keystonemiddleware/auth_token/__init__.py:544}}
Apr 21 15:22:19 user devstack@keystone.service[42681]: DEBUG keystone.server.flask.request_processing.middleware.auth_context [None req-e869e5ab-d8a9-42af-abc8-d972ef5eb090 None admin] RBAC: auth_context: {'token': , 'domain_id': None, 'trust_id': None, 'trustor_id': None, 'trustee_id': None, 'domain_name': None, 'group_ids': [], 'user_id': 'b1bf28ff5faf466fae480749eaa1e806', 'user_domain_id': 'default', 'system_scope': 'all', 'project_id': None, 'project_domain_id': None, 'roles': ['admin', 'member', 'reader'], 'is_admin_project': True, 'service_user_id': None, 'service_user_domain_id': None, 'service_project_id': None, 'service_project_domain_id': None, 'service_roles': []} {{(pid=42681) fill_context /opt/stack/keystone/keystone/server/flask/request_processing/middleware/auth_context.py:478}}
Apr 21 15:22:19 user devstack@keystone.service[42681]: DEBUG keystone.server.flask.request_processing.req_logging [None req-e869e5ab-d8a9-42af-abc8-d972ef5eb090 None admin] REQUEST_METHOD: `POST` {{(pid=42681) log_request_info /opt/stack/keystone/keystone/server/flask/request_processing/req_logging.py:27}}
Apr 21 15:22:19 user devstack@keystone.service[42681]: DEBUG keystone.server.flask.request_processing.req_logging [None req-e869e5ab-d8a9-42af-abc8-d972ef5eb090 None admin] SCRIPT_NAME: `/identity` {{(pid=42681) log_request_info /opt/stack/keystone/keystone/server/flask/request_processing/req_logging.py:28}}
Apr 21 15:22:19 user devstack@keystone.service[42681]: DEBUG keystone.server.flask.request_processing.req_logging [None req-e869e5ab-d8a9-42af-abc8-d972ef5eb090 None admin] PATH_INFO: `/v3/projects` {{(pid=42681) log_request_info /opt/stack/keystone/keystone/server/flask/request_processing/req_logging.py:29}}
Apr 21 15:22:19 user devstack@keystone.service[42681]: DEBUG keystone.common.rbac_enforcer.enforcer [None req-e869e5ab-d8a9-42af-abc8-d972ef5eb090 None admin] RBAC: Authorizing `identity:create_project()` {{(pid=42681) enforce_call /opt/stack/keystone/keystone/common/rbac_enforcer/enforcer.py:449}}
Apr 21 15:22:19 user devstack@keystone.service[42681]: DEBUG keystone.common.rbac_enforcer.enforcer [None req-e869e5ab-d8a9-42af-abc8-d972ef5eb090 None admin] RBAC: Authorization granted {{(pid=42681) enforce_call /opt/stack/keystone/keystone/common/rbac_enforcer/enforcer.py:457}}
Apr 21 15:22:19 user devstack@keystone.service[42680]: [pid: 42680|app: 0|req: 37/110] 10.0.0.210 () {58 vars in 1277 bytes} [Fri Apr 21 15:22:19 2023] GET /identity/v3/auth/tokens => generated 798 bytes in 256 msecs (HTTP/1.1 200) 6 headers in 358 bytes (1 switches on core 0)
Apr 21 15:22:19 user devstack@keystone.service[42680]: DEBUG keystone.server.flask.request_processing.middleware.auth_context [None req-14e96be4-7bff-4c80-8ee1-dea56d1c2e9b None admin] Authenticating user token {{(pid=42680) process_request /usr/local/lib/python3.10/dist-packages/keystonemiddleware/auth_token/__init__.py:406}}
Apr 21 15:22:19 user devstack@keystone.service[42679]: DEBUG dbcounter [-] [42679] Writing DB stats keystone:SELECT=100 {{(pid=42679) stat_writer /usr/local/lib/python3.10/dist-packages/dbcounter.py:117}}
Apr 21 15:22:19 user devstack@keystone.service[42681]: DEBUG dbcounter [-] [42681] Writing DB stats keystone:SELECT=100 {{(pid=42681) stat_writer /usr/local/lib/python3.10/dist-packages/dbcounter.py:117}}
Apr 21 15:22:19 user devstack@keystone.service[42681]: [pid: 42681|app: 0|req: 38/111] 10.0.0.210 () {60 vars in 1136 bytes} [Fri Apr 21 15:22:19 2023] POST /identity/v3/projects => generated 301 bytes in 144 msecs (HTTP/1.1 201) 5 headers in 182 bytes (1 switches on core 0)
Apr 21 15:22:19 user devstack@keystone.service[42681]: DEBUG keystone.server.flask.request_processing.middleware.auth_context [None req-e869e5ab-d8a9-42af-abc8-d972ef5eb090 None admin] Authenticating user token {{(pid=42681) process_request /usr/local/lib/python3.10/dist-packages/keystonemiddleware/auth_token/__init__.py:406}}
Apr 21 15:22:19 user devstack@keystone.service[42679]: DEBUG keystone.server.flask.request_processing.middleware.auth_context [None req-695a6fff-7a14-41d2-9a44-e0ac134cd66a None admin] Validating token access rules against request {{(pid=42679) validate_allowed_request /usr/local/lib/python3.10/dist-packages/keystonemiddleware/auth_token/__init__.py:544}}
Apr 21 15:22:19 user devstack@keystone.service[42680]: DEBUG dbcounter [-] [42680] Writing DB stats keystone:SELECT=100 {{(pid=42680) stat_writer /usr/local/lib/python3.10/dist-packages/dbcounter.py:117}}
Apr 21 15:22:19 user devstack@keystone.service[42680]: DEBUG keystone.server.flask.request_processing.middleware.auth_context [None req-14e96be4-7bff-4c80-8ee1-dea56d1c2e9b None admin] Validating token access rules against request {{(pid=42680) validate_allowed_request /usr/local/lib/python3.10/dist-packages/keystonemiddleware/auth_token/__init__.py:544}}
Apr 21 15:22:19 user devstack@keystone.service[42679]: DEBUG keystone.server.flask.request_processing.middleware.auth_context [None req-446e4a5f-a197-4172-b346-847ab94c8d87 None admin] RBAC: auth_context: {'token': , 'domain_id': None, 'trust_id': None, 'trustor_id': None, 'trustee_id': None, 'domain_name': None, 'group_ids': [], 'user_id': 'b1bf28ff5faf466fae480749eaa1e806', 'user_domain_id': 'default', 'system_scope': 'all', 'project_id': None, 'project_domain_id': None, 'roles': ['admin', 'member', 'reader'], 'is_admin_project': True, 'service_user_id': None, 'service_user_domain_id': None, 'service_project_id': None, 'service_project_domain_id': None, 'service_roles': []} {{(pid=42679) fill_context /opt/stack/keystone/keystone/server/flask/request_processing/middleware/auth_context.py:478}}
Apr 21 15:22:19 user devstack@keystone.service[42679]: DEBUG keystone.server.flask.request_processing.req_logging [None req-446e4a5f-a197-4172-b346-847ab94c8d87 None admin] REQUEST_METHOD: `GET` {{(pid=42679) log_request_info /opt/stack/keystone/keystone/server/flask/request_processing/req_logging.py:27}}
Apr 21 15:22:19 user devstack@keystone.service[42679]: DEBUG keystone.server.flask.request_processing.req_logging [None req-446e4a5f-a197-4172-b346-847ab94c8d87 None admin] SCRIPT_NAME: `/identity` {{(pid=42679) log_request_info /opt/stack/keystone/keystone/server/flask/request_processing/req_logging.py:28}}
Apr 21 15:22:19 user devstack@keystone.service[42679]: DEBUG keystone.server.flask.request_processing.req_logging [None req-446e4a5f-a197-4172-b346-847ab94c8d87 None admin] PATH_INFO: `/v3/roles` {{(pid=42679) log_request_info /opt/stack/keystone/keystone/server/flask/request_processing/req_logging.py:29}}
Apr 21 15:22:19 user devstack@keystone.service[42679]: DEBUG keystone.common.rbac_enforcer.enforcer [None req-446e4a5f-a197-4172-b346-847ab94c8d87 None admin] RBAC: Adding query filter params (name=reader) {{(pid=42679) _extract_filter_values /opt/stack/keystone/keystone/common/rbac_enforcer/enforcer.py:167}}
Apr 21 15:22:19 user devstack@keystone.service[42679]: DEBUG keystone.common.rbac_enforcer.enforcer [None req-446e4a5f-a197-4172-b346-847ab94c8d87 None admin] RBAC: Authorizing `identity:list_roles()` {{(pid=42679) enforce_call /opt/stack/keystone/keystone/common/rbac_enforcer/enforcer.py:449}}
Apr 21 15:22:19 user devstack@keystone.service[42679]: DEBUG keystone.common.rbac_enforcer.enforcer [None req-446e4a5f-a197-4172-b346-847ab94c8d87 None admin] RBAC: Authorization granted {{(pid=42679) enforce_call /opt/stack/keystone/keystone/common/rbac_enforcer/enforcer.py:457}}
Apr 21 15:22:19 user devstack@keystone.service[42679]: [pid: 42679|app: 0|req: 37/112] 10.0.0.210 () {56 vars in 1096 bytes} [Fri Apr 21 15:22:19 2023] GET /identity/v3/roles?name=reader => generated 339 bytes in 156 msecs (HTTP/1.1 200) 5 headers in 177 bytes (1 switches on core 0)
Apr 21 15:22:19 user devstack@keystone.service[42679]: DEBUG keystone.server.flask.request_processing.middleware.auth_context [None req-446e4a5f-a197-4172-b346-847ab94c8d87 None admin] Authenticating user token {{(pid=42679) process_request /usr/local/lib/python3.10/dist-packages/keystonemiddleware/auth_token/__init__.py:406}}
Apr 21 15:22:19 user devstack@keystone.service[42680]: DEBUG keystone.server.flask.request_processing.middleware.auth_context [None req-be5e787d-6681-49f7-93a4-19745bd37d9d None admin] RBAC: auth_context: {'token': , 'domain_id': None, 'trust_id': None, 'trustor_id': None, 'trustee_id': None, 'domain_name': None, 'group_ids': [], 'user_id': 'b1bf28ff5faf466fae480749eaa1e806', 'user_domain_id': 'default', 'system_scope': 'all', 'project_id': None, 'project_domain_id': None, 'roles': ['admin', 'member', 'reader'], 'is_admin_project': True, 'service_user_id': None, 'service_user_domain_id': None, 'service_project_id': None, 'service_project_domain_id': None, 'service_roles': []} {{(pid=42680) fill_context /opt/stack/keystone/keystone/server/flask/request_processing/middleware/auth_context.py:478}}
Apr 21 15:22:19 user devstack@keystone.service[42680]: DEBUG keystone.server.flask.request_processing.req_logging [None req-be5e787d-6681-49f7-93a4-19745bd37d9d None admin] REQUEST_METHOD: `GET` {{(pid=42680) log_request_info /opt/stack/keystone/keystone/server/flask/request_processing/req_logging.py:27}}
Apr 21 15:22:19 user devstack@keystone.service[42680]: DEBUG keystone.server.flask.request_processing.req_logging [None req-be5e787d-6681-49f7-93a4-19745bd37d9d None admin] SCRIPT_NAME: `/identity` {{(pid=42680) log_request_info /opt/stack/keystone/keystone/server/flask/request_processing/req_logging.py:28}}
Apr 21 15:22:19 user devstack@keystone.service[42680]: DEBUG keystone.server.flask.request_processing.req_logging [None req-be5e787d-6681-49f7-93a4-19745bd37d9d None admin] PATH_INFO: `/v3/users/2d410f571fd9433d879bc81444276932` {{(pid=42680) log_request_info /opt/stack/keystone/keystone/server/flask/request_processing/req_logging.py:29}}
Apr 21 15:22:19 user devstack@keystone.service[42680]: DEBUG keystone.common.rbac_enforcer.enforcer [None req-be5e787d-6681-49f7-93a4-19745bd37d9d None admin] RBAC: Authorizing `identity:get_user(user_id=2d410f571fd9433d879bc81444276932)` {{(pid=42680) enforce_call /opt/stack/keystone/keystone/common/rbac_enforcer/enforcer.py:449}}
Apr 21 15:22:20 user devstack@keystone.service[42680]: DEBUG keystone.common.rbac_enforcer.enforcer [None req-be5e787d-6681-49f7-93a4-19745bd37d9d None admin] RBAC: Authorization granted {{(pid=42680) enforce_call /opt/stack/keystone/keystone/common/rbac_enforcer/enforcer.py:457}}
Apr 21 15:22:20 user devstack@keystone.service[42680]: [pid: 42680|app: 0|req: 38/113] 10.0.0.210 () {56 vars in 1172 bytes} [Fri Apr 21 15:22:19 2023] GET /identity/v3/users/2d410f571fd9433d879bc81444276932 => generated 274 bytes in 116 msecs (HTTP/1.1 200) 5 headers in 177 bytes (1 switches on core 0)
Apr 21 15:22:20 user devstack@keystone.service[42680]: DEBUG keystone.server.flask.request_processing.middleware.auth_context [None req-be5e787d-6681-49f7-93a4-19745bd37d9d None admin] Authenticating user token {{(pid=42680) process_request /usr/local/lib/python3.10/dist-packages/keystonemiddleware/auth_token/__init__.py:406}}
Apr 21 15:22:20 user devstack@keystone.service[42681]: DEBUG keystone.server.flask.request_processing.middleware.auth_context [None req-e869e5ab-d8a9-42af-abc8-d972ef5eb090 None admin] Validating token access rules against request {{(pid=42681) validate_allowed_request /usr/local/lib/python3.10/dist-packages/keystonemiddleware/auth_token/__init__.py:544}}
Apr 21 15:22:20 user devstack@keystone.service[42681]: DEBUG keystone.server.flask.request_processing.middleware.auth_context [None req-e465a30b-da14-4aa4-8af7-054687cbe8f3 None admin] RBAC: auth_context: {'token': , 'domain_id': None, 'trust_id': None, 'trustor_id': None, 'trustee_id': None, 'domain_name': None, 'group_ids': [], 'user_id': 'b1bf28ff5faf466fae480749eaa1e806', 'user_domain_id': 'default', 'system_scope': 'all', 'project_id': None, 'project_domain_id': None, 'roles': ['admin', 'member', 'reader'], 'is_admin_project': True, 'service_user_id': None, 'service_user_domain_id': None, 'service_project_id': None, 'service_project_domain_id': None, 'service_roles': []} {{(pid=42681) fill_context /opt/stack/keystone/keystone/server/flask/request_processing/middleware/auth_context.py:478}}
Apr 21 15:22:20 user devstack@keystone.service[42681]: DEBUG keystone.server.flask.request_processing.req_logging [None req-e465a30b-da14-4aa4-8af7-054687cbe8f3 None admin] REQUEST_METHOD: `GET` {{(pid=42681) log_request_info /opt/stack/keystone/keystone/server/flask/request_processing/req_logging.py:27}}
Apr 21 15:22:20 user devstack@keystone.service[42681]: DEBUG keystone.server.flask.request_processing.req_logging [None req-e465a30b-da14-4aa4-8af7-054687cbe8f3 None admin] SCRIPT_NAME: `/identity` {{(pid=42681) log_request_info /opt/stack/keystone/keystone/server/flask/request_processing/req_logging.py:28}}
Apr 21 15:22:20 user devstack@keystone.service[42681]: DEBUG keystone.server.flask.request_processing.req_logging [None req-e465a30b-da14-4aa4-8af7-054687cbe8f3 None admin] PATH_INFO: `/v3/auth/tokens` {{(pid=42681) log_request_info /opt/stack/keystone/keystone/server/flask/request_processing/req_logging.py:29}}
Apr 21 15:22:20 user devstack@keystone.service[42679]: DEBUG keystone.server.flask.request_processing.middleware.auth_context [None req-446e4a5f-a197-4172-b346-847ab94c8d87 None admin] Validating token access rules against request {{(pid=42679) validate_allowed_request /usr/local/lib/python3.10/dist-packages/keystonemiddleware/auth_token/__init__.py:544}}
Apr 21 15:22:20 user devstack@keystone.service[42680]: DEBUG keystone.server.flask.request_processing.middleware.auth_context [None req-be5e787d-6681-49f7-93a4-19745bd37d9d None admin] Validating token access rules against request {{(pid=42680) validate_allowed_request /usr/local/lib/python3.10/dist-packages/keystonemiddleware/auth_token/__init__.py:544}}
Apr 21 15:22:20 user devstack@keystone.service[42679]: DEBUG dbcounter [-] [42679] Writing DB stats keystone:SELECT=100 {{(pid=42679) stat_writer /usr/local/lib/python3.10/dist-packages/dbcounter.py:117}}
Apr 21 15:22:20 user devstack@keystone.service[42679]: DEBUG keystone.server.flask.request_processing.middleware.auth_context [None req-3c125def-3c63-4e63-a9f3-94c64e5109cf None admin] RBAC: auth_context: {'token': , 'domain_id': None, 'trust_id': None, 'trustor_id': None, 'trustee_id': None, 'domain_name': None, 'group_ids': [], 'user_id': 'b1bf28ff5faf466fae480749eaa1e806', 'user_domain_id': 'default', 'system_scope': 'all', 'project_id': None, 'project_domain_id': None, 'roles': ['admin', 'member', 'reader'], 'is_admin_project': True, 'service_user_id': None, 'service_user_domain_id': None, 'service_project_id': None, 'service_project_domain_id': None, 'service_roles': []} {{(pid=42679) fill_context /opt/stack/keystone/keystone/server/flask/request_processing/middleware/auth_context.py:478}}
Apr 21 15:22:20 user devstack@keystone.service[42679]: DEBUG keystone.server.flask.request_processing.req_logging [None req-3c125def-3c63-4e63-a9f3-94c64e5109cf None admin] REQUEST_METHOD: `GET` {{(pid=42679) log_request_info /opt/stack/keystone/keystone/server/flask/request_processing/req_logging.py:27}}
Apr 21 15:22:20 user devstack@keystone.service[42679]: DEBUG keystone.server.flask.request_processing.req_logging [None req-3c125def-3c63-4e63-a9f3-94c64e5109cf None admin] SCRIPT_NAME: `/identity` {{(pid=42679) log_request_info /opt/stack/keystone/keystone/server/flask/request_processing/req_logging.py:28}}
Apr 21 15:22:20 user devstack@keystone.service[42679]: DEBUG keystone.server.flask.request_processing.req_logging [None req-3c125def-3c63-4e63-a9f3-94c64e5109cf None admin] PATH_INFO: `/v3/roles` {{(pid=42679) log_request_info /opt/stack/keystone/keystone/server/flask/request_processing/req_logging.py:29}}
Apr 21 15:22:20 user devstack@keystone.service[42679]: DEBUG keystone.common.rbac_enforcer.enforcer [None req-3c125def-3c63-4e63-a9f3-94c64e5109cf None admin] RBAC: Adding query filter params (name=member) {{(pid=42679) _extract_filter_values /opt/stack/keystone/keystone/common/rbac_enforcer/enforcer.py:167}}
Apr 21 15:22:20 user devstack@keystone.service[42679]: DEBUG keystone.common.rbac_enforcer.enforcer [None req-3c125def-3c63-4e63-a9f3-94c64e5109cf None admin] RBAC: Authorizing `identity:list_roles()` {{(pid=42679) enforce_call /opt/stack/keystone/keystone/common/rbac_enforcer/enforcer.py:449}}
Apr 21 15:22:20 user devstack@keystone.service[42679]: DEBUG keystone.common.rbac_enforcer.enforcer [None req-3c125def-3c63-4e63-a9f3-94c64e5109cf None admin] RBAC: Authorization granted {{(pid=42679) enforce_call /opt/stack/keystone/keystone/common/rbac_enforcer/enforcer.py:457}}
Apr 21 15:22:20 user devstack@keystone.service[42680]: DEBUG keystone.server.flask.request_processing.middleware.auth_context [None req-56be8154-bef7-4c56-87cc-9e93765092be None admin] RBAC: auth_context: {'token': , 'domain_id': None, 'trust_id': None, 'trustor_id': None, 'trustee_id': None, 'domain_name': None, 'group_ids': [], 'user_id': 'b1bf28ff5faf466fae480749eaa1e806', 'user_domain_id': 'default', 'system_scope': 'all', 'project_id': None, 'project_domain_id': None, 'roles': ['admin', 'member', 'reader'], 'is_admin_project': True, 'service_user_id': None, 'service_user_domain_id': None, 'service_project_id': None, 'service_project_domain_id': None, 'service_roles': []} {{(pid=42680) fill_context /opt/stack/keystone/keystone/server/flask/request_processing/middleware/auth_context.py:478}}
Apr 21 15:22:20 user devstack@keystone.service[42680]: DEBUG keystone.server.flask.request_processing.req_logging [None req-56be8154-bef7-4c56-87cc-9e93765092be None admin] REQUEST_METHOD: `GET` {{(pid=42680) log_request_info /opt/stack/keystone/keystone/server/flask/request_processing/req_logging.py:27}}
Apr 21 15:22:20 user devstack@keystone.service[42680]: DEBUG keystone.server.flask.request_processing.req_logging [None req-56be8154-bef7-4c56-87cc-9e93765092be None admin] SCRIPT_NAME: `/identity` {{(pid=42680) log_request_info /opt/stack/keystone/keystone/server/flask/request_processing/req_logging.py:28}}
Apr 21 15:22:20 user devstack@keystone.service[42680]: DEBUG keystone.server.flask.request_processing.req_logging [None req-56be8154-bef7-4c56-87cc-9e93765092be None admin] PATH_INFO: `/v3/projects/2181e9d197404afda59ec705a3f9e70f` {{(pid=42680) log_request_info /opt/stack/keystone/keystone/server/flask/request_processing/req_logging.py:29}}
Apr 21 15:22:20 user devstack@keystone.service[42680]: DEBUG keystone.common.rbac_enforcer.enforcer [None req-56be8154-bef7-4c56-87cc-9e93765092be None admin] RBAC: Authorizing `identity:get_project(project_id=2181e9d197404afda59ec705a3f9e70f)` {{(pid=42680) enforce_call /opt/stack/keystone/keystone/common/rbac_enforcer/enforcer.py:449}}
Apr 21 15:22:20 user devstack@keystone.service[42680]: DEBUG keystone.common.rbac_enforcer.enforcer [None req-56be8154-bef7-4c56-87cc-9e93765092be None admin] RBAC: Authorization granted {{(pid=42680) enforce_call /opt/stack/keystone/keystone/common/rbac_enforcer/enforcer.py:457}}
Apr 21 15:22:20 user devstack@keystone.service[42680]: [pid: 42680|app: 0|req: 39/114] 10.0.0.210 () {56 vars in 1181 bytes} [Fri Apr 21 15:22:20 2023] GET /identity/v3/projects/2181e9d197404afda59ec705a3f9e70f => generated 297 bytes in 122 msecs (HTTP/1.1 200) 5 headers in 177 bytes (1 switches on core 0)
Apr 21 15:22:20 user devstack@keystone.service[42680]: DEBUG keystone.server.flask.request_processing.middleware.auth_context [None req-56be8154-bef7-4c56-87cc-9e93765092be None admin] Authenticating user token {{(pid=42680) process_request /usr/local/lib/python3.10/dist-packages/keystonemiddleware/auth_token/__init__.py:406}}
Apr 21 15:22:20 user devstack@keystone.service[42679]: [pid: 42679|app: 0|req: 38/115] 10.0.0.210 () {56 vars in 1096 bytes} [Fri Apr 21 15:22:19 2023] GET /identity/v3/roles?name=member => generated 339 bytes in 142 msecs (HTTP/1.1 200) 5 headers in 177 bytes (1 switches on core 0)
Apr 21 15:22:20 user devstack@keystone.service[42679]: DEBUG keystone.server.flask.request_processing.middleware.auth_context [None req-3c125def-3c63-4e63-a9f3-94c64e5109cf None admin] Authenticating user token {{(pid=42679) process_request /usr/local/lib/python3.10/dist-packages/keystonemiddleware/auth_token/__init__.py:406}}
Apr 21 15:22:20 user devstack@keystone.service[42681]: DEBUG dbcounter [-] [42681] Writing DB stats keystone:INSERT=1,keystone:SELECT=99 {{(pid=42681) stat_writer /usr/local/lib/python3.10/dist-packages/dbcounter.py:117}}
Apr 21 15:22:20 user devstack@keystone.service[42681]: DEBUG keystone.common.rbac_enforcer.enforcer [None req-e465a30b-da14-4aa4-8af7-054687cbe8f3 None admin] RBAC: Authorizing `identity:validate_token()` {{(pid=42681) enforce_call /opt/stack/keystone/keystone/common/rbac_enforcer/enforcer.py:449}}
Apr 21 15:22:20 user devstack@keystone.service[42681]: DEBUG keystone.common.rbac_enforcer.enforcer [None req-e465a30b-da14-4aa4-8af7-054687cbe8f3 None admin] RBAC: Authorization granted {{(pid=42681) enforce_call /opt/stack/keystone/keystone/common/rbac_enforcer/enforcer.py:457}}
Apr 21 15:22:20 user devstack@keystone.service[42680]: DEBUG dbcounter [-] [42680] Writing DB stats keystone:SELECT=100 {{(pid=42680) stat_writer /usr/local/lib/python3.10/dist-packages/dbcounter.py:117}}
Apr 21 15:22:20 user devstack@keystone.service[42679]: DEBUG keystone.server.flask.request_processing.middleware.auth_context [None req-3c125def-3c63-4e63-a9f3-94c64e5109cf None admin] Validating token access rules against request {{(pid=42679) validate_allowed_request /usr/local/lib/python3.10/dist-packages/keystonemiddleware/auth_token/__init__.py:544}}
Apr 21 15:22:20 user devstack@keystone.service[42680]: DEBUG keystone.server.flask.request_processing.middleware.auth_context [None req-56be8154-bef7-4c56-87cc-9e93765092be None admin] Validating token access rules against request {{(pid=42680) validate_allowed_request /usr/local/lib/python3.10/dist-packages/keystonemiddleware/auth_token/__init__.py:544}}
Apr 21 15:22:20 user devstack@keystone.service[42681]: [pid: 42681|app: 0|req: 39/116] 10.0.0.210 () {58 vars in 1277 bytes} [Fri Apr 21 15:22:19 2023] GET /identity/v3/auth/tokens => generated 798 bytes in 323 msecs (HTTP/1.1 200) 6 headers in 358 bytes (1 switches on core 0)
Apr 21 15:22:20 user devstack@keystone.service[42681]: DEBUG keystone.server.flask.request_processing.middleware.auth_context [None req-e465a30b-da14-4aa4-8af7-054687cbe8f3 None admin] Authenticating user token {{(pid=42681) process_request /usr/local/lib/python3.10/dist-packages/keystonemiddleware/auth_token/__init__.py:406}}
Apr 21 15:22:20 user devstack@keystone.service[42679]: DEBUG keystone.server.flask.request_processing.middleware.auth_context [None req-5aa23480-55ab-4c74-bcae-5a867984a845 None admin] RBAC: auth_context: {'token': , 'domain_id': None, 'trust_id': None, 'trustor_id': None, 'trustee_id': None, 'domain_name': None, 'group_ids': [], 'user_id': 'b1bf28ff5faf466fae480749eaa1e806', 'user_domain_id': 'default', 'system_scope': 'all', 'project_id': None, 'project_domain_id': None, 'roles': ['admin', 'member', 'reader'], 'is_admin_project': True, 'service_user_id': None, 'service_user_domain_id': None, 'service_project_id': None, 'service_project_domain_id': None, 'service_roles': []} {{(pid=42679) fill_context /opt/stack/keystone/keystone/server/flask/request_processing/middleware/auth_context.py:478}}
Apr 21 15:22:20 user devstack@keystone.service[42679]: DEBUG keystone.server.flask.request_processing.req_logging [None req-5aa23480-55ab-4c74-bcae-5a867984a845 None admin] REQUEST_METHOD: `GET` {{(pid=42679) log_request_info /opt/stack/keystone/keystone/server/flask/request_processing/req_logging.py:27}}
Apr 21 15:22:20 user devstack@keystone.service[42679]: DEBUG keystone.server.flask.request_processing.req_logging [None req-5aa23480-55ab-4c74-bcae-5a867984a845 None admin] SCRIPT_NAME: `/identity` {{(pid=42679) log_request_info /opt/stack/keystone/keystone/server/flask/request_processing/req_logging.py:28}}
Apr 21 15:22:20 user devstack@keystone.service[42679]: DEBUG keystone.server.flask.request_processing.req_logging [None req-5aa23480-55ab-4c74-bcae-5a867984a845 None admin] PATH_INFO: `/v3/auth/tokens` {{(pid=42679) log_request_info /opt/stack/keystone/keystone/server/flask/request_processing/req_logging.py:29}}
Apr 21 15:22:20 user devstack@keystone.service[42680]: DEBUG keystone.server.flask.request_processing.middleware.auth_context [None req-1c187363-991f-4095-9550-ad679d13a290 None admin] RBAC: auth_context: {'token': , 'domain_id': None, 'trust_id': None, 'trustor_id': None, 'trustee_id': None, 'domain_name': None, 'group_ids': [], 'user_id': 'b1bf28ff5faf466fae480749eaa1e806', 'user_domain_id': 'default', 'system_scope': 'all', 'project_id': None, 'project_domain_id': None, 'roles': ['admin', 'member', 'reader'], 'is_admin_project': True, 'service_user_id': None, 'service_user_domain_id': None, 'service_project_id': None, 'service_project_domain_id': None, 'service_roles': []} {{(pid=42680) fill_context /opt/stack/keystone/keystone/server/flask/request_processing/middleware/auth_context.py:478}}
Apr 21 15:22:20 user devstack@keystone.service[42680]: DEBUG keystone.server.flask.request_processing.req_logging [None req-1c187363-991f-4095-9550-ad679d13a290 None admin] REQUEST_METHOD: `GET` {{(pid=42680) log_request_info /opt/stack/keystone/keystone/server/flask/request_processing/req_logging.py:27}}
Apr 21 15:22:20 user devstack@keystone.service[42680]: DEBUG keystone.server.flask.request_processing.req_logging [None req-1c187363-991f-4095-9550-ad679d13a290 None admin] SCRIPT_NAME: `/identity` {{(pid=42680) log_request_info /opt/stack/keystone/keystone/server/flask/request_processing/req_logging.py:28}}
Apr 21 15:22:20 user devstack@keystone.service[42680]: DEBUG keystone.server.flask.request_processing.req_logging [None req-1c187363-991f-4095-9550-ad679d13a290 None admin] PATH_INFO: `/v3/users/bc13fa81ecb546ebb94c76ffe6a87690` {{(pid=42680) log_request_info /opt/stack/keystone/keystone/server/flask/request_processing/req_logging.py:29}}
Apr 21 15:22:20 user devstack@keystone.service[42680]: DEBUG keystone.common.rbac_enforcer.enforcer [None req-1c187363-991f-4095-9550-ad679d13a290 None admin] RBAC: Authorizing `identity:get_user(user_id=bc13fa81ecb546ebb94c76ffe6a87690)` {{(pid=42680) enforce_call /opt/stack/keystone/keystone/common/rbac_enforcer/enforcer.py:449}}
Apr 21 15:22:20 user devstack@keystone.service[42680]: DEBUG keystone.common.rbac_enforcer.enforcer [None req-1c187363-991f-4095-9550-ad679d13a290 None admin] RBAC: Authorization granted {{(pid=42680) enforce_call /opt/stack/keystone/keystone/common/rbac_enforcer/enforcer.py:457}}
Apr 21 15:22:20 user devstack@keystone.service[42680]: [pid: 42680|app: 0|req: 40/117] 10.0.0.210 () {56 vars in 1172 bytes} [Fri Apr 21 15:22:20 2023] GET /identity/v3/users/bc13fa81ecb546ebb94c76ffe6a87690 => generated 288 bytes in 135 msecs (HTTP/1.1 200) 5 headers in 177 bytes (1 switches on core 0)
Apr 21 15:22:20 user devstack@keystone.service[42680]: DEBUG keystone.server.flask.request_processing.middleware.auth_context [None req-1c187363-991f-4095-9550-ad679d13a290 None admin] Authenticating user token {{(pid=42680) process_request /usr/local/lib/python3.10/dist-packages/keystonemiddleware/auth_token/__init__.py:406}}
Apr 21 15:22:20 user devstack@keystone.service[42679]: DEBUG dbcounter [-] [42679] Writing DB stats keystone:SELECT=100 {{(pid=42679) stat_writer /usr/local/lib/python3.10/dist-packages/dbcounter.py:117}}
Apr 21 15:22:20 user devstack@keystone.service[42679]: DEBUG keystone.common.rbac_enforcer.enforcer [None req-5aa23480-55ab-4c74-bcae-5a867984a845 None admin] RBAC: Authorizing `identity:validate_token()` {{(pid=42679) enforce_call /opt/stack/keystone/keystone/common/rbac_enforcer/enforcer.py:449}}
Apr 21 15:22:20 user devstack@keystone.service[42679]: DEBUG keystone.common.rbac_enforcer.enforcer [None req-5aa23480-55ab-4c74-bcae-5a867984a845 None admin] RBAC: Authorization granted {{(pid=42679) enforce_call /opt/stack/keystone/keystone/common/rbac_enforcer/enforcer.py:457}}
Apr 21 15:22:20 user devstack@keystone.service[42681]: DEBUG dbcounter [-] [42681] Writing DB stats keystone:SELECT=100 {{(pid=42681) stat_writer /usr/local/lib/python3.10/dist-packages/dbcounter.py:117}}
Apr 21 15:22:20 user devstack@keystone.service[42681]: DEBUG keystone.server.flask.request_processing.middleware.auth_context [None req-e465a30b-da14-4aa4-8af7-054687cbe8f3 None admin] Validating token access rules against request {{(pid=42681) validate_allowed_request /usr/local/lib/python3.10/dist-packages/keystonemiddleware/auth_token/__init__.py:544}}
Apr 21 15:22:20 user devstack@keystone.service[42680]: DEBUG dbcounter [-] [42680] Writing DB stats keystone:SELECT=100 {{(pid=42680) stat_writer /usr/local/lib/python3.10/dist-packages/dbcounter.py:117}}
Apr 21 15:22:20 user devstack@keystone.service[42681]: DEBUG keystone.server.flask.request_processing.middleware.auth_context [None req-c6c2e6bd-9641-49b7-a5aa-f2ebcfd76d7a None admin] RBAC: auth_context: {'token': , 'domain_id': None, 'trust_id': None, 'trustor_id': None, 'trustee_id': None, 'domain_name': None, 'group_ids': [], 'user_id': 'b1bf28ff5faf466fae480749eaa1e806', 'user_domain_id': 'default', 'system_scope': 'all', 'project_id': None, 'project_domain_id': None, 'roles': ['admin', 'member', 'reader'], 'is_admin_project': True, 'service_user_id': None, 'service_user_domain_id': None, 'service_project_id': None, 'service_project_domain_id': None, 'service_roles': []} {{(pid=42681) fill_context /opt/stack/keystone/keystone/server/flask/request_processing/middleware/auth_context.py:478}}
Apr 21 15:22:20 user devstack@keystone.service[42681]: DEBUG keystone.server.flask.request_processing.req_logging [None req-c6c2e6bd-9641-49b7-a5aa-f2ebcfd76d7a None admin] REQUEST_METHOD: `GET` {{(pid=42681) log_request_info /opt/stack/keystone/keystone/server/flask/request_processing/req_logging.py:27}}
Apr 21 15:22:20 user devstack@keystone.service[42681]: DEBUG keystone.server.flask.request_processing.req_logging [None req-c6c2e6bd-9641-49b7-a5aa-f2ebcfd76d7a None admin] SCRIPT_NAME: `/identity` {{(pid=42681) log_request_info /opt/stack/keystone/keystone/server/flask/request_processing/req_logging.py:28}}
Apr 21 15:22:20 user devstack@keystone.service[42681]: DEBUG keystone.server.flask.request_processing.req_logging [None req-c6c2e6bd-9641-49b7-a5aa-f2ebcfd76d7a None admin] PATH_INFO: `/v3/role_assignments` {{(pid=42681) log_request_info /opt/stack/keystone/keystone/server/flask/request_processing/req_logging.py:29}}
Apr 21 15:22:20 user devstack@keystone.service[42680]: DEBUG keystone.server.flask.request_processing.middleware.auth_context [None req-1c187363-991f-4095-9550-ad679d13a290 None admin] Validating token access rules against request {{(pid=42680) validate_allowed_request /usr/local/lib/python3.10/dist-packages/keystonemiddleware/auth_token/__init__.py:544}}
Apr 21 15:22:20 user devstack@keystone.service[42681]: DEBUG keystone.common.rbac_enforcer.enforcer [None req-c6c2e6bd-9641-49b7-a5aa-f2ebcfd76d7a None admin] RBAC: Adding query filter params (role.id=9aaac561ef904cdc9b3e117c0ee75ff2, scope.project.id=2181e9d197404afda59ec705a3f9e70f, user.id=2d410f571fd9433d879bc81444276932) {{(pid=42681) _extract_filter_values /opt/stack/keystone/keystone/common/rbac_enforcer/enforcer.py:167}}
Apr 21 15:22:20 user devstack@keystone.service[42681]: DEBUG keystone.common.rbac_enforcer.enforcer [None req-c6c2e6bd-9641-49b7-a5aa-f2ebcfd76d7a None admin] RBAC: Authorizing `identity:list_role_assignments()` {{(pid=42681) enforce_call /opt/stack/keystone/keystone/common/rbac_enforcer/enforcer.py:449}}
Apr 21 15:22:20 user devstack@keystone.service[42681]: DEBUG keystone.common.rbac_enforcer.enforcer [None req-c6c2e6bd-9641-49b7-a5aa-f2ebcfd76d7a None admin] RBAC: Authorization granted {{(pid=42681) enforce_call /opt/stack/keystone/keystone/common/rbac_enforcer/enforcer.py:457}}
Apr 21 15:22:20 user devstack@keystone.service[42681]: [pid: 42681|app: 0|req: 40/118] 10.0.0.210 () {56 vars in 1369 bytes} [Fri Apr 21 15:22:20 2023] GET /identity/v3/role_assignments?user.id=2d410f571fd9433d879bc81444276932&scope.project.id=2181e9d197404afda59ec705a3f9e70f&role.id=9aaac561ef904cdc9b3e117c0ee75ff2 => generated 606 bytes in 129 msecs (HTTP/1.1 200) 5 headers in 177 bytes (1 switches on core 0)
Apr 21 15:22:20 user devstack@keystone.service[42681]: DEBUG keystone.server.flask.request_processing.middleware.auth_context [None req-c6c2e6bd-9641-49b7-a5aa-f2ebcfd76d7a None admin] Authenticating user token {{(pid=42681) process_request /usr/local/lib/python3.10/dist-packages/keystonemiddleware/auth_token/__init__.py:406}}
Apr 21 15:22:20 user devstack@keystone.service[42679]: [pid: 42679|app: 0|req: 39/119] 10.0.0.210 () {58 vars in 1277 bytes} [Fri Apr 21 15:22:20 2023] GET /identity/v3/auth/tokens => generated 798 bytes in 257 msecs (HTTP/1.1 200) 6 headers in 358 bytes (1 switches on core 0)
Apr 21 15:22:20 user devstack@keystone.service[42679]: DEBUG keystone.server.flask.request_processing.middleware.auth_context [None req-5aa23480-55ab-4c74-bcae-5a867984a845 None admin] Authenticating user token {{(pid=42679) process_request /usr/local/lib/python3.10/dist-packages/keystonemiddleware/auth_token/__init__.py:406}}
Apr 21 15:22:20 user devstack@keystone.service[42680]: DEBUG keystone.server.flask.request_processing.middleware.auth_context [None req-ef6aa2d8-c917-491b-a82a-48f1c70b4895 None admin] RBAC: auth_context: {'token': , 'domain_id': None, 'trust_id': None, 'trustor_id': None, 'trustee_id': None, 'domain_name': None, 'group_ids': [], 'user_id': 'b1bf28ff5faf466fae480749eaa1e806', 'user_domain_id': 'default', 'system_scope': 'all', 'project_id': None, 'project_domain_id': None, 'roles': ['admin', 'member', 'reader'], 'is_admin_project': True, 'service_user_id': None, 'service_user_domain_id': None, 'service_project_id': None, 'service_project_domain_id': None, 'service_roles': []} {{(pid=42680) fill_context /opt/stack/keystone/keystone/server/flask/request_processing/middleware/auth_context.py:478}}
Apr 21 15:22:20 user devstack@keystone.service[42680]: DEBUG keystone.server.flask.request_processing.req_logging [None req-ef6aa2d8-c917-491b-a82a-48f1c70b4895 None admin] REQUEST_METHOD: `GET` {{(pid=42680) log_request_info /opt/stack/keystone/keystone/server/flask/request_processing/req_logging.py:27}}
Apr 21 15:22:20 user devstack@keystone.service[42680]: DEBUG keystone.server.flask.request_processing.req_logging [None req-ef6aa2d8-c917-491b-a82a-48f1c70b4895 None admin] SCRIPT_NAME: `/identity` {{(pid=42680) log_request_info /opt/stack/keystone/keystone/server/flask/request_processing/req_logging.py:28}}
Apr 21 15:22:20 user devstack@keystone.service[42680]: DEBUG keystone.server.flask.request_processing.req_logging [None req-ef6aa2d8-c917-491b-a82a-48f1c70b4895 None admin] PATH_INFO: `/v3/users/2d410f571fd9433d879bc81444276932` {{(pid=42680) log_request_info /opt/stack/keystone/keystone/server/flask/request_processing/req_logging.py:29}}
Apr 21 15:22:20 user devstack@keystone.service[42680]: DEBUG keystone.common.rbac_enforcer.enforcer [None req-ef6aa2d8-c917-491b-a82a-48f1c70b4895 None admin] RBAC: Authorizing `identity:get_user(user_id=2d410f571fd9433d879bc81444276932)` {{(pid=42680) enforce_call /opt/stack/keystone/keystone/common/rbac_enforcer/enforcer.py:449}}
Apr 21 15:22:20 user devstack@keystone.service[42680]: DEBUG keystone.common.rbac_enforcer.enforcer [None req-ef6aa2d8-c917-491b-a82a-48f1c70b4895 None admin] RBAC: Authorization granted {{(pid=42680) enforce_call /opt/stack/keystone/keystone/common/rbac_enforcer/enforcer.py:457}}
Apr 21 15:22:20 user devstack@keystone.service[42680]: [pid: 42680|app: 0|req: 41/120] 10.0.0.210 () {56 vars in 1172 bytes} [Fri Apr 21 15:22:20 2023] GET /identity/v3/users/2d410f571fd9433d879bc81444276932 => generated 274 bytes in 130 msecs (HTTP/1.1 200) 5 headers in 177 bytes (1 switches on core 0)
Apr 21 15:22:20 user devstack@keystone.service[42680]: DEBUG keystone.server.flask.request_processing.middleware.auth_context [None req-ef6aa2d8-c917-491b-a82a-48f1c70b4895 None admin] Authenticating user token {{(pid=42680) process_request /usr/local/lib/python3.10/dist-packages/keystonemiddleware/auth_token/__init__.py:406}}
Apr 21 15:22:20 user devstack@keystone.service[42681]: DEBUG keystone.server.flask.request_processing.middleware.auth_context [None req-c6c2e6bd-9641-49b7-a5aa-f2ebcfd76d7a None admin] Validating token access rules against request {{(pid=42681) validate_allowed_request /usr/local/lib/python3.10/dist-packages/keystonemiddleware/auth_token/__init__.py:544}}
Apr 21 15:22:20 user devstack@keystone.service[42681]: DEBUG keystone.server.flask.request_processing.middleware.auth_context [None req-28fdb205-092a-4b2c-85b1-e163db4e9a34 None admin] RBAC: auth_context: {'token': , 'domain_id': None, 'trust_id': None, 'trustor_id': None, 'trustee_id': None, 'domain_name': None, 'group_ids': [], 'user_id': 'b1bf28ff5faf466fae480749eaa1e806', 'user_domain_id': 'default', 'system_scope': 'all', 'project_id': None, 'project_domain_id': None, 'roles': ['admin', 'member', 'reader'], 'is_admin_project': True, 'service_user_id': None, 'service_user_domain_id': None, 'service_project_id': None, 'service_project_domain_id': None, 'service_roles': []} {{(pid=42681) fill_context /opt/stack/keystone/keystone/server/flask/request_processing/middleware/auth_context.py:478}}
Apr 21 15:22:20 user devstack@keystone.service[42681]: DEBUG keystone.server.flask.request_processing.req_logging [None req-28fdb205-092a-4b2c-85b1-e163db4e9a34 None admin] REQUEST_METHOD: `GET` {{(pid=42681) log_request_info /opt/stack/keystone/keystone/server/flask/request_processing/req_logging.py:27}}
Apr 21 15:22:20 user devstack@keystone.service[42681]: DEBUG keystone.server.flask.request_processing.req_logging [None req-28fdb205-092a-4b2c-85b1-e163db4e9a34 None admin] SCRIPT_NAME: `/identity` {{(pid=42681) log_request_info /opt/stack/keystone/keystone/server/flask/request_processing/req_logging.py:28}}
Apr 21 15:22:20 user devstack@keystone.service[42681]: DEBUG keystone.server.flask.request_processing.req_logging [None req-28fdb205-092a-4b2c-85b1-e163db4e9a34 None admin] PATH_INFO: `/v3/projects/2181e9d197404afda59ec705a3f9e70f` {{(pid=42681) log_request_info /opt/stack/keystone/keystone/server/flask/request_processing/req_logging.py:29}}
Apr 21 15:22:20 user devstack@keystone.service[42681]: DEBUG keystone.common.rbac_enforcer.enforcer [None req-28fdb205-092a-4b2c-85b1-e163db4e9a34 None admin] RBAC: Authorizing `identity:get_project(project_id=2181e9d197404afda59ec705a3f9e70f)` {{(pid=42681) enforce_call /opt/stack/keystone/keystone/common/rbac_enforcer/enforcer.py:449}}
Apr 21 15:22:20 user devstack@keystone.service[42679]: DEBUG dbcounter [-] [42679] Writing DB stats keystone:SELECT=100 {{(pid=42679) stat_writer /usr/local/lib/python3.10/dist-packages/dbcounter.py:117}}
Apr 21 15:22:20 user devstack@keystone.service[42681]: DEBUG keystone.common.rbac_enforcer.enforcer [None req-28fdb205-092a-4b2c-85b1-e163db4e9a34 None admin] RBAC: Authorization granted {{(pid=42681) enforce_call /opt/stack/keystone/keystone/common/rbac_enforcer/enforcer.py:457}}
Apr 21 15:22:20 user devstack@keystone.service[42681]: [pid: 42681|app: 0|req: 41/121] 10.0.0.210 () {56 vars in 1181 bytes} [Fri Apr 21 15:22:20 2023] GET /identity/v3/projects/2181e9d197404afda59ec705a3f9e70f => generated 297 bytes in 123 msecs (HTTP/1.1 200) 5 headers in 177 bytes (1 switches on core 0)
Apr 21 15:22:20 user devstack@keystone.service[42681]: DEBUG keystone.server.flask.request_processing.middleware.auth_context [None req-28fdb205-092a-4b2c-85b1-e163db4e9a34 None admin] Authenticating user token {{(pid=42681) process_request /usr/local/lib/python3.10/dist-packages/keystonemiddleware/auth_token/__init__.py:406}}
Apr 21 15:22:20 user devstack@keystone.service[42680]: DEBUG keystone.server.flask.request_processing.middleware.auth_context [None req-ef6aa2d8-c917-491b-a82a-48f1c70b4895 None admin] Validating token access rules against request {{(pid=42680) validate_allowed_request /usr/local/lib/python3.10/dist-packages/keystonemiddleware/auth_token/__init__.py:544}}
