Apr 21 15:22:16 user devstack@keystone.service[42681]: DEBUG keystone.server.flask.request_processing.req_logging [None req-48877ad5-a733-4762-bd4c-12de8d5998dc None admin] SCRIPT_NAME: `/identity` {{(pid=42681) log_request_info /opt/stack/keystone/keystone/server/flask/request_processing/req_logging.py:28}}
Apr 21 15:22:16 user devstack@keystone.service[42681]: DEBUG keystone.server.flask.request_processing.req_logging [None req-48877ad5-a733-4762-bd4c-12de8d5998dc None admin] PATH_INFO: `/v3/users/b1bf28ff5faf466fae480749eaa1e806` {{(pid=42681) log_request_info /opt/stack/keystone/keystone/server/flask/request_processing/req_logging.py:29}}
Apr 21 15:22:16 user devstack@keystone.service[42681]: DEBUG keystone.common.rbac_enforcer.enforcer [None req-48877ad5-a733-4762-bd4c-12de8d5998dc None admin] RBAC: Authorizing `identity:get_user(user_id=b1bf28ff5faf466fae480749eaa1e806)` {{(pid=42681) enforce_call /opt/stack/keystone/keystone/common/rbac_enforcer/enforcer.py:449}}
Apr 21 15:22:16 user devstack@keystone.service[42681]: DEBUG keystone.common.rbac_enforcer.enforcer [None req-48877ad5-a733-4762-bd4c-12de8d5998dc None admin] RBAC: Authorization granted {{(pid=42681) enforce_call /opt/stack/keystone/keystone/common/rbac_enforcer/enforcer.py:457}}
Apr 21 15:22:16 user devstack@keystone.service[42681]: [pid: 42681|app: 0|req: 24/71] 10.0.0.210 () {56 vars in 1172 bytes} [Fri Apr 21 15:22:16 2023] GET /identity/v3/users/b1bf28ff5faf466fae480749eaa1e806 => generated 246 bytes in 125 msecs (HTTP/1.1 200) 5 headers in 177 bytes (1 switches on core 0)
Apr 21 15:22:16 user devstack@keystone.service[42681]: DEBUG keystone.server.flask.request_processing.middleware.auth_context [None req-48877ad5-a733-4762-bd4c-12de8d5998dc None admin] Authenticating user token {{(pid=42681) process_request /usr/local/lib/python3.10/dist-packages/keystonemiddleware/auth_token/__init__.py:406}}
Apr 21 15:22:16 user devstack@keystone.service[42679]: DEBUG keystone.server.flask.request_processing.middleware.auth_context [None req-8d13af85-ac9e-4d74-9782-09dfc1271a6f None admin] RBAC: auth_context: {'token': , 'domain_id': None, 'trust_id': None, 'trustor_id': None, 'trustee_id': None, 'domain_name': None, 'group_ids': [], 'user_id': 'b1bf28ff5faf466fae480749eaa1e806', 'user_domain_id': 'default', 'system_scope': 'all', 'project_id': None, 'project_domain_id': None, 'roles': ['admin', 'member', 'reader'], 'is_admin_project': True, 'service_user_id': None, 'service_user_domain_id': None, 'service_project_id': None, 'service_project_domain_id': None, 'service_roles': []} {{(pid=42679) fill_context /opt/stack/keystone/keystone/server/flask/request_processing/middleware/auth_context.py:478}}
Apr 21 15:22:16 user devstack@keystone.service[42679]: DEBUG keystone.server.flask.request_processing.req_logging [None req-8d13af85-ac9e-4d74-9782-09dfc1271a6f None admin] REQUEST_METHOD: `GET` {{(pid=42679) log_request_info /opt/stack/keystone/keystone/server/flask/request_processing/req_logging.py:27}}
Apr 21 15:22:16 user devstack@keystone.service[42679]: DEBUG keystone.server.flask.request_processing.req_logging [None req-8d13af85-ac9e-4d74-9782-09dfc1271a6f None admin] SCRIPT_NAME: `/identity` {{(pid=42679) log_request_info /opt/stack/keystone/keystone/server/flask/request_processing/req_logging.py:28}}
Apr 21 15:22:16 user devstack@keystone.service[42679]: DEBUG keystone.server.flask.request_processing.req_logging [None req-8d13af85-ac9e-4d74-9782-09dfc1271a6f None admin] PATH_INFO: `/v3/roles` {{(pid=42679) log_request_info /opt/stack/keystone/keystone/server/flask/request_processing/req_logging.py:29}}
Apr 21 15:22:16 user devstack@keystone.service[42679]: DEBUG keystone.common.rbac_enforcer.enforcer [None req-8d13af85-ac9e-4d74-9782-09dfc1271a6f None admin] RBAC: Adding query filter params (name=anotherrole) {{(pid=42679) _extract_filter_values /opt/stack/keystone/keystone/common/rbac_enforcer/enforcer.py:167}}
Apr 21 15:22:16 user devstack@keystone.service[42679]: DEBUG keystone.common.rbac_enforcer.enforcer [None req-8d13af85-ac9e-4d74-9782-09dfc1271a6f None admin] RBAC: Authorizing `identity:list_roles()` {{(pid=42679) enforce_call /opt/stack/keystone/keystone/common/rbac_enforcer/enforcer.py:449}}
Apr 21 15:22:16 user devstack@keystone.service[42679]: DEBUG keystone.common.rbac_enforcer.enforcer [None req-8d13af85-ac9e-4d74-9782-09dfc1271a6f None admin] RBAC: Authorization granted {{(pid=42679) enforce_call /opt/stack/keystone/keystone/common/rbac_enforcer/enforcer.py:457}}
Apr 21 15:22:16 user devstack@keystone.service[42679]: [pid: 42679|app: 0|req: 23/72] 10.0.0.210 () {56 vars in 1106 bytes} [Fri Apr 21 15:22:16 2023] GET /identity/v3/roles?name=anotherrole => generated 332 bytes in 132 msecs (HTTP/1.1 200) 5 headers in 177 bytes (2 switches on core 0)
Apr 21 15:22:16 user devstack@keystone.service[42679]: DEBUG keystone.server.flask.request_processing.middleware.auth_context [None req-8d13af85-ac9e-4d74-9782-09dfc1271a6f None admin] Authenticating user token {{(pid=42679) process_request /usr/local/lib/python3.10/dist-packages/keystonemiddleware/auth_token/__init__.py:406}}
Apr 21 15:22:16 user devstack@keystone.service[42680]: DEBUG dbcounter [-] [42680] Writing DB stats keystone:SELECT=100 {{(pid=42680) stat_writer /usr/local/lib/python3.10/dist-packages/dbcounter.py:117}}
Apr 21 15:22:16 user devstack@keystone.service[42680]: DEBUG keystone.server.flask.request_processing.middleware.auth_context [None req-c6c52a50-1dc0-4ec7-898b-55c1ac4d9721 None admin] Validating token access rules against request {{(pid=42680) validate_allowed_request /usr/local/lib/python3.10/dist-packages/keystonemiddleware/auth_token/__init__.py:544}}
Apr 21 15:22:16 user devstack@keystone.service[42679]: DEBUG dbcounter [-] [42679] Writing DB stats keystone:SELECT=100 {{(pid=42679) stat_writer /usr/local/lib/python3.10/dist-packages/dbcounter.py:117}}
Apr 21 15:22:16 user devstack@keystone.service[42681]: DEBUG dbcounter [-] [42681] Writing DB stats keystone:SELECT=100 {{(pid=42681) stat_writer /usr/local/lib/python3.10/dist-packages/dbcounter.py:117}}
Apr 21 15:22:16 user devstack@keystone.service[42681]: DEBUG keystone.server.flask.request_processing.middleware.auth_context [None req-48877ad5-a733-4762-bd4c-12de8d5998dc None admin] Validating token access rules against request {{(pid=42681) validate_allowed_request /usr/local/lib/python3.10/dist-packages/keystonemiddleware/auth_token/__init__.py:544}}
Apr 21 15:22:16 user devstack@keystone.service[42680]: DEBUG keystone.server.flask.request_processing.middleware.auth_context [None req-20a9dba4-c956-44f2-8c44-b70c4e673bc1 None admin] RBAC: auth_context: {'token': , 'domain_id': None, 'trust_id': None, 'trustor_id': None, 'trustee_id': None, 'domain_name': None, 'group_ids': [], 'user_id': 'b1bf28ff5faf466fae480749eaa1e806', 'user_domain_id': 'default', 'system_scope': 'all', 'project_id': None, 'project_domain_id': None, 'roles': ['admin', 'member', 'reader'], 'is_admin_project': True, 'service_user_id': None, 'service_user_domain_id': None, 'service_project_id': None, 'service_project_domain_id': None, 'service_roles': []} {{(pid=42680) fill_context /opt/stack/keystone/keystone/server/flask/request_processing/middleware/auth_context.py:478}}
Apr 21 15:22:16 user devstack@keystone.service[42680]: DEBUG keystone.server.flask.request_processing.req_logging [None req-20a9dba4-c956-44f2-8c44-b70c4e673bc1 None admin] REQUEST_METHOD: `GET` {{(pid=42680) log_request_info /opt/stack/keystone/keystone/server/flask/request_processing/req_logging.py:27}}
Apr 21 15:22:16 user devstack@keystone.service[42680]: DEBUG keystone.server.flask.request_processing.req_logging [None req-20a9dba4-c956-44f2-8c44-b70c4e673bc1 None admin] SCRIPT_NAME: `/identity` {{(pid=42680) log_request_info /opt/stack/keystone/keystone/server/flask/request_processing/req_logging.py:28}}
Apr 21 15:22:16 user devstack@keystone.service[42680]: DEBUG keystone.server.flask.request_processing.req_logging [None req-20a9dba4-c956-44f2-8c44-b70c4e673bc1 None admin] PATH_INFO: `/v3/roles/member` {{(pid=42680) log_request_info /opt/stack/keystone/keystone/server/flask/request_processing/req_logging.py:29}}
Apr 21 15:22:16 user devstack@keystone.service[42680]: DEBUG keystone.common.rbac_enforcer.enforcer [None req-20a9dba4-c956-44f2-8c44-b70c4e673bc1 None admin] Extracting inferred target data resulted in "NOT FOUND (404)". {{(pid=42680) enforce_call /opt/stack/keystone/keystone/common/rbac_enforcer/enforcer.py:409}}
Apr 21 15:22:16 user devstack@keystone.service[42680]: ERROR keystone.server.flask.application [None req-20a9dba4-c956-44f2-8c44-b70c4e673bc1 None admin] Could not find role: member.: keystone.exception.RoleNotFound: Could not find role: member.
Apr 21 15:22:16 user devstack@keystone.service[42680]: ERROR keystone.server.flask.application
Traceback (most recent call last):
Apr 21 15:22:16 user devstack@keystone.service[42680]: ERROR keystone.server.flask.application
File "/usr/local/lib/python3.10/dist-packages/flask/app.py", line 1823, in full_dispatch_request
Apr 21 15:22:16 user devstack@keystone.service[42680]: ERROR keystone.server.flask.application rv = self.dispatch_request()
Apr 21 15:22:16 user devstack@keystone.service[42680]: ERROR keystone.server.flask.application
File "/usr/local/lib/python3.10/dist-packages/flask/app.py", line 1799, in dispatch_request
Apr 21 15:22:16 user devstack@keystone.service[42680]: ERROR keystone.server.flask.application return self.ensure_sync(self.view_functions[rule.endpoint])(**view_args)
Apr 21 15:22:16 user devstack@keystone.service[42680]: ERROR keystone.server.flask.application
File "/usr/local/lib/python3.10/dist-packages/flask_restful/__init__.py", line 467, in wrapper
Apr 21 15:22:16 user devstack@keystone.service[42680]: ERROR keystone.server.flask.application resp = resource(*args, **kwargs)
Apr 21 15:22:16 user devstack@keystone.service[42680]: ERROR keystone.server.flask.application
File "/usr/local/lib/python3.10/dist-packages/flask/views.py", line 107, in view
Apr 21 15:22:16 user devstack@keystone.service[42680]: ERROR keystone.server.flask.application return current_app.ensure_sync(self.dispatch_request)(**kwargs)
Apr 21 15:22:16 user devstack@keystone.service[42680]: ERROR keystone.server.flask.application
File "/usr/local/lib/python3.10/dist-packages/flask_restful/__init__.py", line 582, in dispatch_request
Apr 21 15:22:16 user devstack@keystone.service[42680]: ERROR keystone.server.flask.application resp = meth(*args, **kwargs)
Apr 21 15:22:16 user devstack@keystone.service[42680]: ERROR keystone.server.flask.application
File "/opt/stack/keystone/keystone/api/roles.py", line 50, in get
Apr 21 15:22:16 user devstack@keystone.service[42680]: ERROR keystone.server.flask.application return self._get_role(role_id)
Apr 21 15:22:16 user devstack@keystone.service[42680]: ERROR keystone.server.flask.application
File "/opt/stack/keystone/keystone/api/roles.py", line 70, in _get_role
Apr 21 15:22:16 user devstack@keystone.service[42680]: ERROR keystone.server.flask.application ENFORCER.enforce_call(action='identity:get_role')
Apr 21 15:22:16 user devstack@keystone.service[42680]: ERROR keystone.server.flask.application
File "/opt/stack/keystone/keystone/common/rbac_enforcer/enforcer.py", line 402, in enforce_call
Apr 21 15:22:16 user devstack@keystone.service[42680]: ERROR keystone.server.flask.application policy_dict.update(cls._extract_member_target_data(
Apr 21 15:22:16 user devstack@keystone.service[42680]: ERROR keystone.server.flask.application
File "/opt/stack/keystone/keystone/common/rbac_enforcer/enforcer.py", line 234, in _extract_member_target_data
Apr 21 15:22:16 user devstack@keystone.service[42680]: ERROR keystone.server.flask.application member_name: func(flask.request.view_args[key])
Apr 21 15:22:16 user devstack@keystone.service[42680]: ERROR keystone.server.flask.application
File "/opt/stack/keystone/keystone/common/manager.py", line 115, in wrapped
Apr 21 15:22:16 user devstack@keystone.service[42680]: ERROR keystone.server.flask.application __ret_val = __f(*args, **kwargs)
Apr 21 15:22:16 user devstack@keystone.service[42680]: ERROR keystone.server.flask.application
File "/usr/local/lib/python3.10/dist-packages/decorator.py", line 232, in fun
Apr 21 15:22:16 user devstack@keystone.service[42680]: ERROR keystone.server.flask.application return caller(func, *(extras + args), **kw)
Apr 21 15:22:16 user devstack@keystone.service[42680]: ERROR keystone.server.flask.application
File "/usr/local/lib/python3.10/dist-packages/dogpile/cache/region.py", line 1577, in get_or_create_for_user_func
Apr 21 15:22:16 user devstack@keystone.service[42680]: ERROR keystone.server.flask.application return self.get_or_create(
Apr 21 15:22:16 user devstack@keystone.service[42680]: ERROR keystone.server.flask.application
File "/usr/local/lib/python3.10/dist-packages/dogpile/cache/region.py", line 1042, in get_or_create
Apr 21 15:22:16 user devstack@keystone.service[42680]: ERROR keystone.server.flask.application with Lock(
Apr 21 15:22:16 user devstack@keystone.service[42680]: ERROR keystone.server.flask.application
File "/usr/local/lib/python3.10/dist-packages/dogpile/lock.py", line 185, in __enter__
Apr 21 15:22:16 user devstack@keystone.service[42680]: ERROR keystone.server.flask.application return self._enter()
Apr 21 15:22:16 user devstack@keystone.service[42680]: ERROR keystone.server.flask.application
File "/usr/local/lib/python3.10/dist-packages/dogpile/lock.py", line 94, in _enter
Apr 21 15:22:16 user devstack@keystone.service[42680]: ERROR keystone.server.flask.application generated = self._enter_create(value, createdtime)
Apr 21 15:22:16 user devstack@keystone.service[42680]: ERROR keystone.server.flask.application
File "/usr/local/lib/python3.10/dist-packages/dogpile/lock.py", line 178, in _enter_create
Apr 21 15:22:16 user devstack@keystone.service[42680]: ERROR keystone.server.flask.application return self.creator()
Apr 21 15:22:16 user devstack@keystone.service[42680]: ERROR keystone.server.flask.application
File "/usr/local/lib/python3.10/dist-packages/dogpile/cache/region.py", line 995, in gen_value
Apr 21 15:22:16 user devstack@keystone.service[42680]: ERROR keystone.server.flask.application created_value = creator(
Apr 21 15:22:16 user devstack@keystone.service[42680]: ERROR keystone.server.flask.application
File "/opt/stack/keystone/keystone/assignment/core.py", line 1276, in get_role
Apr 21 15:22:16 user devstack@keystone.service[42680]: ERROR keystone.server.flask.application return self.driver.get_role(role_id)
Apr 21 15:22:16 user devstack@keystone.service[42680]: ERROR keystone.server.flask.application
File "/opt/stack/keystone/keystone/assignment/role_backends/sql.py", line 70, in get_role
Apr 21 15:22:16 user devstack@keystone.service[42680]: ERROR keystone.server.flask.application return self._get_role(session, role_id).to_dict()
Apr 21 15:22:16 user devstack@keystone.service[42680]: ERROR keystone.server.flask.application
File "/opt/stack/keystone/keystone/assignment/role_backends/sql.py", line 65, in _get_role
Apr 21 15:22:16 user devstack@keystone.service[42680]: ERROR keystone.server.flask.application raise exception.RoleNotFound(role_id=role_id)
Apr 21 15:22:16 user devstack@keystone.service[42680]: ERROR keystone.server.flask.application keystone.exception.RoleNotFound: Could not find role: member.
Apr 21 15:22:16 user devstack@keystone.service[42680]: ERROR keystone.server.flask.application
Apr 21 15:22:16 user devstack@keystone.service[42680]: [pid: 42680|app: 0|req: 26/73] 10.0.0.210 () {56 vars in 1094 bytes} [Fri Apr 21 15:22:16 2023] GET /identity/v3/roles/member => generated 84 bytes in 138 msecs (HTTP/1.1 404) 5 headers in 183 bytes (1 switches on core 0)
Apr 21 15:22:16 user devstack@keystone.service[42680]: DEBUG keystone.server.flask.request_processing.middleware.auth_context [None req-20a9dba4-c956-44f2-8c44-b70c4e673bc1 None admin] Authenticating user token {{(pid=42680) process_request /usr/local/lib/python3.10/dist-packages/keystonemiddleware/auth_token/__init__.py:406}}
Apr 21 15:22:16 user devstack@keystone.service[42681]: DEBUG keystone.server.flask.request_processing.middleware.auth_context [None req-c41a0031-67a5-4542-a8fc-8808ce0feb10 None admin] RBAC: auth_context: {'token': , 'domain_id': None, 'trust_id': None, 'trustor_id': None, 'trustee_id': None, 'domain_name': None, 'group_ids': [], 'user_id': 'b1bf28ff5faf466fae480749eaa1e806', 'user_domain_id': 'default', 'system_scope': 'all', 'project_id': None, 'project_domain_id': None, 'roles': ['admin', 'member', 'reader'], 'is_admin_project': True, 'service_user_id': None, 'service_user_domain_id': None, 'service_project_id': None, 'service_project_domain_id': None, 'service_roles': []} {{(pid=42681) fill_context /opt/stack/keystone/keystone/server/flask/request_processing/middleware/auth_context.py:478}}
Apr 21 15:22:16 user devstack@keystone.service[42681]: DEBUG keystone.server.flask.request_processing.req_logging [None req-c41a0031-67a5-4542-a8fc-8808ce0feb10 None admin] REQUEST_METHOD: `GET` {{(pid=42681) log_request_info /opt/stack/keystone/keystone/server/flask/request_processing/req_logging.py:27}}
Apr 21 15:22:16 user devstack@keystone.service[42681]: DEBUG keystone.server.flask.request_processing.req_logging [None req-c41a0031-67a5-4542-a8fc-8808ce0feb10 None admin] SCRIPT_NAME: `/identity` {{(pid=42681) log_request_info /opt/stack/keystone/keystone/server/flask/request_processing/req_logging.py:28}}
Apr 21 15:22:16 user devstack@keystone.service[42681]: DEBUG keystone.server.flask.request_processing.req_logging [None req-c41a0031-67a5-4542-a8fc-8808ce0feb10 None admin] PATH_INFO: `/v3/projects/2181e9d197404afda59ec705a3f9e70f` {{(pid=42681) log_request_info /opt/stack/keystone/keystone/server/flask/request_processing/req_logging.py:29}}
Apr 21 15:22:16 user devstack@keystone.service[42681]: DEBUG keystone.common.rbac_enforcer.enforcer [None req-c41a0031-67a5-4542-a8fc-8808ce0feb10 None admin] RBAC: Authorizing `identity:get_project(project_id=2181e9d197404afda59ec705a3f9e70f)` {{(pid=42681) enforce_call /opt/stack/keystone/keystone/common/rbac_enforcer/enforcer.py:449}}
Apr 21 15:22:16 user devstack@keystone.service[42681]: DEBUG keystone.common.rbac_enforcer.enforcer [None req-c41a0031-67a5-4542-a8fc-8808ce0feb10 None admin] RBAC: Authorization granted {{(pid=42681) enforce_call /opt/stack/keystone/keystone/common/rbac_enforcer/enforcer.py:457}}
Apr 21 15:22:16 user devstack@keystone.service[42681]: [pid: 42681|app: 0|req: 25/74] 10.0.0.210 () {56 vars in 1181 bytes} [Fri Apr 21 15:22:16 2023] GET /identity/v3/projects/2181e9d197404afda59ec705a3f9e70f => generated 297 bytes in 123 msecs (HTTP/1.1 200) 5 headers in 177 bytes (1 switches on core 0)
Apr 21 15:22:16 user devstack@keystone.service[42681]: DEBUG keystone.server.flask.request_processing.middleware.auth_context [None req-c41a0031-67a5-4542-a8fc-8808ce0feb10 None admin] Authenticating user token {{(pid=42681) process_request /usr/local/lib/python3.10/dist-packages/keystonemiddleware/auth_token/__init__.py:406}}
Apr 21 15:22:16 user devstack@keystone.service[42679]: DEBUG keystone.server.flask.request_processing.middleware.auth_context [None req-8d13af85-ac9e-4d74-9782-09dfc1271a6f None admin] Validating token access rules against request {{(pid=42679) validate_allowed_request /usr/local/lib/python3.10/dist-packages/keystonemiddleware/auth_token/__init__.py:544}}
Apr 21 15:22:16 user devstack@keystone.service[42679]: DEBUG keystone.server.flask.request_processing.middleware.auth_context [None req-834476a4-1f62-4abc-97c6-b7edb08e172d None admin] RBAC: auth_context: {'token': , 'domain_id': None, 'trust_id': None, 'trustor_id': None, 'trustee_id': None, 'domain_name': None, 'group_ids': [], 'user_id': 'b1bf28ff5faf466fae480749eaa1e806', 'user_domain_id': 'default', 'system_scope': 'all', 'project_id': None, 'project_domain_id': None, 'roles': ['admin', 'member', 'reader'], 'is_admin_project': True, 'service_user_id': None, 'service_user_domain_id': None, 'service_project_id': None, 'service_project_domain_id': None, 'service_roles': []} {{(pid=42679) fill_context /opt/stack/keystone/keystone/server/flask/request_processing/middleware/auth_context.py:478}}
Apr 21 15:22:16 user devstack@keystone.service[42679]: DEBUG keystone.server.flask.request_processing.req_logging [None req-834476a4-1f62-4abc-97c6-b7edb08e172d None admin] REQUEST_METHOD: `GET` {{(pid=42679) log_request_info /opt/stack/keystone/keystone/server/flask/request_processing/req_logging.py:27}}
Apr 21 15:22:16 user devstack@keystone.service[42679]: DEBUG keystone.server.flask.request_processing.req_logging [None req-834476a4-1f62-4abc-97c6-b7edb08e172d None admin] SCRIPT_NAME: `/identity` {{(pid=42679) log_request_info /opt/stack/keystone/keystone/server/flask/request_processing/req_logging.py:28}}
Apr 21 15:22:16 user devstack@keystone.service[42679]: DEBUG keystone.server.flask.request_processing.req_logging [None req-834476a4-1f62-4abc-97c6-b7edb08e172d None admin] PATH_INFO: `/v3/projects/2181e9d197404afda59ec705a3f9e70f` {{(pid=42679) log_request_info /opt/stack/keystone/keystone/server/flask/request_processing/req_logging.py:29}}
Apr 21 15:22:16 user devstack@keystone.service[42679]: DEBUG keystone.common.rbac_enforcer.enforcer [None req-834476a4-1f62-4abc-97c6-b7edb08e172d None admin] RBAC: Authorizing `identity:get_project(project_id=2181e9d197404afda59ec705a3f9e70f)` {{(pid=42679) enforce_call /opt/stack/keystone/keystone/common/rbac_enforcer/enforcer.py:449}}
Apr 21 15:22:16 user devstack@keystone.service[42679]: DEBUG keystone.common.rbac_enforcer.enforcer [None req-834476a4-1f62-4abc-97c6-b7edb08e172d None admin] RBAC: Authorization granted {{(pid=42679) enforce_call /opt/stack/keystone/keystone/common/rbac_enforcer/enforcer.py:457}}
Apr 21 15:22:16 user devstack@keystone.service[42679]: [pid: 42679|app: 0|req: 24/75] 10.0.0.210 () {56 vars in 1181 bytes} [Fri Apr 21 15:22:16 2023] GET /identity/v3/projects/2181e9d197404afda59ec705a3f9e70f => generated 297 bytes in 130 msecs (HTTP/1.1 200) 5 headers in 177 bytes (1 switches on core 0)
Apr 21 15:22:16 user devstack@keystone.service[42679]: DEBUG keystone.server.flask.request_processing.middleware.auth_context [None req-834476a4-1f62-4abc-97c6-b7edb08e172d None admin] Authenticating user token {{(pid=42679) process_request /usr/local/lib/python3.10/dist-packages/keystonemiddleware/auth_token/__init__.py:406}}
Apr 21 15:22:16 user devstack@keystone.service[42680]: DEBUG keystone.server.flask.request_processing.middleware.auth_context [None req-20a9dba4-c956-44f2-8c44-b70c4e673bc1 None admin] Validating token access rules against request {{(pid=42680) validate_allowed_request /usr/local/lib/python3.10/dist-packages/keystonemiddleware/auth_token/__init__.py:544}}
Apr 21 15:22:17 user devstack@keystone.service[42681]: DEBUG keystone.server.flask.request_processing.middleware.auth_context [None req-c41a0031-67a5-4542-a8fc-8808ce0feb10 None admin] Validating token access rules against request {{(pid=42681) validate_allowed_request /usr/local/lib/python3.10/dist-packages/keystonemiddleware/auth_token/__init__.py:544}}
Apr 21 15:22:17 user devstack@keystone.service[42680]: DEBUG keystone.server.flask.request_processing.middleware.auth_context [None req-68f5b663-6182-4dd1-876f-3a4d905af24a None admin] RBAC: auth_context: {'token': , 'domain_id': None, 'trust_id': None, 'trustor_id': None, 'trustee_id': None, 'domain_name': None, 'group_ids': [], 'user_id': 'b1bf28ff5faf466fae480749eaa1e806', 'user_domain_id': 'default', 'system_scope': 'all', 'project_id': None, 'project_domain_id': None, 'roles': ['admin', 'member', 'reader'], 'is_admin_project': True, 'service_user_id': None, 'service_user_domain_id': None, 'service_project_id': None, 'service_project_domain_id': None, 'service_roles': []} {{(pid=42680) fill_context /opt/stack/keystone/keystone/server/flask/request_processing/middleware/auth_context.py:478}}
Apr 21 15:22:17 user devstack@keystone.service[42680]: DEBUG keystone.server.flask.request_processing.req_logging [None req-68f5b663-6182-4dd1-876f-3a4d905af24a None admin] REQUEST_METHOD: `GET` {{(pid=42680) log_request_info /opt/stack/keystone/keystone/server/flask/request_processing/req_logging.py:27}}
Apr 21 15:22:17 user devstack@keystone.service[42680]: DEBUG keystone.server.flask.request_processing.req_logging [None req-68f5b663-6182-4dd1-876f-3a4d905af24a None admin] SCRIPT_NAME: `/identity` {{(pid=42680) log_request_info /opt/stack/keystone/keystone/server/flask/request_processing/req_logging.py:28}}
Apr 21 15:22:17 user devstack@keystone.service[42680]: DEBUG keystone.server.flask.request_processing.req_logging [None req-68f5b663-6182-4dd1-876f-3a4d905af24a None admin] PATH_INFO: `/v3/users/2d410f571fd9433d879bc81444276932` {{(pid=42680) log_request_info /opt/stack/keystone/keystone/server/flask/request_processing/req_logging.py:29}}
Apr 21 15:22:17 user devstack@keystone.service[42680]: DEBUG keystone.common.rbac_enforcer.enforcer [None req-68f5b663-6182-4dd1-876f-3a4d905af24a None admin] RBAC: Authorizing `identity:get_user(user_id=2d410f571fd9433d879bc81444276932)` {{(pid=42680) enforce_call /opt/stack/keystone/keystone/common/rbac_enforcer/enforcer.py:449}}
Apr 21 15:22:17 user devstack@keystone.service[42680]: DEBUG keystone.common.rbac_enforcer.enforcer [None req-68f5b663-6182-4dd1-876f-3a4d905af24a None admin] RBAC: Authorization granted {{(pid=42680) enforce_call /opt/stack/keystone/keystone/common/rbac_enforcer/enforcer.py:457}}
Apr 21 15:22:17 user devstack@keystone.service[42680]: [pid: 42680|app: 0|req: 27/76] 10.0.0.210 () {56 vars in 1172 bytes} [Fri Apr 21 15:22:16 2023] GET /identity/v3/users/2d410f571fd9433d879bc81444276932 => generated 274 bytes in 127 msecs (HTTP/1.1 200) 5 headers in 177 bytes (1 switches on core 0)
Apr 21 15:22:17 user devstack@keystone.service[42680]: DEBUG keystone.server.flask.request_processing.middleware.auth_context [None req-68f5b663-6182-4dd1-876f-3a4d905af24a None admin] Authenticating user token {{(pid=42680) process_request /usr/local/lib/python3.10/dist-packages/keystonemiddleware/auth_token/__init__.py:406}}
Apr 21 15:22:17 user devstack@keystone.service[42681]: DEBUG keystone.server.flask.request_processing.middleware.auth_context [None req-dd1c233c-9411-4e1f-b721-add9e1c91a4b None admin] RBAC: auth_context: {'token': , 'domain_id': None, 'trust_id': None, 'trustor_id': None, 'trustee_id': None, 'domain_name': None, 'group_ids': [], 'user_id': 'b1bf28ff5faf466fae480749eaa1e806', 'user_domain_id': 'default', 'system_scope': 'all', 'project_id': None, 'project_domain_id': None, 'roles': ['admin', 'member', 'reader'], 'is_admin_project': True, 'service_user_id': None, 'service_user_domain_id': None, 'service_project_id': None, 'service_project_domain_id': None, 'service_roles': []} {{(pid=42681) fill_context /opt/stack/keystone/keystone/server/flask/request_processing/middleware/auth_context.py:478}}
Apr 21 15:22:17 user devstack@keystone.service[42681]: DEBUG keystone.server.flask.request_processing.req_logging [None req-dd1c233c-9411-4e1f-b721-add9e1c91a4b None admin] REQUEST_METHOD: `GET` {{(pid=42681) log_request_info /opt/stack/keystone/keystone/server/flask/request_processing/req_logging.py:27}}
Apr 21 15:22:17 user devstack@keystone.service[42681]: DEBUG keystone.server.flask.request_processing.req_logging [None req-dd1c233c-9411-4e1f-b721-add9e1c91a4b None admin] SCRIPT_NAME: `/identity` {{(pid=42681) log_request_info /opt/stack/keystone/keystone/server/flask/request_processing/req_logging.py:28}}
Apr 21 15:22:17 user devstack@keystone.service[42681]: DEBUG keystone.server.flask.request_processing.req_logging [None req-dd1c233c-9411-4e1f-b721-add9e1c91a4b None admin] PATH_INFO: `/v3/domains/default` {{(pid=42681) log_request_info /opt/stack/keystone/keystone/server/flask/request_processing/req_logging.py:29}}
Apr 21 15:22:17 user devstack@keystone.service[42681]: DEBUG keystone.common.rbac_enforcer.enforcer [None req-dd1c233c-9411-4e1f-b721-add9e1c91a4b None admin] RBAC: Authorizing `identity:get_domain(domain_id=default)` {{(pid=42681) enforce_call /opt/stack/keystone/keystone/common/rbac_enforcer/enforcer.py:449}}
Apr 21 15:22:17 user devstack@keystone.service[42681]: DEBUG keystone.common.rbac_enforcer.enforcer [None req-dd1c233c-9411-4e1f-b721-add9e1c91a4b None admin] RBAC: Authorization granted {{(pid=42681) enforce_call /opt/stack/keystone/keystone/common/rbac_enforcer/enforcer.py:457}}
Apr 21 15:22:17 user devstack@keystone.service[42681]: [pid: 42681|app: 0|req: 26/77] 10.0.0.210 () {56 vars in 1103 bytes} [Fri Apr 21 15:22:16 2023] GET /identity/v3/domains/default => generated 198 bytes in 121 msecs (HTTP/1.1 200) 5 headers in 177 bytes (1 switches on core 0)
Apr 21 15:22:17 user devstack@keystone.service[42681]: DEBUG keystone.server.flask.request_processing.middleware.auth_context [None req-dd1c233c-9411-4e1f-b721-add9e1c91a4b None admin] Authenticating user token {{(pid=42681) process_request /usr/local/lib/python3.10/dist-packages/keystonemiddleware/auth_token/__init__.py:406}}
Apr 21 15:22:17 user devstack@keystone.service[42680]: DEBUG dbcounter [-] [42680] Writing DB stats keystone:SELECT=100 {{(pid=42680) stat_writer /usr/local/lib/python3.10/dist-packages/dbcounter.py:117}}
Apr 21 15:22:17 user devstack@keystone.service[42679]: DEBUG keystone.server.flask.request_processing.middleware.auth_context [None req-834476a4-1f62-4abc-97c6-b7edb08e172d None admin] Validating token access rules against request {{(pid=42679) validate_allowed_request /usr/local/lib/python3.10/dist-packages/keystonemiddleware/auth_token/__init__.py:544}}
Apr 21 15:22:17 user devstack@keystone.service[42679]: DEBUG dbcounter [-] [42679] Writing DB stats keystone:SELECT=100 {{(pid=42679) stat_writer /usr/local/lib/python3.10/dist-packages/dbcounter.py:117}}
Apr 21 15:22:17 user devstack@keystone.service[42681]: DEBUG dbcounter [-] [42681] Writing DB stats keystone:SELECT=100 {{(pid=42681) stat_writer /usr/local/lib/python3.10/dist-packages/dbcounter.py:117}}
Apr 21 15:22:17 user devstack@keystone.service[42679]: DEBUG keystone.server.flask.request_processing.middleware.auth_context [None req-666af92b-cbab-46bd-bd75-ad6986d828cc None admin] RBAC: auth_context: {'token': , 'domain_id': None, 'trust_id': None, 'trustor_id': None, 'trustee_id': None, 'domain_name': None, 'group_ids': [], 'user_id': 'b1bf28ff5faf466fae480749eaa1e806', 'user_domain_id': 'default', 'system_scope': 'all', 'project_id': None, 'project_domain_id': None, 'roles': ['admin', 'member', 'reader'], 'is_admin_project': True, 'service_user_id': None, 'service_user_domain_id': None, 'service_project_id': None, 'service_project_domain_id': None, 'service_roles': []} {{(pid=42679) fill_context /opt/stack/keystone/keystone/server/flask/request_processing/middleware/auth_context.py:478}}
Apr 21 15:22:17 user devstack@keystone.service[42679]: DEBUG keystone.server.flask.request_processing.req_logging [None req-666af92b-cbab-46bd-bd75-ad6986d828cc None admin] REQUEST_METHOD: `GET` {{(pid=42679) log_request_info /opt/stack/keystone/keystone/server/flask/request_processing/req_logging.py:27}}
Apr 21 15:22:17 user devstack@keystone.service[42679]: DEBUG keystone.server.flask.request_processing.req_logging [None req-666af92b-cbab-46bd-bd75-ad6986d828cc None admin] SCRIPT_NAME: `/identity` {{(pid=42679) log_request_info /opt/stack/keystone/keystone/server/flask/request_processing/req_logging.py:28}}
Apr 21 15:22:17 user devstack@keystone.service[42679]: DEBUG keystone.server.flask.request_processing.req_logging [None req-666af92b-cbab-46bd-bd75-ad6986d828cc None admin] PATH_INFO: `/v3/roles` {{(pid=42679) log_request_info /opt/stack/keystone/keystone/server/flask/request_processing/req_logging.py:29}}
Apr 21 15:22:17 user devstack@keystone.service[42679]: DEBUG keystone.common.rbac_enforcer.enforcer [None req-666af92b-cbab-46bd-bd75-ad6986d828cc None admin] RBAC: Adding query filter params (name=member) {{(pid=42679) _extract_filter_values /opt/stack/keystone/keystone/common/rbac_enforcer/enforcer.py:167}}
Apr 21 15:22:17 user devstack@keystone.service[42679]: DEBUG keystone.common.rbac_enforcer.enforcer [None req-666af92b-cbab-46bd-bd75-ad6986d828cc None admin] RBAC: Authorizing `identity:list_roles()` {{(pid=42679) enforce_call /opt/stack/keystone/keystone/common/rbac_enforcer/enforcer.py:449}}
Apr 21 15:22:17 user devstack@keystone.service[42679]: DEBUG keystone.common.rbac_enforcer.enforcer [None req-666af92b-cbab-46bd-bd75-ad6986d828cc None admin] RBAC: Authorization granted {{(pid=42679) enforce_call /opt/stack/keystone/keystone/common/rbac_enforcer/enforcer.py:457}}
Apr 21 15:22:17 user devstack@keystone.service[42679]: [pid: 42679|app: 0|req: 25/78] 10.0.0.210 () {56 vars in 1096 bytes} [Fri Apr 21 15:22:16 2023] GET /identity/v3/roles?name=member => generated 339 bytes in 136 msecs (HTTP/1.1 200) 5 headers in 177 bytes (1 switches on core 0)
Apr 21 15:22:17 user devstack@keystone.service[42679]: DEBUG keystone.server.flask.request_processing.middleware.auth_context [None req-666af92b-cbab-46bd-bd75-ad6986d828cc None admin] Authenticating user token {{(pid=42679) process_request /usr/local/lib/python3.10/dist-packages/keystonemiddleware/auth_token/__init__.py:406}}
Apr 21 15:22:17 user devstack@keystone.service[42680]: DEBUG keystone.server.flask.request_processing.middleware.auth_context [None req-68f5b663-6182-4dd1-876f-3a4d905af24a None admin] Validating token access rules against request {{(pid=42680) validate_allowed_request /usr/local/lib/python3.10/dist-packages/keystonemiddleware/auth_token/__init__.py:544}}
Apr 21 15:22:17 user devstack@keystone.service[42681]: DEBUG keystone.server.flask.request_processing.middleware.auth_context [None req-dd1c233c-9411-4e1f-b721-add9e1c91a4b None admin] Validating token access rules against request {{(pid=42681) validate_allowed_request /usr/local/lib/python3.10/dist-packages/keystonemiddleware/auth_token/__init__.py:544}}
Apr 21 15:22:17 user devstack@keystone.service[42680]: DEBUG keystone.server.flask.request_processing.middleware.auth_context [None req-9a72e273-9508-4b4b-873a-77d554f70b61 None admin] RBAC: auth_context: {'token': , 'domain_id': None, 'trust_id': None, 'trustor_id': None, 'trustee_id': None, 'domain_name': None, 'group_ids': [], 'user_id': 'b1bf28ff5faf466fae480749eaa1e806', 'user_domain_id': 'default', 'system_scope': 'all', 'project_id': None, 'project_domain_id': None, 'roles': ['admin', 'member', 'reader'], 'is_admin_project': True, 'service_user_id': None, 'service_user_domain_id': None, 'service_project_id': None, 'service_project_domain_id': None, 'service_roles': []} {{(pid=42680) fill_context /opt/stack/keystone/keystone/server/flask/request_processing/middleware/auth_context.py:478}}
Apr 21 15:22:17 user devstack@keystone.service[42680]: DEBUG keystone.server.flask.request_processing.req_logging [None req-9a72e273-9508-4b4b-873a-77d554f70b61 None admin] REQUEST_METHOD: `PUT` {{(pid=42680) log_request_info /opt/stack/keystone/keystone/server/flask/request_processing/req_logging.py:27}}
Apr 21 15:22:17 user devstack@keystone.service[42680]: DEBUG keystone.server.flask.request_processing.req_logging [None req-9a72e273-9508-4b4b-873a-77d554f70b61 None admin] SCRIPT_NAME: `/identity` {{(pid=42680) log_request_info /opt/stack/keystone/keystone/server/flask/request_processing/req_logging.py:28}}
Apr 21 15:22:17 user devstack@keystone.service[42680]: DEBUG keystone.server.flask.request_processing.req_logging [None req-9a72e273-9508-4b4b-873a-77d554f70b61 None admin] PATH_INFO: `/v3/projects/2181e9d197404afda59ec705a3f9e70f/users/2d410f571fd9433d879bc81444276932/roles/9aaac561ef904cdc9b3e117c0ee75ff2` {{(pid=42680) log_request_info /opt/stack/keystone/keystone/server/flask/request_processing/req_logging.py:29}}
Apr 21 15:22:17 user devstack@keystone.service[42681]: DEBUG keystone.server.flask.request_processing.middleware.auth_context [None req-d66c0d35-2113-4c0d-85f8-fbb236683a1f None admin] RBAC: auth_context: {'token': , 'domain_id': None, 'trust_id': None, 'trustor_id': None, 'trustee_id': None, 'domain_name': None, 'group_ids': [], 'user_id': 'b1bf28ff5faf466fae480749eaa1e806', 'user_domain_id': 'default', 'system_scope': 'all', 'project_id': None, 'project_domain_id': None, 'roles': ['admin', 'member', 'reader'], 'is_admin_project': True, 'service_user_id': None, 'service_user_domain_id': None, 'service_project_id': None, 'service_project_domain_id': None, 'service_roles': []} {{(pid=42681) fill_context /opt/stack/keystone/keystone/server/flask/request_processing/middleware/auth_context.py:478}}
Apr 21 15:22:17 user devstack@keystone.service[42681]: DEBUG keystone.server.flask.request_processing.req_logging [None req-d66c0d35-2113-4c0d-85f8-fbb236683a1f None admin] REQUEST_METHOD: `PUT` {{(pid=42681) log_request_info /opt/stack/keystone/keystone/server/flask/request_processing/req_logging.py:27}}
Apr 21 15:22:17 user devstack@keystone.service[42681]: DEBUG keystone.server.flask.request_processing.req_logging [None req-d66c0d35-2113-4c0d-85f8-fbb236683a1f None admin] SCRIPT_NAME: `/identity` {{(pid=42681) log_request_info /opt/stack/keystone/keystone/server/flask/request_processing/req_logging.py:28}}
Apr 21 15:22:17 user devstack@keystone.service[42681]: DEBUG keystone.server.flask.request_processing.req_logging [None req-d66c0d35-2113-4c0d-85f8-fbb236683a1f None admin] PATH_INFO: `/v3/projects/2181e9d197404afda59ec705a3f9e70f/users/b1bf28ff5faf466fae480749eaa1e806/roles/61810ff7e6b9479bb4f27dcf36f199de` {{(pid=42681) log_request_info /opt/stack/keystone/keystone/server/flask/request_processing/req_logging.py:29}}
Apr 21 15:22:17 user devstack@keystone.service[42680]: DEBUG keystone.common.rbac_enforcer.enforcer [None req-9a72e273-9508-4b4b-873a-77d554f70b61 None admin] RBAC: Authorizing `identity:create_grant(project_id=2181e9d197404afda59ec705a3f9e70f, user_id=2d410f571fd9433d879bc81444276932, role_id=9aaac561ef904cdc9b3e117c0ee75ff2)` {{(pid=42680) enforce_call /opt/stack/keystone/keystone/common/rbac_enforcer/enforcer.py:449}}
Apr 21 15:22:17 user devstack@keystone.service[42681]: DEBUG keystone.common.rbac_enforcer.enforcer [None req-d66c0d35-2113-4c0d-85f8-fbb236683a1f None admin] RBAC: Authorizing `identity:create_grant(project_id=2181e9d197404afda59ec705a3f9e70f, user_id=b1bf28ff5faf466fae480749eaa1e806, role_id=61810ff7e6b9479bb4f27dcf36f199de)` {{(pid=42681) enforce_call /opt/stack/keystone/keystone/common/rbac_enforcer/enforcer.py:449}}
Apr 21 15:22:17 user devstack@keystone.service[42681]: DEBUG keystone.common.rbac_enforcer.enforcer [None req-d66c0d35-2113-4c0d-85f8-fbb236683a1f None admin] RBAC: Authorization granted {{(pid=42681) enforce_call /opt/stack/keystone/keystone/common/rbac_enforcer/enforcer.py:457}}
Apr 21 15:22:17 user devstack@keystone.service[42680]: DEBUG keystone.common.rbac_enforcer.enforcer [None req-9a72e273-9508-4b4b-873a-77d554f70b61 None admin] RBAC: Authorization granted {{(pid=42680) enforce_call /opt/stack/keystone/keystone/common/rbac_enforcer/enforcer.py:457}}
Apr 21 15:22:17 user devstack@keystone.service[42680]: [pid: 42680|app: 0|req: 28/79] 10.0.0.210 () {58 vars in 1434 bytes} [Fri Apr 21 15:22:17 2023] PUT /identity/v3/projects/2181e9d197404afda59ec705a3f9e70f/users/2d410f571fd9433d879bc81444276932/roles/9aaac561ef904cdc9b3e117c0ee75ff2 => generated 0 bytes in 141 msecs (HTTP/1.1 204) 3 headers in 132 bytes (0 switches on core 0)
Apr 21 15:22:17 user devstack@keystone.service[42680]: DEBUG keystone.server.flask.request_processing.middleware.auth_context [None req-9a72e273-9508-4b4b-873a-77d554f70b61 None admin] Authenticating user token {{(pid=42680) process_request /usr/local/lib/python3.10/dist-packages/keystonemiddleware/auth_token/__init__.py:406}}
Apr 21 15:22:17 user devstack@keystone.service[42679]: DEBUG keystone.server.flask.request_processing.middleware.auth_context [None req-666af92b-cbab-46bd-bd75-ad6986d828cc None admin] Validating token access rules against request {{(pid=42679) validate_allowed_request /usr/local/lib/python3.10/dist-packages/keystonemiddleware/auth_token/__init__.py:544}}
Apr 21 15:22:17 user devstack@keystone.service[42679]: DEBUG keystone.server.flask.request_processing.middleware.auth_context [None req-a03f64e8-c4fe-46d4-a649-58ee5c661d46 None admin] RBAC: auth_context: {'token': , 'domain_id': None, 'trust_id': None, 'trustor_id': None, 'trustee_id': None, 'domain_name': None, 'group_ids': [], 'user_id': 'b1bf28ff5faf466fae480749eaa1e806', 'user_domain_id': 'default', 'system_scope': 'all', 'project_id': None, 'project_domain_id': None, 'roles': ['admin', 'member', 'reader'], 'is_admin_project': True, 'service_user_id': None, 'service_user_domain_id': None, 'service_project_id': None, 'service_project_domain_id': None, 'service_roles': []} {{(pid=42679) fill_context /opt/stack/keystone/keystone/server/flask/request_processing/middleware/auth_context.py:478}}
Apr 21 15:22:17 user devstack@keystone.service[42679]: DEBUG keystone.server.flask.request_processing.req_logging [None req-a03f64e8-c4fe-46d4-a649-58ee5c661d46 None admin] REQUEST_METHOD: `GET` {{(pid=42679) log_request_info /opt/stack/keystone/keystone/server/flask/request_processing/req_logging.py:27}}
Apr 21 15:22:17 user devstack@keystone.service[42679]: DEBUG keystone.server.flask.request_processing.req_logging [None req-a03f64e8-c4fe-46d4-a649-58ee5c661d46 None admin] SCRIPT_NAME: `/identity` {{(pid=42679) log_request_info /opt/stack/keystone/keystone/server/flask/request_processing/req_logging.py:28}}
Apr 21 15:22:17 user devstack@keystone.service[42679]: DEBUG keystone.server.flask.request_processing.req_logging [None req-a03f64e8-c4fe-46d4-a649-58ee5c661d46 None admin] PATH_INFO: `/v3/projects/2181e9d197404afda59ec705a3f9e70f` {{(pid=42679) log_request_info /opt/stack/keystone/keystone/server/flask/request_processing/req_logging.py:29}}
Apr 21 15:22:17 user devstack@keystone.service[42679]: DEBUG keystone.common.rbac_enforcer.enforcer [None req-a03f64e8-c4fe-46d4-a649-58ee5c661d46 None admin] RBAC: Authorizing `identity:get_project(project_id=2181e9d197404afda59ec705a3f9e70f)` {{(pid=42679) enforce_call /opt/stack/keystone/keystone/common/rbac_enforcer/enforcer.py:449}}
Apr 21 15:22:17 user devstack@keystone.service[42679]: DEBUG keystone.common.rbac_enforcer.enforcer [None req-a03f64e8-c4fe-46d4-a649-58ee5c661d46 None admin] RBAC: Authorization granted {{(pid=42679) enforce_call /opt/stack/keystone/keystone/common/rbac_enforcer/enforcer.py:457}}
Apr 21 15:22:17 user devstack@keystone.service[42679]: [pid: 42679|app: 0|req: 26/80] 10.0.0.210 () {56 vars in 1181 bytes} [Fri Apr 21 15:22:17 2023] GET /identity/v3/projects/2181e9d197404afda59ec705a3f9e70f => generated 297 bytes in 134 msecs (HTTP/1.1 200) 5 headers in 177 bytes (1 switches on core 0)
Apr 21 15:22:17 user devstack@keystone.service[42679]: DEBUG keystone.server.flask.request_processing.middleware.auth_context [None req-a03f64e8-c4fe-46d4-a649-58ee5c661d46 None admin] Authenticating user token {{(pid=42679) process_request /usr/local/lib/python3.10/dist-packages/keystonemiddleware/auth_token/__init__.py:406}}
Apr 21 15:22:17 user devstack@keystone.service[42680]: DEBUG dbcounter [-] [42680] Writing DB stats keystone:SELECT=99,keystone:INSERT=1 {{(pid=42680) stat_writer /usr/local/lib/python3.10/dist-packages/dbcounter.py:117}}
Apr 21 15:22:17 user devstack@keystone.service[42679]: DEBUG dbcounter [-] [42679] Writing DB stats keystone:SELECT=100 {{(pid=42679) stat_writer /usr/local/lib/python3.10/dist-packages/dbcounter.py:117}}
Apr 21 15:22:17 user devstack@keystone.service[42680]: DEBUG keystone.server.flask.request_processing.middleware.auth_context [None req-9a72e273-9508-4b4b-873a-77d554f70b61 None admin] Validating token access rules against request {{(pid=42680) validate_allowed_request /usr/local/lib/python3.10/dist-packages/keystonemiddleware/auth_token/__init__.py:544}}
Apr 21 15:22:17 user devstack@keystone.service[42681]: [pid: 42681|app: 0|req: 27/81] 10.0.0.210 () {58 vars in 1434 bytes} [Fri Apr 21 15:22:17 2023] PUT /identity/v3/projects/2181e9d197404afda59ec705a3f9e70f/users/b1bf28ff5faf466fae480749eaa1e806/roles/61810ff7e6b9479bb4f27dcf36f199de => generated 0 bytes in 232 msecs (HTTP/1.1 204) 3 headers in 132 bytes (0 switches on core 0)
Apr 21 15:22:17 user devstack@keystone.service[42681]: DEBUG keystone.server.flask.request_processing.middleware.auth_context [None req-d66c0d35-2113-4c0d-85f8-fbb236683a1f None admin] Authenticating user token {{(pid=42681) process_request /usr/local/lib/python3.10/dist-packages/keystonemiddleware/auth_token/__init__.py:406}}
Apr 21 15:22:17 user devstack@keystone.service[42680]: DEBUG keystone.server.flask.request_processing.middleware.auth_context [None req-96bef3f6-00c9-4c3e-8508-52dddf6afea6 None admin] RBAC: auth_context: {'token': , 'domain_id': None, 'trust_id': None, 'trustor_id': None, 'trustee_id': None, 'domain_name': None, 'group_ids': [], 'user_id': 'b1bf28ff5faf466fae480749eaa1e806', 'user_domain_id': 'default', 'system_scope': 'all', 'project_id': None, 'project_domain_id': None, 'roles': ['admin', 'member', 'reader'], 'is_admin_project': True, 'service_user_id': None, 'service_user_domain_id': None, 'service_project_id': None, 'service_project_domain_id': None, 'service_roles': []} {{(pid=42680) fill_context /opt/stack/keystone/keystone/server/flask/request_processing/middleware/auth_context.py:478}}
Apr 21 15:22:17 user devstack@keystone.service[42680]: DEBUG keystone.server.flask.request_processing.req_logging [None req-96bef3f6-00c9-4c3e-8508-52dddf6afea6 None admin] REQUEST_METHOD: `POST` {{(pid=42680) log_request_info /opt/stack/keystone/keystone/server/flask/request_processing/req_logging.py:27}}
Apr 21 15:22:17 user devstack@keystone.service[42680]: DEBUG keystone.server.flask.request_processing.req_logging [None req-96bef3f6-00c9-4c3e-8508-52dddf6afea6 None admin] SCRIPT_NAME: `/identity` {{(pid=42680) log_request_info /opt/stack/keystone/keystone/server/flask/request_processing/req_logging.py:28}}
Apr 21 15:22:17 user devstack@keystone.service[42680]: DEBUG keystone.server.flask.request_processing.req_logging [None req-96bef3f6-00c9-4c3e-8508-52dddf6afea6 None admin] PATH_INFO: `/v3/users` {{(pid=42680) log_request_info /opt/stack/keystone/keystone/server/flask/request_processing/req_logging.py:29}}
Apr 21 15:22:17 user devstack@keystone.service[42680]: DEBUG keystone.common.rbac_enforcer.enforcer [None req-96bef3f6-00c9-4c3e-8508-52dddf6afea6 None admin] RBAC: Authorizing `identity:create_user()` {{(pid=42680) enforce_call /opt/stack/keystone/keystone/common/rbac_enforcer/enforcer.py:449}}
Apr 21 15:22:17 user devstack@keystone.service[42680]: DEBUG keystone.common.rbac_enforcer.enforcer [None req-96bef3f6-00c9-4c3e-8508-52dddf6afea6 None admin] RBAC: Authorization granted {{(pid=42680) enforce_call /opt/stack/keystone/keystone/common/rbac_enforcer/enforcer.py:457}}
Apr 21 15:22:17 user devstack@keystone.service[42680]: WARNING keystone.common.password_hashing [None req-96bef3f6-00c9-4c3e-8508-52dddf6afea6 None admin] Truncating password to algorithm specific maximum length 54 characters.
Apr 21 15:22:17 user devstack@keystone.service[42679]: DEBUG keystone.server.flask.request_processing.middleware.auth_context [None req-a03f64e8-c4fe-46d4-a649-58ee5c661d46 None admin] Validating token access rules against request {{(pid=42679) validate_allowed_request /usr/local/lib/python3.10/dist-packages/keystonemiddleware/auth_token/__init__.py:544}}
Apr 21 15:22:17 user devstack@keystone.service[42680]: [pid: 42680|app: 0|req: 29/82] 10.0.0.210 () {60 vars in 1127 bytes} [Fri Apr 21 15:22:17 2023] POST /identity/v3/users => generated 288 bytes in 154 msecs (HTTP/1.1 201) 5 headers in 182 bytes (1 switches on core 0)
Apr 21 15:22:17 user devstack@keystone.service[42679]: DEBUG keystone.server.flask.request_processing.middleware.auth_context [None req-bd1a7a94-ed83-4985-a4ba-b9fa351066e4 None admin] RBAC: auth_context: {'token': , 'domain_id': None, 'trust_id': None, 'trustor_id': None, 'trustee_id': None, 'domain_name': None, 'group_ids': [], 'user_id': 'b1bf28ff5faf466fae480749eaa1e806', 'user_domain_id': 'default', 'system_scope': 'all', 'project_id': None, 'project_domain_id': None, 'roles': ['admin', 'member', 'reader'], 'is_admin_project': True, 'service_user_id': None, 'service_user_domain_id': None, 'service_project_id': None, 'service_project_domain_id': None, 'service_roles': []} {{(pid=42679) fill_context /opt/stack/keystone/keystone/server/flask/request_processing/middleware/auth_context.py:478}}
Apr 21 15:22:17 user devstack@keystone.service[42679]: DEBUG keystone.server.flask.request_processing.req_logging [None req-bd1a7a94-ed83-4985-a4ba-b9fa351066e4 None admin] REQUEST_METHOD: `GET` {{(pid=42679) log_request_info /opt/stack/keystone/keystone/server/flask/request_processing/req_logging.py:27}}
Apr 21 15:22:17 user devstack@keystone.service[42679]: DEBUG keystone.server.flask.request_processing.req_logging [None req-bd1a7a94-ed83-4985-a4ba-b9fa351066e4 None admin] SCRIPT_NAME: `/identity` {{(pid=42679) log_request_info /opt/stack/keystone/keystone/server/flask/request_processing/req_logging.py:28}}
Apr 21 15:22:17 user devstack@keystone.service[42679]: DEBUG keystone.server.flask.request_processing.req_logging [None req-bd1a7a94-ed83-4985-a4ba-b9fa351066e4 None admin] PATH_INFO: `/v3/users/2d410f571fd9433d879bc81444276932` {{(pid=42679) log_request_info /opt/stack/keystone/keystone/server/flask/request_processing/req_logging.py:29}}
