Nov 08 11:59:02 user devstack@keystone.service[46153]: DEBUG keystone.server.flask.request_processing.req_logging [None req-baf7edf7-309a-4268-8e2f-4f71e8c7df70 None None] REQUEST_METHOD: `GET` {{(pid=46153) log_request_info /opt/stack/keystone/keystone/server/flask/request_processing/req_logging.py:27}}
Nov 08 11:59:02 user devstack@keystone.service[46153]: DEBUG keystone.server.flask.request_processing.req_logging [None req-baf7edf7-309a-4268-8e2f-4f71e8c7df70 None None] SCRIPT_NAME: `/identity` {{(pid=46153) log_request_info /opt/stack/keystone/keystone/server/flask/request_processing/req_logging.py:28}}
Nov 08 11:59:02 user devstack@keystone.service[46153]: DEBUG keystone.server.flask.request_processing.req_logging [None req-baf7edf7-309a-4268-8e2f-4f71e8c7df70 None None] PATH_INFO: `/` {{(pid=46153) log_request_info /opt/stack/keystone/keystone/server/flask/request_processing/req_logging.py:29}}
Nov 08 11:59:02 user devstack@keystone.service[46153]: [pid: 46153|app: 0|req: 33/91] 10.0.0.210 () {54 vars in 921 bytes} [Wed Nov 8 11:59:02 2023] GET /identity => generated 269 bytes in 3 msecs (HTTP/1.1 300) 6 headers in 233 bytes (1 switches on core 0)
Nov 08 11:59:02 user devstack@keystone.service[46153]: DEBUG keystone.server.flask.request_processing.middleware.auth_context [None req-baf7edf7-309a-4268-8e2f-4f71e8c7df70 None None] Authenticating user token {{(pid=46153) process_request /opt/stack/data/venv/lib/python3.10/site-packages/keystonemiddleware/auth_token/__init__.py:406}}
Nov 08 11:59:02 user devstack@keystone.service[46154]: DEBUG keystone.common.rbac_enforcer.enforcer [None req-872c989c-4b36-456a-bd99-1f995a8c63ad None admin] RBAC: Authorizing `identity:validate_token()` {{(pid=46154) enforce_call /opt/stack/keystone/keystone/common/rbac_enforcer/enforcer.py:449}}
Nov 08 11:59:02 user devstack@keystone.service[46154]: DEBUG keystone.common.rbac_enforcer.enforcer [None req-872c989c-4b36-456a-bd99-1f995a8c63ad None admin] RBAC: Authorization granted {{(pid=46154) enforce_call /opt/stack/keystone/keystone/common/rbac_enforcer/enforcer.py:457}}
Nov 08 11:59:02 user devstack@keystone.service[46152]: DEBUG keystone.server.flask.request_processing.middleware.auth_context [None req-da459af4-a2fd-402d-9bde-b4f7f2420a20 None admin] Validating token access rules against request {{(pid=46152) validate_allowed_request /opt/stack/data/venv/lib/python3.10/site-packages/keystonemiddleware/auth_token/__init__.py:544}}
Nov 08 11:59:02 user devstack@keystone.service[46152]: DEBUG keystone.server.flask.request_processing.middleware.auth_context [None req-a0779a43-f87a-41b0-b9e6-6ac73b77f3ef None admin] RBAC: auth_context: {'token': , 'domain_id': None, 'trust_id': None, 'trustor_id': None, 'trustee_id': None, 'domain_name': None, 'group_ids': [], 'user_id': '96bcf434898b4c4ca27b1fdcded41255', 'user_domain_id': 'default', 'system_scope': 'all', 'project_id': None, 'project_domain_id': None, 'roles': ['admin', 'manager', 'member', 'reader'], 'is_admin_project': True, 'service_user_id': None, 'service_user_domain_id': None, 'service_project_id': None, 'service_project_domain_id': None, 'service_roles': []} {{(pid=46152) fill_context /opt/stack/keystone/keystone/server/flask/request_processing/middleware/auth_context.py:480}}
Nov 08 11:59:02 user devstack@keystone.service[46152]: DEBUG keystone.server.flask.request_processing.req_logging [None req-a0779a43-f87a-41b0-b9e6-6ac73b77f3ef None admin] REQUEST_METHOD: `POST` {{(pid=46152) log_request_info /opt/stack/keystone/keystone/server/flask/request_processing/req_logging.py:27}}
Nov 08 11:59:02 user devstack@keystone.service[46152]: DEBUG keystone.server.flask.request_processing.req_logging [None req-a0779a43-f87a-41b0-b9e6-6ac73b77f3ef None admin] SCRIPT_NAME: `/identity` {{(pid=46152) log_request_info /opt/stack/keystone/keystone/server/flask/request_processing/req_logging.py:28}}
Nov 08 11:59:02 user devstack@keystone.service[46152]: DEBUG keystone.server.flask.request_processing.req_logging [None req-a0779a43-f87a-41b0-b9e6-6ac73b77f3ef None admin] PATH_INFO: `/v3/projects` {{(pid=46152) log_request_info /opt/stack/keystone/keystone/server/flask/request_processing/req_logging.py:29}}
Nov 08 11:59:02 user devstack@keystone.service[46152]: DEBUG keystone.common.rbac_enforcer.enforcer [None req-a0779a43-f87a-41b0-b9e6-6ac73b77f3ef None admin] RBAC: Authorizing `identity:create_project()` {{(pid=46152) enforce_call /opt/stack/keystone/keystone/common/rbac_enforcer/enforcer.py:449}}
Nov 08 11:59:02 user devstack@keystone.service[46152]: DEBUG keystone.common.rbac_enforcer.enforcer [None req-a0779a43-f87a-41b0-b9e6-6ac73b77f3ef None admin] RBAC: Authorization granted {{(pid=46152) enforce_call /opt/stack/keystone/keystone/common/rbac_enforcer/enforcer.py:457}}
Nov 08 11:59:02 user devstack@keystone.service[46152]: [pid: 46152|app: 0|req: 29/92] 10.0.0.210 () {60 vars in 1136 bytes} [Wed Nov 8 11:59:02 2023] POST /identity/v3/projects => generated 301 bytes in 147 msecs (HTTP/1.1 201) 5 headers in 182 bytes (1 switches on core 0)
Nov 08 11:59:02 user devstack@keystone.service[46152]: DEBUG keystone.server.flask.request_processing.middleware.auth_context [None req-a0779a43-f87a-41b0-b9e6-6ac73b77f3ef None admin] Authenticating user token {{(pid=46152) process_request /opt/stack/data/venv/lib/python3.10/site-packages/keystonemiddleware/auth_token/__init__.py:406}}
Nov 08 11:59:02 user devstack@keystone.service[46153]: DEBUG keystone.server.flask.request_processing.middleware.auth_context [None req-baf7edf7-309a-4268-8e2f-4f71e8c7df70 None None] Validating token access rules against request {{(pid=46153) validate_allowed_request /opt/stack/data/venv/lib/python3.10/site-packages/keystonemiddleware/auth_token/__init__.py:544}}
Nov 08 11:59:02 user devstack@keystone.service[46154]: [pid: 46154|app: 0|req: 31/93] 10.0.0.210 () {58 vars in 1277 bytes} [Wed Nov 8 11:59:02 2023] GET /identity/v3/auth/tokens => generated 861 bytes in 303 msecs (HTTP/1.1 200) 6 headers in 358 bytes (1 switches on core 0)
Nov 08 11:59:02 user devstack@keystone.service[46154]: DEBUG keystone.server.flask.request_processing.middleware.auth_context [None req-872c989c-4b36-456a-bd99-1f995a8c63ad None admin] Authenticating user token {{(pid=46154) process_request /opt/stack/data/venv/lib/python3.10/site-packages/keystonemiddleware/auth_token/__init__.py:406}}
Nov 08 11:59:02 user devstack@keystone.service[46153]: DEBUG keystone.server.flask.request_processing.middleware.auth_context [None req-1e192ff8-8f43-4a93-92dd-c9495d866e01 None admin] RBAC: auth_context: {'token': , 'domain_id': None, 'trust_id': None, 'trustor_id': None, 'trustee_id': None, 'domain_name': None, 'group_ids': [], 'user_id': '96bcf434898b4c4ca27b1fdcded41255', 'user_domain_id': 'default', 'system_scope': 'all', 'project_id': None, 'project_domain_id': None, 'roles': ['admin', 'manager', 'member', 'reader'], 'is_admin_project': True, 'service_user_id': None, 'service_user_domain_id': None, 'service_project_id': None, 'service_project_domain_id': None, 'service_roles': []} {{(pid=46153) fill_context /opt/stack/keystone/keystone/server/flask/request_processing/middleware/auth_context.py:480}}
Nov 08 11:59:02 user devstack@keystone.service[46153]: DEBUG keystone.server.flask.request_processing.req_logging [None req-1e192ff8-8f43-4a93-92dd-c9495d866e01 None admin] REQUEST_METHOD: `GET` {{(pid=46153) log_request_info /opt/stack/keystone/keystone/server/flask/request_processing/req_logging.py:27}}
Nov 08 11:59:02 user devstack@keystone.service[46153]: DEBUG keystone.server.flask.request_processing.req_logging [None req-1e192ff8-8f43-4a93-92dd-c9495d866e01 None admin] SCRIPT_NAME: `/identity` {{(pid=46153) log_request_info /opt/stack/keystone/keystone/server/flask/request_processing/req_logging.py:28}}
Nov 08 11:59:02 user devstack@keystone.service[46153]: DEBUG keystone.server.flask.request_processing.req_logging [None req-1e192ff8-8f43-4a93-92dd-c9495d866e01 None admin] PATH_INFO: `/v3/users/87dd3af03024467e92b37f400b96436b` {{(pid=46153) log_request_info /opt/stack/keystone/keystone/server/flask/request_processing/req_logging.py:29}}
Nov 08 11:59:02 user devstack@keystone.service[46153]: DEBUG keystone.common.rbac_enforcer.enforcer [None req-1e192ff8-8f43-4a93-92dd-c9495d866e01 None admin] RBAC: Authorizing `identity:get_user(user_id=87dd3af03024467e92b37f400b96436b)` {{(pid=46153) enforce_call /opt/stack/keystone/keystone/common/rbac_enforcer/enforcer.py:449}}
Nov 08 11:59:02 user devstack@keystone.service[46153]: DEBUG keystone.common.rbac_enforcer.enforcer [None req-1e192ff8-8f43-4a93-92dd-c9495d866e01 None admin] RBAC: Authorization granted {{(pid=46153) enforce_call /opt/stack/keystone/keystone/common/rbac_enforcer/enforcer.py:457}}
Nov 08 11:59:02 user devstack@keystone.service[46153]: [pid: 46153|app: 0|req: 34/94] 10.0.0.210 () {56 vars in 1172 bytes} [Wed Nov 8 11:59:02 2023] GET /identity/v3/users/87dd3af03024467e92b37f400b96436b => generated 274 bytes in 135 msecs (HTTP/1.1 200) 5 headers in 177 bytes (1 switches on core 0)
Nov 08 11:59:02 user devstack@keystone.service[46153]: DEBUG keystone.server.flask.request_processing.middleware.auth_context [None req-1e192ff8-8f43-4a93-92dd-c9495d866e01 None admin] Authenticating user token {{(pid=46153) process_request /opt/stack/data/venv/lib/python3.10/site-packages/keystonemiddleware/auth_token/__init__.py:406}}
Nov 08 11:59:02 user devstack@keystone.service[46152]: DEBUG keystone.server.flask.request_processing.middleware.auth_context [None req-a0779a43-f87a-41b0-b9e6-6ac73b77f3ef None admin] Validating token access rules against request {{(pid=46152) validate_allowed_request /opt/stack/data/venv/lib/python3.10/site-packages/keystonemiddleware/auth_token/__init__.py:544}}
Nov 08 11:59:02 user devstack@keystone.service[46153]: DEBUG keystone.server.flask.request_processing.middleware.auth_context [None req-1e192ff8-8f43-4a93-92dd-c9495d866e01 None admin] Validating token access rules against request {{(pid=46153) validate_allowed_request /opt/stack/data/venv/lib/python3.10/site-packages/keystonemiddleware/auth_token/__init__.py:544}}
Nov 08 11:59:02 user devstack@keystone.service[46154]: DEBUG keystone.server.flask.request_processing.middleware.auth_context [None req-872c989c-4b36-456a-bd99-1f995a8c63ad None admin] Validating token access rules against request {{(pid=46154) validate_allowed_request /opt/stack/data/venv/lib/python3.10/site-packages/keystonemiddleware/auth_token/__init__.py:544}}
Nov 08 11:59:02 user devstack@keystone.service[46152]: DEBUG keystone.server.flask.request_processing.middleware.auth_context [None req-7c1b67a6-ab2b-4346-93dc-9a8d00bf341f None admin] RBAC: auth_context: {'token': , 'domain_id': None, 'trust_id': None, 'trustor_id': None, 'trustee_id': None, 'domain_name': None, 'group_ids': [], 'user_id': '96bcf434898b4c4ca27b1fdcded41255', 'user_domain_id': 'default', 'system_scope': 'all', 'project_id': None, 'project_domain_id': None, 'roles': ['admin', 'manager', 'member', 'reader'], 'is_admin_project': True, 'service_user_id': None, 'service_user_domain_id': None, 'service_project_id': None, 'service_project_domain_id': None, 'service_roles': []} {{(pid=46152) fill_context /opt/stack/keystone/keystone/server/flask/request_processing/middleware/auth_context.py:480}}
Nov 08 11:59:02 user devstack@keystone.service[46152]: DEBUG keystone.server.flask.request_processing.req_logging [None req-7c1b67a6-ab2b-4346-93dc-9a8d00bf341f None admin] REQUEST_METHOD: `GET` {{(pid=46152) log_request_info /opt/stack/keystone/keystone/server/flask/request_processing/req_logging.py:27}}
Nov 08 11:59:02 user devstack@keystone.service[46152]: DEBUG keystone.server.flask.request_processing.req_logging [None req-7c1b67a6-ab2b-4346-93dc-9a8d00bf341f None admin] SCRIPT_NAME: `/identity` {{(pid=46152) log_request_info /opt/stack/keystone/keystone/server/flask/request_processing/req_logging.py:28}}
Nov 08 11:59:02 user devstack@keystone.service[46152]: DEBUG keystone.server.flask.request_processing.req_logging [None req-7c1b67a6-ab2b-4346-93dc-9a8d00bf341f None admin] PATH_INFO: `/v3/projects/4c0f56af9400488582fe7f1334aac4ee` {{(pid=46152) log_request_info /opt/stack/keystone/keystone/server/flask/request_processing/req_logging.py:29}}
Nov 08 11:59:02 user devstack@keystone.service[46152]: DEBUG keystone.common.rbac_enforcer.enforcer [None req-7c1b67a6-ab2b-4346-93dc-9a8d00bf341f None admin] RBAC: Authorizing `identity:get_project(project_id=4c0f56af9400488582fe7f1334aac4ee)` {{(pid=46152) enforce_call /opt/stack/keystone/keystone/common/rbac_enforcer/enforcer.py:449}}
Nov 08 11:59:02 user devstack@keystone.service[46152]: DEBUG keystone.common.rbac_enforcer.enforcer [None req-7c1b67a6-ab2b-4346-93dc-9a8d00bf341f None admin] RBAC: Authorization granted {{(pid=46152) enforce_call /opt/stack/keystone/keystone/common/rbac_enforcer/enforcer.py:457}}
Nov 08 11:59:02 user devstack@keystone.service[46152]: [pid: 46152|app: 0|req: 30/95] 10.0.0.210 () {56 vars in 1181 bytes} [Wed Nov 8 11:59:02 2023] GET /identity/v3/projects/4c0f56af9400488582fe7f1334aac4ee => generated 297 bytes in 139 msecs (HTTP/1.1 200) 5 headers in 177 bytes (1 switches on core 0)
Nov 08 11:59:02 user devstack@keystone.service[46152]: DEBUG keystone.server.flask.request_processing.middleware.auth_context [None req-7c1b67a6-ab2b-4346-93dc-9a8d00bf341f None admin] Authenticating user token {{(pid=46152) process_request /opt/stack/data/venv/lib/python3.10/site-packages/keystonemiddleware/auth_token/__init__.py:406}}
Nov 08 11:59:02 user devstack@keystone.service[46154]: DEBUG keystone.server.flask.request_processing.middleware.auth_context [None req-85d68402-ecc5-4dea-9dff-4d0bfe625c3e None admin] RBAC: auth_context: {'token': , 'domain_id': None, 'trust_id': None, 'trustor_id': None, 'trustee_id': None, 'domain_name': None, 'group_ids': [], 'user_id': '96bcf434898b4c4ca27b1fdcded41255', 'user_domain_id': 'default', 'system_scope': 'all', 'project_id': None, 'project_domain_id': None, 'roles': ['admin', 'manager', 'member', 'reader'], 'is_admin_project': True, 'service_user_id': None, 'service_user_domain_id': None, 'service_project_id': None, 'service_project_domain_id': None, 'service_roles': []} {{(pid=46154) fill_context /opt/stack/keystone/keystone/server/flask/request_processing/middleware/auth_context.py:480}}
Nov 08 11:59:02 user devstack@keystone.service[46153]: DEBUG keystone.server.flask.request_processing.middleware.auth_context [None req-5ee47b10-e5cb-40a8-b648-e826d4f36da6 None admin] RBAC: auth_context: {'token': , 'domain_id': None, 'trust_id': None, 'trustor_id': None, 'trustee_id': None, 'domain_name': None, 'group_ids': [], 'user_id': '96bcf434898b4c4ca27b1fdcded41255', 'user_domain_id': 'default', 'system_scope': 'all', 'project_id': None, 'project_domain_id': None, 'roles': ['admin', 'manager', 'member', 'reader'], 'is_admin_project': True, 'service_user_id': None, 'service_user_domain_id': None, 'service_project_id': None, 'service_project_domain_id': None, 'service_roles': []} {{(pid=46153) fill_context /opt/stack/keystone/keystone/server/flask/request_processing/middleware/auth_context.py:480}}
Nov 08 11:59:02 user devstack@keystone.service[46154]: DEBUG keystone.server.flask.request_processing.req_logging [None req-85d68402-ecc5-4dea-9dff-4d0bfe625c3e None admin] REQUEST_METHOD: `GET` {{(pid=46154) log_request_info /opt/stack/keystone/keystone/server/flask/request_processing/req_logging.py:27}}
Nov 08 11:59:02 user devstack@keystone.service[46153]: DEBUG keystone.server.flask.request_processing.req_logging [None req-5ee47b10-e5cb-40a8-b648-e826d4f36da6 None admin] REQUEST_METHOD: `GET` {{(pid=46153) log_request_info /opt/stack/keystone/keystone/server/flask/request_processing/req_logging.py:27}}
Nov 08 11:59:02 user devstack@keystone.service[46154]: DEBUG keystone.server.flask.request_processing.req_logging [None req-85d68402-ecc5-4dea-9dff-4d0bfe625c3e None admin] SCRIPT_NAME: `/identity` {{(pid=46154) log_request_info /opt/stack/keystone/keystone/server/flask/request_processing/req_logging.py:28}}
Nov 08 11:59:02 user devstack@keystone.service[46153]: DEBUG keystone.server.flask.request_processing.req_logging [None req-5ee47b10-e5cb-40a8-b648-e826d4f36da6 None admin] SCRIPT_NAME: `/identity` {{(pid=46153) log_request_info /opt/stack/keystone/keystone/server/flask/request_processing/req_logging.py:28}}
Nov 08 11:59:02 user devstack@keystone.service[46154]: DEBUG keystone.server.flask.request_processing.req_logging [None req-85d68402-ecc5-4dea-9dff-4d0bfe625c3e None admin] PATH_INFO: `/v3/roles` {{(pid=46154) log_request_info /opt/stack/keystone/keystone/server/flask/request_processing/req_logging.py:29}}
Nov 08 11:59:02 user devstack@keystone.service[46153]: DEBUG keystone.server.flask.request_processing.req_logging [None req-5ee47b10-e5cb-40a8-b648-e826d4f36da6 None admin] PATH_INFO: `/v3/roles/member` {{(pid=46153) log_request_info /opt/stack/keystone/keystone/server/flask/request_processing/req_logging.py:29}}
Nov 08 11:59:02 user devstack@keystone.service[46154]: DEBUG keystone.common.rbac_enforcer.enforcer [None req-85d68402-ecc5-4dea-9dff-4d0bfe625c3e None admin] RBAC: Adding query filter params (name=reader) {{(pid=46154) _extract_filter_values /opt/stack/keystone/keystone/common/rbac_enforcer/enforcer.py:167}}
Nov 08 11:59:02 user devstack@keystone.service[46154]: DEBUG keystone.common.rbac_enforcer.enforcer [None req-85d68402-ecc5-4dea-9dff-4d0bfe625c3e None admin] RBAC: Authorizing `identity:list_roles()` {{(pid=46154) enforce_call /opt/stack/keystone/keystone/common/rbac_enforcer/enforcer.py:449}}
Nov 08 11:59:02 user devstack@keystone.service[46154]: DEBUG keystone.common.rbac_enforcer.enforcer [None req-85d68402-ecc5-4dea-9dff-4d0bfe625c3e None admin] RBAC: Authorization granted {{(pid=46154) enforce_call /opt/stack/keystone/keystone/common/rbac_enforcer/enforcer.py:457}}
Nov 08 11:59:02 user devstack@keystone.service[46153]: DEBUG keystone.common.rbac_enforcer.enforcer [None req-5ee47b10-e5cb-40a8-b648-e826d4f36da6 None admin] Extracting inferred target data resulted in "NOT FOUND (404)". {{(pid=46153) enforce_call /opt/stack/keystone/keystone/common/rbac_enforcer/enforcer.py:409}}
Nov 08 11:59:02 user devstack@keystone.service[46154]: [pid: 46154|app: 0|req: 32/96] 10.0.0.210 () {56 vars in 1096 bytes} [Wed Nov 8 11:59:02 2023] GET /identity/v3/roles?name=reader => generated 339 bytes in 164 msecs (HTTP/1.1 200) 5 headers in 177 bytes (1 switches on core 0)
Nov 08 11:59:02 user devstack@keystone.service[46154]: DEBUG keystone.server.flask.request_processing.middleware.auth_context [None req-85d68402-ecc5-4dea-9dff-4d0bfe625c3e None admin] Authenticating user token {{(pid=46154) process_request /opt/stack/data/venv/lib/python3.10/site-packages/keystonemiddleware/auth_token/__init__.py:406}}
Nov 08 11:59:02 user devstack@keystone.service[46153]: ERROR keystone.server.flask.application [None req-5ee47b10-e5cb-40a8-b648-e826d4f36da6 None admin] Could not find role: member.: keystone.exception.RoleNotFound: Could not find role: member.
Nov 08 11:59:02 user devstack@keystone.service[46153]: ERROR keystone.server.flask.application
Traceback (most recent call last):
Nov 08 11:59:02 user devstack@keystone.service[46153]: ERROR keystone.server.flask.application
File "/opt/stack/data/venv/lib/python3.10/site-packages/flask/app.py", line 1823, in full_dispatch_request
Nov 08 11:59:02 user devstack@keystone.service[46153]: ERROR keystone.server.flask.application rv = self.dispatch_request()
Nov 08 11:59:02 user devstack@keystone.service[46153]: ERROR keystone.server.flask.application
File "/opt/stack/data/venv/lib/python3.10/site-packages/flask/app.py", line 1799, in dispatch_request
Nov 08 11:59:02 user devstack@keystone.service[46153]: ERROR keystone.server.flask.application return self.ensure_sync(self.view_functions[rule.endpoint])(**view_args)
Nov 08 11:59:02 user devstack@keystone.service[46153]: ERROR keystone.server.flask.application
File "/opt/stack/data/venv/lib/python3.10/site-packages/flask_restful/__init__.py", line 489, in wrapper
Nov 08 11:59:02 user devstack@keystone.service[46153]: ERROR keystone.server.flask.application resp = resource(*args, **kwargs)
Nov 08 11:59:02 user devstack@keystone.service[46153]: ERROR keystone.server.flask.application
File "/opt/stack/data/venv/lib/python3.10/site-packages/flask/views.py", line 107, in view
Nov 08 11:59:02 user devstack@keystone.service[46153]: ERROR keystone.server.flask.application return current_app.ensure_sync(self.dispatch_request)(**kwargs)
Nov 08 11:59:02 user devstack@keystone.service[46153]: ERROR keystone.server.flask.application
File "/opt/stack/data/venv/lib/python3.10/site-packages/flask_restful/__init__.py", line 604, in dispatch_request
Nov 08 11:59:02 user devstack@keystone.service[46153]: ERROR keystone.server.flask.application resp = meth(*args, **kwargs)
Nov 08 11:59:02 user devstack@keystone.service[46153]: ERROR keystone.server.flask.application
File "/opt/stack/keystone/keystone/api/roles.py", line 50, in get
Nov 08 11:59:02 user devstack@keystone.service[46153]: ERROR keystone.server.flask.application return self._get_role(role_id)
Nov 08 11:59:02 user devstack@keystone.service[46153]: ERROR keystone.server.flask.application
File "/opt/stack/keystone/keystone/api/roles.py", line 70, in _get_role
Nov 08 11:59:02 user devstack@keystone.service[46153]: ERROR keystone.server.flask.application ENFORCER.enforce_call(action='identity:get_role')
Nov 08 11:59:02 user devstack@keystone.service[46153]: ERROR keystone.server.flask.application
File "/opt/stack/keystone/keystone/common/rbac_enforcer/enforcer.py", line 402, in enforce_call
Nov 08 11:59:02 user devstack@keystone.service[46153]: ERROR keystone.server.flask.application policy_dict.update(cls._extract_member_target_data(
Nov 08 11:59:02 user devstack@keystone.service[46153]: ERROR keystone.server.flask.application
File "/opt/stack/keystone/keystone/common/rbac_enforcer/enforcer.py", line 234, in _extract_member_target_data
Nov 08 11:59:02 user devstack@keystone.service[46153]: ERROR keystone.server.flask.application member_name: func(flask.request.view_args[key])
Nov 08 11:59:02 user devstack@keystone.service[46153]: ERROR keystone.server.flask.application
File "/opt/stack/keystone/keystone/common/manager.py", line 115, in wrapped
Nov 08 11:59:02 user devstack@keystone.service[46153]: ERROR keystone.server.flask.application __ret_val = __f(*args, **kwargs)
Nov 08 11:59:02 user devstack@keystone.service[46153]: ERROR keystone.server.flask.application
File "/opt/stack/data/venv/lib/python3.10/site-packages/decorator.py", line 232, in fun
Nov 08 11:59:02 user devstack@keystone.service[46153]: ERROR keystone.server.flask.application return caller(func, *(extras + args), **kw)
Nov 08 11:59:02 user devstack@keystone.service[46153]: ERROR keystone.server.flask.application
File "/opt/stack/data/venv/lib/python3.10/site-packages/dogpile/cache/region.py", line 1594, in get_or_create_for_user_func
Nov 08 11:59:02 user devstack@keystone.service[46153]: ERROR keystone.server.flask.application return self.get_or_create(
Nov 08 11:59:02 user devstack@keystone.service[46153]: ERROR keystone.server.flask.application
File "/opt/stack/data/venv/lib/python3.10/site-packages/dogpile/cache/region.py", line 1054, in get_or_create
Nov 08 11:59:02 user devstack@keystone.service[46153]: ERROR keystone.server.flask.application with Lock(
Nov 08 11:59:02 user devstack@keystone.service[46153]: ERROR keystone.server.flask.application
File "/opt/stack/data/venv/lib/python3.10/site-packages/dogpile/lock.py", line 185, in __enter__
Nov 08 11:59:02 user devstack@keystone.service[46153]: ERROR keystone.server.flask.application return self._enter()
Nov 08 11:59:02 user devstack@keystone.service[46153]: ERROR keystone.server.flask.application
File "/opt/stack/data/venv/lib/python3.10/site-packages/dogpile/lock.py", line 94, in _enter
Nov 08 11:59:02 user devstack@keystone.service[46153]: ERROR keystone.server.flask.application generated = self._enter_create(value, createdtime)
Nov 08 11:59:02 user devstack@keystone.service[46153]: ERROR keystone.server.flask.application
File "/opt/stack/data/venv/lib/python3.10/site-packages/dogpile/lock.py", line 178, in _enter_create
Nov 08 11:59:02 user devstack@keystone.service[46153]: ERROR keystone.server.flask.application return self.creator()
Nov 08 11:59:02 user devstack@keystone.service[46153]: ERROR keystone.server.flask.application
File "/opt/stack/data/venv/lib/python3.10/site-packages/dogpile/cache/region.py", line 1007, in gen_value
Nov 08 11:59:02 user devstack@keystone.service[46153]: ERROR keystone.server.flask.application created_value = creator(
Nov 08 11:59:02 user devstack@keystone.service[46153]: ERROR keystone.server.flask.application
File "/opt/stack/keystone/keystone/assignment/core.py", line 1276, in get_role
Nov 08 11:59:02 user devstack@keystone.service[46153]: ERROR keystone.server.flask.application return self.driver.get_role(role_id)
Nov 08 11:59:02 user devstack@keystone.service[46153]: ERROR keystone.server.flask.application
File "/opt/stack/keystone/keystone/assignment/role_backends/sql.py", line 70, in get_role
Nov 08 11:59:02 user devstack@keystone.service[46153]: ERROR keystone.server.flask.application return self._get_role(session, role_id).to_dict()
Nov 08 11:59:02 user devstack@keystone.service[46153]: ERROR keystone.server.flask.application
File "/opt/stack/keystone/keystone/assignment/role_backends/sql.py", line 65, in _get_role
Nov 08 11:59:02 user devstack@keystone.service[46153]: ERROR keystone.server.flask.application raise exception.RoleNotFound(role_id=role_id)
Nov 08 11:59:02 user devstack@keystone.service[46153]: ERROR keystone.server.flask.application keystone.exception.RoleNotFound: Could not find role: member.
Nov 08 11:59:02 user devstack@keystone.service[46153]: ERROR keystone.server.flask.application
Nov 08 11:59:02 user devstack@keystone.service[46153]: [pid: 46153|app: 0|req: 35/97] 10.0.0.210 () {56 vars in 1094 bytes} [Wed Nov 8 11:59:02 2023] GET /identity/v3/roles/member => generated 84 bytes in 148 msecs (HTTP/1.1 404) 5 headers in 183 bytes (1 switches on core 0)
Nov 08 11:59:02 user devstack@keystone.service[46153]: DEBUG keystone.server.flask.request_processing.middleware.auth_context [None req-5ee47b10-e5cb-40a8-b648-e826d4f36da6 None admin] Authenticating user token {{(pid=46153) process_request /opt/stack/data/venv/lib/python3.10/site-packages/keystonemiddleware/auth_token/__init__.py:406}}
Nov 08 11:59:02 user devstack@keystone.service[46152]: DEBUG keystone.server.flask.request_processing.middleware.auth_context [None req-7c1b67a6-ab2b-4346-93dc-9a8d00bf341f None admin] Validating token access rules against request {{(pid=46152) validate_allowed_request /opt/stack/data/venv/lib/python3.10/site-packages/keystonemiddleware/auth_token/__init__.py:544}}
Nov 08 11:59:02 user devstack@keystone.service[46152]: DEBUG keystone.server.flask.request_processing.middleware.auth_context [None req-48f2e89a-baa5-4cc0-af84-d1be8e4851f4 None admin] RBAC: auth_context: {'token': , 'domain_id': None, 'trust_id': None, 'trustor_id': None, 'trustee_id': None, 'domain_name': None, 'group_ids': [], 'user_id': '96bcf434898b4c4ca27b1fdcded41255', 'user_domain_id': 'default', 'system_scope': 'all', 'project_id': None, 'project_domain_id': None, 'roles': ['admin', 'manager', 'member', 'reader'], 'is_admin_project': True, 'service_user_id': None, 'service_user_domain_id': None, 'service_project_id': None, 'service_project_domain_id': None, 'service_roles': []} {{(pid=46152) fill_context /opt/stack/keystone/keystone/server/flask/request_processing/middleware/auth_context.py:480}}
Nov 08 11:59:02 user devstack@keystone.service[46152]: DEBUG keystone.server.flask.request_processing.req_logging [None req-48f2e89a-baa5-4cc0-af84-d1be8e4851f4 None admin] REQUEST_METHOD: `GET` {{(pid=46152) log_request_info /opt/stack/keystone/keystone/server/flask/request_processing/req_logging.py:27}}
Nov 08 11:59:02 user devstack@keystone.service[46152]: DEBUG keystone.server.flask.request_processing.req_logging [None req-48f2e89a-baa5-4cc0-af84-d1be8e4851f4 None admin] SCRIPT_NAME: `/identity` {{(pid=46152) log_request_info /opt/stack/keystone/keystone/server/flask/request_processing/req_logging.py:28}}
Nov 08 11:59:02 user devstack@keystone.service[46152]: DEBUG keystone.server.flask.request_processing.req_logging [None req-48f2e89a-baa5-4cc0-af84-d1be8e4851f4 None admin] PATH_INFO: `/v3/projects/4c0f56af9400488582fe7f1334aac4ee` {{(pid=46152) log_request_info /opt/stack/keystone/keystone/server/flask/request_processing/req_logging.py:29}}
Nov 08 11:59:02 user devstack@keystone.service[46152]: DEBUG keystone.common.rbac_enforcer.enforcer [None req-48f2e89a-baa5-4cc0-af84-d1be8e4851f4 None admin] RBAC: Authorizing `identity:get_project(project_id=4c0f56af9400488582fe7f1334aac4ee)` {{(pid=46152) enforce_call /opt/stack/keystone/keystone/common/rbac_enforcer/enforcer.py:449}}
Nov 08 11:59:02 user devstack@keystone.service[46154]: DEBUG keystone.server.flask.request_processing.middleware.auth_context [None req-85d68402-ecc5-4dea-9dff-4d0bfe625c3e None admin] Validating token access rules against request {{(pid=46154) validate_allowed_request /opt/stack/data/venv/lib/python3.10/site-packages/keystonemiddleware/auth_token/__init__.py:544}}
Nov 08 11:59:02 user devstack@keystone.service[46152]: DEBUG keystone.common.rbac_enforcer.enforcer [None req-48f2e89a-baa5-4cc0-af84-d1be8e4851f4 None admin] RBAC: Authorization granted {{(pid=46152) enforce_call /opt/stack/keystone/keystone/common/rbac_enforcer/enforcer.py:457}}
Nov 08 11:59:02 user devstack@keystone.service[46152]: [pid: 46152|app: 0|req: 31/98] 10.0.0.210 () {56 vars in 1181 bytes} [Wed Nov 8 11:59:02 2023] GET /identity/v3/projects/4c0f56af9400488582fe7f1334aac4ee => generated 297 bytes in 146 msecs (HTTP/1.1 200) 5 headers in 177 bytes (1 switches on core 0)
Nov 08 11:59:02 user devstack@keystone.service[46152]: DEBUG keystone.server.flask.request_processing.middleware.auth_context [None req-48f2e89a-baa5-4cc0-af84-d1be8e4851f4 None admin] Authenticating user token {{(pid=46152) process_request /opt/stack/data/venv/lib/python3.10/site-packages/keystonemiddleware/auth_token/__init__.py:406}}
Nov 08 11:59:02 user devstack@keystone.service[46153]: DEBUG keystone.server.flask.request_processing.middleware.auth_context [None req-5ee47b10-e5cb-40a8-b648-e826d4f36da6 None admin] Validating token access rules against request {{(pid=46153) validate_allowed_request /opt/stack/data/venv/lib/python3.10/site-packages/keystonemiddleware/auth_token/__init__.py:544}}
Nov 08 11:59:02 user devstack@keystone.service[46154]: DEBUG keystone.server.flask.request_processing.middleware.auth_context [None req-c944845f-a2c0-4786-ab96-f1b4c3e0decc None admin] RBAC: auth_context: {'token': , 'domain_id': None, 'trust_id': None, 'trustor_id': None, 'trustee_id': None, 'domain_name': None, 'group_ids': [], 'user_id': '96bcf434898b4c4ca27b1fdcded41255', 'user_domain_id': 'default', 'system_scope': 'all', 'project_id': None, 'project_domain_id': None, 'roles': ['admin', 'manager', 'member', 'reader'], 'is_admin_project': True, 'service_user_id': None, 'service_user_domain_id': None, 'service_project_id': None, 'service_project_domain_id': None, 'service_roles': []} {{(pid=46154) fill_context /opt/stack/keystone/keystone/server/flask/request_processing/middleware/auth_context.py:480}}
Nov 08 11:59:02 user devstack@keystone.service[46154]: DEBUG keystone.server.flask.request_processing.req_logging [None req-c944845f-a2c0-4786-ab96-f1b4c3e0decc None admin] REQUEST_METHOD: `GET` {{(pid=46154) log_request_info /opt/stack/keystone/keystone/server/flask/request_processing/req_logging.py:27}}
Nov 08 11:59:02 user devstack@keystone.service[46154]: DEBUG keystone.server.flask.request_processing.req_logging [None req-c944845f-a2c0-4786-ab96-f1b4c3e0decc None admin] SCRIPT_NAME: `/identity` {{(pid=46154) log_request_info /opt/stack/keystone/keystone/server/flask/request_processing/req_logging.py:28}}
Nov 08 11:59:02 user devstack@keystone.service[46154]: DEBUG keystone.server.flask.request_processing.req_logging [None req-c944845f-a2c0-4786-ab96-f1b4c3e0decc None admin] PATH_INFO: `/v3/auth/tokens` {{(pid=46154) log_request_info /opt/stack/keystone/keystone/server/flask/request_processing/req_logging.py:29}}
Nov 08 11:59:02 user devstack@keystone.service[46153]: DEBUG keystone.server.flask.request_processing.middleware.auth_context [None req-7439a116-62f7-4c2a-a987-782e258b5383 None admin] RBAC: auth_context: {'token': , 'domain_id': None, 'trust_id': None, 'trustor_id': None, 'trustee_id': None, 'domain_name': None, 'group_ids': [], 'user_id': '96bcf434898b4c4ca27b1fdcded41255', 'user_domain_id': 'default', 'system_scope': 'all', 'project_id': None, 'project_domain_id': None, 'roles': ['admin', 'manager', 'member', 'reader'], 'is_admin_project': True, 'service_user_id': None, 'service_user_domain_id': None, 'service_project_id': None, 'service_project_domain_id': None, 'service_roles': []} {{(pid=46153) fill_context /opt/stack/keystone/keystone/server/flask/request_processing/middleware/auth_context.py:480}}
Nov 08 11:59:02 user devstack@keystone.service[46153]: DEBUG keystone.server.flask.request_processing.req_logging [None req-7439a116-62f7-4c2a-a987-782e258b5383 None admin] REQUEST_METHOD: `GET` {{(pid=46153) log_request_info /opt/stack/keystone/keystone/server/flask/request_processing/req_logging.py:27}}
Nov 08 11:59:02 user devstack@keystone.service[46153]: DEBUG keystone.server.flask.request_processing.req_logging [None req-7439a116-62f7-4c2a-a987-782e258b5383 None admin] SCRIPT_NAME: `/identity` {{(pid=46153) log_request_info /opt/stack/keystone/keystone/server/flask/request_processing/req_logging.py:28}}
Nov 08 11:59:02 user devstack@keystone.service[46153]: DEBUG keystone.server.flask.request_processing.req_logging [None req-7439a116-62f7-4c2a-a987-782e258b5383 None admin] PATH_INFO: `/v3/role_assignments` {{(pid=46153) log_request_info /opt/stack/keystone/keystone/server/flask/request_processing/req_logging.py:29}}
Nov 08 11:59:02 user devstack@keystone.service[46153]: DEBUG keystone.common.rbac_enforcer.enforcer [None req-7439a116-62f7-4c2a-a987-782e258b5383 None admin] RBAC: Adding query filter params (role.id=ca0a96aa6d734e2c987ca62794e71fe8, scope.project.id=4c0f56af9400488582fe7f1334aac4ee, user.id=87dd3af03024467e92b37f400b96436b) {{(pid=46153) _extract_filter_values /opt/stack/keystone/keystone/common/rbac_enforcer/enforcer.py:167}}
Nov 08 11:59:02 user devstack@keystone.service[46153]: DEBUG keystone.common.rbac_enforcer.enforcer [None req-7439a116-62f7-4c2a-a987-782e258b5383 None admin] RBAC: Authorizing `identity:list_role_assignments()` {{(pid=46153) enforce_call /opt/stack/keystone/keystone/common/rbac_enforcer/enforcer.py:449}}
Nov 08 11:59:02 user devstack@keystone.service[46153]: DEBUG keystone.common.rbac_enforcer.enforcer [None req-7439a116-62f7-4c2a-a987-782e258b5383 None admin] RBAC: Authorization granted {{(pid=46153) enforce_call /opt/stack/keystone/keystone/common/rbac_enforcer/enforcer.py:457}}
Nov 08 11:59:02 user devstack@keystone.service[46153]: [pid: 46153|app: 0|req: 36/99] 10.0.0.210 () {56 vars in 1369 bytes} [Wed Nov 8 11:59:02 2023] GET /identity/v3/role_assignments?user.id=87dd3af03024467e92b37f400b96436b&scope.project.id=4c0f56af9400488582fe7f1334aac4ee&role.id=ca0a96aa6d734e2c987ca62794e71fe8 => generated 606 bytes in 152 msecs (HTTP/1.1 200) 5 headers in 177 bytes (1 switches on core 0)
Nov 08 11:59:02 user devstack@keystone.service[46153]: DEBUG keystone.server.flask.request_processing.middleware.auth_context [None req-7439a116-62f7-4c2a-a987-782e258b5383 None admin] Authenticating user token {{(pid=46153) process_request /opt/stack/data/venv/lib/python3.10/site-packages/keystonemiddleware/auth_token/__init__.py:406}}
Nov 08 11:59:02 user devstack@keystone.service[46154]: DEBUG keystone.common.rbac_enforcer.enforcer [None req-c944845f-a2c0-4786-ab96-f1b4c3e0decc None admin] RBAC: Authorizing `identity:validate_token()` {{(pid=46154) enforce_call /opt/stack/keystone/keystone/common/rbac_enforcer/enforcer.py:449}}
Nov 08 11:59:02 user devstack@keystone.service[46154]: DEBUG keystone.common.rbac_enforcer.enforcer [None req-c944845f-a2c0-4786-ab96-f1b4c3e0decc None admin] RBAC: Authorization granted {{(pid=46154) enforce_call /opt/stack/keystone/keystone/common/rbac_enforcer/enforcer.py:457}}
Nov 08 11:59:02 user devstack@keystone.service[46152]: DEBUG keystone.server.flask.request_processing.middleware.auth_context [None req-48f2e89a-baa5-4cc0-af84-d1be8e4851f4 None admin] Validating token access rules against request {{(pid=46152) validate_allowed_request /opt/stack/data/venv/lib/python3.10/site-packages/keystonemiddleware/auth_token/__init__.py:544}}
Nov 08 11:59:02 user devstack@keystone.service[46152]: DEBUG keystone.server.flask.request_processing.middleware.auth_context [None req-aa04d85c-1847-4e5a-b0fa-96c18276bf17 None admin] RBAC: auth_context: {'token': , 'domain_id': None, 'trust_id': None, 'trustor_id': None, 'trustee_id': None, 'domain_name': None, 'group_ids': [], 'user_id': '96bcf434898b4c4ca27b1fdcded41255', 'user_domain_id': 'default', 'system_scope': 'all', 'project_id': None, 'project_domain_id': None, 'roles': ['admin', 'manager', 'member', 'reader'], 'is_admin_project': True, 'service_user_id': None, 'service_user_domain_id': None, 'service_project_id': None, 'service_project_domain_id': None, 'service_roles': []} {{(pid=46152) fill_context /opt/stack/keystone/keystone/server/flask/request_processing/middleware/auth_context.py:480}}
Nov 08 11:59:02 user devstack@keystone.service[46152]: DEBUG keystone.server.flask.request_processing.req_logging [None req-aa04d85c-1847-4e5a-b0fa-96c18276bf17 None admin] REQUEST_METHOD: `GET` {{(pid=46152) log_request_info /opt/stack/keystone/keystone/server/flask/request_processing/req_logging.py:27}}
Nov 08 11:59:02 user devstack@keystone.service[46152]: DEBUG keystone.server.flask.request_processing.req_logging [None req-aa04d85c-1847-4e5a-b0fa-96c18276bf17 None admin] SCRIPT_NAME: `/identity` {{(pid=46152) log_request_info /opt/stack/keystone/keystone/server/flask/request_processing/req_logging.py:28}}
Nov 08 11:59:02 user devstack@keystone.service[46152]: DEBUG keystone.server.flask.request_processing.req_logging [None req-aa04d85c-1847-4e5a-b0fa-96c18276bf17 None admin] PATH_INFO: `/v3/users/6509291b22ea4247aa68a9de4e029f80` {{(pid=46152) log_request_info /opt/stack/keystone/keystone/server/flask/request_processing/req_logging.py:29}}
Nov 08 11:59:02 user devstack@keystone.service[46152]: DEBUG keystone.common.rbac_enforcer.enforcer [None req-aa04d85c-1847-4e5a-b0fa-96c18276bf17 None admin] RBAC: Authorizing `identity:get_user(user_id=6509291b22ea4247aa68a9de4e029f80)` {{(pid=46152) enforce_call /opt/stack/keystone/keystone/common/rbac_enforcer/enforcer.py:449}}
Nov 08 11:59:02 user devstack@keystone.service[46152]: DEBUG keystone.common.rbac_enforcer.enforcer [None req-aa04d85c-1847-4e5a-b0fa-96c18276bf17 None admin] RBAC: Authorization granted {{(pid=46152) enforce_call /opt/stack/keystone/keystone/common/rbac_enforcer/enforcer.py:457}}
Nov 08 11:59:02 user devstack@keystone.service[46152]: [pid: 46152|app: 0|req: 32/100] 10.0.0.210 () {56 vars in 1172 bytes} [Wed Nov 8 11:59:02 2023] GET /identity/v3/users/6509291b22ea4247aa68a9de4e029f80 => generated 288 bytes in 150 msecs (HTTP/1.1 200) 5 headers in 177 bytes (1 switches on core 0)
Nov 08 11:59:02 user devstack@keystone.service[46152]: DEBUG keystone.server.flask.request_processing.middleware.auth_context [None req-aa04d85c-1847-4e5a-b0fa-96c18276bf17 None admin] Authenticating user token {{(pid=46152) process_request /opt/stack/data/venv/lib/python3.10/site-packages/keystonemiddleware/auth_token/__init__.py:406}}
Nov 08 11:59:02 user devstack@keystone.service[46153]: DEBUG keystone.server.flask.request_processing.middleware.auth_context [None req-7439a116-62f7-4c2a-a987-782e258b5383 None admin] Validating token access rules against request {{(pid=46153) validate_allowed_request /opt/stack/data/venv/lib/python3.10/site-packages/keystonemiddleware/auth_token/__init__.py:544}}
Nov 08 11:59:02 user devstack@keystone.service[46154]: [pid: 46154|app: 0|req: 33/101] 10.0.0.210 () {58 vars in 1277 bytes} [Wed Nov 8 11:59:02 2023] GET /identity/v3/auth/tokens => generated 861 bytes in 293 msecs (HTTP/1.1 200) 6 headers in 358 bytes (1 switches on core 0)
Nov 08 11:59:02 user devstack@keystone.service[46154]: DEBUG keystone.server.flask.request_processing.middleware.auth_context [None req-c944845f-a2c0-4786-ab96-f1b4c3e0decc None admin] Authenticating user token {{(pid=46154) process_request /opt/stack/data/venv/lib/python3.10/site-packages/keystonemiddleware/auth_token/__init__.py:406}}
Nov 08 11:59:02 user devstack@keystone.service[46153]: DEBUG keystone.server.flask.request_processing.middleware.auth_context [None req-cd2e0968-d0f9-4566-9d15-f77c97a2ee2b None admin] RBAC: auth_context: {'token': , 'domain_id': None, 'trust_id': None, 'trustor_id': None, 'trustee_id': None, 'domain_name': None, 'group_ids': [], 'user_id': '96bcf434898b4c4ca27b1fdcded41255', 'user_domain_id': 'default', 'system_scope': 'all', 'project_id': None, 'project_domain_id': None, 'roles': ['admin', 'manager', 'member', 'reader'], 'is_admin_project': True, 'service_user_id': None, 'service_user_domain_id': None, 'service_project_id': None, 'service_project_domain_id': None, 'service_roles': []} {{(pid=46153) fill_context /opt/stack/keystone/keystone/server/flask/request_processing/middleware/auth_context.py:480}}
Nov 08 11:59:02 user devstack@keystone.service[46153]: DEBUG keystone.server.flask.request_processing.req_logging [None req-cd2e0968-d0f9-4566-9d15-f77c97a2ee2b None admin] REQUEST_METHOD: `GET` {{(pid=46153) log_request_info /opt/stack/keystone/keystone/server/flask/request_processing/req_logging.py:27}}
Nov 08 11:59:02 user devstack@keystone.service[46153]: DEBUG keystone.server.flask.request_processing.req_logging [None req-cd2e0968-d0f9-4566-9d15-f77c97a2ee2b None admin] SCRIPT_NAME: `/identity` {{(pid=46153) log_request_info /opt/stack/keystone/keystone/server/flask/request_processing/req_logging.py:28}}
Nov 08 11:59:02 user devstack@keystone.service[46153]: DEBUG keystone.server.flask.request_processing.req_logging [None req-cd2e0968-d0f9-4566-9d15-f77c97a2ee2b None admin] PATH_INFO: `/v3/roles` {{(pid=46153) log_request_info /opt/stack/keystone/keystone/server/flask/request_processing/req_logging.py:29}}
Nov 08 11:59:02 user devstack@keystone.service[46153]: DEBUG keystone.common.rbac_enforcer.enforcer [None req-cd2e0968-d0f9-4566-9d15-f77c97a2ee2b None admin] RBAC: Adding query filter params (name=member) {{(pid=46153) _extract_filter_values /opt/stack/keystone/keystone/common/rbac_enforcer/enforcer.py:167}}
Nov 08 11:59:02 user devstack@keystone.service[46153]: DEBUG keystone.common.rbac_enforcer.enforcer [None req-cd2e0968-d0f9-4566-9d15-f77c97a2ee2b None admin] RBAC: Authorizing `identity:list_roles()` {{(pid=46153) enforce_call /opt/stack/keystone/keystone/common/rbac_enforcer/enforcer.py:449}}
Nov 08 11:59:02 user devstack@keystone.service[46153]: DEBUG keystone.common.rbac_enforcer.enforcer [None req-cd2e0968-d0f9-4566-9d15-f77c97a2ee2b None admin] RBAC: Authorization granted {{(pid=46153) enforce_call /opt/stack/keystone/keystone/common/rbac_enforcer/enforcer.py:457}}
Nov 08 11:59:02 user devstack@keystone.service[46153]: [pid: 46153|app: 0|req: 37/102] 10.0.0.210 () {56 vars in 1096 bytes} [Wed Nov 8 11:59:02 2023] GET /identity/v3/roles?name=member => generated 339 bytes in 158 msecs (HTTP/1.1 200) 5 headers in 177 bytes (1 switches on core 0)
Nov 08 11:59:02 user devstack@keystone.service[46153]: DEBUG keystone.server.flask.request_processing.middleware.auth_context [None req-cd2e0968-d0f9-4566-9d15-f77c97a2ee2b None admin] Authenticating user token {{(pid=46153) process_request /opt/stack/data/venv/lib/python3.10/site-packages/keystonemiddleware/auth_token/__init__.py:406}}
Nov 08 11:59:02 user devstack@keystone.service[46152]: DEBUG keystone.server.flask.request_processing.middleware.auth_context [None req-aa04d85c-1847-4e5a-b0fa-96c18276bf17 None admin] Validating token access rules against request {{(pid=46152) validate_allowed_request /opt/stack/data/venv/lib/python3.10/site-packages/keystonemiddleware/auth_token/__init__.py:544}}
Nov 08 11:59:03 user devstack@keystone.service[46152]: DEBUG keystone.server.flask.request_processing.middleware.auth_context [None req-e0a9298e-cbf2-43ed-b9df-e2548a79782f None admin] RBAC: auth_context: {'token': , 'domain_id': None, 'trust_id': None, 'trustor_id': None, 'trustee_id': None, 'domain_name': None, 'group_ids': [], 'user_id': '96bcf434898b4c4ca27b1fdcded41255', 'user_domain_id': 'default', 'system_scope': 'all', 'project_id': None, 'project_domain_id': None, 'roles': ['admin', 'manager', 'member', 'reader'], 'is_admin_project': True, 'service_user_id': None, 'service_user_domain_id': None, 'service_project_id': None, 'service_project_domain_id': None, 'service_roles': []} {{(pid=46152) fill_context /opt/stack/keystone/keystone/server/flask/request_processing/middleware/auth_context.py:480}}
Nov 08 11:59:03 user devstack@keystone.service[46152]: DEBUG keystone.server.flask.request_processing.req_logging [None req-e0a9298e-cbf2-43ed-b9df-e2548a79782f None admin] REQUEST_METHOD: `GET` {{(pid=46152) log_request_info /opt/stack/keystone/keystone/server/flask/request_processing/req_logging.py:27}}
Nov 08 11:59:03 user devstack@keystone.service[46152]: DEBUG keystone.server.flask.request_processing.req_logging [None req-e0a9298e-cbf2-43ed-b9df-e2548a79782f None admin] SCRIPT_NAME: `/identity` {{(pid=46152) log_request_info /opt/stack/keystone/keystone/server/flask/request_processing/req_logging.py:28}}
Nov 08 11:59:03 user devstack@keystone.service[46152]: DEBUG keystone.server.flask.request_processing.req_logging [None req-e0a9298e-cbf2-43ed-b9df-e2548a79782f None admin] PATH_INFO: `/v3/role_assignments` {{(pid=46152) log_request_info /opt/stack/keystone/keystone/server/flask/request_processing/req_logging.py:29}}
Nov 08 11:59:03 user devstack@keystone.service[46152]: DEBUG keystone.common.rbac_enforcer.enforcer [None req-e0a9298e-cbf2-43ed-b9df-e2548a79782f None admin] RBAC: Adding query filter params (role.id=1f5570e3cc394405917ba7365d7f6f53, scope.project.id=4c0f56af9400488582fe7f1334aac4ee, user.id=96bcf434898b4c4ca27b1fdcded41255) {{(pid=46152) _extract_filter_values /opt/stack/keystone/keystone/common/rbac_enforcer/enforcer.py:167}}
Nov 08 11:59:03 user devstack@keystone.service[46152]: DEBUG keystone.common.rbac_enforcer.enforcer [None req-e0a9298e-cbf2-43ed-b9df-e2548a79782f None admin] RBAC: Authorizing `identity:list_role_assignments()` {{(pid=46152) enforce_call /opt/stack/keystone/keystone/common/rbac_enforcer/enforcer.py:449}}
Nov 08 11:59:03 user devstack@keystone.service[46152]: DEBUG keystone.common.rbac_enforcer.enforcer [None req-e0a9298e-cbf2-43ed-b9df-e2548a79782f None admin] RBAC: Authorization granted {{(pid=46152) enforce_call /opt/stack/keystone/keystone/common/rbac_enforcer/enforcer.py:457}}
Nov 08 11:59:03 user devstack@keystone.service[46154]: DEBUG keystone.server.flask.request_processing.middleware.auth_context [None req-c944845f-a2c0-4786-ab96-f1b4c3e0decc None admin] Validating token access rules against request {{(pid=46154) validate_allowed_request /opt/stack/data/venv/lib/python3.10/site-packages/keystonemiddleware/auth_token/__init__.py:544}}
Nov 08 11:59:03 user devstack@keystone.service[46152]: [pid: 46152|app: 0|req: 33/103] 10.0.0.210 () {56 vars in 1369 bytes} [Wed Nov 8 11:59:02 2023] GET /identity/v3/role_assignments?user.id=96bcf434898b4c4ca27b1fdcded41255&scope.project.id=4c0f56af9400488582fe7f1334aac4ee&role.id=1f5570e3cc394405917ba7365d7f6f53 => generated 606 bytes in 139 msecs (HTTP/1.1 200) 5 headers in 177 bytes (1 switches on core 0)
Nov 08 11:59:03 user devstack@keystone.service[46152]: DEBUG keystone.server.flask.request_processing.middleware.auth_context [None req-e0a9298e-cbf2-43ed-b9df-e2548a79782f None admin] Authenticating user token {{(pid=46152) process_request /opt/stack/data/venv/lib/python3.10/site-packages/keystonemiddleware/auth_token/__init__.py:406}}
Nov 08 11:59:03 user devstack@keystone.service[46153]: DEBUG keystone.server.flask.request_processing.middleware.auth_context [None req-cd2e0968-d0f9-4566-9d15-f77c97a2ee2b None admin] Validating token access rules against request {{(pid=46153) validate_allowed_request /opt/stack/data/venv/lib/python3.10/site-packages/keystonemiddleware/auth_token/__init__.py:544}}
Nov 08 11:59:03 user devstack@keystone.service[46154]: DEBUG keystone.server.flask.request_processing.middleware.auth_context [None req-574ebb3a-ccb2-4749-9bff-da6e02dd53a0 None admin] RBAC: auth_context: {'token': , 'domain_id': None, 'trust_id': None, 'trustor_id': None, 'trustee_id': None, 'domain_name': None, 'group_ids': [], 'user_id': '96bcf434898b4c4ca27b1fdcded41255', 'user_domain_id': 'default', 'system_scope': 'all', 'project_id': None, 'project_domain_id': None, 'roles': ['admin', 'manager', 'member', 'reader'], 'is_admin_project': True, 'service_user_id': None, 'service_user_domain_id': None, 'service_project_id': None, 'service_project_domain_id': None, 'service_roles': []} {{(pid=46154) fill_context /opt/stack/keystone/keystone/server/flask/request_processing/middleware/auth_context.py:480}}
