Jul 25 15:21:54 user devstack@keystone.service[42386]: DEBUG keystone.common.rbac_enforcer.enforcer [None req-ada6b747-9abe-48ba-a9a6-bc8b451e2952 None admin] RBAC: Authorization granted {{(pid=42386) enforce_call /opt/stack/keystone/keystone/common/rbac_enforcer/enforcer.py:457}}
Jul 25 15:21:54 user devstack@keystone.service[42384]: DEBUG keystone.server.flask.request_processing.middleware.auth_context [None req-1faa12b9-08e1-4cb8-972e-cd8434bfed95 None admin] RBAC: auth_context: {'token': , 'domain_id': None, 'trust_id': None, 'trustor_id': None, 'trustee_id': None, 'domain_name': None, 'group_ids': [], 'user_id': 'f45f57380a54456aa44edaa0de354daa', 'user_domain_id': 'default', 'system_scope': 'all', 'project_id': None, 'project_domain_id': None, 'roles': ['admin', 'member', 'reader'], 'is_admin_project': True, 'service_user_id': None, 'service_user_domain_id': None, 'service_project_id': None, 'service_project_domain_id': None, 'service_roles': []} {{(pid=42384) fill_context /opt/stack/keystone/keystone/server/flask/request_processing/middleware/auth_context.py:480}}
Jul 25 15:21:54 user devstack@keystone.service[42384]: DEBUG keystone.server.flask.request_processing.req_logging [None req-1faa12b9-08e1-4cb8-972e-cd8434bfed95 None admin] REQUEST_METHOD: `GET` {{(pid=42384) log_request_info /opt/stack/keystone/keystone/server/flask/request_processing/req_logging.py:27}}
Jul 25 15:21:54 user devstack@keystone.service[42384]: DEBUG keystone.server.flask.request_processing.req_logging [None req-1faa12b9-08e1-4cb8-972e-cd8434bfed95 None admin] SCRIPT_NAME: `/identity` {{(pid=42384) log_request_info /opt/stack/keystone/keystone/server/flask/request_processing/req_logging.py:28}}
Jul 25 15:21:54 user devstack@keystone.service[42384]: DEBUG keystone.server.flask.request_processing.req_logging [None req-1faa12b9-08e1-4cb8-972e-cd8434bfed95 None admin] PATH_INFO: `/v3/projects/78c898de37b04c8eaf8b9244dff1e91f` {{(pid=42384) log_request_info /opt/stack/keystone/keystone/server/flask/request_processing/req_logging.py:29}}
Jul 25 15:21:54 user devstack@keystone.service[42384]: DEBUG keystone.common.rbac_enforcer.enforcer [None req-1faa12b9-08e1-4cb8-972e-cd8434bfed95 None admin] RBAC: Authorizing `identity:get_project(project_id=78c898de37b04c8eaf8b9244dff1e91f)` {{(pid=42384) enforce_call /opt/stack/keystone/keystone/common/rbac_enforcer/enforcer.py:449}}
Jul 25 15:21:54 user devstack@keystone.service[42384]: DEBUG keystone.common.rbac_enforcer.enforcer [None req-1faa12b9-08e1-4cb8-972e-cd8434bfed95 None admin] RBAC: Authorization granted {{(pid=42384) enforce_call /opt/stack/keystone/keystone/common/rbac_enforcer/enforcer.py:457}}
Jul 25 15:21:54 user devstack@keystone.service[42384]: [pid: 42384|app: 0|req: 69/201] 10.0.0.210 () {56 vars in 1181 bytes} [Tue Jul 25 15:21:54 2023] GET /identity/v3/projects/78c898de37b04c8eaf8b9244dff1e91f => generated 301 bytes in 130 msecs (HTTP/1.1 200) 5 headers in 177 bytes (1 switches on core 0)
Jul 25 15:21:54 user devstack@keystone.service[42385]: DEBUG keystone.server.flask.request_processing.middleware.auth_context [None req-50d4694b-0d3b-44b7-9bf1-b1b13cfff408 None admin] Authenticating user token {{(pid=42385) process_request /usr/local/lib/python3.10/dist-packages/keystonemiddleware/auth_token/__init__.py:406}}
Jul 25 15:21:54 user devstack@keystone.service[42385]: DEBUG dbcounter [-] [42385] Writing DB stats keystone:SELECT=100 {{(pid=42385) stat_writer /usr/local/lib/python3.10/dist-packages/dbcounter.py:117}}
Jul 25 15:21:54 user devstack@keystone.service[42386]: [pid: 42386|app: 0|req: 67/202] 10.0.0.210 () {58 vars in 1277 bytes} [Tue Jul 25 15:21:54 2023] GET /identity/v3/auth/tokens => generated 798 bytes in 309 msecs (HTTP/1.1 200) 6 headers in 358 bytes (2 switches on core 0)
Jul 25 15:21:54 user devstack@keystone.service[42384]: DEBUG keystone.server.flask.request_processing.middleware.auth_context [None req-1faa12b9-08e1-4cb8-972e-cd8434bfed95 None admin] Authenticating user token {{(pid=42384) process_request /usr/local/lib/python3.10/dist-packages/keystonemiddleware/auth_token/__init__.py:406}}
Jul 25 15:21:55 user devstack@keystone.service[42385]: DEBUG keystone.server.flask.request_processing.middleware.auth_context [None req-50d4694b-0d3b-44b7-9bf1-b1b13cfff408 None admin] Validating token access rules against request {{(pid=42385) validate_allowed_request /usr/local/lib/python3.10/dist-packages/keystonemiddleware/auth_token/__init__.py:544}}
Jul 25 15:21:55 user devstack@keystone.service[42384]: DEBUG keystone.server.flask.request_processing.middleware.auth_context [None req-1faa12b9-08e1-4cb8-972e-cd8434bfed95 None admin] Validating token access rules against request {{(pid=42384) validate_allowed_request /usr/local/lib/python3.10/dist-packages/keystonemiddleware/auth_token/__init__.py:544}}
Jul 25 15:21:55 user devstack@keystone.service[42384]: DEBUG dbcounter [-] [42384] Writing DB stats keystone:SELECT=100 {{(pid=42384) stat_writer /usr/local/lib/python3.10/dist-packages/dbcounter.py:117}}
Jul 25 15:21:55 user devstack@keystone.service[42385]: DEBUG keystone.server.flask.request_processing.middleware.auth_context [None req-0c22d410-3423-47ef-9bcb-2d423a01be7a None admin] RBAC: auth_context: {'token': , 'domain_id': None, 'trust_id': None, 'trustor_id': None, 'trustee_id': None, 'domain_name': None, 'group_ids': [], 'user_id': 'f45f57380a54456aa44edaa0de354daa', 'user_domain_id': 'default', 'system_scope': 'all', 'project_id': None, 'project_domain_id': None, 'roles': ['admin', 'member', 'reader'], 'is_admin_project': True, 'service_user_id': None, 'service_user_domain_id': None, 'service_project_id': None, 'service_project_domain_id': None, 'service_roles': []} {{(pid=42385) fill_context /opt/stack/keystone/keystone/server/flask/request_processing/middleware/auth_context.py:480}}
Jul 25 15:21:55 user devstack@keystone.service[42385]: DEBUG keystone.server.flask.request_processing.req_logging [None req-0c22d410-3423-47ef-9bcb-2d423a01be7a None admin] REQUEST_METHOD: `PUT` {{(pid=42385) log_request_info /opt/stack/keystone/keystone/server/flask/request_processing/req_logging.py:27}}
Jul 25 15:21:55 user devstack@keystone.service[42385]: DEBUG keystone.server.flask.request_processing.req_logging [None req-0c22d410-3423-47ef-9bcb-2d423a01be7a None admin] SCRIPT_NAME: `/identity` {{(pid=42385) log_request_info /opt/stack/keystone/keystone/server/flask/request_processing/req_logging.py:28}}
Jul 25 15:21:55 user devstack@keystone.service[42385]: DEBUG keystone.server.flask.request_processing.req_logging [None req-0c22d410-3423-47ef-9bcb-2d423a01be7a None admin] PATH_INFO: `/v3/projects/78c898de37b04c8eaf8b9244dff1e91f/users/d55450fd7a2c4ff98f1478b9ea6ce73c/roles/fd57db09e91c43d0a5bc801659b1938e` {{(pid=42385) log_request_info /opt/stack/keystone/keystone/server/flask/request_processing/req_logging.py:29}}
Jul 25 15:21:55 user devstack@keystone.service[42385]: DEBUG keystone.common.rbac_enforcer.enforcer [None req-0c22d410-3423-47ef-9bcb-2d423a01be7a None admin] RBAC: Authorizing `identity:create_grant(project_id=78c898de37b04c8eaf8b9244dff1e91f, user_id=d55450fd7a2c4ff98f1478b9ea6ce73c, role_id=fd57db09e91c43d0a5bc801659b1938e)` {{(pid=42385) enforce_call /opt/stack/keystone/keystone/common/rbac_enforcer/enforcer.py:449}}
Jul 25 15:21:55 user devstack@keystone.service[42385]: DEBUG keystone.common.rbac_enforcer.enforcer [None req-0c22d410-3423-47ef-9bcb-2d423a01be7a None admin] RBAC: Authorization granted {{(pid=42385) enforce_call /opt/stack/keystone/keystone/common/rbac_enforcer/enforcer.py:457}}
Jul 25 15:21:55 user devstack@keystone.service[42384]: DEBUG keystone.server.flask.request_processing.middleware.auth_context [None req-ec7aed09-f2a0-4c9f-a48e-558fd03cee45 None admin] RBAC: auth_context: {'token': , 'domain_id': None, 'trust_id': None, 'trustor_id': None, 'trustee_id': None, 'domain_name': None, 'group_ids': [], 'user_id': 'f45f57380a54456aa44edaa0de354daa', 'user_domain_id': 'default', 'system_scope': 'all', 'project_id': None, 'project_domain_id': None, 'roles': ['admin', 'member', 'reader'], 'is_admin_project': True, 'service_user_id': None, 'service_user_domain_id': None, 'service_project_id': None, 'service_project_domain_id': None, 'service_roles': []} {{(pid=42384) fill_context /opt/stack/keystone/keystone/server/flask/request_processing/middleware/auth_context.py:480}}
Jul 25 15:21:55 user devstack@keystone.service[42384]: DEBUG keystone.server.flask.request_processing.req_logging [None req-ec7aed09-f2a0-4c9f-a48e-558fd03cee45 None admin] REQUEST_METHOD: `GET` {{(pid=42384) log_request_info /opt/stack/keystone/keystone/server/flask/request_processing/req_logging.py:27}}
Jul 25 15:21:55 user devstack@keystone.service[42384]: DEBUG keystone.server.flask.request_processing.req_logging [None req-ec7aed09-f2a0-4c9f-a48e-558fd03cee45 None admin] SCRIPT_NAME: `/identity` {{(pid=42384) log_request_info /opt/stack/keystone/keystone/server/flask/request_processing/req_logging.py:28}}
Jul 25 15:21:55 user devstack@keystone.service[42384]: DEBUG keystone.server.flask.request_processing.req_logging [None req-ec7aed09-f2a0-4c9f-a48e-558fd03cee45 None admin] PATH_INFO: `/v3/projects/78c898de37b04c8eaf8b9244dff1e91f` {{(pid=42384) log_request_info /opt/stack/keystone/keystone/server/flask/request_processing/req_logging.py:29}}
Jul 25 15:21:55 user devstack@keystone.service[42385]: [pid: 42385|app: 0|req: 67/203] 10.0.0.210 () {58 vars in 1434 bytes} [Tue Jul 25 15:21:54 2023] PUT /identity/v3/projects/78c898de37b04c8eaf8b9244dff1e91f/users/d55450fd7a2c4ff98f1478b9ea6ce73c/roles/fd57db09e91c43d0a5bc801659b1938e => generated 0 bytes in 207 msecs (HTTP/1.1 204) 3 headers in 132 bytes (0 switches on core 0)
Jul 25 15:21:55 user devstack@keystone.service[42384]: DEBUG keystone.common.rbac_enforcer.enforcer [None req-ec7aed09-f2a0-4c9f-a48e-558fd03cee45 None admin] RBAC: Authorizing `identity:get_project(project_id=78c898de37b04c8eaf8b9244dff1e91f)` {{(pid=42384) enforce_call /opt/stack/keystone/keystone/common/rbac_enforcer/enforcer.py:449}}
Jul 25 15:21:55 user devstack@keystone.service[42384]: DEBUG keystone.common.rbac_enforcer.enforcer [None req-ec7aed09-f2a0-4c9f-a48e-558fd03cee45 None admin] RBAC: Authorization granted {{(pid=42384) enforce_call /opt/stack/keystone/keystone/common/rbac_enforcer/enforcer.py:457}}
Jul 25 15:21:55 user devstack@keystone.service[42384]: [pid: 42384|app: 0|req: 70/204] 10.0.0.210 () {56 vars in 1181 bytes} [Tue Jul 25 15:21:54 2023] GET /identity/v3/projects/78c898de37b04c8eaf8b9244dff1e91f => generated 301 bytes in 152 msecs (HTTP/1.1 200) 5 headers in 177 bytes (1 switches on core 0)
Jul 25 15:21:55 user devstack@keystone.service[42386]: DEBUG keystone.server.flask.request_processing.middleware.auth_context [None req-ada6b747-9abe-48ba-a9a6-bc8b451e2952 None admin] Authenticating user token {{(pid=42386) process_request /usr/local/lib/python3.10/dist-packages/keystonemiddleware/auth_token/__init__.py:406}}
Jul 25 15:21:55 user devstack@keystone.service[42386]: DEBUG dbcounter [-] [42386] Writing DB stats keystone:SELECT=100 {{(pid=42386) stat_writer /usr/local/lib/python3.10/dist-packages/dbcounter.py:117}}
Jul 25 15:21:55 user devstack@keystone.service[42386]: DEBUG keystone.server.flask.request_processing.middleware.auth_context [None req-ada6b747-9abe-48ba-a9a6-bc8b451e2952 None admin] Validating token access rules against request {{(pid=42386) validate_allowed_request /usr/local/lib/python3.10/dist-packages/keystonemiddleware/auth_token/__init__.py:544}}
Jul 25 15:21:55 user devstack@keystone.service[42386]: DEBUG keystone.server.flask.request_processing.middleware.auth_context [None req-2347db08-0af3-48f9-91fc-f2b805fe01bf None admin] RBAC: auth_context: {'token': , 'domain_id': None, 'trust_id': None, 'trustor_id': None, 'trustee_id': None, 'domain_name': None, 'group_ids': [], 'user_id': 'f45f57380a54456aa44edaa0de354daa', 'user_domain_id': 'default', 'system_scope': 'all', 'project_id': None, 'project_domain_id': None, 'roles': ['admin', 'member', 'reader'], 'is_admin_project': True, 'service_user_id': None, 'service_user_domain_id': None, 'service_project_id': None, 'service_project_domain_id': None, 'service_roles': []} {{(pid=42386) fill_context /opt/stack/keystone/keystone/server/flask/request_processing/middleware/auth_context.py:480}}
Jul 25 15:21:55 user devstack@keystone.service[42386]: DEBUG keystone.server.flask.request_processing.req_logging [None req-2347db08-0af3-48f9-91fc-f2b805fe01bf None admin] REQUEST_METHOD: `GET` {{(pid=42386) log_request_info /opt/stack/keystone/keystone/server/flask/request_processing/req_logging.py:27}}
Jul 25 15:21:55 user devstack@keystone.service[42386]: DEBUG keystone.server.flask.request_processing.req_logging [None req-2347db08-0af3-48f9-91fc-f2b805fe01bf None admin] SCRIPT_NAME: `/identity` {{(pid=42386) log_request_info /opt/stack/keystone/keystone/server/flask/request_processing/req_logging.py:28}}
Jul 25 15:21:55 user devstack@keystone.service[42386]: DEBUG keystone.server.flask.request_processing.req_logging [None req-2347db08-0af3-48f9-91fc-f2b805fe01bf None admin] PATH_INFO: `/v3/role_assignments` {{(pid=42386) log_request_info /opt/stack/keystone/keystone/server/flask/request_processing/req_logging.py:29}}
Jul 25 15:21:55 user devstack@keystone.service[42386]: DEBUG keystone.common.rbac_enforcer.enforcer [None req-2347db08-0af3-48f9-91fc-f2b805fe01bf None admin] RBAC: Adding query filter params (role.id=6c5d9bbe44b34d939a8992b6f91365b0, scope.project.id=78c898de37b04c8eaf8b9244dff1e91f, user.id=bbecaf24b0d74f3aa290b3f1a4fb1542) {{(pid=42386) _extract_filter_values /opt/stack/keystone/keystone/common/rbac_enforcer/enforcer.py:167}}
Jul 25 15:21:55 user devstack@keystone.service[42386]: DEBUG keystone.common.rbac_enforcer.enforcer [None req-2347db08-0af3-48f9-91fc-f2b805fe01bf None admin] RBAC: Authorizing `identity:list_role_assignments()` {{(pid=42386) enforce_call /opt/stack/keystone/keystone/common/rbac_enforcer/enforcer.py:449}}
Jul 25 15:21:55 user devstack@keystone.service[42386]: DEBUG keystone.common.rbac_enforcer.enforcer [None req-2347db08-0af3-48f9-91fc-f2b805fe01bf None admin] RBAC: Authorization granted {{(pid=42386) enforce_call /opt/stack/keystone/keystone/common/rbac_enforcer/enforcer.py:457}}
Jul 25 15:21:55 user devstack@keystone.service[42386]: [pid: 42386|app: 0|req: 68/205] 10.0.0.210 () {56 vars in 1369 bytes} [Tue Jul 25 15:21:55 2023] GET /identity/v3/role_assignments?user.id=bbecaf24b0d74f3aa290b3f1a4fb1542&scope.project.id=78c898de37b04c8eaf8b9244dff1e91f&role.id=6c5d9bbe44b34d939a8992b6f91365b0 => generated 606 bytes in 127 msecs (HTTP/1.1 200) 5 headers in 177 bytes (1 switches on core 0)
Jul 25 15:21:56 user devstack@keystone.service[42385]: DEBUG keystone.server.flask.request_processing.req_logging [None req-369c68a3-bd8c-4b59-a0cc-6c8cdcfda67f None None] REQUEST_METHOD: `GET` {{(pid=42385) log_request_info /opt/stack/keystone/keystone/server/flask/request_processing/req_logging.py:27}}
Jul 25 15:21:56 user devstack@keystone.service[42385]: DEBUG keystone.server.flask.request_processing.req_logging [None req-369c68a3-bd8c-4b59-a0cc-6c8cdcfda67f None None] SCRIPT_NAME: `/identity` {{(pid=42385) log_request_info /opt/stack/keystone/keystone/server/flask/request_processing/req_logging.py:28}}
Jul 25 15:21:56 user devstack@keystone.service[42385]: DEBUG keystone.server.flask.request_processing.req_logging [None req-369c68a3-bd8c-4b59-a0cc-6c8cdcfda67f None None] PATH_INFO: `/` {{(pid=42385) log_request_info /opt/stack/keystone/keystone/server/flask/request_processing/req_logging.py:29}}
Jul 25 15:21:56 user devstack@keystone.service[42385]: [pid: 42385|app: 0|req: 68/206] 10.0.0.210 () {54 vars in 920 bytes} [Tue Jul 25 15:21:56 2023] GET /identity => generated 269 bytes in 4 msecs (HTTP/1.1 300) 6 headers in 233 bytes (1 switches on core 0)
Jul 25 15:21:56 user devstack@keystone.service[42384]: DEBUG keystone.server.flask.request_processing.req_logging [None req-154ce4f2-3c5f-47c5-9b71-0e657486b740 None None] REQUEST_METHOD: `POST` {{(pid=42384) log_request_info /opt/stack/keystone/keystone/server/flask/request_processing/req_logging.py:27}}
Jul 25 15:21:56 user devstack@keystone.service[42384]: DEBUG keystone.server.flask.request_processing.req_logging [None req-154ce4f2-3c5f-47c5-9b71-0e657486b740 None None] SCRIPT_NAME: `/identity` {{(pid=42384) log_request_info /opt/stack/keystone/keystone/server/flask/request_processing/req_logging.py:28}}
Jul 25 15:21:56 user devstack@keystone.service[42384]: DEBUG keystone.server.flask.request_processing.req_logging [None req-154ce4f2-3c5f-47c5-9b71-0e657486b740 None None] PATH_INFO: `/v3/auth/tokens` {{(pid=42384) log_request_info /opt/stack/keystone/keystone/server/flask/request_processing/req_logging.py:29}}
Jul 25 15:21:56 user devstack@keystone.service[42384]: WARNING keystone.common.password_hashing [None req-154ce4f2-3c5f-47c5-9b71-0e657486b740 None None] Truncating password to algorithm specific maximum length 54 characters.
Jul 25 15:21:56 user devstack@keystone.service[42384]: DEBUG keystone.auth.core [None req-154ce4f2-3c5f-47c5-9b71-0e657486b740 None None] MFA Rules not processed for user `f45f57380a54456aa44edaa0de354daa`. Rule list: `[]` (Enabled: `True`). {{(pid=42384) check_auth_methods_against_rules /opt/stack/keystone/keystone/auth/core.py:438}}
Jul 25 15:21:56 user devstack@keystone.service[42384]: DEBUG keystone.common.fernet_utils [None req-154ce4f2-3c5f-47c5-9b71-0e657486b740 None None] Loaded 2 Fernet keys from /etc/keystone/fernet-keys/, but `[fernet_tokens] max_active_keys = 3`; perhaps there have not been enough key rotations to reach `max_active_keys` yet? {{(pid=42384) load_keys /opt/stack/keystone/keystone/common/fernet_utils.py:286}}
Jul 25 15:21:56 user devstack@keystone.service[42386]: DEBUG keystone.server.flask.request_processing.req_logging [None req-754eec04-1836-4278-a54e-7b919512efa9 None None] REQUEST_METHOD: `GET` {{(pid=42386) log_request_info /opt/stack/keystone/keystone/server/flask/request_processing/req_logging.py:27}}
Jul 25 15:21:56 user devstack@keystone.service[42386]: DEBUG keystone.server.flask.request_processing.req_logging [None req-754eec04-1836-4278-a54e-7b919512efa9 None None] SCRIPT_NAME: `/identity` {{(pid=42386) log_request_info /opt/stack/keystone/keystone/server/flask/request_processing/req_logging.py:28}}
Jul 25 15:21:56 user devstack@keystone.service[42386]: DEBUG keystone.server.flask.request_processing.req_logging [None req-754eec04-1836-4278-a54e-7b919512efa9 None None] PATH_INFO: `/` {{(pid=42386) log_request_info /opt/stack/keystone/keystone/server/flask/request_processing/req_logging.py:29}}
Jul 25 15:21:56 user devstack@keystone.service[42386]: [pid: 42386|app: 0|req: 69/207] 10.0.0.210 () {54 vars in 920 bytes} [Tue Jul 25 15:21:56 2023] GET /identity => generated 269 bytes in 3 msecs (HTTP/1.1 300) 6 headers in 233 bytes (1 switches on core 0)
Jul 25 15:21:56 user devstack@keystone.service[42385]: DEBUG keystone.server.flask.request_processing.req_logging [None req-88859d52-c5e4-42a0-bee6-3a3f713be412 None None] REQUEST_METHOD: `POST` {{(pid=42385) log_request_info /opt/stack/keystone/keystone/server/flask/request_processing/req_logging.py:27}}
Jul 25 15:21:56 user devstack@keystone.service[42385]: DEBUG keystone.server.flask.request_processing.req_logging [None req-88859d52-c5e4-42a0-bee6-3a3f713be412 None None] SCRIPT_NAME: `/identity` {{(pid=42385) log_request_info /opt/stack/keystone/keystone/server/flask/request_processing/req_logging.py:28}}
Jul 25 15:21:56 user devstack@keystone.service[42385]: DEBUG keystone.server.flask.request_processing.req_logging [None req-88859d52-c5e4-42a0-bee6-3a3f713be412 None None] PATH_INFO: `/v3/auth/tokens` {{(pid=42385) log_request_info /opt/stack/keystone/keystone/server/flask/request_processing/req_logging.py:29}}
Jul 25 15:21:56 user devstack@keystone.service[42385]: WARNING keystone.common.password_hashing [None req-88859d52-c5e4-42a0-bee6-3a3f713be412 None None] Truncating password to algorithm specific maximum length 54 characters.
Jul 25 15:21:56 user devstack@keystone.service[42385]: DEBUG keystone.auth.core [None req-88859d52-c5e4-42a0-bee6-3a3f713be412 None None] MFA Rules not processed for user `f45f57380a54456aa44edaa0de354daa`. Rule list: `[]` (Enabled: `True`). {{(pid=42385) check_auth_methods_against_rules /opt/stack/keystone/keystone/auth/core.py:438}}
Jul 25 15:21:56 user devstack@keystone.service[42385]: DEBUG keystone.common.fernet_utils [None req-88859d52-c5e4-42a0-bee6-3a3f713be412 None None] Loaded 2 Fernet keys from /etc/keystone/fernet-keys/, but `[fernet_tokens] max_active_keys = 3`; perhaps there have not been enough key rotations to reach `max_active_keys` yet? {{(pid=42385) load_keys /opt/stack/keystone/keystone/common/fernet_utils.py:286}}
Jul 25 15:21:56 user devstack@keystone.service[42384]: [pid: 42384|app: 0|req: 71/208] 10.0.0.210 () {58 vars in 1017 bytes} [Tue Jul 25 15:21:56 2023] POST /identity/v3/auth/tokens => generated 798 bytes in 77 msecs (HTTP/1.1 201) 6 headers in 363 bytes (1 switches on core 0)
Jul 25 15:21:56 user devstack@keystone.service[42385]: [pid: 42385|app: 0|req: 69/209] 10.0.0.210 () {58 vars in 1017 bytes} [Tue Jul 25 15:21:56 2023] POST /identity/v3/auth/tokens => generated 798 bytes in 85 msecs (HTTP/1.1 201) 6 headers in 363 bytes (1 switches on core 0)
Jul 25 15:21:56 user devstack@keystone.service[42386]: DEBUG keystone.server.flask.request_processing.req_logging [None req-853c607f-17d8-4f9b-9074-1f1280b7a0dc None None] REQUEST_METHOD: `GET` {{(pid=42386) log_request_info /opt/stack/keystone/keystone/server/flask/request_processing/req_logging.py:27}}
Jul 25 15:21:56 user devstack@keystone.service[42386]: DEBUG keystone.server.flask.request_processing.req_logging [None req-853c607f-17d8-4f9b-9074-1f1280b7a0dc None None] SCRIPT_NAME: `/identity` {{(pid=42386) log_request_info /opt/stack/keystone/keystone/server/flask/request_processing/req_logging.py:28}}
Jul 25 15:21:56 user devstack@keystone.service[42386]: DEBUG keystone.server.flask.request_processing.req_logging [None req-853c607f-17d8-4f9b-9074-1f1280b7a0dc None None] PATH_INFO: `/` {{(pid=42386) log_request_info /opt/stack/keystone/keystone/server/flask/request_processing/req_logging.py:29}}
Jul 25 15:21:56 user devstack@keystone.service[42386]: [pid: 42386|app: 0|req: 70/210] 10.0.0.210 () {54 vars in 920 bytes} [Tue Jul 25 15:21:56 2023] GET /identity => generated 269 bytes in 3 msecs (HTTP/1.1 300) 6 headers in 233 bytes (1 switches on core 0)
Jul 25 15:21:56 user devstack@keystone.service[42384]: DEBUG keystone.server.flask.request_processing.req_logging [None req-f106b73d-359e-435e-96e2-aaa7a3bda425 None None] REQUEST_METHOD: `POST` {{(pid=42384) log_request_info /opt/stack/keystone/keystone/server/flask/request_processing/req_logging.py:27}}
Jul 25 15:21:56 user devstack@keystone.service[42384]: DEBUG keystone.server.flask.request_processing.req_logging [None req-f106b73d-359e-435e-96e2-aaa7a3bda425 None None] SCRIPT_NAME: `/identity` {{(pid=42384) log_request_info /opt/stack/keystone/keystone/server/flask/request_processing/req_logging.py:28}}
Jul 25 15:21:56 user devstack@keystone.service[42384]: DEBUG keystone.server.flask.request_processing.req_logging [None req-f106b73d-359e-435e-96e2-aaa7a3bda425 None None] PATH_INFO: `/v3/auth/tokens` {{(pid=42384) log_request_info /opt/stack/keystone/keystone/server/flask/request_processing/req_logging.py:29}}
Jul 25 15:21:56 user devstack@keystone.service[42384]: WARNING keystone.common.password_hashing [None req-f106b73d-359e-435e-96e2-aaa7a3bda425 None None] Truncating password to algorithm specific maximum length 54 characters.
Jul 25 15:21:56 user devstack@keystone.service[42384]: DEBUG keystone.auth.core [None req-f106b73d-359e-435e-96e2-aaa7a3bda425 None None] MFA Rules not processed for user `f45f57380a54456aa44edaa0de354daa`. Rule list: `[]` (Enabled: `True`). {{(pid=42384) check_auth_methods_against_rules /opt/stack/keystone/keystone/auth/core.py:438}}
Jul 25 15:21:56 user devstack@keystone.service[42384]: DEBUG keystone.common.fernet_utils [None req-f106b73d-359e-435e-96e2-aaa7a3bda425 None None] Loaded 2 Fernet keys from /etc/keystone/fernet-keys/, but `[fernet_tokens] max_active_keys = 3`; perhaps there have not been enough key rotations to reach `max_active_keys` yet? {{(pid=42384) load_keys /opt/stack/keystone/keystone/common/fernet_utils.py:286}}
Jul 25 15:21:56 user devstack@keystone.service[42385]: DEBUG keystone.server.flask.request_processing.middleware.auth_context [None req-88859d52-c5e4-42a0-bee6-3a3f713be412 None None] Authenticating user token {{(pid=42385) process_request /usr/local/lib/python3.10/dist-packages/keystonemiddleware/auth_token/__init__.py:406}}
Jul 25 15:21:56 user devstack@keystone.service[42385]: DEBUG dbcounter [-] [42385] Writing DB stats keystone:SELECT=99,keystone:INSERT=1 {{(pid=42385) stat_writer /usr/local/lib/python3.10/dist-packages/dbcounter.py:117}}
Jul 25 15:21:56 user devstack@keystone.service[42384]: [pid: 42384|app: 0|req: 72/211] 10.0.0.210 () {58 vars in 1017 bytes} [Tue Jul 25 15:21:56 2023] POST /identity/v3/auth/tokens => generated 798 bytes in 107 msecs (HTTP/1.1 201) 6 headers in 363 bytes (1 switches on core 0)
Jul 25 15:21:56 user devstack@keystone.service[42385]: DEBUG keystone.server.flask.request_processing.middleware.auth_context [None req-88859d52-c5e4-42a0-bee6-3a3f713be412 None None] Validating token access rules against request {{(pid=42385) validate_allowed_request /usr/local/lib/python3.10/dist-packages/keystonemiddleware/auth_token/__init__.py:544}}
Jul 25 15:21:56 user devstack@keystone.service[42386]: DEBUG keystone.server.flask.request_processing.middleware.auth_context [None req-853c607f-17d8-4f9b-9074-1f1280b7a0dc None None] Authenticating user token {{(pid=42386) process_request /usr/local/lib/python3.10/dist-packages/keystonemiddleware/auth_token/__init__.py:406}}
Jul 25 15:21:56 user devstack@keystone.service[42385]: DEBUG keystone.server.flask.request_processing.middleware.auth_context [None req-f81e9a48-2c75-4d5b-ae54-1b530d973087 None admin] RBAC: auth_context: {'token': , 'domain_id': None, 'trust_id': None, 'trustor_id': None, 'trustee_id': None, 'domain_name': None, 'group_ids': [], 'user_id': 'f45f57380a54456aa44edaa0de354daa', 'user_domain_id': 'default', 'system_scope': 'all', 'project_id': None, 'project_domain_id': None, 'roles': ['admin', 'member', 'reader'], 'is_admin_project': True, 'service_user_id': None, 'service_user_domain_id': None, 'service_project_id': None, 'service_project_domain_id': None, 'service_roles': []} {{(pid=42385) fill_context /opt/stack/keystone/keystone/server/flask/request_processing/middleware/auth_context.py:480}}
Jul 25 15:21:56 user devstack@keystone.service[42385]: DEBUG keystone.server.flask.request_processing.req_logging [None req-f81e9a48-2c75-4d5b-ae54-1b530d973087 None admin] REQUEST_METHOD: `GET` {{(pid=42385) log_request_info /opt/stack/keystone/keystone/server/flask/request_processing/req_logging.py:27}}
Jul 25 15:21:56 user devstack@keystone.service[42385]: DEBUG keystone.server.flask.request_processing.req_logging [None req-f81e9a48-2c75-4d5b-ae54-1b530d973087 None admin] SCRIPT_NAME: `/identity` {{(pid=42385) log_request_info /opt/stack/keystone/keystone/server/flask/request_processing/req_logging.py:28}}
Jul 25 15:21:56 user devstack@keystone.service[42385]: DEBUG keystone.server.flask.request_processing.req_logging [None req-f81e9a48-2c75-4d5b-ae54-1b530d973087 None admin] PATH_INFO: `/v3/roles/member` {{(pid=42385) log_request_info /opt/stack/keystone/keystone/server/flask/request_processing/req_logging.py:29}}
Jul 25 15:21:56 user devstack@keystone.service[42385]: DEBUG keystone.common.rbac_enforcer.enforcer [None req-f81e9a48-2c75-4d5b-ae54-1b530d973087 None admin] Extracting inferred target data resulted in "NOT FOUND (404)". {{(pid=42385) enforce_call /opt/stack/keystone/keystone/common/rbac_enforcer/enforcer.py:409}}
Jul 25 15:21:56 user devstack@keystone.service[42385]: ERROR keystone.server.flask.application [None req-f81e9a48-2c75-4d5b-ae54-1b530d973087 None admin] Could not find role: member.: keystone.exception.RoleNotFound: Could not find role: member.
Jul 25 15:21:56 user devstack@keystone.service[42385]: ERROR keystone.server.flask.application
Traceback (most recent call last):
Jul 25 15:21:56 user devstack@keystone.service[42385]: ERROR keystone.server.flask.application
File "/usr/local/lib/python3.10/dist-packages/flask/app.py", line 1823, in full_dispatch_request
Jul 25 15:21:56 user devstack@keystone.service[42385]: ERROR keystone.server.flask.application rv = self.dispatch_request()
Jul 25 15:21:56 user devstack@keystone.service[42385]: ERROR keystone.server.flask.application
File "/usr/local/lib/python3.10/dist-packages/flask/app.py", line 1799, in dispatch_request
Jul 25 15:21:56 user devstack@keystone.service[42385]: ERROR keystone.server.flask.application return self.ensure_sync(self.view_functions[rule.endpoint])(**view_args)
Jul 25 15:21:56 user devstack@keystone.service[42385]: ERROR keystone.server.flask.application
File "/usr/local/lib/python3.10/dist-packages/flask_restful/__init__.py", line 467, in wrapper
Jul 25 15:21:56 user devstack@keystone.service[42385]: ERROR keystone.server.flask.application resp = resource(*args, **kwargs)
Jul 25 15:21:56 user devstack@keystone.service[42385]: ERROR keystone.server.flask.application
File "/usr/local/lib/python3.10/dist-packages/flask/views.py", line 107, in view
Jul 25 15:21:56 user devstack@keystone.service[42385]: ERROR keystone.server.flask.application return current_app.ensure_sync(self.dispatch_request)(**kwargs)
Jul 25 15:21:56 user devstack@keystone.service[42385]: ERROR keystone.server.flask.application
File "/usr/local/lib/python3.10/dist-packages/flask_restful/__init__.py", line 582, in dispatch_request
Jul 25 15:21:56 user devstack@keystone.service[42385]: ERROR keystone.server.flask.application resp = meth(*args, **kwargs)
Jul 25 15:21:56 user devstack@keystone.service[42385]: ERROR keystone.server.flask.application
File "/opt/stack/keystone/keystone/api/roles.py", line 50, in get
Jul 25 15:21:56 user devstack@keystone.service[42385]: ERROR keystone.server.flask.application return self._get_role(role_id)
Jul 25 15:21:56 user devstack@keystone.service[42385]: ERROR keystone.server.flask.application
File "/opt/stack/keystone/keystone/api/roles.py", line 70, in _get_role
Jul 25 15:21:56 user devstack@keystone.service[42385]: ERROR keystone.server.flask.application ENFORCER.enforce_call(action='identity:get_role')
Jul 25 15:21:56 user devstack@keystone.service[42385]: ERROR keystone.server.flask.application
File "/opt/stack/keystone/keystone/common/rbac_enforcer/enforcer.py", line 402, in enforce_call
Jul 25 15:21:56 user devstack@keystone.service[42385]: ERROR keystone.server.flask.application policy_dict.update(cls._extract_member_target_data(
Jul 25 15:21:56 user devstack@keystone.service[42385]: ERROR keystone.server.flask.application
File "/opt/stack/keystone/keystone/common/rbac_enforcer/enforcer.py", line 234, in _extract_member_target_data
Jul 25 15:21:56 user devstack@keystone.service[42385]: ERROR keystone.server.flask.application member_name: func(flask.request.view_args[key])
Jul 25 15:21:56 user devstack@keystone.service[42385]: ERROR keystone.server.flask.application
File "/opt/stack/keystone/keystone/common/manager.py", line 115, in wrapped
Jul 25 15:21:56 user devstack@keystone.service[42385]: ERROR keystone.server.flask.application __ret_val = __f(*args, **kwargs)
Jul 25 15:21:56 user devstack@keystone.service[42385]: ERROR keystone.server.flask.application
File "/usr/local/lib/python3.10/dist-packages/decorator.py", line 232, in fun
Jul 25 15:21:56 user devstack@keystone.service[42385]: ERROR keystone.server.flask.application return caller(func, *(extras + args), **kw)
Jul 25 15:21:56 user devstack@keystone.service[42385]: ERROR keystone.server.flask.application
File "/usr/local/lib/python3.10/dist-packages/dogpile/cache/region.py", line 1577, in get_or_create_for_user_func
Jul 25 15:21:56 user devstack@keystone.service[42385]: ERROR keystone.server.flask.application return self.get_or_create(
Jul 25 15:21:56 user devstack@keystone.service[42385]: ERROR keystone.server.flask.application
File "/usr/local/lib/python3.10/dist-packages/dogpile/cache/region.py", line 1042, in get_or_create
Jul 25 15:21:56 user devstack@keystone.service[42385]: ERROR keystone.server.flask.application with Lock(
Jul 25 15:21:56 user devstack@keystone.service[42385]: ERROR keystone.server.flask.application
File "/usr/local/lib/python3.10/dist-packages/dogpile/lock.py", line 185, in __enter__
Jul 25 15:21:56 user devstack@keystone.service[42385]: ERROR keystone.server.flask.application return self._enter()
Jul 25 15:21:56 user devstack@keystone.service[42385]: ERROR keystone.server.flask.application
File "/usr/local/lib/python3.10/dist-packages/dogpile/lock.py", line 94, in _enter
Jul 25 15:21:56 user devstack@keystone.service[42385]: ERROR keystone.server.flask.application generated = self._enter_create(value, createdtime)
Jul 25 15:21:56 user devstack@keystone.service[42385]: ERROR keystone.server.flask.application
File "/usr/local/lib/python3.10/dist-packages/dogpile/lock.py", line 178, in _enter_create
Jul 25 15:21:56 user devstack@keystone.service[42385]: ERROR keystone.server.flask.application return self.creator()
Jul 25 15:21:56 user devstack@keystone.service[42385]: ERROR keystone.server.flask.application
File "/usr/local/lib/python3.10/dist-packages/dogpile/cache/region.py", line 995, in gen_value
Jul 25 15:21:56 user devstack@keystone.service[42385]: ERROR keystone.server.flask.application created_value = creator(
Jul 25 15:21:56 user devstack@keystone.service[42385]: ERROR keystone.server.flask.application
File "/opt/stack/keystone/keystone/assignment/core.py", line 1276, in get_role
Jul 25 15:21:56 user devstack@keystone.service[42385]: ERROR keystone.server.flask.application return self.driver.get_role(role_id)
Jul 25 15:21:56 user devstack@keystone.service[42385]: ERROR keystone.server.flask.application
File "/opt/stack/keystone/keystone/assignment/role_backends/sql.py", line 70, in get_role
Jul 25 15:21:56 user devstack@keystone.service[42385]: ERROR keystone.server.flask.application return self._get_role(session, role_id).to_dict()
Jul 25 15:21:56 user devstack@keystone.service[42385]: ERROR keystone.server.flask.application
File "/opt/stack/keystone/keystone/assignment/role_backends/sql.py", line 65, in _get_role
Jul 25 15:21:56 user devstack@keystone.service[42385]: ERROR keystone.server.flask.application raise exception.RoleNotFound(role_id=role_id)
Jul 25 15:21:56 user devstack@keystone.service[42385]: ERROR keystone.server.flask.application keystone.exception.RoleNotFound: Could not find role: member.
Jul 25 15:21:56 user devstack@keystone.service[42385]: ERROR keystone.server.flask.application
Jul 25 15:21:56 user devstack@keystone.service[42385]: [pid: 42385|app: 0|req: 70/212] 10.0.0.210 () {56 vars in 1094 bytes} [Tue Jul 25 15:21:56 2023] GET /identity/v3/roles/member => generated 84 bytes in 136 msecs (HTTP/1.1 404) 5 headers in 183 bytes (1 switches on core 0)
Jul 25 15:21:56 user devstack@keystone.service[42384]: DEBUG keystone.server.flask.request_processing.middleware.auth_context [None req-f106b73d-359e-435e-96e2-aaa7a3bda425 None None] Authenticating user token {{(pid=42384) process_request /usr/local/lib/python3.10/dist-packages/keystonemiddleware/auth_token/__init__.py:406}}
Jul 25 15:21:56 user devstack@keystone.service[42384]: DEBUG dbcounter [-] [42384] Writing DB stats keystone:SELECT=100 {{(pid=42384) stat_writer /usr/local/lib/python3.10/dist-packages/dbcounter.py:117}}
Jul 25 15:21:56 user devstack@keystone.service[42386]: DEBUG keystone.server.flask.request_processing.middleware.auth_context [None req-853c607f-17d8-4f9b-9074-1f1280b7a0dc None None] Validating token access rules against request {{(pid=42386) validate_allowed_request /usr/local/lib/python3.10/dist-packages/keystonemiddleware/auth_token/__init__.py:544}}
Jul 25 15:21:57 user devstack@keystone.service[42386]: DEBUG keystone.server.flask.request_processing.middleware.auth_context [None req-e06445d7-326a-47bf-a81e-6ac4ac01ab83 None admin] RBAC: auth_context: {'token': , 'domain_id': None, 'trust_id': None, 'trustor_id': None, 'trustee_id': None, 'domain_name': None, 'group_ids': [], 'user_id': 'f45f57380a54456aa44edaa0de354daa', 'user_domain_id': 'default', 'system_scope': 'all', 'project_id': None, 'project_domain_id': None, 'roles': ['admin', 'member', 'reader'], 'is_admin_project': True, 'service_user_id': None, 'service_user_domain_id': None, 'service_project_id': None, 'service_project_domain_id': None, 'service_roles': []} {{(pid=42386) fill_context /opt/stack/keystone/keystone/server/flask/request_processing/middleware/auth_context.py:480}}
Jul 25 15:21:57 user devstack@keystone.service[42386]: DEBUG keystone.server.flask.request_processing.req_logging [None req-e06445d7-326a-47bf-a81e-6ac4ac01ab83 None admin] REQUEST_METHOD: `GET` {{(pid=42386) log_request_info /opt/stack/keystone/keystone/server/flask/request_processing/req_logging.py:27}}
Jul 25 15:21:57 user devstack@keystone.service[42386]: DEBUG keystone.server.flask.request_processing.req_logging [None req-e06445d7-326a-47bf-a81e-6ac4ac01ab83 None admin] SCRIPT_NAME: `/identity` {{(pid=42386) log_request_info /opt/stack/keystone/keystone/server/flask/request_processing/req_logging.py:28}}
Jul 25 15:21:57 user devstack@keystone.service[42386]: DEBUG keystone.server.flask.request_processing.req_logging [None req-e06445d7-326a-47bf-a81e-6ac4ac01ab83 None admin] PATH_INFO: `/v3/domains/default` {{(pid=42386) log_request_info /opt/stack/keystone/keystone/server/flask/request_processing/req_logging.py:29}}
Jul 25 15:21:57 user devstack@keystone.service[42386]: DEBUG keystone.common.rbac_enforcer.enforcer [None req-e06445d7-326a-47bf-a81e-6ac4ac01ab83 None admin] RBAC: Authorizing `identity:get_domain(domain_id=default)` {{(pid=42386) enforce_call /opt/stack/keystone/keystone/common/rbac_enforcer/enforcer.py:449}}
Jul 25 15:21:57 user devstack@keystone.service[42386]: DEBUG keystone.common.rbac_enforcer.enforcer [None req-e06445d7-326a-47bf-a81e-6ac4ac01ab83 None admin] RBAC: Authorization granted {{(pid=42386) enforce_call /opt/stack/keystone/keystone/common/rbac_enforcer/enforcer.py:457}}
Jul 25 15:21:57 user devstack@keystone.service[42386]: [pid: 42386|app: 0|req: 71/213] 10.0.0.210 () {56 vars in 1103 bytes} [Tue Jul 25 15:21:56 2023] GET /identity/v3/domains/default => generated 198 bytes in 125 msecs (HTTP/1.1 200) 5 headers in 177 bytes (1 switches on core 0)
Jul 25 15:21:57 user devstack@keystone.service[42385]: DEBUG keystone.server.flask.request_processing.middleware.auth_context [None req-f81e9a48-2c75-4d5b-ae54-1b530d973087 None admin] Authenticating user token {{(pid=42385) process_request /usr/local/lib/python3.10/dist-packages/keystonemiddleware/auth_token/__init__.py:406}}
Jul 25 15:21:57 user devstack@keystone.service[42386]: DEBUG keystone.server.flask.request_processing.middleware.auth_context [None req-e06445d7-326a-47bf-a81e-6ac4ac01ab83 None admin] Authenticating user token {{(pid=42386) process_request /usr/local/lib/python3.10/dist-packages/keystonemiddleware/auth_token/__init__.py:406}}
Jul 25 15:21:57 user devstack@keystone.service[42384]: DEBUG keystone.server.flask.request_processing.middleware.auth_context [None req-f106b73d-359e-435e-96e2-aaa7a3bda425 None None] Validating token access rules against request {{(pid=42384) validate_allowed_request /usr/local/lib/python3.10/dist-packages/keystonemiddleware/auth_token/__init__.py:544}}
Jul 25 15:21:57 user devstack@keystone.service[42384]: DEBUG keystone.server.flask.request_processing.middleware.auth_context [None req-01048391-697b-419c-b281-32bb19b1e971 None admin] RBAC: auth_context: {'token': , 'domain_id': None, 'trust_id': None, 'trustor_id': None, 'trustee_id': None, 'domain_name': None, 'group_ids': [], 'user_id': 'f45f57380a54456aa44edaa0de354daa', 'user_domain_id': 'default', 'system_scope': 'all', 'project_id': None, 'project_domain_id': None, 'roles': ['admin', 'member', 'reader'], 'is_admin_project': True, 'service_user_id': None, 'service_user_domain_id': None, 'service_project_id': None, 'service_project_domain_id': None, 'service_roles': []} {{(pid=42384) fill_context /opt/stack/keystone/keystone/server/flask/request_processing/middleware/auth_context.py:480}}
Jul 25 15:21:57 user devstack@keystone.service[42384]: DEBUG keystone.server.flask.request_processing.req_logging [None req-01048391-697b-419c-b281-32bb19b1e971 None admin] REQUEST_METHOD: `GET` {{(pid=42384) log_request_info /opt/stack/keystone/keystone/server/flask/request_processing/req_logging.py:27}}
Jul 25 15:21:57 user devstack@keystone.service[42384]: DEBUG keystone.server.flask.request_processing.req_logging [None req-01048391-697b-419c-b281-32bb19b1e971 None admin] SCRIPT_NAME: `/identity` {{(pid=42384) log_request_info /opt/stack/keystone/keystone/server/flask/request_processing/req_logging.py:28}}
Jul 25 15:21:57 user devstack@keystone.service[42384]: DEBUG keystone.server.flask.request_processing.req_logging [None req-01048391-697b-419c-b281-32bb19b1e971 None admin] PATH_INFO: `/v3/roles` {{(pid=42384) log_request_info /opt/stack/keystone/keystone/server/flask/request_processing/req_logging.py:29}}
Jul 25 15:21:57 user devstack@keystone.service[42384]: DEBUG keystone.common.rbac_enforcer.enforcer [None req-01048391-697b-419c-b281-32bb19b1e971 None admin] RBAC: Adding query filter params (name=member) {{(pid=42384) _extract_filter_values /opt/stack/keystone/keystone/common/rbac_enforcer/enforcer.py:167}}
Jul 25 15:21:57 user devstack@keystone.service[42384]: DEBUG keystone.common.rbac_enforcer.enforcer [None req-01048391-697b-419c-b281-32bb19b1e971 None admin] RBAC: Authorizing `identity:list_roles()` {{(pid=42384) enforce_call /opt/stack/keystone/keystone/common/rbac_enforcer/enforcer.py:449}}
Jul 25 15:21:57 user devstack@keystone.service[42384]: DEBUG keystone.common.rbac_enforcer.enforcer [None req-01048391-697b-419c-b281-32bb19b1e971 None admin] RBAC: Authorization granted {{(pid=42384) enforce_call /opt/stack/keystone/keystone/common/rbac_enforcer/enforcer.py:457}}
Jul 25 15:21:57 user devstack@keystone.service[42384]: [pid: 42384|app: 0|req: 73/214] 10.0.0.210 () {56 vars in 1096 bytes} [Tue Jul 25 15:21:56 2023] GET /identity/v3/roles?name=member => generated 339 bytes in 128 msecs (HTTP/1.1 200) 5 headers in 177 bytes (1 switches on core 0)
Jul 25 15:21:57 user devstack@keystone.service[42386]: DEBUG dbcounter [-] [42386] Writing DB stats keystone:SELECT=100 {{(pid=42386) stat_writer /usr/local/lib/python3.10/dist-packages/dbcounter.py:117}}
Jul 25 15:21:57 user devstack@keystone.service[42384]: DEBUG keystone.server.flask.request_processing.middleware.auth_context [None req-01048391-697b-419c-b281-32bb19b1e971 None admin] Authenticating user token {{(pid=42384) process_request /usr/local/lib/python3.10/dist-packages/keystonemiddleware/auth_token/__init__.py:406}}
Jul 25 15:21:57 user devstack@keystone.service[42385]: DEBUG dbcounter [-] [42385] Writing DB stats keystone:SELECT=100 {{(pid=42385) stat_writer /usr/local/lib/python3.10/dist-packages/dbcounter.py:117}}
Jul 25 15:21:57 user devstack@keystone.service[42385]: DEBUG keystone.server.flask.request_processing.middleware.auth_context [None req-f81e9a48-2c75-4d5b-ae54-1b530d973087 None admin] Validating token access rules against request {{(pid=42385) validate_allowed_request /usr/local/lib/python3.10/dist-packages/keystonemiddleware/auth_token/__init__.py:544}}
Jul 25 15:21:57 user devstack@keystone.service[42385]: DEBUG keystone.server.flask.request_processing.middleware.auth_context [None req-899552eb-6136-4d54-b1cc-a9a7e6b3bf46 None admin] RBAC: auth_context: {'token': , 'domain_id': None, 'trust_id': None, 'trustor_id': None, 'trustee_id': None, 'domain_name': None, 'group_ids': [], 'user_id': 'f45f57380a54456aa44edaa0de354daa', 'user_domain_id': 'default', 'system_scope': 'all', 'project_id': None, 'project_domain_id': None, 'roles': ['admin', 'member', 'reader'], 'is_admin_project': True, 'service_user_id': None, 'service_user_domain_id': None, 'service_project_id': None, 'service_project_domain_id': None, 'service_roles': []} {{(pid=42385) fill_context /opt/stack/keystone/keystone/server/flask/request_processing/middleware/auth_context.py:480}}
Jul 25 15:21:57 user devstack@keystone.service[42385]: DEBUG keystone.server.flask.request_processing.req_logging [None req-899552eb-6136-4d54-b1cc-a9a7e6b3bf46 None admin] REQUEST_METHOD: `POST` {{(pid=42385) log_request_info /opt/stack/keystone/keystone/server/flask/request_processing/req_logging.py:27}}
Jul 25 15:21:57 user devstack@keystone.service[42385]: DEBUG keystone.server.flask.request_processing.req_logging [None req-899552eb-6136-4d54-b1cc-a9a7e6b3bf46 None admin] SCRIPT_NAME: `/identity` {{(pid=42385) log_request_info /opt/stack/keystone/keystone/server/flask/request_processing/req_logging.py:28}}
Jul 25 15:21:57 user devstack@keystone.service[42385]: DEBUG keystone.server.flask.request_processing.req_logging [None req-899552eb-6136-4d54-b1cc-a9a7e6b3bf46 None admin] PATH_INFO: `/v3/users` {{(pid=42385) log_request_info /opt/stack/keystone/keystone/server/flask/request_processing/req_logging.py:29}}
Jul 25 15:21:57 user devstack@keystone.service[42385]: DEBUG keystone.common.rbac_enforcer.enforcer [None req-899552eb-6136-4d54-b1cc-a9a7e6b3bf46 None admin] RBAC: Authorizing `identity:create_user()` {{(pid=42385) enforce_call /opt/stack/keystone/keystone/common/rbac_enforcer/enforcer.py:449}}
Jul 25 15:21:57 user devstack@keystone.service[42386]: DEBUG keystone.server.flask.request_processing.middleware.auth_context [None req-e06445d7-326a-47bf-a81e-6ac4ac01ab83 None admin] Validating token access rules against request {{(pid=42386) validate_allowed_request /usr/local/lib/python3.10/dist-packages/keystonemiddleware/auth_token/__init__.py:544}}
Jul 25 15:21:57 user devstack@keystone.service[42385]: DEBUG keystone.common.rbac_enforcer.enforcer [None req-899552eb-6136-4d54-b1cc-a9a7e6b3bf46 None admin] RBAC: Authorization granted {{(pid=42385) enforce_call /opt/stack/keystone/keystone/common/rbac_enforcer/enforcer.py:457}}
Jul 25 15:21:57 user devstack@keystone.service[42385]: WARNING keystone.common.password_hashing [None req-899552eb-6136-4d54-b1cc-a9a7e6b3bf46 None admin] Truncating password to algorithm specific maximum length 54 characters.
Jul 25 15:21:57 user devstack@keystone.service[42384]: DEBUG dbcounter [-] [42384] Writing DB stats keystone:SELECT=100 {{(pid=42384) stat_writer /usr/local/lib/python3.10/dist-packages/dbcounter.py:117}}
Jul 25 15:21:57 user devstack@keystone.service[42384]: DEBUG keystone.server.flask.request_processing.middleware.auth_context [None req-01048391-697b-419c-b281-32bb19b1e971 None admin] Validating token access rules against request {{(pid=42384) validate_allowed_request /usr/local/lib/python3.10/dist-packages/keystonemiddleware/auth_token/__init__.py:544}}
Jul 25 15:21:57 user devstack@keystone.service[42385]: [pid: 42385|app: 0|req: 71/215] 10.0.0.210 () {60 vars in 1127 bytes} [Tue Jul 25 15:21:57 2023] POST /identity/v3/users => generated 292 bytes in 148 msecs (HTTP/1.1 201) 5 headers in 182 bytes (1 switches on core 0)
Jul 25 15:21:57 user devstack@keystone.service[42386]: DEBUG keystone.server.flask.request_processing.middleware.auth_context [None req-ac280859-782f-4b87-8e8e-4455ad8044d3 None admin] RBAC: auth_context: {'token': , 'domain_id': None, 'trust_id': None, 'trustor_id': None, 'trustee_id': None, 'domain_name': None, 'group_ids': [], 'user_id': 'f45f57380a54456aa44edaa0de354daa', 'user_domain_id': 'default', 'system_scope': 'all', 'project_id': None, 'project_domain_id': None, 'roles': ['admin', 'member', 'reader'], 'is_admin_project': True, 'service_user_id': None, 'service_user_domain_id': None, 'service_project_id': None, 'service_project_domain_id': None, 'service_roles': []} {{(pid=42386) fill_context /opt/stack/keystone/keystone/server/flask/request_processing/middleware/auth_context.py:480}}
Jul 25 15:21:57 user devstack@keystone.service[42386]: DEBUG keystone.server.flask.request_processing.req_logging [None req-ac280859-782f-4b87-8e8e-4455ad8044d3 None admin] REQUEST_METHOD: `GET` {{(pid=42386) log_request_info /opt/stack/keystone/keystone/server/flask/request_processing/req_logging.py:27}}
Jul 25 15:21:57 user devstack@keystone.service[42386]: DEBUG keystone.server.flask.request_processing.req_logging [None req-ac280859-782f-4b87-8e8e-4455ad8044d3 None admin] SCRIPT_NAME: `/identity` {{(pid=42386) log_request_info /opt/stack/keystone/keystone/server/flask/request_processing/req_logging.py:28}}
Jul 25 15:21:57 user devstack@keystone.service[42386]: DEBUG keystone.server.flask.request_processing.req_logging [None req-ac280859-782f-4b87-8e8e-4455ad8044d3 None admin] PATH_INFO: `/v3/roles/reader` {{(pid=42386) log_request_info /opt/stack/keystone/keystone/server/flask/request_processing/req_logging.py:29}}
