Nov 16 19:11:47 user devstack@keystone.service[58281]: DEBUG keystone.server.flask.request_processing.middleware.auth_context [None req-55ac4024-a9e4-41b3-ae75-9444b75b0283 None admin] RBAC: auth_context: {'token': , 'domain_id': None, 'trust_id': None, 'trustor_id': None, 'trustee_id': None, 'domain_name': None, 'group_ids': [], 'user_id': '8c80e6a73a7049f282253bc8c7fc525a', 'user_domain_id': 'default', 'system_scope': 'all', 'project_id': None, 'project_domain_id': None, 'roles': ['admin', 'manager', 'member', 'reader'], 'is_admin_project': True, 'service_user_id': None, 'service_user_domain_id': None, 'service_project_id': None, 'service_project_domain_id': None, 'service_roles': []} {{(pid=58281) fill_context /opt/stack/keystone/keystone/server/flask/request_processing/middleware/auth_context.py:480}}
Nov 16 19:11:47 user devstack@keystone.service[58281]: DEBUG keystone.server.flask.request_processing.req_logging [None req-55ac4024-a9e4-41b3-ae75-9444b75b0283 None admin] REQUEST_METHOD: `GET` {{(pid=58281) log_request_info /opt/stack/keystone/keystone/server/flask/request_processing/req_logging.py:27}}
Nov 16 19:11:47 user devstack@keystone.service[58281]: DEBUG keystone.server.flask.request_processing.req_logging [None req-55ac4024-a9e4-41b3-ae75-9444b75b0283 None admin] SCRIPT_NAME: `/identity` {{(pid=58281) log_request_info /opt/stack/keystone/keystone/server/flask/request_processing/req_logging.py:28}}
Nov 16 19:11:47 user devstack@keystone.service[58282]: DEBUG keystone.server.flask.request_processing.middleware.auth_context [None req-83ff9611-eb96-43b2-8b77-b9bd026d8095 None admin] Validating token access rules against request {{(pid=58282) validate_allowed_request /opt/stack/data/venv/lib/python3.10/site-packages/keystonemiddleware/auth_token/__init__.py:544}}
Nov 16 19:11:47 user devstack@keystone.service[58281]: DEBUG keystone.server.flask.request_processing.req_logging [None req-55ac4024-a9e4-41b3-ae75-9444b75b0283 None admin] PATH_INFO: `/v3/roles/member` {{(pid=58281) log_request_info /opt/stack/keystone/keystone/server/flask/request_processing/req_logging.py:29}}
Nov 16 19:11:47 user devstack@keystone.service[58280]: DEBUG keystone.server.flask.request_processing.middleware.auth_context [None req-00239c01-b9b5-4b11-92bc-620a0125a0e6 None admin] RBAC: auth_context: {'token': , 'domain_id': None, 'trust_id': None, 'trustor_id': None, 'trustee_id': None, 'domain_name': None, 'group_ids': [], 'user_id': '8c80e6a73a7049f282253bc8c7fc525a', 'user_domain_id': 'default', 'system_scope': 'all', 'project_id': None, 'project_domain_id': None, 'roles': ['admin', 'manager', 'member', 'reader'], 'is_admin_project': True, 'service_user_id': None, 'service_user_domain_id': None, 'service_project_id': None, 'service_project_domain_id': None, 'service_roles': []} {{(pid=58280) fill_context /opt/stack/keystone/keystone/server/flask/request_processing/middleware/auth_context.py:480}}
Nov 16 19:11:47 user devstack@keystone.service[58281]: DEBUG keystone.common.rbac_enforcer.enforcer [None req-55ac4024-a9e4-41b3-ae75-9444b75b0283 None admin] Extracting inferred target data resulted in "NOT FOUND (404)". {{(pid=58281) enforce_call /opt/stack/keystone/keystone/common/rbac_enforcer/enforcer.py:409}}
Nov 16 19:11:47 user devstack@keystone.service[58280]: DEBUG keystone.server.flask.request_processing.req_logging [None req-00239c01-b9b5-4b11-92bc-620a0125a0e6 None admin] REQUEST_METHOD: `GET` {{(pid=58280) log_request_info /opt/stack/keystone/keystone/server/flask/request_processing/req_logging.py:27}}
Nov 16 19:11:47 user devstack@keystone.service[58280]: DEBUG keystone.server.flask.request_processing.req_logging [None req-00239c01-b9b5-4b11-92bc-620a0125a0e6 None admin] SCRIPT_NAME: `/identity` {{(pid=58280) log_request_info /opt/stack/keystone/keystone/server/flask/request_processing/req_logging.py:28}}
Nov 16 19:11:47 user devstack@keystone.service[58280]: DEBUG keystone.server.flask.request_processing.req_logging [None req-00239c01-b9b5-4b11-92bc-620a0125a0e6 None admin] PATH_INFO: `/v3/roles` {{(pid=58280) log_request_info /opt/stack/keystone/keystone/server/flask/request_processing/req_logging.py:29}}
Nov 16 19:11:47 user devstack@keystone.service[58280]: DEBUG keystone.common.rbac_enforcer.enforcer [None req-00239c01-b9b5-4b11-92bc-620a0125a0e6 None admin] RBAC: Adding query filter params (name=anotherrole) {{(pid=58280) _extract_filter_values /opt/stack/keystone/keystone/common/rbac_enforcer/enforcer.py:167}}
Nov 16 19:11:47 user devstack@keystone.service[58280]: DEBUG keystone.common.rbac_enforcer.enforcer [None req-00239c01-b9b5-4b11-92bc-620a0125a0e6 None admin] RBAC: Authorizing `identity:list_roles()` {{(pid=58280) enforce_call /opt/stack/keystone/keystone/common/rbac_enforcer/enforcer.py:449}}
Nov 16 19:11:47 user devstack@keystone.service[58280]: DEBUG keystone.common.rbac_enforcer.enforcer [None req-00239c01-b9b5-4b11-92bc-620a0125a0e6 None admin] RBAC: Authorization granted {{(pid=58280) enforce_call /opt/stack/keystone/keystone/common/rbac_enforcer/enforcer.py:457}}
Nov 16 19:11:47 user devstack@keystone.service[58281]: ERROR keystone.server.flask.application [None req-55ac4024-a9e4-41b3-ae75-9444b75b0283 None admin] Could not find role: member.: keystone.exception.RoleNotFound: Could not find role: member.
Nov 16 19:11:47 user devstack@keystone.service[58281]: ERROR keystone.server.flask.application
Traceback (most recent call last):
Nov 16 19:11:47 user devstack@keystone.service[58281]: ERROR keystone.server.flask.application
File "/opt/stack/data/venv/lib/python3.10/site-packages/flask/app.py", line 1823, in full_dispatch_request
Nov 16 19:11:47 user devstack@keystone.service[58281]: ERROR keystone.server.flask.application rv = self.dispatch_request()
Nov 16 19:11:47 user devstack@keystone.service[58281]: ERROR keystone.server.flask.application
File "/opt/stack/data/venv/lib/python3.10/site-packages/flask/app.py", line 1799, in dispatch_request
Nov 16 19:11:47 user devstack@keystone.service[58281]: ERROR keystone.server.flask.application return self.ensure_sync(self.view_functions[rule.endpoint])(**view_args)
Nov 16 19:11:47 user devstack@keystone.service[58281]: ERROR keystone.server.flask.application
File "/opt/stack/data/venv/lib/python3.10/site-packages/flask_restful/__init__.py", line 489, in wrapper
Nov 16 19:11:47 user devstack@keystone.service[58281]: ERROR keystone.server.flask.application resp = resource(*args, **kwargs)
Nov 16 19:11:47 user devstack@keystone.service[58281]: ERROR keystone.server.flask.application
File "/opt/stack/data/venv/lib/python3.10/site-packages/flask/views.py", line 107, in view
Nov 16 19:11:47 user devstack@keystone.service[58281]: ERROR keystone.server.flask.application return current_app.ensure_sync(self.dispatch_request)(**kwargs)
Nov 16 19:11:47 user devstack@keystone.service[58281]: ERROR keystone.server.flask.application
File "/opt/stack/data/venv/lib/python3.10/site-packages/flask_restful/__init__.py", line 604, in dispatch_request
Nov 16 19:11:47 user devstack@keystone.service[58281]: ERROR keystone.server.flask.application resp = meth(*args, **kwargs)
Nov 16 19:11:47 user devstack@keystone.service[58281]: ERROR keystone.server.flask.application
File "/opt/stack/keystone/keystone/api/roles.py", line 50, in get
Nov 16 19:11:47 user devstack@keystone.service[58281]: ERROR keystone.server.flask.application return self._get_role(role_id)
Nov 16 19:11:47 user devstack@keystone.service[58281]: ERROR keystone.server.flask.application
File "/opt/stack/keystone/keystone/api/roles.py", line 70, in _get_role
Nov 16 19:11:47 user devstack@keystone.service[58281]: ERROR keystone.server.flask.application ENFORCER.enforce_call(action='identity:get_role')
Nov 16 19:11:47 user devstack@keystone.service[58281]: ERROR keystone.server.flask.application
File "/opt/stack/keystone/keystone/common/rbac_enforcer/enforcer.py", line 402, in enforce_call
Nov 16 19:11:47 user devstack@keystone.service[58281]: ERROR keystone.server.flask.application policy_dict.update(cls._extract_member_target_data(
Nov 16 19:11:47 user devstack@keystone.service[58281]: ERROR keystone.server.flask.application
File "/opt/stack/keystone/keystone/common/rbac_enforcer/enforcer.py", line 234, in _extract_member_target_data
Nov 16 19:11:47 user devstack@keystone.service[58281]: ERROR keystone.server.flask.application member_name: func(flask.request.view_args[key])
Nov 16 19:11:47 user devstack@keystone.service[58281]: ERROR keystone.server.flask.application
File "/opt/stack/keystone/keystone/common/manager.py", line 115, in wrapped
Nov 16 19:11:47 user devstack@keystone.service[58281]: ERROR keystone.server.flask.application __ret_val = __f(*args, **kwargs)
Nov 16 19:11:47 user devstack@keystone.service[58281]: ERROR keystone.server.flask.application
File "/opt/stack/data/venv/lib/python3.10/site-packages/decorator.py", line 232, in fun
Nov 16 19:11:47 user devstack@keystone.service[58281]: ERROR keystone.server.flask.application return caller(func, *(extras + args), **kw)
Nov 16 19:11:47 user devstack@keystone.service[58281]: ERROR keystone.server.flask.application
File "/opt/stack/data/venv/lib/python3.10/site-packages/dogpile/cache/region.py", line 1594, in get_or_create_for_user_func
Nov 16 19:11:47 user devstack@keystone.service[58281]: ERROR keystone.server.flask.application return self.get_or_create(
Nov 16 19:11:47 user devstack@keystone.service[58281]: ERROR keystone.server.flask.application
File "/opt/stack/data/venv/lib/python3.10/site-packages/dogpile/cache/region.py", line 1054, in get_or_create
Nov 16 19:11:47 user devstack@keystone.service[58281]: ERROR keystone.server.flask.application with Lock(
Nov 16 19:11:47 user devstack@keystone.service[58281]: ERROR keystone.server.flask.application
File "/opt/stack/data/venv/lib/python3.10/site-packages/dogpile/lock.py", line 185, in __enter__
Nov 16 19:11:47 user devstack@keystone.service[58281]: ERROR keystone.server.flask.application return self._enter()
Nov 16 19:11:47 user devstack@keystone.service[58281]: ERROR keystone.server.flask.application
File "/opt/stack/data/venv/lib/python3.10/site-packages/dogpile/lock.py", line 94, in _enter
Nov 16 19:11:47 user devstack@keystone.service[58281]: ERROR keystone.server.flask.application generated = self._enter_create(value, createdtime)
Nov 16 19:11:47 user devstack@keystone.service[58281]: ERROR keystone.server.flask.application
File "/opt/stack/data/venv/lib/python3.10/site-packages/dogpile/lock.py", line 178, in _enter_create
Nov 16 19:11:47 user devstack@keystone.service[58281]: ERROR keystone.server.flask.application return self.creator()
Nov 16 19:11:47 user devstack@keystone.service[58281]: ERROR keystone.server.flask.application
File "/opt/stack/data/venv/lib/python3.10/site-packages/dogpile/cache/region.py", line 1007, in gen_value
Nov 16 19:11:47 user devstack@keystone.service[58281]: ERROR keystone.server.flask.application created_value = creator(
Nov 16 19:11:47 user devstack@keystone.service[58281]: ERROR keystone.server.flask.application
File "/opt/stack/keystone/keystone/assignment/core.py", line 1276, in get_role
Nov 16 19:11:47 user devstack@keystone.service[58281]: ERROR keystone.server.flask.application return self.driver.get_role(role_id)
Nov 16 19:11:47 user devstack@keystone.service[58281]: ERROR keystone.server.flask.application
File "/opt/stack/keystone/keystone/assignment/role_backends/sql.py", line 70, in get_role
Nov 16 19:11:47 user devstack@keystone.service[58281]: ERROR keystone.server.flask.application return self._get_role(session, role_id).to_dict()
Nov 16 19:11:47 user devstack@keystone.service[58281]: ERROR keystone.server.flask.application
File "/opt/stack/keystone/keystone/assignment/role_backends/sql.py", line 65, in _get_role
Nov 16 19:11:47 user devstack@keystone.service[58281]: ERROR keystone.server.flask.application raise exception.RoleNotFound(role_id=role_id)
Nov 16 19:11:47 user devstack@keystone.service[58281]: ERROR keystone.server.flask.application keystone.exception.RoleNotFound: Could not find role: member.
Nov 16 19:11:47 user devstack@keystone.service[58281]: ERROR keystone.server.flask.application
Nov 16 19:11:47 user devstack@keystone.service[58281]: [pid: 58281|app: 0|req: 23/74] 10.0.0.210 () {56 vars in 1094 bytes} [Thu Nov 16 19:11:47 2023] GET /identity/v3/roles/member => generated 84 bytes in 139 msecs (HTTP/1.1 404) 5 headers in 183 bytes (1 switches on core 0)
Nov 16 19:11:47 user devstack@keystone.service[58281]: DEBUG keystone.server.flask.request_processing.middleware.auth_context [None req-55ac4024-a9e4-41b3-ae75-9444b75b0283 None admin] Authenticating user token {{(pid=58281) process_request /opt/stack/data/venv/lib/python3.10/site-packages/keystonemiddleware/auth_token/__init__.py:406}}
Nov 16 19:11:47 user devstack@keystone.service[58280]: [pid: 58280|app: 0|req: 26/75] 10.0.0.210 () {56 vars in 1106 bytes} [Thu Nov 16 19:11:47 2023] GET /identity/v3/roles?name=anotherrole => generated 332 bytes in 143 msecs (HTTP/1.1 200) 5 headers in 177 bytes (1 switches on core 0)
Nov 16 19:11:47 user devstack@keystone.service[58280]: DEBUG keystone.server.flask.request_processing.middleware.auth_context [None req-00239c01-b9b5-4b11-92bc-620a0125a0e6 None admin] Authenticating user token {{(pid=58280) process_request /opt/stack/data/venv/lib/python3.10/site-packages/keystonemiddleware/auth_token/__init__.py:406}}
Nov 16 19:11:47 user devstack@keystone.service[58282]: DEBUG keystone.server.flask.request_processing.middleware.auth_context [None req-af2c9644-18a7-4d23-9704-5a5c5819c3d1 None admin] RBAC: auth_context: {'token': , 'domain_id': None, 'trust_id': None, 'trustor_id': None, 'trustee_id': None, 'domain_name': None, 'group_ids': [], 'user_id': '8c80e6a73a7049f282253bc8c7fc525a', 'user_domain_id': 'default', 'system_scope': 'all', 'project_id': None, 'project_domain_id': None, 'roles': ['admin', 'manager', 'member', 'reader'], 'is_admin_project': True, 'service_user_id': None, 'service_user_domain_id': None, 'service_project_id': None, 'service_project_domain_id': None, 'service_roles': []} {{(pid=58282) fill_context /opt/stack/keystone/keystone/server/flask/request_processing/middleware/auth_context.py:480}}
Nov 16 19:11:47 user devstack@keystone.service[58282]: DEBUG keystone.server.flask.request_processing.req_logging [None req-af2c9644-18a7-4d23-9704-5a5c5819c3d1 None admin] REQUEST_METHOD: `PUT` {{(pid=58282) log_request_info /opt/stack/keystone/keystone/server/flask/request_processing/req_logging.py:27}}
Nov 16 19:11:47 user devstack@keystone.service[58282]: DEBUG keystone.server.flask.request_processing.req_logging [None req-af2c9644-18a7-4d23-9704-5a5c5819c3d1 None admin] SCRIPT_NAME: `/identity` {{(pid=58282) log_request_info /opt/stack/keystone/keystone/server/flask/request_processing/req_logging.py:28}}
Nov 16 19:11:47 user devstack@keystone.service[58282]: DEBUG keystone.server.flask.request_processing.req_logging [None req-af2c9644-18a7-4d23-9704-5a5c5819c3d1 None admin] PATH_INFO: `/v3/projects/3653ea8e0e8b408bbd643776e06f25fd/users/e1e6040c5b3c4e5d8e4c99cfac19cfcd/roles/592ab5a98f8a471498b83dcfa1d87418` {{(pid=58282) log_request_info /opt/stack/keystone/keystone/server/flask/request_processing/req_logging.py:29}}
Nov 16 19:11:47 user devstack@keystone.service[58282]: DEBUG keystone.common.rbac_enforcer.enforcer [None req-af2c9644-18a7-4d23-9704-5a5c5819c3d1 None admin] RBAC: Authorizing `identity:create_grant(project_id=3653ea8e0e8b408bbd643776e06f25fd, user_id=e1e6040c5b3c4e5d8e4c99cfac19cfcd, role_id=592ab5a98f8a471498b83dcfa1d87418)` {{(pid=58282) enforce_call /opt/stack/keystone/keystone/common/rbac_enforcer/enforcer.py:449}}
Nov 16 19:11:47 user devstack@keystone.service[58282]: DEBUG keystone.common.rbac_enforcer.enforcer [None req-af2c9644-18a7-4d23-9704-5a5c5819c3d1 None admin] RBAC: Authorization granted {{(pid=58282) enforce_call /opt/stack/keystone/keystone/common/rbac_enforcer/enforcer.py:457}}
Nov 16 19:11:47 user devstack@keystone.service[58282]: [pid: 58282|app: 0|req: 27/76] 10.0.0.210 () {58 vars in 1434 bytes} [Thu Nov 16 19:11:47 2023] PUT /identity/v3/projects/3653ea8e0e8b408bbd643776e06f25fd/users/e1e6040c5b3c4e5d8e4c99cfac19cfcd/roles/592ab5a98f8a471498b83dcfa1d87418 => generated 0 bytes in 144 msecs (HTTP/1.1 204) 3 headers in 132 bytes (0 switches on core 0)
Nov 16 19:11:47 user devstack@keystone.service[58282]: DEBUG keystone.server.flask.request_processing.middleware.auth_context [None req-af2c9644-18a7-4d23-9704-5a5c5819c3d1 None admin] Authenticating user token {{(pid=58282) process_request /opt/stack/data/venv/lib/python3.10/site-packages/keystonemiddleware/auth_token/__init__.py:406}}
Nov 16 19:11:47 user devstack@keystone.service[58280]: DEBUG keystone.server.flask.request_processing.middleware.auth_context [None req-00239c01-b9b5-4b11-92bc-620a0125a0e6 None admin] Validating token access rules against request {{(pid=58280) validate_allowed_request /opt/stack/data/venv/lib/python3.10/site-packages/keystonemiddleware/auth_token/__init__.py:544}}
Nov 16 19:11:47 user devstack@keystone.service[58280]: DEBUG keystone.server.flask.request_processing.middleware.auth_context [None req-30a9c439-b7aa-41ee-b6c9-ac3d84e246b3 None admin] RBAC: auth_context: {'token': , 'domain_id': None, 'trust_id': None, 'trustor_id': None, 'trustee_id': None, 'domain_name': None, 'group_ids': [], 'user_id': '8c80e6a73a7049f282253bc8c7fc525a', 'user_domain_id': 'default', 'system_scope': 'all', 'project_id': None, 'project_domain_id': None, 'roles': ['admin', 'manager', 'member', 'reader'], 'is_admin_project': True, 'service_user_id': None, 'service_user_domain_id': None, 'service_project_id': None, 'service_project_domain_id': None, 'service_roles': []} {{(pid=58280) fill_context /opt/stack/keystone/keystone/server/flask/request_processing/middleware/auth_context.py:480}}
Nov 16 19:11:47 user devstack@keystone.service[58280]: DEBUG keystone.server.flask.request_processing.req_logging [None req-30a9c439-b7aa-41ee-b6c9-ac3d84e246b3 None admin] REQUEST_METHOD: `GET` {{(pid=58280) log_request_info /opt/stack/keystone/keystone/server/flask/request_processing/req_logging.py:27}}
Nov 16 19:11:47 user devstack@keystone.service[58280]: DEBUG keystone.server.flask.request_processing.req_logging [None req-30a9c439-b7aa-41ee-b6c9-ac3d84e246b3 None admin] SCRIPT_NAME: `/identity` {{(pid=58280) log_request_info /opt/stack/keystone/keystone/server/flask/request_processing/req_logging.py:28}}
Nov 16 19:11:47 user devstack@keystone.service[58280]: DEBUG keystone.server.flask.request_processing.req_logging [None req-30a9c439-b7aa-41ee-b6c9-ac3d84e246b3 None admin] PATH_INFO: `/v3/domains/default` {{(pid=58280) log_request_info /opt/stack/keystone/keystone/server/flask/request_processing/req_logging.py:29}}
Nov 16 19:11:47 user devstack@keystone.service[58280]: DEBUG keystone.common.rbac_enforcer.enforcer [None req-30a9c439-b7aa-41ee-b6c9-ac3d84e246b3 None admin] RBAC: Authorizing `identity:get_domain(domain_id=default)` {{(pid=58280) enforce_call /opt/stack/keystone/keystone/common/rbac_enforcer/enforcer.py:449}}
Nov 16 19:11:47 user devstack@keystone.service[58280]: DEBUG keystone.common.rbac_enforcer.enforcer [None req-30a9c439-b7aa-41ee-b6c9-ac3d84e246b3 None admin] RBAC: Authorization granted {{(pid=58280) enforce_call /opt/stack/keystone/keystone/common/rbac_enforcer/enforcer.py:457}}
Nov 16 19:11:47 user devstack@keystone.service[58280]: [pid: 58280|app: 0|req: 27/77] 10.0.0.210 () {56 vars in 1103 bytes} [Thu Nov 16 19:11:47 2023] GET /identity/v3/domains/default => generated 198 bytes in 127 msecs (HTTP/1.1 200) 5 headers in 177 bytes (1 switches on core 0)
Nov 16 19:11:47 user devstack@keystone.service[58282]: DEBUG keystone.server.flask.request_processing.middleware.auth_context [None req-af2c9644-18a7-4d23-9704-5a5c5819c3d1 None admin] Validating token access rules against request {{(pid=58282) validate_allowed_request /opt/stack/data/venv/lib/python3.10/site-packages/keystonemiddleware/auth_token/__init__.py:544}}
Nov 16 19:11:47 user devstack@keystone.service[58280]: DEBUG keystone.server.flask.request_processing.middleware.auth_context [None req-30a9c439-b7aa-41ee-b6c9-ac3d84e246b3 None admin] Authenticating user token {{(pid=58280) process_request /opt/stack/data/venv/lib/python3.10/site-packages/keystonemiddleware/auth_token/__init__.py:406}}
Nov 16 19:11:47 user devstack@keystone.service[58282]: DEBUG keystone.server.flask.request_processing.middleware.auth_context [None req-0cfdc381-bb6a-4f03-8306-9e0c5100f91d None admin] RBAC: auth_context: {'token': , 'domain_id': None, 'trust_id': None, 'trustor_id': None, 'trustee_id': None, 'domain_name': None, 'group_ids': [], 'user_id': '8c80e6a73a7049f282253bc8c7fc525a', 'user_domain_id': 'default', 'system_scope': 'all', 'project_id': None, 'project_domain_id': None, 'roles': ['admin', 'manager', 'member', 'reader'], 'is_admin_project': True, 'service_user_id': None, 'service_user_domain_id': None, 'service_project_id': None, 'service_project_domain_id': None, 'service_roles': []} {{(pid=58282) fill_context /opt/stack/keystone/keystone/server/flask/request_processing/middleware/auth_context.py:480}}
Nov 16 19:11:47 user devstack@keystone.service[58282]: DEBUG keystone.server.flask.request_processing.req_logging [None req-0cfdc381-bb6a-4f03-8306-9e0c5100f91d None admin] REQUEST_METHOD: `GET` {{(pid=58282) log_request_info /opt/stack/keystone/keystone/server/flask/request_processing/req_logging.py:27}}
Nov 16 19:11:47 user devstack@keystone.service[58282]: DEBUG keystone.server.flask.request_processing.req_logging [None req-0cfdc381-bb6a-4f03-8306-9e0c5100f91d None admin] SCRIPT_NAME: `/identity` {{(pid=58282) log_request_info /opt/stack/keystone/keystone/server/flask/request_processing/req_logging.py:28}}
Nov 16 19:11:47 user devstack@keystone.service[58282]: DEBUG keystone.server.flask.request_processing.req_logging [None req-0cfdc381-bb6a-4f03-8306-9e0c5100f91d None admin] PATH_INFO: `/v3/roles` {{(pid=58282) log_request_info /opt/stack/keystone/keystone/server/flask/request_processing/req_logging.py:29}}
Nov 16 19:11:47 user devstack@keystone.service[58282]: DEBUG keystone.common.rbac_enforcer.enforcer [None req-0cfdc381-bb6a-4f03-8306-9e0c5100f91d None admin] RBAC: Adding query filter params (name=member) {{(pid=58282) _extract_filter_values /opt/stack/keystone/keystone/common/rbac_enforcer/enforcer.py:167}}
Nov 16 19:11:47 user devstack@keystone.service[58282]: DEBUG keystone.common.rbac_enforcer.enforcer [None req-0cfdc381-bb6a-4f03-8306-9e0c5100f91d None admin] RBAC: Authorizing `identity:list_roles()` {{(pid=58282) enforce_call /opt/stack/keystone/keystone/common/rbac_enforcer/enforcer.py:449}}
Nov 16 19:11:47 user devstack@keystone.service[58282]: DEBUG keystone.common.rbac_enforcer.enforcer [None req-0cfdc381-bb6a-4f03-8306-9e0c5100f91d None admin] RBAC: Authorization granted {{(pid=58282) enforce_call /opt/stack/keystone/keystone/common/rbac_enforcer/enforcer.py:457}}
Nov 16 19:11:47 user devstack@keystone.service[58282]: [pid: 58282|app: 0|req: 28/78] 10.0.0.210 () {56 vars in 1096 bytes} [Thu Nov 16 19:11:47 2023] GET /identity/v3/roles?name=member => generated 339 bytes in 151 msecs (HTTP/1.1 200) 5 headers in 177 bytes (1 switches on core 0)
Nov 16 19:11:47 user devstack@keystone.service[58282]: DEBUG keystone.server.flask.request_processing.middleware.auth_context [None req-0cfdc381-bb6a-4f03-8306-9e0c5100f91d None admin] Authenticating user token {{(pid=58282) process_request /opt/stack/data/venv/lib/python3.10/site-packages/keystonemiddleware/auth_token/__init__.py:406}}
Nov 16 19:11:48 user devstack@keystone.service[58280]: DEBUG keystone.server.flask.request_processing.middleware.auth_context [None req-30a9c439-b7aa-41ee-b6c9-ac3d84e246b3 None admin] Validating token access rules against request {{(pid=58280) validate_allowed_request /opt/stack/data/venv/lib/python3.10/site-packages/keystonemiddleware/auth_token/__init__.py:544}}
Nov 16 19:11:48 user devstack@keystone.service[58281]: DEBUG keystone.server.flask.request_processing.middleware.auth_context [None req-55ac4024-a9e4-41b3-ae75-9444b75b0283 None admin] Validating token access rules against request {{(pid=58281) validate_allowed_request /opt/stack/data/venv/lib/python3.10/site-packages/keystonemiddleware/auth_token/__init__.py:544}}
Nov 16 19:11:48 user devstack@keystone.service[58280]: DEBUG keystone.server.flask.request_processing.middleware.auth_context [None req-a7b925fe-b126-4ba2-9e8a-e1164ed0647a None admin] RBAC: auth_context: {'token': , 'domain_id': None, 'trust_id': None, 'trustor_id': None, 'trustee_id': None, 'domain_name': None, 'group_ids': [], 'user_id': '8c80e6a73a7049f282253bc8c7fc525a', 'user_domain_id': 'default', 'system_scope': 'all', 'project_id': None, 'project_domain_id': None, 'roles': ['admin', 'manager', 'member', 'reader'], 'is_admin_project': True, 'service_user_id': None, 'service_user_domain_id': None, 'service_project_id': None, 'service_project_domain_id': None, 'service_roles': []} {{(pid=58280) fill_context /opt/stack/keystone/keystone/server/flask/request_processing/middleware/auth_context.py:480}}
Nov 16 19:11:48 user devstack@keystone.service[58280]: DEBUG keystone.server.flask.request_processing.req_logging [None req-a7b925fe-b126-4ba2-9e8a-e1164ed0647a None admin] REQUEST_METHOD: `GET` {{(pid=58280) log_request_info /opt/stack/keystone/keystone/server/flask/request_processing/req_logging.py:27}}
Nov 16 19:11:48 user devstack@keystone.service[58280]: DEBUG keystone.server.flask.request_processing.req_logging [None req-a7b925fe-b126-4ba2-9e8a-e1164ed0647a None admin] SCRIPT_NAME: `/identity` {{(pid=58280) log_request_info /opt/stack/keystone/keystone/server/flask/request_processing/req_logging.py:28}}
Nov 16 19:11:48 user devstack@keystone.service[58280]: DEBUG keystone.server.flask.request_processing.req_logging [None req-a7b925fe-b126-4ba2-9e8a-e1164ed0647a None admin] PATH_INFO: `/v3/users/e1e6040c5b3c4e5d8e4c99cfac19cfcd` {{(pid=58280) log_request_info /opt/stack/keystone/keystone/server/flask/request_processing/req_logging.py:29}}
Nov 16 19:11:48 user devstack@keystone.service[58280]: DEBUG keystone.common.rbac_enforcer.enforcer [None req-a7b925fe-b126-4ba2-9e8a-e1164ed0647a None admin] RBAC: Authorizing `identity:get_user(user_id=e1e6040c5b3c4e5d8e4c99cfac19cfcd)` {{(pid=58280) enforce_call /opt/stack/keystone/keystone/common/rbac_enforcer/enforcer.py:449}}
Nov 16 19:11:48 user devstack@keystone.service[58280]: DEBUG keystone.common.rbac_enforcer.enforcer [None req-a7b925fe-b126-4ba2-9e8a-e1164ed0647a None admin] RBAC: Authorization granted {{(pid=58280) enforce_call /opt/stack/keystone/keystone/common/rbac_enforcer/enforcer.py:457}}
Nov 16 19:11:48 user devstack@keystone.service[58280]: [pid: 58280|app: 0|req: 28/79] 10.0.0.210 () {56 vars in 1172 bytes} [Thu Nov 16 19:11:47 2023] GET /identity/v3/users/e1e6040c5b3c4e5d8e4c99cfac19cfcd => generated 274 bytes in 131 msecs (HTTP/1.1 200) 5 headers in 177 bytes (1 switches on core 0)
Nov 16 19:11:48 user devstack@keystone.service[58280]: DEBUG keystone.server.flask.request_processing.middleware.auth_context [None req-a7b925fe-b126-4ba2-9e8a-e1164ed0647a None admin] Authenticating user token {{(pid=58280) process_request /opt/stack/data/venv/lib/python3.10/site-packages/keystonemiddleware/auth_token/__init__.py:406}}
Nov 16 19:11:48 user devstack@keystone.service[58282]: DEBUG keystone.server.flask.request_processing.middleware.auth_context [None req-0cfdc381-bb6a-4f03-8306-9e0c5100f91d None admin] Validating token access rules against request {{(pid=58282) validate_allowed_request /opt/stack/data/venv/lib/python3.10/site-packages/keystonemiddleware/auth_token/__init__.py:544}}
Nov 16 19:11:48 user devstack@keystone.service[58281]: DEBUG keystone.server.flask.request_processing.middleware.auth_context [None req-7c3a7160-bf34-4435-b1c4-72ccf9364f97 None admin] RBAC: auth_context: {'token': , 'domain_id': None, 'trust_id': None, 'trustor_id': None, 'trustee_id': None, 'domain_name': None, 'group_ids': [], 'user_id': '8c80e6a73a7049f282253bc8c7fc525a', 'user_domain_id': 'default', 'system_scope': 'all', 'project_id': None, 'project_domain_id': None, 'roles': ['admin', 'manager', 'member', 'reader'], 'is_admin_project': True, 'service_user_id': None, 'service_user_domain_id': None, 'service_project_id': None, 'service_project_domain_id': None, 'service_roles': []} {{(pid=58281) fill_context /opt/stack/keystone/keystone/server/flask/request_processing/middleware/auth_context.py:480}}
Nov 16 19:11:48 user devstack@keystone.service[58281]: DEBUG keystone.server.flask.request_processing.req_logging [None req-7c3a7160-bf34-4435-b1c4-72ccf9364f97 None admin] REQUEST_METHOD: `GET` {{(pid=58281) log_request_info /opt/stack/keystone/keystone/server/flask/request_processing/req_logging.py:27}}
Nov 16 19:11:48 user devstack@keystone.service[58281]: DEBUG keystone.server.flask.request_processing.req_logging [None req-7c3a7160-bf34-4435-b1c4-72ccf9364f97 None admin] SCRIPT_NAME: `/identity` {{(pid=58281) log_request_info /opt/stack/keystone/keystone/server/flask/request_processing/req_logging.py:28}}
Nov 16 19:11:48 user devstack@keystone.service[58281]: DEBUG keystone.server.flask.request_processing.req_logging [None req-7c3a7160-bf34-4435-b1c4-72ccf9364f97 None admin] PATH_INFO: `/v3/users/8c80e6a73a7049f282253bc8c7fc525a` {{(pid=58281) log_request_info /opt/stack/keystone/keystone/server/flask/request_processing/req_logging.py:29}}
Nov 16 19:11:48 user devstack@keystone.service[58281]: DEBUG keystone.common.rbac_enforcer.enforcer [None req-7c3a7160-bf34-4435-b1c4-72ccf9364f97 None admin] RBAC: Authorizing `identity:get_user(user_id=8c80e6a73a7049f282253bc8c7fc525a)` {{(pid=58281) enforce_call /opt/stack/keystone/keystone/common/rbac_enforcer/enforcer.py:449}}
Nov 16 19:11:48 user devstack@keystone.service[58281]: DEBUG keystone.common.rbac_enforcer.enforcer [None req-7c3a7160-bf34-4435-b1c4-72ccf9364f97 None admin] RBAC: Authorization granted {{(pid=58281) enforce_call /opt/stack/keystone/keystone/common/rbac_enforcer/enforcer.py:457}}
Nov 16 19:11:48 user devstack@keystone.service[58281]: [pid: 58281|app: 0|req: 24/80] 10.0.0.210 () {56 vars in 1172 bytes} [Thu Nov 16 19:11:47 2023] GET /identity/v3/users/8c80e6a73a7049f282253bc8c7fc525a => generated 246 bytes in 297 msecs (HTTP/1.1 200) 5 headers in 177 bytes (1 switches on core 0)
Nov 16 19:11:48 user devstack@keystone.service[58281]: DEBUG keystone.server.flask.request_processing.middleware.auth_context [None req-7c3a7160-bf34-4435-b1c4-72ccf9364f97 None admin] Authenticating user token {{(pid=58281) process_request /opt/stack/data/venv/lib/python3.10/site-packages/keystonemiddleware/auth_token/__init__.py:406}}
Nov 16 19:11:48 user devstack@keystone.service[58282]: DEBUG keystone.server.flask.request_processing.middleware.auth_context [None req-e9c69dd5-9c7c-4981-bab9-19b5d630db79 None admin] RBAC: auth_context: {'token': , 'domain_id': None, 'trust_id': None, 'trustor_id': None, 'trustee_id': None, 'domain_name': None, 'group_ids': [], 'user_id': '8c80e6a73a7049f282253bc8c7fc525a', 'user_domain_id': 'default', 'system_scope': 'all', 'project_id': None, 'project_domain_id': None, 'roles': ['admin', 'manager', 'member', 'reader'], 'is_admin_project': True, 'service_user_id': None, 'service_user_domain_id': None, 'service_project_id': None, 'service_project_domain_id': None, 'service_roles': []} {{(pid=58282) fill_context /opt/stack/keystone/keystone/server/flask/request_processing/middleware/auth_context.py:480}}
Nov 16 19:11:48 user devstack@keystone.service[58282]: DEBUG keystone.server.flask.request_processing.req_logging [None req-e9c69dd5-9c7c-4981-bab9-19b5d630db79 None admin] REQUEST_METHOD: `POST` {{(pid=58282) log_request_info /opt/stack/keystone/keystone/server/flask/request_processing/req_logging.py:27}}
Nov 16 19:11:48 user devstack@keystone.service[58282]: DEBUG keystone.server.flask.request_processing.req_logging [None req-e9c69dd5-9c7c-4981-bab9-19b5d630db79 None admin] SCRIPT_NAME: `/identity` {{(pid=58282) log_request_info /opt/stack/keystone/keystone/server/flask/request_processing/req_logging.py:28}}
Nov 16 19:11:48 user devstack@keystone.service[58282]: DEBUG keystone.server.flask.request_processing.req_logging [None req-e9c69dd5-9c7c-4981-bab9-19b5d630db79 None admin] PATH_INFO: `/v3/users` {{(pid=58282) log_request_info /opt/stack/keystone/keystone/server/flask/request_processing/req_logging.py:29}}
Nov 16 19:11:48 user devstack@keystone.service[58282]: DEBUG keystone.common.rbac_enforcer.enforcer [None req-e9c69dd5-9c7c-4981-bab9-19b5d630db79 None admin] RBAC: Authorizing `identity:create_user()` {{(pid=58282) enforce_call /opt/stack/keystone/keystone/common/rbac_enforcer/enforcer.py:449}}
Nov 16 19:11:48 user devstack@keystone.service[58282]: DEBUG keystone.common.rbac_enforcer.enforcer [None req-e9c69dd5-9c7c-4981-bab9-19b5d630db79 None admin] RBAC: Authorization granted {{(pid=58282) enforce_call /opt/stack/keystone/keystone/common/rbac_enforcer/enforcer.py:457}}
Nov 16 19:11:48 user devstack@keystone.service[58282]: WARNING keystone.common.password_hashing [None req-e9c69dd5-9c7c-4981-bab9-19b5d630db79 None admin] Truncating password to algorithm specific maximum length 72 characters.
Nov 16 19:11:48 user devstack@keystone.service[58282]: [pid: 58282|app: 0|req: 29/81] 10.0.0.210 () {60 vars in 1127 bytes} [Thu Nov 16 19:11:47 2023] POST /identity/v3/users => generated 288 bytes in 160 msecs (HTTP/1.1 201) 5 headers in 182 bytes (1 switches on core 0)
Nov 16 19:11:48 user devstack@keystone.service[58282]: DEBUG keystone.server.flask.request_processing.middleware.auth_context [None req-e9c69dd5-9c7c-4981-bab9-19b5d630db79 None admin] Authenticating user token {{(pid=58282) process_request /opt/stack/data/venv/lib/python3.10/site-packages/keystonemiddleware/auth_token/__init__.py:406}}
Nov 16 19:11:48 user devstack@keystone.service[58280]: DEBUG keystone.server.flask.request_processing.middleware.auth_context [None req-a7b925fe-b126-4ba2-9e8a-e1164ed0647a None admin] Validating token access rules against request {{(pid=58280) validate_allowed_request /opt/stack/data/venv/lib/python3.10/site-packages/keystonemiddleware/auth_token/__init__.py:544}}
Nov 16 19:11:48 user devstack@keystone.service[58280]: DEBUG keystone.server.flask.request_processing.middleware.auth_context [None req-8fe2a330-9bba-465b-b729-0972e9369abd None admin] RBAC: auth_context: {'token': , 'domain_id': None, 'trust_id': None, 'trustor_id': None, 'trustee_id': None, 'domain_name': None, 'group_ids': [], 'user_id': '8c80e6a73a7049f282253bc8c7fc525a', 'user_domain_id': 'default', 'system_scope': 'all', 'project_id': None, 'project_domain_id': None, 'roles': ['admin', 'manager', 'member', 'reader'], 'is_admin_project': True, 'service_user_id': None, 'service_user_domain_id': None, 'service_project_id': None, 'service_project_domain_id': None, 'service_roles': []} {{(pid=58280) fill_context /opt/stack/keystone/keystone/server/flask/request_processing/middleware/auth_context.py:480}}
Nov 16 19:11:48 user devstack@keystone.service[58280]: DEBUG keystone.server.flask.request_processing.req_logging [None req-8fe2a330-9bba-465b-b729-0972e9369abd None admin] REQUEST_METHOD: `GET` {{(pid=58280) log_request_info /opt/stack/keystone/keystone/server/flask/request_processing/req_logging.py:27}}
Nov 16 19:11:48 user devstack@keystone.service[58280]: DEBUG keystone.server.flask.request_processing.req_logging [None req-8fe2a330-9bba-465b-b729-0972e9369abd None admin] SCRIPT_NAME: `/identity` {{(pid=58280) log_request_info /opt/stack/keystone/keystone/server/flask/request_processing/req_logging.py:28}}
Nov 16 19:11:48 user devstack@keystone.service[58280]: DEBUG keystone.server.flask.request_processing.req_logging [None req-8fe2a330-9bba-465b-b729-0972e9369abd None admin] PATH_INFO: `/v3/users/e1e6040c5b3c4e5d8e4c99cfac19cfcd` {{(pid=58280) log_request_info /opt/stack/keystone/keystone/server/flask/request_processing/req_logging.py:29}}
Nov 16 19:11:48 user devstack@keystone.service[58280]: DEBUG keystone.common.rbac_enforcer.enforcer [None req-8fe2a330-9bba-465b-b729-0972e9369abd None admin] RBAC: Authorizing `identity:get_user(user_id=e1e6040c5b3c4e5d8e4c99cfac19cfcd)` {{(pid=58280) enforce_call /opt/stack/keystone/keystone/common/rbac_enforcer/enforcer.py:449}}
Nov 16 19:11:48 user devstack@keystone.service[58280]: DEBUG keystone.common.rbac_enforcer.enforcer [None req-8fe2a330-9bba-465b-b729-0972e9369abd None admin] RBAC: Authorization granted {{(pid=58280) enforce_call /opt/stack/keystone/keystone/common/rbac_enforcer/enforcer.py:457}}
Nov 16 19:11:48 user devstack@keystone.service[58280]: [pid: 58280|app: 0|req: 29/82] 10.0.0.210 () {56 vars in 1172 bytes} [Thu Nov 16 19:11:48 2023] GET /identity/v3/users/e1e6040c5b3c4e5d8e4c99cfac19cfcd => generated 274 bytes in 136 msecs (HTTP/1.1 200) 5 headers in 177 bytes (1 switches on core 0)
Nov 16 19:11:48 user devstack@keystone.service[58281]: DEBUG keystone.server.flask.request_processing.middleware.auth_context [None req-7c3a7160-bf34-4435-b1c4-72ccf9364f97 None admin] Validating token access rules against request {{(pid=58281) validate_allowed_request /opt/stack/data/venv/lib/python3.10/site-packages/keystonemiddleware/auth_token/__init__.py:544}}
Nov 16 19:11:48 user devstack@keystone.service[58280]: DEBUG keystone.server.flask.request_processing.middleware.auth_context [None req-8fe2a330-9bba-465b-b729-0972e9369abd None admin] Authenticating user token {{(pid=58280) process_request /opt/stack/data/venv/lib/python3.10/site-packages/keystonemiddleware/auth_token/__init__.py:406}}
Nov 16 19:11:48 user devstack@keystone.service[58282]: DEBUG keystone.server.flask.request_processing.middleware.auth_context [None req-e9c69dd5-9c7c-4981-bab9-19b5d630db79 None admin] Validating token access rules against request {{(pid=58282) validate_allowed_request /opt/stack/data/venv/lib/python3.10/site-packages/keystonemiddleware/auth_token/__init__.py:544}}
Nov 16 19:11:48 user devstack@keystone.service[58281]: DEBUG keystone.server.flask.request_processing.middleware.auth_context [None req-029f4f31-cc1b-4e35-85a4-7b80f589656b None admin] RBAC: auth_context: {'token': , 'domain_id': None, 'trust_id': None, 'trustor_id': None, 'trustee_id': None, 'domain_name': None, 'group_ids': [], 'user_id': '8c80e6a73a7049f282253bc8c7fc525a', 'user_domain_id': 'default', 'system_scope': 'all', 'project_id': None, 'project_domain_id': None, 'roles': ['admin', 'manager', 'member', 'reader'], 'is_admin_project': True, 'service_user_id': None, 'service_user_domain_id': None, 'service_project_id': None, 'service_project_domain_id': None, 'service_roles': []} {{(pid=58281) fill_context /opt/stack/keystone/keystone/server/flask/request_processing/middleware/auth_context.py:480}}
Nov 16 19:11:48 user devstack@keystone.service[58281]: DEBUG keystone.server.flask.request_processing.req_logging [None req-029f4f31-cc1b-4e35-85a4-7b80f589656b None admin] REQUEST_METHOD: `GET` {{(pid=58281) log_request_info /opt/stack/keystone/keystone/server/flask/request_processing/req_logging.py:27}}
Nov 16 19:11:48 user devstack@keystone.service[58281]: DEBUG keystone.server.flask.request_processing.req_logging [None req-029f4f31-cc1b-4e35-85a4-7b80f589656b None admin] SCRIPT_NAME: `/identity` {{(pid=58281) log_request_info /opt/stack/keystone/keystone/server/flask/request_processing/req_logging.py:28}}
Nov 16 19:11:48 user devstack@keystone.service[58281]: DEBUG keystone.server.flask.request_processing.req_logging [None req-029f4f31-cc1b-4e35-85a4-7b80f589656b None admin] PATH_INFO: `/v3/projects/3653ea8e0e8b408bbd643776e06f25fd` {{(pid=58281) log_request_info /opt/stack/keystone/keystone/server/flask/request_processing/req_logging.py:29}}
Nov 16 19:11:48 user devstack@keystone.service[58281]: DEBUG keystone.common.rbac_enforcer.enforcer [None req-029f4f31-cc1b-4e35-85a4-7b80f589656b None admin] RBAC: Authorizing `identity:get_project(project_id=3653ea8e0e8b408bbd643776e06f25fd)` {{(pid=58281) enforce_call /opt/stack/keystone/keystone/common/rbac_enforcer/enforcer.py:449}}
Nov 16 19:11:48 user devstack@keystone.service[58281]: DEBUG keystone.common.rbac_enforcer.enforcer [None req-029f4f31-cc1b-4e35-85a4-7b80f589656b None admin] RBAC: Authorization granted {{(pid=58281) enforce_call /opt/stack/keystone/keystone/common/rbac_enforcer/enforcer.py:457}}
Nov 16 19:11:48 user devstack@keystone.service[58281]: [pid: 58281|app: 0|req: 25/83] 10.0.0.210 () {56 vars in 1181 bytes} [Thu Nov 16 19:11:48 2023] GET /identity/v3/projects/3653ea8e0e8b408bbd643776e06f25fd => generated 297 bytes in 155 msecs (HTTP/1.1 200) 5 headers in 177 bytes (1 switches on core 0)
Nov 16 19:11:48 user devstack@keystone.service[58281]: DEBUG keystone.server.flask.request_processing.middleware.auth_context [None req-029f4f31-cc1b-4e35-85a4-7b80f589656b None admin] Authenticating user token {{(pid=58281) process_request /opt/stack/data/venv/lib/python3.10/site-packages/keystonemiddleware/auth_token/__init__.py:406}}
Nov 16 19:11:48 user devstack@keystone.service[58282]: DEBUG keystone.server.flask.request_processing.middleware.auth_context [None req-89d79ef3-c182-4a4a-89bc-c18980072324 None admin] RBAC: auth_context: {'token': , 'domain_id': None, 'trust_id': None, 'trustor_id': None, 'trustee_id': None, 'domain_name': None, 'group_ids': [], 'user_id': '8c80e6a73a7049f282253bc8c7fc525a', 'user_domain_id': 'default', 'system_scope': 'all', 'project_id': None, 'project_domain_id': None, 'roles': ['admin', 'manager', 'member', 'reader'], 'is_admin_project': True, 'service_user_id': None, 'service_user_domain_id': None, 'service_project_id': None, 'service_project_domain_id': None, 'service_roles': []} {{(pid=58282) fill_context /opt/stack/keystone/keystone/server/flask/request_processing/middleware/auth_context.py:480}}
Nov 16 19:11:48 user devstack@keystone.service[58282]: DEBUG keystone.server.flask.request_processing.req_logging [None req-89d79ef3-c182-4a4a-89bc-c18980072324 None admin] REQUEST_METHOD: `GET` {{(pid=58282) log_request_info /opt/stack/keystone/keystone/server/flask/request_processing/req_logging.py:27}}
Nov 16 19:11:48 user devstack@keystone.service[58282]: DEBUG keystone.server.flask.request_processing.req_logging [None req-89d79ef3-c182-4a4a-89bc-c18980072324 None admin] SCRIPT_NAME: `/identity` {{(pid=58282) log_request_info /opt/stack/keystone/keystone/server/flask/request_processing/req_logging.py:28}}
Nov 16 19:11:48 user devstack@keystone.service[58282]: DEBUG keystone.server.flask.request_processing.req_logging [None req-89d79ef3-c182-4a4a-89bc-c18980072324 None admin] PATH_INFO: `/v3/projects/3653ea8e0e8b408bbd643776e06f25fd` {{(pid=58282) log_request_info /opt/stack/keystone/keystone/server/flask/request_processing/req_logging.py:29}}
Nov 16 19:11:48 user devstack@keystone.service[58282]: DEBUG keystone.common.rbac_enforcer.enforcer [None req-89d79ef3-c182-4a4a-89bc-c18980072324 None admin] RBAC: Authorizing `identity:get_project(project_id=3653ea8e0e8b408bbd643776e06f25fd)` {{(pid=58282) enforce_call /opt/stack/keystone/keystone/common/rbac_enforcer/enforcer.py:449}}
Nov 16 19:11:48 user devstack@keystone.service[58282]: DEBUG keystone.common.rbac_enforcer.enforcer [None req-89d79ef3-c182-4a4a-89bc-c18980072324 None admin] RBAC: Authorization granted {{(pid=58282) enforce_call /opt/stack/keystone/keystone/common/rbac_enforcer/enforcer.py:457}}
Nov 16 19:11:48 user devstack@keystone.service[58282]: [pid: 58282|app: 0|req: 30/84] 10.0.0.210 () {56 vars in 1181 bytes} [Thu Nov 16 19:11:48 2023] GET /identity/v3/projects/3653ea8e0e8b408bbd643776e06f25fd => generated 297 bytes in 127 msecs (HTTP/1.1 200) 5 headers in 177 bytes (1 switches on core 0)
Nov 16 19:11:48 user devstack@keystone.service[58282]: DEBUG keystone.server.flask.request_processing.middleware.auth_context [None req-89d79ef3-c182-4a4a-89bc-c18980072324 None admin] Authenticating user token {{(pid=58282) process_request /opt/stack/data/venv/lib/python3.10/site-packages/keystonemiddleware/auth_token/__init__.py:406}}
Nov 16 19:11:48 user devstack@keystone.service[58280]: DEBUG keystone.server.flask.request_processing.middleware.auth_context [None req-8fe2a330-9bba-465b-b729-0972e9369abd None admin] Validating token access rules against request {{(pid=58280) validate_allowed_request /opt/stack/data/venv/lib/python3.10/site-packages/keystonemiddleware/auth_token/__init__.py:544}}
Nov 16 19:11:48 user devstack@keystone.service[58281]: DEBUG keystone.server.flask.request_processing.middleware.auth_context [None req-029f4f31-cc1b-4e35-85a4-7b80f589656b None admin] Validating token access rules against request {{(pid=58281) validate_allowed_request /opt/stack/data/venv/lib/python3.10/site-packages/keystonemiddleware/auth_token/__init__.py:544}}
Nov 16 19:11:48 user devstack@keystone.service[58282]: DEBUG keystone.server.flask.request_processing.middleware.auth_context [None req-89d79ef3-c182-4a4a-89bc-c18980072324 None admin] Validating token access rules against request {{(pid=58282) validate_allowed_request /opt/stack/data/venv/lib/python3.10/site-packages/keystonemiddleware/auth_token/__init__.py:544}}
Nov 16 19:11:48 user devstack@keystone.service[58280]: DEBUG keystone.server.flask.request_processing.middleware.auth_context [None req-74aa7b37-774e-4d29-a8bf-516c9426b090 None admin] RBAC: auth_context: {'token': , 'domain_id': None, 'trust_id': None, 'trustor_id': None, 'trustee_id': None, 'domain_name': None, 'group_ids': [], 'user_id': '8c80e6a73a7049f282253bc8c7fc525a', 'user_domain_id': 'default', 'system_scope': 'all', 'project_id': None, 'project_domain_id': None, 'roles': ['admin', 'manager', 'member', 'reader'], 'is_admin_project': True, 'service_user_id': None, 'service_user_domain_id': None, 'service_project_id': None, 'service_project_domain_id': None, 'service_roles': []} {{(pid=58280) fill_context /opt/stack/keystone/keystone/server/flask/request_processing/middleware/auth_context.py:480}}
Nov 16 19:11:48 user devstack@keystone.service[58280]: DEBUG keystone.server.flask.request_processing.req_logging [None req-74aa7b37-774e-4d29-a8bf-516c9426b090 None admin] REQUEST_METHOD: `GET` {{(pid=58280) log_request_info /opt/stack/keystone/keystone/server/flask/request_processing/req_logging.py:27}}
Nov 16 19:11:48 user devstack@keystone.service[58280]: DEBUG keystone.server.flask.request_processing.req_logging [None req-74aa7b37-774e-4d29-a8bf-516c9426b090 None admin] SCRIPT_NAME: `/identity` {{(pid=58280) log_request_info /opt/stack/keystone/keystone/server/flask/request_processing/req_logging.py:28}}
Nov 16 19:11:48 user devstack@keystone.service[58280]: DEBUG keystone.server.flask.request_processing.req_logging [None req-74aa7b37-774e-4d29-a8bf-516c9426b090 None admin] PATH_INFO: `/v3/projects/2d0bd9c70846465c9f42d4cac575b26b` {{(pid=58280) log_request_info /opt/stack/keystone/keystone/server/flask/request_processing/req_logging.py:29}}
Nov 16 19:11:48 user devstack@keystone.service[58280]: DEBUG keystone.common.rbac_enforcer.enforcer [None req-74aa7b37-774e-4d29-a8bf-516c9426b090 None admin] RBAC: Authorizing `identity:get_project(project_id=2d0bd9c70846465c9f42d4cac575b26b)` {{(pid=58280) enforce_call /opt/stack/keystone/keystone/common/rbac_enforcer/enforcer.py:449}}
Nov 16 19:11:48 user devstack@keystone.service[58280]: DEBUG keystone.common.rbac_enforcer.enforcer [None req-74aa7b37-774e-4d29-a8bf-516c9426b090 None admin] RBAC: Authorization granted {{(pid=58280) enforce_call /opt/stack/keystone/keystone/common/rbac_enforcer/enforcer.py:457}}
Nov 16 19:11:48 user devstack@keystone.service[58280]: [pid: 58280|app: 0|req: 30/85] 10.0.0.210 () {56 vars in 1181 bytes} [Thu Nov 16 19:11:48 2023] GET /identity/v3/projects/2d0bd9c70846465c9f42d4cac575b26b => generated 311 bytes in 185 msecs (HTTP/1.1 200) 5 headers in 177 bytes (1 switches on core 0)
Nov 16 19:11:48 user devstack@keystone.service[58280]: DEBUG keystone.server.flask.request_processing.middleware.auth_context [None req-74aa7b37-774e-4d29-a8bf-516c9426b090 None admin] Authenticating user token {{(pid=58280) process_request /opt/stack/data/venv/lib/python3.10/site-packages/keystonemiddleware/auth_token/__init__.py:406}}
Nov 16 19:11:48 user devstack@keystone.service[58281]: DEBUG keystone.server.flask.request_processing.middleware.auth_context [None req-6949e8c4-c735-4abc-bee8-6efa894ccc0f None admin] RBAC: auth_context: {'token': , 'domain_id': None, 'trust_id': None, 'trustor_id': None, 'trustee_id': None, 'domain_name': None, 'group_ids': [], 'user_id': '8c80e6a73a7049f282253bc8c7fc525a', 'user_domain_id': 'default', 'system_scope': 'all', 'project_id': None, 'project_domain_id': None, 'roles': ['admin', 'manager', 'member', 'reader'], 'is_admin_project': True, 'service_user_id': None, 'service_user_domain_id': None, 'service_project_id': None, 'service_project_domain_id': None, 'service_roles': []} {{(pid=58281) fill_context /opt/stack/keystone/keystone/server/flask/request_processing/middleware/auth_context.py:480}}
Nov 16 19:11:48 user devstack@keystone.service[58281]: DEBUG keystone.server.flask.request_processing.req_logging [None req-6949e8c4-c735-4abc-bee8-6efa894ccc0f None admin] REQUEST_METHOD: `PUT` {{(pid=58281) log_request_info /opt/stack/keystone/keystone/server/flask/request_processing/req_logging.py:27}}
Nov 16 19:11:48 user devstack@keystone.service[58281]: DEBUG keystone.server.flask.request_processing.req_logging [None req-6949e8c4-c735-4abc-bee8-6efa894ccc0f None admin] SCRIPT_NAME: `/identity` {{(pid=58281) log_request_info /opt/stack/keystone/keystone/server/flask/request_processing/req_logging.py:28}}
