Apr 13 16:20:45 user devstack@c-api.service[72523]: /usr/local/lib/python3.10/dist-packages/oslo_context/context.py:100: DeprecationWarning: Policy enforcement is depending on the value of is_admin. This key is deprecated. Please update your policy file to use the standard policy values.
Apr 13 16:20:45 user devstack@c-api.service[72523]: warnings.warn('Policy enforcement is depending on the value of '
Apr 13 16:20:45 user devstack@c-api.service[72523]: INFO cinder.volume.api [None req-9f49e186-dea1-446c-b181-1be3c53f5f85 tempest-SnapshotMetadataTestJSON-898996839 tempest-SnapshotMetadataTestJSON-898996839-project-member] Snapshot retrieved successfully.
Apr 13 16:20:45 user devstack@c-api.service[72524]: /usr/local/lib/python3.10/dist-packages/oslo_context/context.py:100: DeprecationWarning: Policy enforcement is depending on the value of is_admin. This key is deprecated. Please update your policy file to use the standard policy values.
Apr 13 16:20:45 user devstack@c-api.service[72524]: warnings.warn('Policy enforcement is depending on the value of '
Apr 13 16:20:45 user devstack@c-api.service[72522]: DEBUG cinder.quota [None req-5b7f306e-f1f9-4651-8f70-f5b96d81d9fd tempest-VolumesListAdminTestJSON-1603251796 tempest-VolumesListAdminTestJSON-1603251796-project-member] Created reservations ['8309c0c6-15d3-4ac5-8cee-ee3fc90ce9f8', '563b7e6e-8460-4707-a1ca-6d8e4417c4a9', '29c0d3e6-2e7e-43ca-84a2-89a5367f1b47', '4c7e2cb8-8681-49a8-ab32-cd2ebe6495dd'] {{(pid=72522) reserve /opt/stack/cinder/cinder/quota.py:755}}
Apr 13 16:20:45 user devstack@c-api.service[72522]: DEBUG cinder.volume.api [None req-5b7f306e-f1f9-4651-8f70-f5b96d81d9fd tempest-VolumesListAdminTestJSON-1603251796 tempest-VolumesListAdminTestJSON-1603251796-project-member] Task 'cinder.volume.flows.api.create_volume.QuotaReserveTask;volume:create' (5be23418-5bba-45e4-bee6-7dc70865e386) transitioned into state 'SUCCESS' from state 'RUNNING' with result '{'reservations': ['8309c0c6-15d3-4ac5-8cee-ee3fc90ce9f8', '563b7e6e-8460-4707-a1ca-6d8e4417c4a9', '29c0d3e6-2e7e-43ca-84a2-89a5367f1b47', '4c7e2cb8-8681-49a8-ab32-cd2ebe6495dd']}' {{(pid=72522) _task_receiver /usr/local/lib/python3.10/dist-packages/taskflow/listeners/logging.py:178}}
Apr 13 16:20:45 user devstack@c-api.service[72523]: INFO cinder.volume.api [None req-9f49e186-dea1-446c-b181-1be3c53f5f85 tempest-SnapshotMetadataTestJSON-898996839 tempest-SnapshotMetadataTestJSON-898996839-project-member] Get snapshot metadata completed successfully.
Apr 13 16:20:45 user devstack@c-api.service[72523]: INFO cinder.api.openstack.wsgi [None req-9f49e186-dea1-446c-b181-1be3c53f5f85 tempest-SnapshotMetadataTestJSON-898996839 tempest-SnapshotMetadataTestJSON-898996839-project-member] http://10.0.0.210/volume/v3/3e913d2db2364223b34f6ffd407e2ddc/snapshots/3381f326-24d6-43ea-a538-169fe90fbbc4/metadata/key3 returned with HTTP 200
Apr 13 16:20:45 user devstack@c-api.service[72522]: DEBUG cinder.volume.api [None req-5b7f306e-f1f9-4651-8f70-f5b96d81d9fd tempest-VolumesListAdminTestJSON-1603251796 tempest-VolumesListAdminTestJSON-1603251796-project-member] Task 'cinder.volume.flows.api.create_volume.EntryCreateTask;volume:create' (46effc09-42c9-4cf7-b951-2b4ae95dd904) transitioned into state 'RUNNING' from state 'PENDING' {{(pid=72522) _task_receiver /usr/local/lib/python3.10/dist-packages/taskflow/listeners/logging.py:190}}
Apr 13 16:20:45 user devstack@c-api.service[72523]: [pid: 72523|app: 0|req: 97/283] 10.0.0.210 () {62 vars in 1450 bytes} [Thu Apr 13 16:20:45 2023] GET /volume/v3/3e913d2db2364223b34f6ffd407e2ddc/snapshots/3381f326-24d6-43ea-a538-169fe90fbbc4/metadata/key3 => generated 35 bytes in 69 msecs (HTTP/1.1 200) 7 headers in 284 bytes (1 switches on core 0)
Apr 13 16:20:45 user devstack@c-api.service[72523]: DEBUG cinder.api.middleware.request_id [None req-87b8e323-358b-414d-be53-538720e120c1 None None] RequestId filter calling following filter/app {{(pid=72523) _context_setter /opt/stack/cinder/cinder/api/middleware/request_id.py:62}}
Apr 13 16:20:45 user devstack@c-api.service[72523]: INFO cinder.api.openstack.wsgi [None req-87b8e323-358b-414d-be53-538720e120c1 tempest-SnapshotMetadataTestJSON-898996839 tempest-SnapshotMetadataTestJSON-898996839-project-member] GET http://10.0.0.210/volume/v3/3e913d2db2364223b34f6ffd407e2ddc/snapshots/3381f326-24d6-43ea-a538-169fe90fbbc4/metadata
Apr 13 16:20:45 user devstack@c-api.service[72523]: DEBUG cinder.api.openstack.wsgi [None req-87b8e323-358b-414d-be53-538720e120c1 tempest-SnapshotMetadataTestJSON-898996839 tempest-SnapshotMetadataTestJSON-898996839-project-member] Empty body provided in request {{(pid=72523) get_body /opt/stack/cinder/cinder/api/openstack/wsgi.py:715}}
Apr 13 16:20:45 user devstack@c-api.service[72523]: DEBUG cinder.api.openstack.wsgi [None req-87b8e323-358b-414d-be53-538720e120c1 tempest-SnapshotMetadataTestJSON-898996839 tempest-SnapshotMetadataTestJSON-898996839-project-member] Calling method 'index' {{(pid=72523) _process_stack /opt/stack/cinder/cinder/api/openstack/wsgi.py:868}}
Apr 13 16:20:45 user devstack@c-api.service[72523]: DEBUG dbcounter [-] [72523] Writing DB stats cinder:SELECT=68,cinder:INSERT=14,cinder:UPDATE=18 {{(pid=72523) stat_writer /usr/local/lib/python3.10/dist-packages/dbcounter.py:117}}
Apr 13 16:20:45 user devstack@c-api.service[72523]: /usr/local/lib/python3.10/dist-packages/oslo_context/context.py:100: DeprecationWarning: Policy enforcement is depending on the value of is_admin. This key is deprecated. Please update your policy file to use the standard policy values.
Apr 13 16:20:45 user devstack@c-api.service[72523]: warnings.warn('Policy enforcement is depending on the value of '
Apr 13 16:20:45 user devstack@c-api.service[72523]: INFO cinder.volume.api [None req-87b8e323-358b-414d-be53-538720e120c1 tempest-SnapshotMetadataTestJSON-898996839 tempest-SnapshotMetadataTestJSON-898996839-project-member] Snapshot retrieved successfully.
Apr 13 16:20:45 user devstack@c-api.service[72523]: INFO cinder.volume.api [None req-87b8e323-358b-414d-be53-538720e120c1 tempest-SnapshotMetadataTestJSON-898996839 tempest-SnapshotMetadataTestJSON-898996839-project-member] Get snapshot metadata completed successfully.
Apr 13 16:20:45 user devstack@c-api.service[72523]: INFO cinder.api.openstack.wsgi [None req-87b8e323-358b-414d-be53-538720e120c1 tempest-SnapshotMetadataTestJSON-898996839 tempest-SnapshotMetadataTestJSON-898996839-project-member] http://10.0.0.210/volume/v3/3e913d2db2364223b34f6ffd407e2ddc/snapshots/3381f326-24d6-43ea-a538-169fe90fbbc4/metadata returned with HTTP 200
Apr 13 16:20:45 user devstack@c-api.service[72523]: [pid: 72523|app: 0|req: 98/284] 10.0.0.210 () {62 vars in 1435 bytes} [Thu Apr 13 16:20:45 2023] GET /volume/v3/3e913d2db2364223b34f6ffd407e2ddc/snapshots/3381f326-24d6-43ea-a538-169fe90fbbc4/metadata => generated 75 bytes in 28 msecs (HTTP/1.1 200) 7 headers in 284 bytes (2 switches on core 0)
Apr 13 16:20:45 user devstack@c-api.service[72523]: DEBUG cinder.api.middleware.request_id [None req-e4a340ca-c5bc-4747-a02d-b8108129086e None None] RequestId filter calling following filter/app {{(pid=72523) _context_setter /opt/stack/cinder/cinder/api/middleware/request_id.py:62}}
Apr 13 16:20:45 user devstack@c-api.service[72524]: INFO cinder.volume.api [None req-53f646ad-ffb3-4dbf-84ae-4c576b43a72c tempest-TestVolumeSwap-2131472698 tempest-TestVolumeSwap-2131472698-project-member] Volume info retrieved successfully.
Apr 13 16:20:45 user devstack@c-api.service[72523]: INFO cinder.api.openstack.wsgi [None req-e4a340ca-c5bc-4747-a02d-b8108129086e tempest-SnapshotMetadataTestJSON-898996839 tempest-SnapshotMetadataTestJSON-898996839-project-member] PUT http://10.0.0.210/volume/v3/3e913d2db2364223b34f6ffd407e2ddc/snapshots/3381f326-24d6-43ea-a538-169fe90fbbc4/metadata
Apr 13 16:20:45 user devstack@c-api.service[72523]: DEBUG cinder.api.openstack.wsgi [None req-e4a340ca-c5bc-4747-a02d-b8108129086e tempest-SnapshotMetadataTestJSON-898996839 tempest-SnapshotMetadataTestJSON-898996839-project-member] Action: 'update_all', calling method: update_all, body: {"metadata": {}} {{(pid=72523) _process_stack /opt/stack/cinder/cinder/api/openstack/wsgi.py:866}}
Apr 13 16:20:45 user devstack@c-api.service[72524]: DEBUG dbcounter [-] [72524] Writing DB stats cinder:SELECT=72,cinder:INSERT=13,cinder:UPDATE=15 {{(pid=72524) stat_writer /usr/local/lib/python3.10/dist-packages/dbcounter.py:117}}
Apr 13 16:20:45 user devstack@c-api.service[72524]: INFO cinder.api.openstack.wsgi [None req-53f646ad-ffb3-4dbf-84ae-4c576b43a72c tempest-TestVolumeSwap-2131472698 tempest-TestVolumeSwap-2131472698-project-member] http://10.0.0.210/volume/v3/dc3e2169a6c44d05b2a2eedbe3a063cb/volumes/62e7747a-651a-4d0a-a763-bfce9c4a3cff returned with HTTP 200
Apr 13 16:20:45 user devstack@c-api.service[72523]: /usr/local/lib/python3.10/dist-packages/oslo_context/context.py:100: DeprecationWarning: Policy enforcement is depending on the value of is_admin. This key is deprecated. Please update your policy file to use the standard policy values.
Apr 13 16:20:45 user devstack@c-api.service[72523]: warnings.warn('Policy enforcement is depending on the value of '
Apr 13 16:20:45 user devstack@c-api.service[72523]: INFO cinder.volume.api [None req-e4a340ca-c5bc-4747-a02d-b8108129086e tempest-SnapshotMetadataTestJSON-898996839 tempest-SnapshotMetadataTestJSON-898996839-project-member] Snapshot retrieved successfully.
Apr 13 16:20:45 user devstack@c-api.service[72524]: [pid: 72524|app: 0|req: 93/285] 10.0.0.210 () {62 vars in 1402 bytes} [Thu Apr 13 16:20:45 2023] GET /volume/v3/dc3e2169a6c44d05b2a2eedbe3a063cb/volumes/62e7747a-651a-4d0a-a763-bfce9c4a3cff => generated 902 bytes in 121 msecs (HTTP/1.1 200) 7 headers in 285 bytes (1 switches on core 0)
Apr 13 16:20:45 user devstack@c-api.service[72522]: DEBUG cinder.volume.api [None req-5b7f306e-f1f9-4651-8f70-f5b96d81d9fd tempest-VolumesListAdminTestJSON-1603251796 tempest-VolumesListAdminTestJSON-1603251796-project-member] Task 'cinder.volume.flows.api.create_volume.EntryCreateTask;volume:create' (46effc09-42c9-4cf7-b951-2b4ae95dd904) transitioned into state 'SUCCESS' from state 'RUNNING' with result '{'volume_id': '3f041448-6f2e-44a8-aaf2-29237aab9b58', 'volume_properties': VolumeProperties(attach_status='detached',availability_zone='nova',cgsnapshot_id=None,consistencygroup_id=None,display_description=None,display_name='tempest-VolumesListAdminTestJSON-Volume-268724446',encryption_key_id=None,group_id=None,group_type_id=,metadata={},multiattach=False,project_id='dd9c7e6d82114672bc513e96f1294add',qos_specs=None,replication_status=,reservations=['8309c0c6-15d3-4ac5-8cee-ee3fc90ce9f8','563b7e6e-8460-4707-a1ca-6d8e4417c4a9','29c0d3e6-2e7e-43ca-84a2-89a5367f1b47','4c7e2cb8-8681-49a8-ab32-cd2ebe6495dd'],size=1,snapshot_id=None,source_replicaid=,source_volid=None,status='creating',user_id='cf8a657fb6b748e9a588e91fd31d3acb',volume_type_id=7f1b3566-9df3-4c3d-b1c8-0e8614814c87), 'volume': Volume(_name_id=None,admin_metadata=,attach_status='detached',availability_zone='nova',bootable=False,cluster=,cluster_name=None,consistencygroup=,consistencygroup_id=None,created_at=2023-04-13T16:20:45Z,deleted=False,deleted_at=None,display_description=None,display_name='tempest-VolumesListAdminTestJSON-Volume-268724446',ec2_id=None,encryption_key_id=None,glance_metadata=,group=,group_id=None,host=None,id=3f041448-6f2e-44a8-aaf2-29237aab9b58,launched_at=None,metadata={},migration_status=None,multiattach=False,previous_status=None,project_id='dd9c7e6d82114672bc513e96f1294add',provider_auth=None,provider_geometry=None,provider_id=None,provider_location=None,replication_driver_data=None,replication_extended_status=None,replication_status=None,scheduled_at=None,service_uuid=None,shared_targets=True,size=1,snapshot_id=None,snapshots=,source_volid=None,status='creating',terminated_at=None,updated_at=None,use_quota=True,user_id='cf8a657fb6b748e9a588e91fd31d3acb',volume_attachment=VolumeAttachmentList,volume_type=VolumeType(7f1b3566-9df3-4c3d-b1c8-0e8614814c87),volume_type_id=7f1b3566-9df3-4c3d-b1c8-0e8614814c87)}' {{(pid=72522) _task_receiver /usr/local/lib/python3.10/dist-packages/taskflow/listeners/logging.py:178}}
Apr 13 16:20:46 user devstack@c-api.service[72522]: DEBUG cinder.volume.api [None req-5b7f306e-f1f9-4651-8f70-f5b96d81d9fd tempest-VolumesListAdminTestJSON-1603251796 tempest-VolumesListAdminTestJSON-1603251796-project-member] Task 'cinder.volume.flows.api.create_volume.QuotaCommitTask;volume:create' (cece4416-4cb4-4887-b9bb-98041e3372ec) transitioned into state 'RUNNING' from state 'PENDING' {{(pid=72522) _task_receiver /usr/local/lib/python3.10/dist-packages/taskflow/listeners/logging.py:190}}
Apr 13 16:20:46 user devstack@c-api.service[72523]: INFO cinder.volume.api [None req-e4a340ca-c5bc-4747-a02d-b8108129086e tempest-SnapshotMetadataTestJSON-898996839 tempest-SnapshotMetadataTestJSON-898996839-project-member] Update snapshot metadata completed successfully.
Apr 13 16:20:46 user devstack@c-api.service[72523]: INFO cinder.api.openstack.wsgi [None req-e4a340ca-c5bc-4747-a02d-b8108129086e tempest-SnapshotMetadataTestJSON-898996839 tempest-SnapshotMetadataTestJSON-898996839-project-member] http://10.0.0.210/volume/v3/3e913d2db2364223b34f6ffd407e2ddc/snapshots/3381f326-24d6-43ea-a538-169fe90fbbc4/metadata returned with HTTP 200
Apr 13 16:20:46 user devstack@c-api.service[72523]: [pid: 72523|app: 0|req: 99/286] 10.0.0.210 () {64 vars in 1455 bytes} [Thu Apr 13 16:20:45 2023] PUT /volume/v3/3e913d2db2364223b34f6ffd407e2ddc/snapshots/3381f326-24d6-43ea-a538-169fe90fbbc4/metadata => generated 16 bytes in 143 msecs (HTTP/1.1 200) 7 headers in 284 bytes (1 switches on core 0)
Apr 13 16:20:46 user devstack@c-api.service[72524]: DEBUG cinder.api.middleware.request_id [None req-abb280c6-18b8-48e7-b502-65c7dcbce441 None None] RequestId filter calling following filter/app {{(pid=72524) _context_setter /opt/stack/cinder/cinder/api/middleware/request_id.py:62}}
Apr 13 16:20:46 user devstack@c-api.service[72524]: INFO cinder.api.openstack.wsgi [None req-abb280c6-18b8-48e7-b502-65c7dcbce441 tempest-SnapshotMetadataTestJSON-898996839 tempest-SnapshotMetadataTestJSON-898996839-project-member] DELETE http://10.0.0.210/volume/v3/3e913d2db2364223b34f6ffd407e2ddc/snapshots/3381f326-24d6-43ea-a538-169fe90fbbc4
Apr 13 16:20:46 user devstack@c-api.service[72524]: DEBUG cinder.api.openstack.wsgi [None req-abb280c6-18b8-48e7-b502-65c7dcbce441 tempest-SnapshotMetadataTestJSON-898996839 tempest-SnapshotMetadataTestJSON-898996839-project-member] Empty body provided in request {{(pid=72524) get_body /opt/stack/cinder/cinder/api/openstack/wsgi.py:715}}
Apr 13 16:20:46 user devstack@c-api.service[72524]: DEBUG cinder.api.openstack.wsgi [None req-abb280c6-18b8-48e7-b502-65c7dcbce441 tempest-SnapshotMetadataTestJSON-898996839 tempest-SnapshotMetadataTestJSON-898996839-project-member] Calling method 'delete' {{(pid=72524) _process_stack /opt/stack/cinder/cinder/api/openstack/wsgi.py:868}}
Apr 13 16:20:46 user devstack@c-api.service[72524]: INFO cinder.api.v2.snapshots [None req-abb280c6-18b8-48e7-b502-65c7dcbce441 tempest-SnapshotMetadataTestJSON-898996839 tempest-SnapshotMetadataTestJSON-898996839-project-member] Delete snapshot with id: 3381f326-24d6-43ea-a538-169fe90fbbc4
Apr 13 16:20:46 user devstack@c-api.service[72524]: /usr/local/lib/python3.10/dist-packages/oslo_context/context.py:100: DeprecationWarning: Policy enforcement is depending on the value of is_admin. This key is deprecated. Please update your policy file to use the standard policy values.
Apr 13 16:20:46 user devstack@c-api.service[72524]: warnings.warn('Policy enforcement is depending on the value of '
Apr 13 16:20:46 user devstack@c-api.service[72522]: DEBUG cinder.volume.api [None req-5b7f306e-f1f9-4651-8f70-f5b96d81d9fd tempest-VolumesListAdminTestJSON-1603251796 tempest-VolumesListAdminTestJSON-1603251796-project-member] Task 'cinder.volume.flows.api.create_volume.QuotaCommitTask;volume:create' (cece4416-4cb4-4887-b9bb-98041e3372ec) transitioned into state 'SUCCESS' from state 'RUNNING' with result '{'volume_properties': VolumeProperties(attach_status='detached',availability_zone='nova',cgsnapshot_id=None,consistencygroup_id=None,display_description=None,display_name='tempest-VolumesListAdminTestJSON-Volume-268724446',encryption_key_id=None,group_id=None,group_type_id=,metadata={},multiattach=False,project_id='dd9c7e6d82114672bc513e96f1294add',qos_specs=None,replication_status=,reservations=['8309c0c6-15d3-4ac5-8cee-ee3fc90ce9f8','563b7e6e-8460-4707-a1ca-6d8e4417c4a9','29c0d3e6-2e7e-43ca-84a2-89a5367f1b47','4c7e2cb8-8681-49a8-ab32-cd2ebe6495dd'],size=1,snapshot_id=None,source_replicaid=,source_volid=None,status='creating',user_id='cf8a657fb6b748e9a588e91fd31d3acb',volume_type_id=7f1b3566-9df3-4c3d-b1c8-0e8614814c87)}' {{(pid=72522) _task_receiver /usr/local/lib/python3.10/dist-packages/taskflow/listeners/logging.py:178}}
Apr 13 16:20:46 user devstack@c-api.service[72524]: INFO cinder.volume.api [None req-abb280c6-18b8-48e7-b502-65c7dcbce441 tempest-SnapshotMetadataTestJSON-898996839 tempest-SnapshotMetadataTestJSON-898996839-project-member] Snapshot retrieved successfully.
Apr 13 16:20:46 user devstack@c-api.service[72522]: DEBUG cinder.volume.api [None req-5b7f306e-f1f9-4651-8f70-f5b96d81d9fd tempest-VolumesListAdminTestJSON-1603251796 tempest-VolumesListAdminTestJSON-1603251796-project-member] Task 'cinder.volume.flows.api.create_volume.VolumeCastTask;volume:create' (19a7a232-392c-4583-b5c0-a8bd83e75263) transitioned into state 'RUNNING' from state 'PENDING' {{(pid=72522) _task_receiver /usr/local/lib/python3.10/dist-packages/taskflow/listeners/logging.py:190}}
Apr 13 16:20:46 user devstack@c-api.service[72522]: DEBUG cinder.volume.api [None req-5b7f306e-f1f9-4651-8f70-f5b96d81d9fd tempest-VolumesListAdminTestJSON-1603251796 tempest-VolumesListAdminTestJSON-1603251796-project-member] Task 'cinder.volume.flows.api.create_volume.VolumeCastTask;volume:create' (19a7a232-392c-4583-b5c0-a8bd83e75263) transitioned into state 'SUCCESS' from state 'RUNNING' with result 'None' {{(pid=72522) _task_receiver /usr/local/lib/python3.10/dist-packages/taskflow/listeners/logging.py:178}}
Apr 13 16:20:46 user devstack@c-api.service[72522]: DEBUG cinder.volume.api [None req-5b7f306e-f1f9-4651-8f70-f5b96d81d9fd tempest-VolumesListAdminTestJSON-1603251796 tempest-VolumesListAdminTestJSON-1603251796-project-member] Flow 'volume_create_api' (506e2686-a9cd-44fe-9a66-efc94755ee27) transitioned into state 'SUCCESS' from state 'RUNNING' {{(pid=72522) _flow_receiver /usr/local/lib/python3.10/dist-packages/taskflow/listeners/logging.py:141}}
Apr 13 16:20:46 user devstack@c-api.service[72522]: INFO cinder.volume.api [None req-5b7f306e-f1f9-4651-8f70-f5b96d81d9fd tempest-VolumesListAdminTestJSON-1603251796 tempest-VolumesListAdminTestJSON-1603251796-project-member] Create volume request issued successfully.
Apr 13 16:20:46 user devstack@c-api.service[72524]: INFO cinder.volume.api [None req-abb280c6-18b8-48e7-b502-65c7dcbce441 tempest-SnapshotMetadataTestJSON-898996839 tempest-SnapshotMetadataTestJSON-898996839-project-member] Snapshot delete request issued successfully.
Apr 13 16:20:46 user devstack@c-api.service[72522]: INFO cinder.api.openstack.wsgi [None req-5b7f306e-f1f9-4651-8f70-f5b96d81d9fd tempest-VolumesListAdminTestJSON-1603251796 tempest-VolumesListAdminTestJSON-1603251796-project-member] http://10.0.0.210/volume/v3/dd9c7e6d82114672bc513e96f1294add/volumes returned with HTTP 202
Apr 13 16:20:46 user devstack@c-api.service[72524]: INFO cinder.api.openstack.wsgi [None req-abb280c6-18b8-48e7-b502-65c7dcbce441 tempest-SnapshotMetadataTestJSON-898996839 tempest-SnapshotMetadataTestJSON-898996839-project-member] http://10.0.0.210/volume/v3/3e913d2db2364223b34f6ffd407e2ddc/snapshots/3381f326-24d6-43ea-a538-169fe90fbbc4 returned with HTTP 202
Apr 13 16:20:46 user devstack@c-api.service[72524]: [pid: 72524|app: 0|req: 94/287] 10.0.0.210 () {62 vars in 1411 bytes} [Thu Apr 13 16:20:46 2023] DELETE /volume/v3/3e913d2db2364223b34f6ffd407e2ddc/snapshots/3381f326-24d6-43ea-a538-169fe90fbbc4 => generated 0 bytes in 79 msecs (HTTP/1.1 202) 6 headers in 233 bytes (1 switches on core 0)
Apr 13 16:20:46 user devstack@c-api.service[72522]: [pid: 72522|app: 0|req: 95/288] 10.0.0.210 () {64 vars in 1312 bytes} [Thu Apr 13 16:20:45 2023] POST /volume/v3/dd9c7e6d82114672bc513e96f1294add/volumes => generated 821 bytes in 496 msecs (HTTP/1.1 202) 7 headers in 291 bytes (1 switches on core 0)
Apr 13 16:20:46 user devstack@c-api.service[72523]: DEBUG cinder.api.middleware.request_id [None req-9596f44e-6599-45ba-972a-3a2fbac56c61 None None] RequestId filter calling following filter/app {{(pid=72523) _context_setter /opt/stack/cinder/cinder/api/middleware/request_id.py:62}}
Apr 13 16:20:46 user devstack@c-api.service[72523]: INFO cinder.api.openstack.wsgi [None req-9596f44e-6599-45ba-972a-3a2fbac56c61 tempest-SnapshotMetadataTestJSON-898996839 tempest-SnapshotMetadataTestJSON-898996839-project-member] GET http://10.0.0.210/volume/v3/3e913d2db2364223b34f6ffd407e2ddc/snapshots/3381f326-24d6-43ea-a538-169fe90fbbc4
Apr 13 16:20:46 user devstack@c-api.service[72523]: DEBUG cinder.api.openstack.wsgi [None req-9596f44e-6599-45ba-972a-3a2fbac56c61 tempest-SnapshotMetadataTestJSON-898996839 tempest-SnapshotMetadataTestJSON-898996839-project-member] Empty body provided in request {{(pid=72523) get_body /opt/stack/cinder/cinder/api/openstack/wsgi.py:715}}
Apr 13 16:20:46 user devstack@c-api.service[72523]: DEBUG cinder.api.openstack.wsgi [None req-9596f44e-6599-45ba-972a-3a2fbac56c61 tempest-SnapshotMetadataTestJSON-898996839 tempest-SnapshotMetadataTestJSON-898996839-project-member] Calling method 'show' {{(pid=72523) _process_stack /opt/stack/cinder/cinder/api/openstack/wsgi.py:868}}
Apr 13 16:20:46 user devstack@c-api.service[72523]: /usr/local/lib/python3.10/dist-packages/oslo_context/context.py:100: DeprecationWarning: Policy enforcement is depending on the value of is_admin. This key is deprecated. Please update your policy file to use the standard policy values.
Apr 13 16:20:46 user devstack@c-api.service[72523]: warnings.warn('Policy enforcement is depending on the value of '
Apr 13 16:20:46 user devstack@c-api.service[72523]: INFO cinder.volume.api [None req-9596f44e-6599-45ba-972a-3a2fbac56c61 tempest-SnapshotMetadataTestJSON-898996839 tempest-SnapshotMetadataTestJSON-898996839-project-member] Snapshot retrieved successfully.
Apr 13 16:20:46 user devstack@c-api.service[72523]: INFO cinder.api.openstack.wsgi [None req-9596f44e-6599-45ba-972a-3a2fbac56c61 tempest-SnapshotMetadataTestJSON-898996839 tempest-SnapshotMetadataTestJSON-898996839-project-member] http://10.0.0.210/volume/v3/3e913d2db2364223b34f6ffd407e2ddc/snapshots/3381f326-24d6-43ea-a538-169fe90fbbc4 returned with HTTP 200
Apr 13 16:20:46 user devstack@c-api.service[72524]: DEBUG cinder.api.middleware.request_id [None req-48294016-d01a-496b-b942-f5b694c33e1d None None] RequestId filter calling following filter/app {{(pid=72524) _context_setter /opt/stack/cinder/cinder/api/middleware/request_id.py:62}}
Apr 13 16:20:46 user devstack@c-api.service[72523]: [pid: 72523|app: 0|req: 100/289] 10.0.0.210 () {62 vars in 1408 bytes} [Thu Apr 13 16:20:46 2023] GET /volume/v3/3e913d2db2364223b34f6ffd407e2ddc/snapshots/3381f326-24d6-43ea-a538-169fe90fbbc4 => generated 469 bytes in 23 msecs (HTTP/1.1 200) 7 headers in 285 bytes (1 switches on core 0)
Apr 13 16:20:46 user devstack@c-api.service[72524]: INFO cinder.api.openstack.wsgi [None req-48294016-d01a-496b-b942-f5b694c33e1d tempest-VolumesListAdminTestJSON-1603251796 tempest-VolumesListAdminTestJSON-1603251796-project-member] GET http://10.0.0.210/volume/v3/dd9c7e6d82114672bc513e96f1294add/volumes/3f041448-6f2e-44a8-aaf2-29237aab9b58
Apr 13 16:20:46 user devstack@c-api.service[72524]: DEBUG cinder.api.openstack.wsgi [None req-48294016-d01a-496b-b942-f5b694c33e1d tempest-VolumesListAdminTestJSON-1603251796 tempest-VolumesListAdminTestJSON-1603251796-project-member] Empty body provided in request {{(pid=72524) get_body /opt/stack/cinder/cinder/api/openstack/wsgi.py:715}}
Apr 13 16:20:46 user devstack@c-api.service[72522]: DEBUG cinder.api.middleware.request_id [None req-1e205f77-f957-4140-a29b-30a6101334cb None None] RequestId filter calling following filter/app {{(pid=72522) _context_setter /opt/stack/cinder/cinder/api/middleware/request_id.py:62}}
Apr 13 16:20:46 user devstack@c-api.service[72524]: DEBUG cinder.api.openstack.wsgi [None req-48294016-d01a-496b-b942-f5b694c33e1d tempest-VolumesListAdminTestJSON-1603251796 tempest-VolumesListAdminTestJSON-1603251796-project-member] Calling method 'show' {{(pid=72524) _process_stack /opt/stack/cinder/cinder/api/openstack/wsgi.py:868}}
Apr 13 16:20:46 user devstack@c-api.service[72522]: INFO cinder.api.openstack.wsgi [None req-1e205f77-f957-4140-a29b-30a6101334cb tempest-TaggedBootDevicesTest_v242-1193811043 tempest-TaggedBootDevicesTest_v242-1193811043-project-member] GET http://10.0.0.210/volume/v3/7649e366b0164e2fa5b3faa0830b6ea6/volumes/84c7f6ad-d2c2-465a-b39e-47347aa85be0
Apr 13 16:20:46 user devstack@c-api.service[72522]: DEBUG cinder.api.openstack.wsgi [None req-1e205f77-f957-4140-a29b-30a6101334cb tempest-TaggedBootDevicesTest_v242-1193811043 tempest-TaggedBootDevicesTest_v242-1193811043-project-member] Empty body provided in request {{(pid=72522) get_body /opt/stack/cinder/cinder/api/openstack/wsgi.py:715}}
Apr 13 16:20:46 user devstack@c-api.service[72522]: DEBUG cinder.api.openstack.wsgi [None req-1e205f77-f957-4140-a29b-30a6101334cb tempest-TaggedBootDevicesTest_v242-1193811043 tempest-TaggedBootDevicesTest_v242-1193811043-project-member] Calling method 'show' {{(pid=72522) _process_stack /opt/stack/cinder/cinder/api/openstack/wsgi.py:868}}
Apr 13 16:20:46 user devstack@c-api.service[72522]: /usr/local/lib/python3.10/dist-packages/oslo_context/context.py:100: DeprecationWarning: Policy enforcement is depending on the value of is_admin. This key is deprecated. Please update your policy file to use the standard policy values.
Apr 13 16:20:46 user devstack@c-api.service[72522]: warnings.warn('Policy enforcement is depending on the value of '
Apr 13 16:20:46 user devstack@c-api.service[72522]: INFO cinder.volume.api [None req-1e205f77-f957-4140-a29b-30a6101334cb tempest-TaggedBootDevicesTest_v242-1193811043 tempest-TaggedBootDevicesTest_v242-1193811043-project-member] Volume info retrieved successfully.
Apr 13 16:20:46 user devstack@c-api.service[72524]: /usr/local/lib/python3.10/dist-packages/oslo_context/context.py:100: DeprecationWarning: Policy enforcement is depending on the value of is_admin. This key is deprecated. Please update your policy file to use the standard policy values.
Apr 13 16:20:46 user devstack@c-api.service[72524]: warnings.warn('Policy enforcement is depending on the value of '
Apr 13 16:20:46 user devstack@c-api.service[72522]: INFO cinder.api.openstack.wsgi [None req-1e205f77-f957-4140-a29b-30a6101334cb tempest-TaggedBootDevicesTest_v242-1193811043 tempest-TaggedBootDevicesTest_v242-1193811043-project-member] http://10.0.0.210/volume/v3/7649e366b0164e2fa5b3faa0830b6ea6/volumes/84c7f6ad-d2c2-465a-b39e-47347aa85be0 returned with HTTP 200
Apr 13 16:20:46 user devstack@c-api.service[72522]: [pid: 72522|app: 0|req: 96/290] 10.0.0.210 () {62 vars in 1402 bytes} [Thu Apr 13 16:20:46 2023] GET /volume/v3/7649e366b0164e2fa5b3faa0830b6ea6/volumes/84c7f6ad-d2c2-465a-b39e-47347aa85be0 => generated 976 bytes in 53 msecs (HTTP/1.1 200) 7 headers in 285 bytes (2 switches on core 0)
Apr 13 16:20:46 user devstack@c-api.service[72524]: INFO cinder.volume.api [None req-48294016-d01a-496b-b942-f5b694c33e1d tempest-VolumesListAdminTestJSON-1603251796 tempest-VolumesListAdminTestJSON-1603251796-project-member] Volume info retrieved successfully.
Apr 13 16:20:46 user devstack@c-api.service[72524]: INFO cinder.api.openstack.wsgi [None req-48294016-d01a-496b-b942-f5b694c33e1d tempest-VolumesListAdminTestJSON-1603251796 tempest-VolumesListAdminTestJSON-1603251796-project-member] http://10.0.0.210/volume/v3/dd9c7e6d82114672bc513e96f1294add/volumes/3f041448-6f2e-44a8-aaf2-29237aab9b58 returned with HTTP 200
Apr 13 16:20:46 user devstack@c-api.service[72524]: [pid: 72524|app: 0|req: 95/291] 10.0.0.210 () {62 vars in 1402 bytes} [Thu Apr 13 16:20:46 2023] GET /volume/v3/dd9c7e6d82114672bc513e96f1294add/volumes/3f041448-6f2e-44a8-aaf2-29237aab9b58 => generated 889 bytes in 94 msecs (HTTP/1.1 200) 7 headers in 285 bytes (1 switches on core 0)
Apr 13 16:20:46 user devstack@c-api.service[72522]: DEBUG cinder.api.middleware.request_id [None req-73ee2ccb-081c-4cb5-84cb-9e666a744c93 None None] RequestId filter calling following filter/app {{(pid=72522) _context_setter /opt/stack/cinder/cinder/api/middleware/request_id.py:62}}
Apr 13 16:20:46 user devstack@c-api.service[72523]: DEBUG cinder.api.middleware.request_id [None req-1ffaa8ad-79ad-4d54-b4ae-2b766031f633 None None] RequestId filter calling following filter/app {{(pid=72523) _context_setter /opt/stack/cinder/cinder/api/middleware/request_id.py:62}}
Apr 13 16:20:46 user devstack@c-api.service[72522]: INFO cinder.api.openstack.wsgi [None req-73ee2ccb-081c-4cb5-84cb-9e666a744c93 tempest-GroupsTest-1744988626 tempest-GroupsTest-1744988626-project-member] GET http://10.0.0.210/volume/v3/967084b95fec4912903ef00b3adb9cd3/volumes/76653d68-e1e9-4a1c-a33c-21702f42cccb
Apr 13 16:20:46 user devstack@c-api.service[72522]: DEBUG cinder.api.openstack.wsgi [None req-73ee2ccb-081c-4cb5-84cb-9e666a744c93 tempest-GroupsTest-1744988626 tempest-GroupsTest-1744988626-project-member] Empty body provided in request {{(pid=72522) get_body /opt/stack/cinder/cinder/api/openstack/wsgi.py:715}}
Apr 13 16:20:46 user devstack@c-api.service[72522]: DEBUG cinder.api.openstack.wsgi [None req-73ee2ccb-081c-4cb5-84cb-9e666a744c93 tempest-GroupsTest-1744988626 tempest-GroupsTest-1744988626-project-member] Calling method 'show' {{(pid=72522) _process_stack /opt/stack/cinder/cinder/api/openstack/wsgi.py:868}}
Apr 13 16:20:46 user devstack@c-api.service[72523]: INFO cinder.api.openstack.wsgi [None req-1ffaa8ad-79ad-4d54-b4ae-2b766031f633 tempest-TaggedBootDevicesTest-1779812468 tempest-TaggedBootDevicesTest-1779812468-project-member] GET http://10.0.0.210/volume/v3/bbe4e9fb786d4015b035b4d00f75a1ba/volumes/48af37b0-6938-432e-b374-d992c4dd9ae9
Apr 13 16:20:46 user devstack@c-api.service[72523]: DEBUG cinder.api.openstack.wsgi [None req-1ffaa8ad-79ad-4d54-b4ae-2b766031f633 tempest-TaggedBootDevicesTest-1779812468 tempest-TaggedBootDevicesTest-1779812468-project-member] Empty body provided in request {{(pid=72523) get_body /opt/stack/cinder/cinder/api/openstack/wsgi.py:715}}
Apr 13 16:20:46 user devstack@c-api.service[72523]: DEBUG cinder.api.openstack.wsgi [None req-1ffaa8ad-79ad-4d54-b4ae-2b766031f633 tempest-TaggedBootDevicesTest-1779812468 tempest-TaggedBootDevicesTest-1779812468-project-member] Calling method 'show' {{(pid=72523) _process_stack /opt/stack/cinder/cinder/api/openstack/wsgi.py:868}}
Apr 13 16:20:46 user devstack@c-api.service[72522]: /usr/local/lib/python3.10/dist-packages/oslo_context/context.py:100: DeprecationWarning: Policy enforcement is depending on the value of is_admin. This key is deprecated. Please update your policy file to use the standard policy values.
Apr 13 16:20:46 user devstack@c-api.service[72522]: warnings.warn('Policy enforcement is depending on the value of '
Apr 13 16:20:46 user devstack@c-api.service[72522]: INFO cinder.volume.api [None req-73ee2ccb-081c-4cb5-84cb-9e666a744c93 tempest-GroupsTest-1744988626 tempest-GroupsTest-1744988626-project-member] Volume info retrieved successfully.
Apr 13 16:20:46 user devstack@c-api.service[72522]: WARNING stevedore.named [None req-73ee2ccb-081c-4cb5-84cb-9e666a744c93 tempest-GroupsTest-1744988626 tempest-GroupsTest-1744988626-project-member] Could not load cinder.keymgr.conf_key_mgr.ConfKeyManager
Apr 13 16:20:46 user devstack@c-api.service[72522]: WARNING castellan.key_manager [None req-73ee2ccb-081c-4cb5-84cb-9e666a744c93 tempest-GroupsTest-1744988626 tempest-GroupsTest-1744988626-project-member] Deprecation Warning : cinder.keymgr.conf_key_mgr.ConfKeyManager is not a stevedore based driver, trying to load it as a class: stevedore.exception.NoMatches: No 'castellan.drivers' driver found, looking for 'cinder.keymgr.conf_key_mgr.ConfKeyManager'
Apr 13 16:20:46 user devstack@c-api.service[72523]: /usr/local/lib/python3.10/dist-packages/oslo_context/context.py:100: DeprecationWarning: Policy enforcement is depending on the value of is_admin. This key is deprecated. Please update your policy file to use the standard policy values.
Apr 13 16:20:46 user devstack@c-api.service[72523]: warnings.warn('Policy enforcement is depending on the value of '
Apr 13 16:20:46 user devstack@c-api.service[72522]: DEBUG oslo_db.sqlalchemy.engines [None req-73ee2ccb-081c-4cb5-84cb-9e666a744c93 tempest-GroupsTest-1744988626 tempest-GroupsTest-1744988626-project-member] MySQL server mode set to STRICT_TRANS_TABLES,STRICT_ALL_TABLES,NO_ZERO_IN_DATE,NO_ZERO_DATE,ERROR_FOR_DIVISION_BY_ZERO,TRADITIONAL,NO_ENGINE_SUBSTITUTION {{(pid=72522) _check_effective_sql_mode /usr/local/lib/python3.10/dist-packages/oslo_db/sqlalchemy/engines.py:335}}
Apr 13 16:20:46 user devstack@c-api.service[72523]: INFO cinder.volume.api [None req-1ffaa8ad-79ad-4d54-b4ae-2b766031f633 tempest-TaggedBootDevicesTest-1779812468 tempest-TaggedBootDevicesTest-1779812468-project-member] Volume info retrieved successfully.
Apr 13 16:20:46 user devstack@c-api.service[72522]: /usr/local/lib/python3.10/dist-packages/oslo_context/context.py:100: DeprecationWarning: Policy enforcement is depending on the value of is_admin. This key is deprecated. Please update your policy file to use the standard policy values.
Apr 13 16:20:46 user devstack@c-api.service[72522]: warnings.warn('Policy enforcement is depending on the value of '
Apr 13 16:20:46 user devstack@c-api.service[72522]: INFO cinder.api.openstack.wsgi [None req-73ee2ccb-081c-4cb5-84cb-9e666a744c93 tempest-GroupsTest-1744988626 tempest-GroupsTest-1744988626-project-member] http://10.0.0.210/volume/v3/967084b95fec4912903ef00b3adb9cd3/volumes/76653d68-e1e9-4a1c-a33c-21702f42cccb returned with HTTP 200
Apr 13 16:20:46 user devstack@c-api.service[72522]: [pid: 72522|app: 0|req: 97/292] 10.0.0.210 () {64 vars in 1443 bytes} [Thu Apr 13 16:20:46 2023] GET /volume/v3/967084b95fec4912903ef00b3adb9cd3/volumes/76653d68-e1e9-4a1c-a33c-21702f42cccb => generated 971 bytes in 101 msecs (HTTP/1.1 200) 7 headers in 286 bytes (1 switches on core 0)
Apr 13 16:20:46 user devstack@c-api.service[72523]: INFO cinder.api.openstack.wsgi [None req-1ffaa8ad-79ad-4d54-b4ae-2b766031f633 tempest-TaggedBootDevicesTest-1779812468 tempest-TaggedBootDevicesTest-1779812468-project-member] http://10.0.0.210/volume/v3/bbe4e9fb786d4015b035b4d00f75a1ba/volumes/48af37b0-6938-432e-b374-d992c4dd9ae9 returned with HTTP 200
Apr 13 16:20:46 user devstack@c-api.service[72523]: [pid: 72523|app: 0|req: 101/293] 10.0.0.210 () {62 vars in 1402 bytes} [Thu Apr 13 16:20:46 2023] GET /volume/v3/bbe4e9fb786d4015b035b4d00f75a1ba/volumes/48af37b0-6938-432e-b374-d992c4dd9ae9 => generated 911 bytes in 177 msecs (HTTP/1.1 200) 7 headers in 285 bytes (1 switches on core 0)
Apr 13 16:20:47 user devstack@c-api.service[72524]: DEBUG cinder.api.middleware.request_id [None req-6180ddd7-0673-48eb-9f27-cf79e408d750 None None] RequestId filter calling following filter/app {{(pid=72524) _context_setter /opt/stack/cinder/cinder/api/middleware/request_id.py:62}}
Apr 13 16:20:47 user devstack@c-api.service[72524]: INFO cinder.api.openstack.wsgi [None req-6180ddd7-0673-48eb-9f27-cf79e408d750 tempest-TestVolumeSwap-2131472698 tempest-TestVolumeSwap-2131472698-project-member] GET http://10.0.0.210/volume/v3/dc3e2169a6c44d05b2a2eedbe3a063cb/volumes/62e7747a-651a-4d0a-a763-bfce9c4a3cff
Apr 13 16:20:47 user devstack@c-api.service[72524]: DEBUG cinder.api.openstack.wsgi [None req-6180ddd7-0673-48eb-9f27-cf79e408d750 tempest-TestVolumeSwap-2131472698 tempest-TestVolumeSwap-2131472698-project-member] Empty body provided in request {{(pid=72524) get_body /opt/stack/cinder/cinder/api/openstack/wsgi.py:715}}
Apr 13 16:20:47 user devstack@c-api.service[72524]: DEBUG cinder.api.openstack.wsgi [None req-6180ddd7-0673-48eb-9f27-cf79e408d750 tempest-TestVolumeSwap-2131472698 tempest-TestVolumeSwap-2131472698-project-member] Calling method 'show' {{(pid=72524) _process_stack /opt/stack/cinder/cinder/api/openstack/wsgi.py:868}}
Apr 13 16:20:47 user devstack@c-api.service[72524]: /usr/local/lib/python3.10/dist-packages/oslo_context/context.py:100: DeprecationWarning: Policy enforcement is depending on the value of is_admin. This key is deprecated. Please update your policy file to use the standard policy values.
Apr 13 16:20:47 user devstack@c-api.service[72524]: warnings.warn('Policy enforcement is depending on the value of '
Apr 13 16:20:47 user devstack@c-api.service[72524]: INFO cinder.volume.api [None req-6180ddd7-0673-48eb-9f27-cf79e408d750 tempest-TestVolumeSwap-2131472698 tempest-TestVolumeSwap-2131472698-project-member] Volume info retrieved successfully.
Apr 13 16:20:47 user devstack@c-api.service[72524]: INFO cinder.api.openstack.wsgi [None req-6180ddd7-0673-48eb-9f27-cf79e408d750 tempest-TestVolumeSwap-2131472698 tempest-TestVolumeSwap-2131472698-project-member] http://10.0.0.210/volume/v3/dc3e2169a6c44d05b2a2eedbe3a063cb/volumes/62e7747a-651a-4d0a-a763-bfce9c4a3cff returned with HTTP 200
Apr 13 16:20:47 user devstack@c-api.service[72524]: [pid: 72524|app: 0|req: 96/294] 10.0.0.210 () {62 vars in 1402 bytes} [Thu Apr 13 16:20:47 2023] GET /volume/v3/dc3e2169a6c44d05b2a2eedbe3a063cb/volumes/62e7747a-651a-4d0a-a763-bfce9c4a3cff => generated 903 bytes in 44 msecs (HTTP/1.1 200) 7 headers in 285 bytes (1 switches on core 0)
Apr 13 16:20:47 user devstack@c-api.service[72522]: DEBUG cinder.api.middleware.request_id [None req-316f8dc1-ac0e-4cfb-99ac-1c37e3211913 None None] RequestId filter calling following filter/app {{(pid=72522) _context_setter /opt/stack/cinder/cinder/api/middleware/request_id.py:62}}
Apr 13 16:20:47 user devstack@c-api.service[72522]: INFO cinder.api.openstack.wsgi [None req-316f8dc1-ac0e-4cfb-99ac-1c37e3211913 tempest-TestVolumeSwap-2131472698 tempest-TestVolumeSwap-2131472698-project-member] POST http://10.0.0.210/volume/v3/dc3e2169a6c44d05b2a2eedbe3a063cb/volumes
Apr 13 16:20:47 user devstack@c-api.service[72522]: DEBUG cinder.api.openstack.wsgi [None req-316f8dc1-ac0e-4cfb-99ac-1c37e3211913 tempest-TestVolumeSwap-2131472698 tempest-TestVolumeSwap-2131472698-project-member] Action: 'create', calling method: create, body: {"volume": {"size": 1, "display_name": "tempest-TestVolumeSwap-volume-181665818"}} {{(pid=72522) _process_stack /opt/stack/cinder/cinder/api/openstack/wsgi.py:866}}
Apr 13 16:20:47 user devstack@c-api.service[72522]: DEBUG cinder.api.v3.volumes [None req-316f8dc1-ac0e-4cfb-99ac-1c37e3211913 tempest-TestVolumeSwap-2131472698 tempest-TestVolumeSwap-2131472698-project-member] Create volume request body: {'volume': {'size': 1, 'display_name': 'tempest-TestVolumeSwap-volume-181665818'}} {{(pid=72522) create /opt/stack/cinder/cinder/api/v3/volumes.py:297}}
Apr 13 16:20:47 user devstack@c-api.service[72522]: INFO cinder.api.v3.volumes [None req-316f8dc1-ac0e-4cfb-99ac-1c37e3211913 tempest-TestVolumeSwap-2131472698 tempest-TestVolumeSwap-2131472698-project-member] Create volume of 1 GB
Apr 13 16:20:47 user devstack@c-api.service[72522]: INFO cinder.volume.api [None req-316f8dc1-ac0e-4cfb-99ac-1c37e3211913 tempest-TestVolumeSwap-2131472698 tempest-TestVolumeSwap-2131472698-project-member] Availability Zones retrieved successfully.
Apr 13 16:20:47 user devstack@c-api.service[72522]: DEBUG cinder.volume.api [None req-316f8dc1-ac0e-4cfb-99ac-1c37e3211913 tempest-TestVolumeSwap-2131472698 tempest-TestVolumeSwap-2131472698-project-member] Flow 'volume_create_api' (a28f3dc8-c786-46a1-9e3a-47253bc84747) transitioned into state 'RUNNING' from state 'PENDING' {{(pid=72522) _flow_receiver /usr/local/lib/python3.10/dist-packages/taskflow/listeners/logging.py:141}}
Apr 13 16:20:47 user devstack@c-api.service[72522]: DEBUG cinder.volume.api [None req-316f8dc1-ac0e-4cfb-99ac-1c37e3211913 tempest-TestVolumeSwap-2131472698 tempest-TestVolumeSwap-2131472698-project-member] Task 'cinder.volume.flows.api.create_volume.ExtractVolumeRequestTask;volume:create' (61446c25-3193-4afa-8ff9-ae2304368a58) transitioned into state 'RUNNING' from state 'PENDING' {{(pid=72522) _task_receiver /usr/local/lib/python3.10/dist-packages/taskflow/listeners/logging.py:190}}
Apr 13 16:20:47 user devstack@c-api.service[72522]: DEBUG cinder.volume.flows.api.create_volume [None req-316f8dc1-ac0e-4cfb-99ac-1c37e3211913 tempest-TestVolumeSwap-2131472698 tempest-TestVolumeSwap-2131472698-project-member] Validating volume size '1' using validate_int {{(pid=72522) _extract_size /opt/stack/cinder/cinder/volume/flows/api/create_volume.py:228}}
Apr 13 16:20:47 user devstack@c-api.service[72523]: DEBUG cinder.api.middleware.request_id [None req-26541331-bb2f-4b4f-a6c9-f2113be7c99e None None] RequestId filter calling following filter/app {{(pid=72523) _context_setter /opt/stack/cinder/cinder/api/middleware/request_id.py:62}}
Apr 13 16:20:47 user devstack@c-api.service[72523]: INFO cinder.api.openstack.wsgi [None req-26541331-bb2f-4b4f-a6c9-f2113be7c99e tempest-SnapshotMetadataTestJSON-898996839 tempest-SnapshotMetadataTestJSON-898996839-project-member] GET http://10.0.0.210/volume/v3/3e913d2db2364223b34f6ffd407e2ddc/snapshots/3381f326-24d6-43ea-a538-169fe90fbbc4
Apr 13 16:20:47 user devstack@c-api.service[72523]: DEBUG cinder.api.openstack.wsgi [None req-26541331-bb2f-4b4f-a6c9-f2113be7c99e tempest-SnapshotMetadataTestJSON-898996839 tempest-SnapshotMetadataTestJSON-898996839-project-member] Empty body provided in request {{(pid=72523) get_body /opt/stack/cinder/cinder/api/openstack/wsgi.py:715}}
Apr 13 16:20:47 user devstack@c-api.service[72523]: DEBUG cinder.api.openstack.wsgi [None req-26541331-bb2f-4b4f-a6c9-f2113be7c99e tempest-SnapshotMetadataTestJSON-898996839 tempest-SnapshotMetadataTestJSON-898996839-project-member] Calling method 'show' {{(pid=72523) _process_stack /opt/stack/cinder/cinder/api/openstack/wsgi.py:868}}
Apr 13 16:20:47 user devstack@c-api.service[72522]: DEBUG cinder.volume.api [None req-316f8dc1-ac0e-4cfb-99ac-1c37e3211913 tempest-TestVolumeSwap-2131472698 tempest-TestVolumeSwap-2131472698-project-member] Task 'cinder.volume.flows.api.create_volume.ExtractVolumeRequestTask;volume:create' (61446c25-3193-4afa-8ff9-ae2304368a58) transitioned into state 'SUCCESS' from state 'RUNNING' with result '{'size': 1, 'snapshot_id': None, 'source_volid': None, 'volume_type': VolumeType(created_at=2023-04-13T16:16:18Z,deleted=False,deleted_at=None,description=None,extra_specs={volume_backend_name='joviandss-2'},id=7f1b3566-9df3-4c3d-b1c8-0e8614814c87,is_public=True,name='joviandss-2',projects=[],qos_specs=,qos_specs_id=None,updated_at=None), 'volume_type_id': '7f1b3566-9df3-4c3d-b1c8-0e8614814c87', 'encryption_key_id': None, 'qos_specs': None, 'consistencygroup_id': None, 'cgsnapshot_id': None, 'group_id': None, 'replication_status': 'disabled', 'refresh_az': False, 'backup_id': None, 'multiattach': False, 'availability_zones': ['nova']}' {{(pid=72522) _task_receiver /usr/local/lib/python3.10/dist-packages/taskflow/listeners/logging.py:178}}
Apr 13 16:20:47 user devstack@c-api.service[72522]: DEBUG cinder.volume.api [None req-316f8dc1-ac0e-4cfb-99ac-1c37e3211913 tempest-TestVolumeSwap-2131472698 tempest-TestVolumeSwap-2131472698-project-member] Task 'cinder.volume.flows.api.create_volume.QuotaReserveTask;volume:create' (3d789b6d-b00f-4884-995c-a4dc672d65de) transitioned into state 'RUNNING' from state 'PENDING' {{(pid=72522) _task_receiver /usr/local/lib/python3.10/dist-packages/taskflow/listeners/logging.py:190}}
Apr 13 16:20:47 user devstack@c-api.service[72523]: /usr/local/lib/python3.10/dist-packages/oslo_context/context.py:100: DeprecationWarning: Policy enforcement is depending on the value of is_admin. This key is deprecated. Please update your policy file to use the standard policy values.
Apr 13 16:20:47 user devstack@c-api.service[72523]: warnings.warn('Policy enforcement is depending on the value of '
Apr 13 16:20:47 user devstack@c-api.service[72523]: INFO cinder.volume.api [None req-26541331-bb2f-4b4f-a6c9-f2113be7c99e tempest-SnapshotMetadataTestJSON-898996839 tempest-SnapshotMetadataTestJSON-898996839-project-member] Snapshot retrieved successfully.
Apr 13 16:20:47 user devstack@c-api.service[72523]: INFO cinder.api.openstack.wsgi [None req-26541331-bb2f-4b4f-a6c9-f2113be7c99e tempest-SnapshotMetadataTestJSON-898996839 tempest-SnapshotMetadataTestJSON-898996839-project-member] http://10.0.0.210/volume/v3/3e913d2db2364223b34f6ffd407e2ddc/snapshots/3381f326-24d6-43ea-a538-169fe90fbbc4 returned with HTTP 200
Apr 13 16:20:47 user devstack@c-api.service[72523]: [pid: 72523|app: 0|req: 102/295] 10.0.0.210 () {62 vars in 1408 bytes} [Thu Apr 13 16:20:47 2023] GET /volume/v3/3e913d2db2364223b34f6ffd407e2ddc/snapshots/3381f326-24d6-43ea-a538-169fe90fbbc4 => generated 469 bytes in 22 msecs (HTTP/1.1 200) 7 headers in 285 bytes (1 switches on core 0)
Apr 13 16:20:47 user devstack@c-api.service[72524]: DEBUG cinder.api.middleware.request_id [None req-8fe7eca7-5157-422c-8498-519869faba02 None None] RequestId filter calling following filter/app {{(pid=72524) _context_setter /opt/stack/cinder/cinder/api/middleware/request_id.py:62}}
Apr 13 16:20:47 user devstack@c-api.service[72524]: INFO cinder.api.openstack.wsgi [None req-8fe7eca7-5157-422c-8498-519869faba02 tempest-TaggedBootDevicesTest_v242-1193811043 tempest-TaggedBootDevicesTest_v242-1193811043-project-member] GET http://10.0.0.210/volume/v3/7649e366b0164e2fa5b3faa0830b6ea6/volumes/84c7f6ad-d2c2-465a-b39e-47347aa85be0
Apr 13 16:20:47 user devstack@c-api.service[72524]: DEBUG cinder.api.openstack.wsgi [None req-8fe7eca7-5157-422c-8498-519869faba02 tempest-TaggedBootDevicesTest_v242-1193811043 tempest-TaggedBootDevicesTest_v242-1193811043-project-member] Empty body provided in request {{(pid=72524) get_body /opt/stack/cinder/cinder/api/openstack/wsgi.py:715}}
Apr 13 16:20:47 user devstack@c-api.service[72524]: DEBUG cinder.api.openstack.wsgi [None req-8fe7eca7-5157-422c-8498-519869faba02 tempest-TaggedBootDevicesTest_v242-1193811043 tempest-TaggedBootDevicesTest_v242-1193811043-project-member] Calling method 'show' {{(pid=72524) _process_stack /opt/stack/cinder/cinder/api/openstack/wsgi.py:868}}
Apr 13 16:20:47 user devstack@c-api.service[72522]: DEBUG dbcounter [-] [72522] Writing DB stats cinder:SELECT=81,cinder:INSERT=7,cinder:UPDATE=12 {{(pid=72522) stat_writer /usr/local/lib/python3.10/dist-packages/dbcounter.py:117}}
Apr 13 16:20:47 user devstack@c-api.service[72523]: DEBUG cinder.api.middleware.request_id [None req-71802ccf-bf8b-43ed-b821-98dab238c053 None None] RequestId filter calling following filter/app {{(pid=72523) _context_setter /opt/stack/cinder/cinder/api/middleware/request_id.py:62}}
Apr 13 16:20:47 user devstack@c-api.service[72523]: INFO cinder.api.openstack.wsgi [None req-71802ccf-bf8b-43ed-b821-98dab238c053 tempest-VolumesListAdminTestJSON-1603251796 tempest-VolumesListAdminTestJSON-1603251796-project-member] GET http://10.0.0.210/volume/v3/dd9c7e6d82114672bc513e96f1294add/volumes/3f041448-6f2e-44a8-aaf2-29237aab9b58
Apr 13 16:20:47 user devstack@c-api.service[72524]: /usr/local/lib/python3.10/dist-packages/oslo_context/context.py:100: DeprecationWarning: Policy enforcement is depending on the value of is_admin. This key is deprecated. Please update your policy file to use the standard policy values.
Apr 13 16:20:47 user devstack@c-api.service[72524]: warnings.warn('Policy enforcement is depending on the value of '
Apr 13 16:20:47 user devstack@c-api.service[72523]: DEBUG cinder.api.openstack.wsgi [None req-71802ccf-bf8b-43ed-b821-98dab238c053 tempest-VolumesListAdminTestJSON-1603251796 tempest-VolumesListAdminTestJSON-1603251796-project-member] Empty body provided in request {{(pid=72523) get_body /opt/stack/cinder/cinder/api/openstack/wsgi.py:715}}
Apr 13 16:20:47 user devstack@c-api.service[72523]: DEBUG cinder.api.openstack.wsgi [None req-71802ccf-bf8b-43ed-b821-98dab238c053 tempest-VolumesListAdminTestJSON-1603251796 tempest-VolumesListAdminTestJSON-1603251796-project-member] Calling method 'show' {{(pid=72523) _process_stack /opt/stack/cinder/cinder/api/openstack/wsgi.py:868}}
Apr 13 16:20:47 user devstack@c-api.service[72524]: INFO cinder.volume.api [None req-8fe7eca7-5157-422c-8498-519869faba02 tempest-TaggedBootDevicesTest_v242-1193811043 tempest-TaggedBootDevicesTest_v242-1193811043-project-member] Volume info retrieved successfully.
Apr 13 16:20:47 user devstack@c-api.service[72523]: /usr/local/lib/python3.10/dist-packages/oslo_context/context.py:100: DeprecationWarning: Policy enforcement is depending on the value of is_admin. This key is deprecated. Please update your policy file to use the standard policy values.
Apr 13 16:20:47 user devstack@c-api.service[72523]: warnings.warn('Policy enforcement is depending on the value of '
Apr 13 16:20:47 user devstack@c-api.service[72524]: INFO cinder.api.openstack.wsgi [None req-8fe7eca7-5157-422c-8498-519869faba02 tempest-TaggedBootDevicesTest_v242-1193811043 tempest-TaggedBootDevicesTest_v242-1193811043-project-member] http://10.0.0.210/volume/v3/7649e366b0164e2fa5b3faa0830b6ea6/volumes/84c7f6ad-d2c2-465a-b39e-47347aa85be0 returned with HTTP 200
