Apr 13 16:16:11 user devstack@n-api.service[62054]: [pid: 62054|app: 0|req: 5/11] 10.0.0.210 () {64 vars in 1276 bytes} [Thu Apr 13 16:16:11 2023] POST /compute/v2.1/flavors => generated 402 bytes in 59 msecs (HTTP/1.1 200) 9 headers in 359 bytes (1 switches on core 0)
Apr 13 16:16:11 user devstack@n-api.service[62055]: DEBUG nova.api.openstack.wsgi [None req-9258a39c-812b-4e83-9272-56c52c4dcd72 admin admin] Action: 'create', calling method: >, body: {"extra_specs": {"hw_rng:allowed": "True"}} {{(pid=62055) _process_stack /opt/stack/nova/nova/api/openstack/wsgi.py:511}}
Apr 13 16:16:11 user devstack@n-api.service[62055]: INFO nova.api.openstack.requestlog [None req-9258a39c-812b-4e83-9272-56c52c4dcd72 admin admin] 10.0.0.210 "POST /compute/v2.1/flavors/d2/os-extra_specs" status: 200 len: 43 microversion: 2.61 time: 0.029055
Apr 13 16:16:11 user devstack@n-api.service[62055]: [pid: 62055|app: 0|req: 4/12] 10.0.0.210 () {64 vars in 1329 bytes} [Thu Apr 13 16:16:11 2023] POST /compute/v2.1/flavors/d2/os-extra_specs => generated 43 bytes in 30 msecs (HTTP/1.1 200) 9 headers in 358 bytes (1 switches on core 0)
Apr 13 16:16:13 user devstack@n-api.service[62053]: DEBUG nova.api.openstack.wsgi [None req-c410498d-38c2-4bf1-bfe4-78f2f1fc2bcd None None] Calling method '>' {{(pid=62053) _process_stack /opt/stack/nova/nova/api/openstack/wsgi.py:513}}
Apr 13 16:16:13 user devstack@n-api.service[62053]: INFO nova.api.openstack.requestlog [None req-c410498d-38c2-4bf1-bfe4-78f2f1fc2bcd None None] 10.0.0.210 "GET /compute/v2.1" status: 200 len: 387 microversion: 2.1 time: 0.001461
Apr 13 16:16:13 user devstack@n-api.service[62053]: [pid: 62053|app: 0|req: 4/13] 10.0.0.210 () {54 vars in 924 bytes} [Thu Apr 13 16:16:13 2023] GET /compute/v2.1 => generated 387 bytes in 2 msecs (HTTP/1.1 200) 9 headers in 357 bytes (1 switches on core 0)
Apr 13 16:16:13 user devstack@n-api.service[62054]: DEBUG nova.api.openstack.wsgi [None req-4115f31e-db0f-4d5d-9906-f01685a0a65e admin admin] Action: 'create', calling method: >, body: {"flavor": {"os-flavor-access:is_public": true, "id": "d3", "rxtx_factor": 1.0, "name": "ds2G", "vcpus": 2, "ram": 2048, "disk": 10, "OS-FLV-EXT-DATA:ephemeral": 0, "swap": 0}} {{(pid=62054) _process_stack /opt/stack/nova/nova/api/openstack/wsgi.py:511}}
Apr 13 16:16:13 user devstack@n-api.service[62054]: INFO nova.api.openstack.requestlog [None req-4115f31e-db0f-4d5d-9906-f01685a0a65e admin admin] 10.0.0.210 "POST /compute/v2.1/flavors" status: 200 len: 402 microversion: 2.61 time: 0.058875
Apr 13 16:16:13 user devstack@n-api.service[62054]: [pid: 62054|app: 0|req: 6/14] 10.0.0.210 () {64 vars in 1276 bytes} [Thu Apr 13 16:16:13 2023] POST /compute/v2.1/flavors => generated 402 bytes in 60 msecs (HTTP/1.1 200) 9 headers in 359 bytes (1 switches on core 0)
Apr 13 16:16:13 user devstack@n-api.service[62055]: DEBUG nova.api.openstack.wsgi [None req-3c75c9c1-a40d-4d77-aa37-289c59833ee1 admin admin] Action: 'create', calling method: >, body: {"extra_specs": {"hw_rng:allowed": "True"}} {{(pid=62055) _process_stack /opt/stack/nova/nova/api/openstack/wsgi.py:511}}
Apr 13 16:16:13 user devstack@n-api.service[62055]: INFO nova.api.openstack.requestlog [None req-3c75c9c1-a40d-4d77-aa37-289c59833ee1 admin admin] 10.0.0.210 "POST /compute/v2.1/flavors/d3/os-extra_specs" status: 200 len: 43 microversion: 2.61 time: 0.023993
Apr 13 16:16:13 user devstack@n-api.service[62055]: [pid: 62055|app: 0|req: 5/15] 10.0.0.210 () {64 vars in 1329 bytes} [Thu Apr 13 16:16:13 2023] POST /compute/v2.1/flavors/d3/os-extra_specs => generated 43 bytes in 25 msecs (HTTP/1.1 200) 9 headers in 358 bytes (1 switches on core 0)
Apr 13 16:16:15 user devstack@n-api.service[62053]: DEBUG nova.api.openstack.wsgi [None req-c410498d-38c2-4bf1-bfe4-78f2f1fc2bcd None None] Calling method '>' {{(pid=62053) _process_stack /opt/stack/nova/nova/api/openstack/wsgi.py:513}}
Apr 13 16:16:15 user devstack@n-api.service[62053]: INFO nova.api.openstack.requestlog [None req-c410498d-38c2-4bf1-bfe4-78f2f1fc2bcd None None] 10.0.0.210 "GET /compute/v2.1" status: 200 len: 387 microversion: 2.1 time: 0.001610
Apr 13 16:16:15 user devstack@n-api.service[62053]: [pid: 62053|app: 0|req: 5/16] 10.0.0.210 () {54 vars in 924 bytes} [Thu Apr 13 16:16:15 2023] GET /compute/v2.1 => generated 387 bytes in 3 msecs (HTTP/1.1 200) 9 headers in 357 bytes (2 switches on core 0)
Apr 13 16:16:15 user devstack@n-api.service[62054]: DEBUG nova.api.openstack.wsgi [None req-bb956b4c-2a8c-4e37-b67c-9e1238d284ee admin admin] Action: 'create', calling method: >, body: {"flavor": {"name": "ds4G", "os-flavor-access:is_public": true, "swap": 0, "id": "d4", "vcpus": 4, "ram": 4096, "OS-FLV-EXT-DATA:ephemeral": 0, "rxtx_factor": 1.0, "disk": 20}} {{(pid=62054) _process_stack /opt/stack/nova/nova/api/openstack/wsgi.py:511}}
Apr 13 16:16:15 user devstack@n-api.service[62054]: INFO nova.api.openstack.requestlog [None req-bb956b4c-2a8c-4e37-b67c-9e1238d284ee admin admin] 10.0.0.210 "POST /compute/v2.1/flavors" status: 200 len: 402 microversion: 2.61 time: 0.070218
Apr 13 16:16:15 user devstack@n-api.service[62054]: [pid: 62054|app: 0|req: 7/17] 10.0.0.210 () {64 vars in 1276 bytes} [Thu Apr 13 16:16:15 2023] POST /compute/v2.1/flavors => generated 402 bytes in 72 msecs (HTTP/1.1 200) 9 headers in 359 bytes (1 switches on core 0)
Apr 13 16:16:15 user devstack@n-api.service[62055]: DEBUG nova.api.openstack.wsgi [None req-01816f59-1f3b-4932-8311-126fff41bd59 admin admin] Action: 'create', calling method: >, body: {"extra_specs": {"hw_rng:allowed": "True"}} {{(pid=62055) _process_stack /opt/stack/nova/nova/api/openstack/wsgi.py:511}}
Apr 13 16:16:15 user devstack@n-api.service[62055]: INFO nova.api.openstack.requestlog [None req-01816f59-1f3b-4932-8311-126fff41bd59 admin admin] 10.0.0.210 "POST /compute/v2.1/flavors/d4/os-extra_specs" status: 200 len: 43 microversion: 2.61 time: 0.025098
Apr 13 16:16:15 user devstack@n-api.service[62055]: [pid: 62055|app: 0|req: 6/18] 10.0.0.210 () {64 vars in 1329 bytes} [Thu Apr 13 16:16:15 2023] POST /compute/v2.1/flavors/d4/os-extra_specs => generated 43 bytes in 26 msecs (HTTP/1.1 200) 9 headers in 358 bytes (1 switches on core 0)
Apr 13 16:16:17 user devstack@n-api.service[62053]: DEBUG nova.api.openstack.wsgi [None req-c410498d-38c2-4bf1-bfe4-78f2f1fc2bcd None None] Calling method '>' {{(pid=62053) _process_stack /opt/stack/nova/nova/api/openstack/wsgi.py:513}}
Apr 13 16:16:17 user devstack@n-api.service[62053]: INFO nova.api.openstack.requestlog [None req-c410498d-38c2-4bf1-bfe4-78f2f1fc2bcd None None] 10.0.0.210 "GET /compute/v2.1" status: 200 len: 387 microversion: 2.1 time: 0.001611
Apr 13 16:16:17 user devstack@n-api.service[62053]: [pid: 62053|app: 0|req: 6/19] 10.0.0.210 () {54 vars in 924 bytes} [Thu Apr 13 16:16:17 2023] GET /compute/v2.1 => generated 387 bytes in 3 msecs (HTTP/1.1 200) 9 headers in 357 bytes (1 switches on core 0)
Apr 13 16:16:17 user devstack@n-api.service[62054]: DEBUG nova.api.openstack.wsgi [None req-a2c10db3-25ce-420e-b82e-a7b2bc48d114 admin admin] Calling method '>' {{(pid=62054) _process_stack /opt/stack/nova/nova/api/openstack/wsgi.py:513}}
Apr 13 16:16:17 user devstack@n-api.service[62054]: INFO nova.api.openstack.requestlog [None req-a2c10db3-25ce-420e-b82e-a7b2bc48d114 admin admin] 10.0.0.210 "GET /compute/v2.1/flavors/detail?is_public=True" status: 200 len: 2096 microversion: 2.61 time: 0.066961
Apr 13 16:16:17 user devstack@n-api.service[62054]: [pid: 62054|app: 0|req: 8/20] 10.0.0.210 () {60 vars in 1285 bytes} [Thu Apr 13 16:16:17 2023] GET /compute/v2.1/flavors/detail?is_public=True => generated 2096 bytes in 68 msecs (HTTP/1.1 200) 9 headers in 360 bytes (1 switches on core 0)
Apr 13 16:16:19 user devstack@n-api.service[62055]: DEBUG nova.api.openstack.wsgi [None req-01816f59-1f3b-4932-8311-126fff41bd59 admin admin] Calling method '>' {{(pid=62055) _process_stack /opt/stack/nova/nova/api/openstack/wsgi.py:513}}
Apr 13 16:16:19 user devstack@n-api.service[62055]: INFO nova.api.openstack.requestlog [None req-01816f59-1f3b-4932-8311-126fff41bd59 admin admin] 10.0.0.210 "GET /compute/v2.1" status: 200 len: 387 microversion: 2.1 time: 0.002300
Apr 13 16:16:19 user devstack@n-api.service[62055]: [pid: 62055|app: 0|req: 7/21] 10.0.0.210 () {54 vars in 924 bytes} [Thu Apr 13 16:16:19 2023] GET /compute/v2.1 => generated 387 bytes in 3 msecs (HTTP/1.1 200) 9 headers in 357 bytes (1 switches on core 0)
Apr 13 16:16:19 user devstack@n-api.service[62053]: DEBUG dbcounter [-] [62053] Writing DB stats nova_api:SELECT=3 {{(pid=62053) stat_writer /usr/local/lib/python3.10/dist-packages/dbcounter.py:117}}
Apr 13 16:16:19 user devstack@n-api.service[62053]: DEBUG dbcounter [-] [62053] Writing DB stats nova_cell1:SELECT=3 {{(pid=62053) stat_writer /usr/local/lib/python3.10/dist-packages/dbcounter.py:117}}
Apr 13 16:16:19 user devstack@n-api.service[62053]: DEBUG dbcounter [-] [62053] Writing DB stats nova_cell0:SELECT=3 {{(pid=62053) stat_writer /usr/local/lib/python3.10/dist-packages/dbcounter.py:117}}
Apr 13 16:16:19 user devstack@n-api.service[62053]: DEBUG dbcounter [-] [62053] Writing DB stats nova_cell0:SELECT=3 {{(pid=62053) stat_writer /usr/local/lib/python3.10/dist-packages/dbcounter.py:117}}
Apr 13 16:16:20 user devstack@n-api.service[62053]: DEBUG nova.api.openstack.wsgi [None req-d4e5b680-a6b2-4f7f-876a-0b0addbe1701 admin admin] Action: 'create', calling method: >, body: {"flavor": {"ram": 512, "disk": 1, "OS-FLV-EXT-DATA:ephemeral": 0, "name": "m1.tiny", "swap": 0, "rxtx_factor": 1.0, "id": "1", "vcpus": 1, "os-flavor-access:is_public": true}} {{(pid=62053) _process_stack /opt/stack/nova/nova/api/openstack/wsgi.py:511}}
Apr 13 16:16:20 user devstack@n-api.service[62053]: INFO nova.api.openstack.requestlog [None req-d4e5b680-a6b2-4f7f-876a-0b0addbe1701 admin admin] 10.0.0.210 "POST /compute/v2.1/flavors" status: 200 len: 400 microversion: 2.61 time: 0.333744
Apr 13 16:16:20 user devstack@n-api.service[62053]: [pid: 62053|app: 0|req: 7/22] 10.0.0.210 () {64 vars in 1276 bytes} [Thu Apr 13 16:16:19 2023] POST /compute/v2.1/flavors => generated 400 bytes in 335 msecs (HTTP/1.1 200) 9 headers in 359 bytes (1 switches on core 0)
Apr 13 16:16:20 user devstack@n-api.service[62054]: DEBUG nova.api.openstack.wsgi [None req-b81acb95-8a98-4b85-a07d-3c78b6ad8b33 admin admin] Action: 'create', calling method: >, body: {"extra_specs": {"hw_rng:allowed": "True"}} {{(pid=62054) _process_stack /opt/stack/nova/nova/api/openstack/wsgi.py:511}}
Apr 13 16:16:20 user devstack@n-api.service[62054]: INFO nova.api.openstack.requestlog [None req-b81acb95-8a98-4b85-a07d-3c78b6ad8b33 admin admin] 10.0.0.210 "POST /compute/v2.1/flavors/1/os-extra_specs" status: 200 len: 43 microversion: 2.61 time: 0.037729
Apr 13 16:16:20 user devstack@n-api.service[62054]: [pid: 62054|app: 0|req: 9/23] 10.0.0.210 () {64 vars in 1326 bytes} [Thu Apr 13 16:16:20 2023] POST /compute/v2.1/flavors/1/os-extra_specs => generated 43 bytes in 39 msecs (HTTP/1.1 200) 9 headers in 358 bytes (1 switches on core 0)
Apr 13 16:16:22 user devstack@n-api.service[62055]: DEBUG nova.api.openstack.wsgi [None req-01816f59-1f3b-4932-8311-126fff41bd59 admin admin] Calling method '>' {{(pid=62055) _process_stack /opt/stack/nova/nova/api/openstack/wsgi.py:513}}
Apr 13 16:16:22 user devstack@n-api.service[62055]: INFO nova.api.openstack.requestlog [None req-01816f59-1f3b-4932-8311-126fff41bd59 admin admin] 10.0.0.210 "GET /compute/v2.1" status: 200 len: 387 microversion: 2.1 time: 0.001335
Apr 13 16:16:22 user devstack@n-api.service[62055]: [pid: 62055|app: 0|req: 8/24] 10.0.0.210 () {54 vars in 924 bytes} [Thu Apr 13 16:16:22 2023] GET /compute/v2.1 => generated 387 bytes in 2 msecs (HTTP/1.1 200) 9 headers in 357 bytes (1 switches on core 0)
Apr 13 16:16:22 user devstack@n-api.service[62053]: DEBUG nova.api.openstack.wsgi [None req-23bd22e2-741e-42e5-bd99-02fe2a76d739 admin admin] Action: 'create', calling method: >, body: {"flavor": {"rxtx_factor": 1.0, "name": "m1.small", "swap": 0, "id": "2", "ram": 2048, "disk": 20, "os-flavor-access:is_public": true, "vcpus": 1, "OS-FLV-EXT-DATA:ephemeral": 0}} {{(pid=62053) _process_stack /opt/stack/nova/nova/api/openstack/wsgi.py:511}}
Apr 13 16:16:22 user devstack@n-api.service[62053]: INFO nova.api.openstack.requestlog [None req-23bd22e2-741e-42e5-bd99-02fe2a76d739 admin admin] 10.0.0.210 "POST /compute/v2.1/flavors" status: 200 len: 403 microversion: 2.61 time: 0.063419
Apr 13 16:16:22 user devstack@n-api.service[62053]: [pid: 62053|app: 0|req: 8/25] 10.0.0.210 () {64 vars in 1276 bytes} [Thu Apr 13 16:16:22 2023] POST /compute/v2.1/flavors => generated 403 bytes in 64 msecs (HTTP/1.1 200) 9 headers in 359 bytes (1 switches on core 0)
Apr 13 16:16:22 user devstack@n-api.service[62054]: DEBUG nova.api.openstack.wsgi [None req-2acae8e2-b7ec-4de5-b9b6-a66b362c53bd admin admin] Action: 'create', calling method: >, body: {"extra_specs": {"hw_rng:allowed": "True"}} {{(pid=62054) _process_stack /opt/stack/nova/nova/api/openstack/wsgi.py:511}}
Apr 13 16:16:22 user devstack@n-api.service[62054]: INFO nova.api.openstack.requestlog [None req-2acae8e2-b7ec-4de5-b9b6-a66b362c53bd admin admin] 10.0.0.210 "POST /compute/v2.1/flavors/2/os-extra_specs" status: 200 len: 43 microversion: 2.61 time: 0.030687
Apr 13 16:16:22 user devstack@n-api.service[62054]: [pid: 62054|app: 0|req: 10/26] 10.0.0.210 () {64 vars in 1326 bytes} [Thu Apr 13 16:16:22 2023] POST /compute/v2.1/flavors/2/os-extra_specs => generated 43 bytes in 32 msecs (HTTP/1.1 200) 9 headers in 358 bytes (1 switches on core 0)
Apr 13 16:16:24 user devstack@n-api.service[62055]: DEBUG nova.api.openstack.wsgi [None req-01816f59-1f3b-4932-8311-126fff41bd59 admin admin] Calling method '>' {{(pid=62055) _process_stack /opt/stack/nova/nova/api/openstack/wsgi.py:513}}
Apr 13 16:16:24 user devstack@n-api.service[62055]: INFO nova.api.openstack.requestlog [None req-01816f59-1f3b-4932-8311-126fff41bd59 admin admin] 10.0.0.210 "GET /compute/v2.1" status: 200 len: 387 microversion: 2.1 time: 0.001396
Apr 13 16:16:24 user devstack@n-api.service[62055]: [pid: 62055|app: 0|req: 9/27] 10.0.0.210 () {54 vars in 924 bytes} [Thu Apr 13 16:16:24 2023] GET /compute/v2.1 => generated 387 bytes in 2 msecs (HTTP/1.1 200) 9 headers in 357 bytes (1 switches on core 0)
Apr 13 16:16:24 user devstack@n-api.service[62053]: DEBUG nova.api.openstack.wsgi [None req-f7fc789e-faea-494c-93cd-17bf86f5a0f3 admin admin] Action: 'create', calling method: >, body: {"flavor": {"id": "3", "vcpus": 2, "rxtx_factor": 1.0, "swap": 0, "name": "m1.medium", "disk": 40, "os-flavor-access:is_public": true, "OS-FLV-EXT-DATA:ephemeral": 0, "ram": 4096}} {{(pid=62053) _process_stack /opt/stack/nova/nova/api/openstack/wsgi.py:511}}
Apr 13 16:16:24 user devstack@n-api.service[62053]: INFO nova.api.openstack.requestlog [None req-f7fc789e-faea-494c-93cd-17bf86f5a0f3 admin admin] 10.0.0.210 "POST /compute/v2.1/flavors" status: 200 len: 404 microversion: 2.61 time: 0.066104
Apr 13 16:16:24 user devstack@n-api.service[62053]: [pid: 62053|app: 0|req: 9/28] 10.0.0.210 () {64 vars in 1276 bytes} [Thu Apr 13 16:16:24 2023] POST /compute/v2.1/flavors => generated 404 bytes in 68 msecs (HTTP/1.1 200) 9 headers in 359 bytes (1 switches on core 0)
Apr 13 16:16:24 user devstack@n-api.service[62054]: DEBUG nova.api.openstack.wsgi [None req-f92e356e-4a61-4a05-bd8d-0dc2a976ce2f admin admin] Action: 'create', calling method: >, body: {"extra_specs": {"hw_rng:allowed": "True"}} {{(pid=62054) _process_stack /opt/stack/nova/nova/api/openstack/wsgi.py:511}}
Apr 13 16:16:24 user devstack@n-api.service[62054]: INFO nova.api.openstack.requestlog [None req-f92e356e-4a61-4a05-bd8d-0dc2a976ce2f admin admin] 10.0.0.210 "POST /compute/v2.1/flavors/3/os-extra_specs" status: 200 len: 43 microversion: 2.61 time: 0.024197
Apr 13 16:16:24 user devstack@n-api.service[62054]: [pid: 62054|app: 0|req: 11/29] 10.0.0.210 () {64 vars in 1326 bytes} [Thu Apr 13 16:16:24 2023] POST /compute/v2.1/flavors/3/os-extra_specs => generated 43 bytes in 25 msecs (HTTP/1.1 200) 9 headers in 358 bytes (1 switches on core 0)
Apr 13 16:16:26 user devstack@n-api.service[62055]: DEBUG nova.api.openstack.wsgi [None req-01816f59-1f3b-4932-8311-126fff41bd59 admin admin] Calling method '>' {{(pid=62055) _process_stack /opt/stack/nova/nova/api/openstack/wsgi.py:513}}
Apr 13 16:16:26 user devstack@n-api.service[62055]: INFO nova.api.openstack.requestlog [None req-01816f59-1f3b-4932-8311-126fff41bd59 admin admin] 10.0.0.210 "GET /compute/v2.1" status: 200 len: 387 microversion: 2.1 time: 0.001512
Apr 13 16:16:26 user devstack@n-api.service[62055]: [pid: 62055|app: 0|req: 10/30] 10.0.0.210 () {54 vars in 924 bytes} [Thu Apr 13 16:16:26 2023] GET /compute/v2.1 => generated 387 bytes in 2 msecs (HTTP/1.1 200) 9 headers in 357 bytes (1 switches on core 0)
Apr 13 16:16:26 user devstack@n-api.service[62053]: DEBUG nova.api.openstack.wsgi [None req-5af88e1a-6319-4532-8138-23f076ff33c5 admin admin] Action: 'create', calling method: >, body: {"flavor": {"rxtx_factor": 1.0, "vcpus": 4, "disk": 80, "swap": 0, "OS-FLV-EXT-DATA:ephemeral": 0, "id": "4", "ram": 8192, "os-flavor-access:is_public": true, "name": "m1.large"}} {{(pid=62053) _process_stack /opt/stack/nova/nova/api/openstack/wsgi.py:511}}
Apr 13 16:16:26 user devstack@n-api.service[62053]: INFO nova.api.openstack.requestlog [None req-5af88e1a-6319-4532-8138-23f076ff33c5 admin admin] 10.0.0.210 "POST /compute/v2.1/flavors" status: 200 len: 403 microversion: 2.61 time: 0.080886
Apr 13 16:16:26 user devstack@n-api.service[62053]: [pid: 62053|app: 0|req: 10/31] 10.0.0.210 () {64 vars in 1276 bytes} [Thu Apr 13 16:16:26 2023] POST /compute/v2.1/flavors => generated 403 bytes in 82 msecs (HTTP/1.1 200) 9 headers in 359 bytes (1 switches on core 0)
Apr 13 16:16:26 user devstack@n-api.service[62054]: DEBUG nova.api.openstack.wsgi [None req-430544b6-6edc-43ba-a4ff-37784d69bf5d admin admin] Action: 'create', calling method: >, body: {"extra_specs": {"hw_rng:allowed": "True"}} {{(pid=62054) _process_stack /opt/stack/nova/nova/api/openstack/wsgi.py:511}}
Apr 13 16:16:26 user devstack@n-api.service[62054]: INFO nova.api.openstack.requestlog [None req-430544b6-6edc-43ba-a4ff-37784d69bf5d admin admin] 10.0.0.210 "POST /compute/v2.1/flavors/4/os-extra_specs" status: 200 len: 43 microversion: 2.61 time: 0.025375
Apr 13 16:16:26 user devstack@n-api.service[62054]: [pid: 62054|app: 0|req: 12/32] 10.0.0.210 () {64 vars in 1326 bytes} [Thu Apr 13 16:16:26 2023] POST /compute/v2.1/flavors/4/os-extra_specs => generated 43 bytes in 27 msecs (HTTP/1.1 200) 9 headers in 358 bytes (1 switches on core 0)
Apr 13 16:16:28 user devstack@n-api.service[62055]: DEBUG nova.api.openstack.wsgi [None req-01816f59-1f3b-4932-8311-126fff41bd59 admin admin] Calling method '>' {{(pid=62055) _process_stack /opt/stack/nova/nova/api/openstack/wsgi.py:513}}
Apr 13 16:16:28 user devstack@n-api.service[62055]: INFO nova.api.openstack.requestlog [None req-01816f59-1f3b-4932-8311-126fff41bd59 admin admin] 10.0.0.210 "GET /compute/v2.1" status: 200 len: 387 microversion: 2.1 time: 0.001623
Apr 13 16:16:28 user devstack@n-api.service[62055]: [pid: 62055|app: 0|req: 11/33] 10.0.0.210 () {54 vars in 924 bytes} [Thu Apr 13 16:16:28 2023] GET /compute/v2.1 => generated 387 bytes in 3 msecs (HTTP/1.1 200) 9 headers in 357 bytes (1 switches on core 0)
Apr 13 16:16:28 user devstack@n-api.service[62053]: DEBUG nova.api.openstack.wsgi [None req-b6fa7531-1781-41b1-8457-8013d1e0fc54 admin admin] Action: 'create', calling method: >, body: {"flavor": {"ram": 16384, "rxtx_factor": 1.0, "id": "5", "OS-FLV-EXT-DATA:ephemeral": 0, "swap": 0, "name": "m1.xlarge", "os-flavor-access:is_public": true, "vcpus": 8, "disk": 160}} {{(pid=62053) _process_stack /opt/stack/nova/nova/api/openstack/wsgi.py:511}}
Apr 13 16:16:28 user devstack@n-api.service[62053]: INFO nova.api.openstack.requestlog [None req-b6fa7531-1781-41b1-8457-8013d1e0fc54 admin admin] 10.0.0.210 "POST /compute/v2.1/flavors" status: 200 len: 406 microversion: 2.61 time: 0.065098
Apr 13 16:16:28 user devstack@n-api.service[62053]: [pid: 62053|app: 0|req: 11/34] 10.0.0.210 () {64 vars in 1276 bytes} [Thu Apr 13 16:16:28 2023] POST /compute/v2.1/flavors => generated 406 bytes in 67 msecs (HTTP/1.1 200) 9 headers in 359 bytes (1 switches on core 0)
Apr 13 16:16:28 user devstack@n-api.service[62054]: DEBUG nova.api.openstack.wsgi [None req-0a73a6cd-fae7-43f7-8a64-75f65117c74c admin admin] Action: 'create', calling method: >, body: {"extra_specs": {"hw_rng:allowed": "True"}} {{(pid=62054) _process_stack /opt/stack/nova/nova/api/openstack/wsgi.py:511}}
Apr 13 16:16:28 user devstack@n-api.service[62054]: INFO nova.api.openstack.requestlog [None req-0a73a6cd-fae7-43f7-8a64-75f65117c74c admin admin] 10.0.0.210 "POST /compute/v2.1/flavors/5/os-extra_specs" status: 200 len: 43 microversion: 2.61 time: 0.023329
Apr 13 16:16:28 user devstack@n-api.service[62054]: [pid: 62054|app: 0|req: 13/35] 10.0.0.210 () {64 vars in 1326 bytes} [Thu Apr 13 16:16:28 2023] POST /compute/v2.1/flavors/5/os-extra_specs => generated 43 bytes in 24 msecs (HTTP/1.1 200) 9 headers in 358 bytes (1 switches on core 0)
Apr 13 16:17:00 user devstack@n-api.service[62055]: DEBUG nova.api.openstack.wsgi [None req-01816f59-1f3b-4932-8311-126fff41bd59 admin admin] Calling method '>' {{(pid=62055) _process_stack /opt/stack/nova/nova/api/openstack/wsgi.py:513}}
Apr 13 16:17:00 user devstack@n-api.service[62055]: INFO nova.api.openstack.requestlog [None req-01816f59-1f3b-4932-8311-126fff41bd59 admin admin] 10.0.0.210 "GET /compute/v2.1" status: 200 len: 387 microversion: 2.1 time: 0.002202
Apr 13 16:17:00 user devstack@n-api.service[62055]: [pid: 62055|app: 0|req: 12/36] 10.0.0.210 () {58 vars in 1006 bytes} [Thu Apr 13 16:17:00 2023] GET /compute/v2.1 => generated 387 bytes in 4 msecs (HTTP/1.1 200) 9 headers in 357 bytes (1 switches on core 0)
Apr 13 16:17:00 user devstack@n-api.service[62053]: DEBUG dbcounter [-] [62053] Writing DB stats nova_api:SELECT=15,nova_api:INSERT=5 {{(pid=62053) stat_writer /usr/local/lib/python3.10/dist-packages/dbcounter.py:117}}
Apr 13 16:17:00 user devstack@n-api.service[62053]: DEBUG nova.api.openstack.wsgi [None req-adfdcd7b-cf5e-40a5-a23e-d7274c018bc2 admin admin] Calling method '>' {{(pid=62053) _process_stack /opt/stack/nova/nova/api/openstack/wsgi.py:513}}
Apr 13 16:17:00 user devstack@n-api.service[62053]: DEBUG oslo_concurrency.lockutils [None req-adfdcd7b-cf5e-40a5-a23e-d7274c018bc2 admin admin] Acquiring lock "00000000-0000-0000-0000-000000000000" by "nova.context.set_target_cell..get_or_set_cached_cell_and_set_connections" {{(pid=62053) inner /usr/local/lib/python3.10/dist-packages/oslo_concurrency/lockutils.py:404}}
Apr 13 16:17:00 user devstack@n-api.service[62053]: DEBUG oslo_concurrency.lockutils [None req-adfdcd7b-cf5e-40a5-a23e-d7274c018bc2 admin admin] Lock "00000000-0000-0000-0000-000000000000" acquired by "nova.context.set_target_cell..get_or_set_cached_cell_and_set_connections" :: waited 0.000s {{(pid=62053) inner /usr/local/lib/python3.10/dist-packages/oslo_concurrency/lockutils.py:409}}
Apr 13 16:17:00 user devstack@n-api.service[62053]: DEBUG oslo_concurrency.lockutils [None req-adfdcd7b-cf5e-40a5-a23e-d7274c018bc2 admin admin] Lock "00000000-0000-0000-0000-000000000000" "released" by "nova.context.set_target_cell..get_or_set_cached_cell_and_set_connections" :: held 0.000s {{(pid=62053) inner /usr/local/lib/python3.10/dist-packages/oslo_concurrency/lockutils.py:423}}
Apr 13 16:17:00 user devstack@n-api.service[62053]: DEBUG oslo_concurrency.lockutils [None req-adfdcd7b-cf5e-40a5-a23e-d7274c018bc2 admin admin] Acquiring lock "32d212d5-26fb-41ef-bcfb-e4b208444da1" by "nova.context.set_target_cell..get_or_set_cached_cell_and_set_connections" {{(pid=62053) inner /usr/local/lib/python3.10/dist-packages/oslo_concurrency/lockutils.py:404}}
Apr 13 16:17:00 user devstack@n-api.service[62053]: DEBUG oslo_concurrency.lockutils [None req-adfdcd7b-cf5e-40a5-a23e-d7274c018bc2 admin admin] Lock "32d212d5-26fb-41ef-bcfb-e4b208444da1" acquired by "nova.context.set_target_cell..get_or_set_cached_cell_and_set_connections" :: waited 0.000s {{(pid=62053) inner /usr/local/lib/python3.10/dist-packages/oslo_concurrency/lockutils.py:409}}
Apr 13 16:17:00 user devstack@n-api.service[62053]: DEBUG oslo_concurrency.lockutils [None req-adfdcd7b-cf5e-40a5-a23e-d7274c018bc2 admin admin] Lock "32d212d5-26fb-41ef-bcfb-e4b208444da1" "released" by "nova.context.set_target_cell..get_or_set_cached_cell_and_set_connections" :: held 0.000s {{(pid=62053) inner /usr/local/lib/python3.10/dist-packages/oslo_concurrency/lockutils.py:423}}
Apr 13 16:17:00 user devstack@n-api.service[62053]: INFO nova.api.openstack.requestlog [None req-adfdcd7b-cf5e-40a5-a23e-d7274c018bc2 admin admin] 10.0.0.210 "GET /compute/v2.1/os-services?binary=nova-compute&host=user" status: 200 len: 247 microversion: 2.69 time: 0.087980
Apr 13 16:17:00 user devstack@n-api.service[62053]: [pid: 62053|app: 0|req: 12/37] 10.0.0.210 () {64 vars in 1388 bytes} [Thu Apr 13 16:17:00 2023] GET /compute/v2.1/os-services?binary=nova-compute&host=user => generated 247 bytes in 89 msecs (HTTP/1.1 200) 9 headers in 359 bytes (1 switches on core 0)
Apr 13 16:17:32 user devstack@n-api.service[62054]: DEBUG nova.api.openstack.wsgi [None req-0a73a6cd-fae7-43f7-8a64-75f65117c74c admin admin] Calling method '>' {{(pid=62054) _process_stack /opt/stack/nova/nova/api/openstack/wsgi.py:513}}
Apr 13 16:17:32 user devstack@n-api.service[62054]: INFO nova.api.openstack.requestlog [None req-0a73a6cd-fae7-43f7-8a64-75f65117c74c admin admin] 10.0.0.210 "GET /compute/v2.1" status: 200 len: 387 microversion: 2.1 time: 0.001445
Apr 13 16:17:32 user devstack@n-api.service[62054]: [pid: 62054|app: 0|req: 14/38] 10.0.0.210 () {58 vars in 1006 bytes} [Thu Apr 13 16:17:32 2023] GET /compute/v2.1 => generated 387 bytes in 2 msecs (HTTP/1.1 200) 9 headers in 357 bytes (1 switches on core 0)
Apr 13 16:17:32 user devstack@n-api.service[62055]: DEBUG dbcounter [-] [62055] Writing DB stats nova_api:SELECT=32,nova_api:SAVEPOINT=5,nova_api:INSERT=5,nova_api:RELEASE=5 {{(pid=62055) stat_writer /usr/local/lib/python3.10/dist-packages/dbcounter.py:117}}
Apr 13 16:17:32 user devstack@n-api.service[62055]: DEBUG nova.api.openstack.wsgi [None req-0a70c09a-f566-46b9-8db2-1d86474dd13e admin admin] Calling method '>' {{(pid=62055) _process_stack /opt/stack/nova/nova/api/openstack/wsgi.py:513}}
Apr 13 16:17:32 user devstack@n-api.service[62055]: INFO nova.api.openstack.requestlog [None req-0a70c09a-f566-46b9-8db2-1d86474dd13e admin admin] 10.0.0.210 "GET /compute/v2.1/flavors/detail?is_public=True" status: 200 len: 4182 microversion: 2.61 time: 0.072999
Apr 13 16:17:32 user devstack@n-api.service[62055]: [pid: 62055|app: 0|req: 13/39] 10.0.0.210 () {64 vars in 1367 bytes} [Thu Apr 13 16:17:32 2023] GET /compute/v2.1/flavors/detail?is_public=True => generated 4182 bytes in 75 msecs (HTTP/1.1 200) 9 headers in 360 bytes (1 switches on core 0)
Apr 13 16:17:37 user devstack@n-api.service[62053]: DEBUG nova.api.openstack.wsgi [None req-adfdcd7b-cf5e-40a5-a23e-d7274c018bc2 admin admin] Calling method '>' {{(pid=62053) _process_stack /opt/stack/nova/nova/api/openstack/wsgi.py:513}}
Apr 13 16:17:37 user devstack@n-api.service[62053]: INFO nova.api.openstack.requestlog [None req-adfdcd7b-cf5e-40a5-a23e-d7274c018bc2 admin admin] 10.0.0.210 "GET /compute/v2.1" status: 200 len: 387 microversion: 2.1 time: 0.002071
Apr 13 16:17:37 user devstack@n-api.service[62053]: [pid: 62053|app: 0|req: 13/40] 10.0.0.210 () {58 vars in 1006 bytes} [Thu Apr 13 16:17:37 2023] GET /compute/v2.1 => generated 387 bytes in 4 msecs (HTTP/1.1 200) 9 headers in 357 bytes (1 switches on core 0)
Apr 13 16:17:37 user devstack@n-api.service[62054]: DEBUG dbcounter [-] [62054] Writing DB stats nova_api:SELECT=47,nova_api:INSERT=10,nova_api:SAVEPOINT=5,nova_api:RELEASE=5 {{(pid=62054) stat_writer /usr/local/lib/python3.10/dist-packages/dbcounter.py:117}}
Apr 13 16:17:37 user devstack@n-api.service[62054]: DEBUG nova.api.openstack.wsgi [None req-e39d231d-c18e-4ef5-b302-4b925815db42 admin admin] Action: 'create', calling method: >, body: {"flavor": {"id": "42", "rxtx_factor": 1.0, "os-flavor-access:is_public": true, "name": "m1.nano", "ram": 128, "disk": 1, "vcpus": 1, "OS-FLV-EXT-DATA:ephemeral": 0, "swap": 0}} {{(pid=62054) _process_stack /opt/stack/nova/nova/api/openstack/wsgi.py:511}}
Apr 13 16:17:37 user devstack@n-api.service[62054]: INFO nova.api.openstack.requestlog [None req-e39d231d-c18e-4ef5-b302-4b925815db42 admin admin] 10.0.0.210 "POST /compute/v2.1/flavors" status: 200 len: 403 microversion: 2.61 time: 0.071059
Apr 13 16:17:37 user devstack@n-api.service[62054]: [pid: 62054|app: 0|req: 15/41] 10.0.0.210 () {68 vars in 1358 bytes} [Thu Apr 13 16:17:37 2023] POST /compute/v2.1/flavors => generated 403 bytes in 72 msecs (HTTP/1.1 200) 9 headers in 359 bytes (1 switches on core 0)
Apr 13 16:17:37 user devstack@n-api.service[62055]: DEBUG nova.api.openstack.wsgi [None req-0bba1205-202e-40fc-b54e-2361238cc7da admin admin] Action: 'create', calling method: >, body: {"extra_specs": {"hw_rng:allowed": "True"}} {{(pid=62055) _process_stack /opt/stack/nova/nova/api/openstack/wsgi.py:511}}
Apr 13 16:17:37 user devstack@n-api.service[62055]: INFO nova.api.openstack.requestlog [None req-0bba1205-202e-40fc-b54e-2361238cc7da admin admin] 10.0.0.210 "POST /compute/v2.1/flavors/42/os-extra_specs" status: 200 len: 43 microversion: 2.61 time: 0.029506
Apr 13 16:17:37 user devstack@n-api.service[62055]: [pid: 62055|app: 0|req: 14/42] 10.0.0.210 () {68 vars in 1411 bytes} [Thu Apr 13 16:17:37 2023] POST /compute/v2.1/flavors/42/os-extra_specs => generated 43 bytes in 31 msecs (HTTP/1.1 200) 9 headers in 358 bytes (1 switches on core 0)
Apr 13 16:17:41 user devstack@n-api.service[62053]: DEBUG nova.api.openstack.wsgi [None req-adfdcd7b-cf5e-40a5-a23e-d7274c018bc2 admin admin] Calling method '>' {{(pid=62053) _process_stack /opt/stack/nova/nova/api/openstack/wsgi.py:513}}
Apr 13 16:17:41 user devstack@n-api.service[62053]: INFO nova.api.openstack.requestlog [None req-adfdcd7b-cf5e-40a5-a23e-d7274c018bc2 admin admin] 10.0.0.210 "GET /compute/v2.1" status: 200 len: 387 microversion: 2.1 time: 0.001704
Apr 13 16:17:41 user devstack@n-api.service[62053]: [pid: 62053|app: 0|req: 14/43] 10.0.0.210 () {58 vars in 1006 bytes} [Thu Apr 13 16:17:41 2023] GET /compute/v2.1 => generated 387 bytes in 3 msecs (HTTP/1.1 200) 9 headers in 357 bytes (1 switches on core 0)
Apr 13 16:17:41 user devstack@n-api.service[62054]: DEBUG nova.api.openstack.wsgi [None req-9972db55-6b34-4092-a935-9004d6e5ea68 admin admin] Action: 'create', calling method: >, body: {"flavor": {"swap": 0, "ram": 192, "vcpus": 1, "os-flavor-access:is_public": true, "rxtx_factor": 1.0, "disk": 1, "id": "84", "name": "m1.micro", "OS-FLV-EXT-DATA:ephemeral": 0}} {{(pid=62054) _process_stack /opt/stack/nova/nova/api/openstack/wsgi.py:511}}
Apr 13 16:17:41 user devstack@n-api.service[62054]: INFO nova.api.openstack.requestlog [None req-9972db55-6b34-4092-a935-9004d6e5ea68 admin admin] 10.0.0.210 "POST /compute/v2.1/flavors" status: 200 len: 404 microversion: 2.61 time: 0.067157
Apr 13 16:17:41 user devstack@n-api.service[62054]: [pid: 62054|app: 0|req: 16/44] 10.0.0.210 () {68 vars in 1358 bytes} [Thu Apr 13 16:17:41 2023] POST /compute/v2.1/flavors => generated 404 bytes in 69 msecs (HTTP/1.1 200) 9 headers in 359 bytes (1 switches on core 0)
Apr 13 16:17:41 user devstack@n-api.service[62055]: DEBUG nova.api.openstack.wsgi [None req-3f4a5728-4e71-4e3a-8f22-510be0a8b0c3 admin admin] Action: 'create', calling method: >, body: {"extra_specs": {"hw_rng:allowed": "True"}} {{(pid=62055) _process_stack /opt/stack/nova/nova/api/openstack/wsgi.py:511}}
Apr 13 16:17:41 user devstack@n-api.service[62055]: INFO nova.api.openstack.requestlog [None req-3f4a5728-4e71-4e3a-8f22-510be0a8b0c3 admin admin] 10.0.0.210 "POST /compute/v2.1/flavors/84/os-extra_specs" status: 200 len: 43 microversion: 2.61 time: 0.025374
Apr 13 16:17:41 user devstack@n-api.service[62055]: [pid: 62055|app: 0|req: 15/45] 10.0.0.210 () {68 vars in 1411 bytes} [Thu Apr 13 16:17:41 2023] POST /compute/v2.1/flavors/84/os-extra_specs => generated 43 bytes in 27 msecs (HTTP/1.1 200) 9 headers in 358 bytes (1 switches on core 0)
Apr 13 16:19:55 user devstack@n-api.service[62053]: DEBUG dbcounter [-] [62053] Writing DB stats nova_cell0:SELECT=2 {{(pid=62053) stat_writer /usr/local/lib/python3.10/dist-packages/dbcounter.py:117}}
Apr 13 16:19:55 user devstack@n-api.service[62053]: DEBUG dbcounter [-] [62053] Writing DB stats nova_cell1:SELECT=2 {{(pid=62053) stat_writer /usr/local/lib/python3.10/dist-packages/dbcounter.py:117}}
Apr 13 16:19:55 user devstack@n-api.service[62053]: DEBUG dbcounter [-] [62053] Writing DB stats nova_api:SELECT=4 {{(pid=62053) stat_writer /usr/local/lib/python3.10/dist-packages/dbcounter.py:117}}
Apr 13 16:19:55 user devstack@n-api.service[62054]: DEBUG dbcounter [-] [62054] Writing DB stats nova_api:SELECT=6,nova_api:INSERT=2 {{(pid=62054) stat_writer /usr/local/lib/python3.10/dist-packages/dbcounter.py:117}}
Apr 13 16:19:55 user devstack@n-api.service[62054]: DEBUG nova.api.openstack.wsgi [None req-b3fc025e-06a5-4e3d-a465-bd1ce7ccebc4 tempest-VolumesSnapshotsTestJSON-1604074109 tempest-VolumesSnapshotsTestJSON-1604074109-project-member] Action: 'create', calling method: .version_select at 0x7f96e5897490>, body: {"volume": {"size": 1, "display_name": "tempest-VolumesSnapshotsTestJSON-volume-713538459"}} {{(pid=62054) _process_stack /opt/stack/nova/nova/api/openstack/wsgi.py:511}}
Apr 13 16:19:55 user devstack@n-api.service[62053]: DEBUG nova.api.openstack.wsgi [None req-aed5ada9-e881-4a5a-a0d6-716e2c4812ca tempest-VolumesGetTestJSON-1657551016 tempest-VolumesGetTestJSON-1657551016-project-member] Action: 'create', calling method: .version_select at 0x7f96e58a2c20>, body: {"volume": {"size": 1, "display_name": "tempest-VolumesGetTestJSON-Volume-719241019", "metadata": {"Type": "work"}}} {{(pid=62053) _process_stack /opt/stack/nova/nova/api/openstack/wsgi.py:511}}
Apr 13 16:19:56 user devstack@n-api.service[62054]: INFO nova.api.openstack.requestlog [None req-b3fc025e-06a5-4e3d-a465-bd1ce7ccebc4 tempest-VolumesSnapshotsTestJSON-1604074109 tempest-VolumesSnapshotsTestJSON-1604074109-project-member] 10.0.0.210 "POST /compute/v2.1/os-volumes" status: 200 len: 344 microversion: 2.1 time: 1.188149
Apr 13 16:19:56 user devstack@n-api.service[62054]: [pid: 62054|app: 0|req: 17/46] 10.0.0.210 () {64 vars in 1232 bytes} [Thu Apr 13 16:19:55 2023] POST /compute/v2.1/os-volumes => generated 344 bytes in 1192 msecs (HTTP/1.1 200) 10 headers in 447 bytes (1 switches on core 0)
Apr 13 16:19:56 user devstack@n-api.service[62055]: DEBUG dbcounter [-] [62055] Writing DB stats nova_api:SELECT=14,nova_api:SAVEPOINT=2,nova_api:INSERT=2,nova_api:RELEASE=2 {{(pid=62055) stat_writer /usr/local/lib/python3.10/dist-packages/dbcounter.py:117}}
Apr 13 16:19:56 user devstack@n-api.service[62055]: DEBUG nova.api.openstack.wsgi [None req-4f58a055-de2a-4238-835f-ab2f39b4e1d5 tempest-VolumesSnapshotsTestJSON-1604074109 tempest-VolumesSnapshotsTestJSON-1604074109-project-member] Calling method '.version_select at 0x7f96e59d3250>' {{(pid=62055) _process_stack /opt/stack/nova/nova/api/openstack/wsgi.py:513}}
Apr 13 16:19:56 user devstack@n-api.service[62055]: INFO nova.api.openstack.requestlog [None req-4f58a055-de2a-4238-835f-ab2f39b4e1d5 tempest-VolumesSnapshotsTestJSON-1604074109 tempest-VolumesSnapshotsTestJSON-1604074109-project-member] 10.0.0.210 "GET /compute/v2.1/os-volumes/9039b70c-c6f2-47ac-8916-8fda0b51c38e" status: 200 len: 344 microversion: 2.1 time: 0.229864
Apr 13 16:19:56 user devstack@n-api.service[62055]: [pid: 62055|app: 0|req: 16/47] 10.0.0.210 () {62 vars in 1322 bytes} [Thu Apr 13 16:19:56 2023] GET /compute/v2.1/os-volumes/9039b70c-c6f2-47ac-8916-8fda0b51c38e => generated 344 bytes in 232 msecs (HTTP/1.1 200) 9 headers in 357 bytes (1 switches on core 0)
Apr 13 16:19:56 user devstack@n-api.service[62053]: INFO nova.api.openstack.requestlog [None req-aed5ada9-e881-4a5a-a0d6-716e2c4812ca tempest-VolumesGetTestJSON-1657551016 tempest-VolumesGetTestJSON-1657551016-project-member] 10.0.0.210 "POST /compute/v2.1/os-volumes" status: 200 len: 352 microversion: 2.1 time: 1.630075
Apr 13 16:19:56 user devstack@n-api.service[62053]: [pid: 62053|app: 0|req: 15/48] 10.0.0.210 () {64 vars in 1233 bytes} [Thu Apr 13 16:19:55 2023] POST /compute/v2.1/os-volumes => generated 352 bytes in 1632 msecs (HTTP/1.1 200) 10 headers in 447 bytes (1 switches on core 0)
Apr 13 16:19:56 user devstack@n-api.service[62054]: DEBUG nova.api.openstack.wsgi [None req-f80e6001-111a-4f53-a830-c1c50365032e tempest-VolumesGetTestJSON-1657551016 tempest-VolumesGetTestJSON-1657551016-project-member] Calling method '.version_select at 0x7f96e5727910>' {{(pid=62054) _process_stack /opt/stack/nova/nova/api/openstack/wsgi.py:513}}
Apr 13 16:19:57 user devstack@n-api.service[62054]: INFO nova.api.openstack.requestlog [None req-f80e6001-111a-4f53-a830-c1c50365032e tempest-VolumesGetTestJSON-1657551016 tempest-VolumesGetTestJSON-1657551016-project-member] 10.0.0.210 "GET /compute/v2.1/os-volumes/33ac7ed4-21b7-4a54-a349-0cfa731a7cb4" status: 200 len: 352 microversion: 2.1 time: 0.056783
Apr 13 16:19:57 user devstack@n-api.service[62054]: [pid: 62054|app: 0|req: 18/49] 10.0.0.210 () {62 vars in 1322 bytes} [Thu Apr 13 16:19:56 2023] GET /compute/v2.1/os-volumes/33ac7ed4-21b7-4a54-a349-0cfa731a7cb4 => generated 352 bytes in 59 msecs (HTTP/1.1 200) 9 headers in 357 bytes (1 switches on core 0)
Apr 13 16:19:57 user devstack@n-api.service[62055]: DEBUG nova.api.openstack.wsgi [None req-d089e138-dc29-4d15-b3f6-895296fce73a tempest-VolumesSnapshotsTestJSON-1604074109 tempest-VolumesSnapshotsTestJSON-1604074109-project-member] Calling method '.version_select at 0x7f96e571b1c0>' {{(pid=62055) _process_stack /opt/stack/nova/nova/api/openstack/wsgi.py:513}}
Apr 13 16:19:57 user devstack@n-api.service[62055]: INFO nova.api.openstack.requestlog [None req-d089e138-dc29-4d15-b3f6-895296fce73a tempest-VolumesSnapshotsTestJSON-1604074109 tempest-VolumesSnapshotsTestJSON-1604074109-project-member] 10.0.0.210 "GET /compute/v2.1/os-volumes/9039b70c-c6f2-47ac-8916-8fda0b51c38e" status: 200 len: 345 microversion: 2.1 time: 0.075156
Apr 13 16:19:57 user devstack@n-api.service[62055]: [pid: 62055|app: 0|req: 17/50] 10.0.0.210 () {62 vars in 1322 bytes} [Thu Apr 13 16:19:57 2023] GET /compute/v2.1/os-volumes/9039b70c-c6f2-47ac-8916-8fda0b51c38e => generated 345 bytes in 77 msecs (HTTP/1.1 200) 9 headers in 357 bytes (1 switches on core 0)
Apr 13 16:19:57 user devstack@n-api.service[62053]: DEBUG nova.api.openstack.wsgi [None req-ad5dabc4-58d5-4b60-89ff-41404ad5a6fd tempest-VolumesSnapshotsTestJSON-1604074109 tempest-VolumesSnapshotsTestJSON-1604074109-project-member] Action: 'create', calling method: .version_select at 0x7f96e57301f0>, body: {"snapshot": {"volume_id": "9039b70c-c6f2-47ac-8916-8fda0b51c38e", "display_name": "tempest-VolumesSnapshotsTestJSON-Snapshot-1472734574"}} {{(pid=62053) _process_stack /opt/stack/nova/nova/api/openstack/wsgi.py:511}}
Apr 13 16:19:58 user devstack@n-api.service[62054]: DEBUG nova.api.openstack.wsgi [None req-14e3b338-44fc-40fa-a679-148db9beb9d7 tempest-VolumesGetTestJSON-1657551016 tempest-VolumesGetTestJSON-1657551016-project-member] Calling method '.version_select at 0x7f96e5744040>' {{(pid=62054) _process_stack /opt/stack/nova/nova/api/openstack/wsgi.py:513}}
Apr 13 16:19:58 user devstack@n-api.service[62054]: INFO nova.api.openstack.requestlog [None req-14e3b338-44fc-40fa-a679-148db9beb9d7 tempest-VolumesGetTestJSON-1657551016 tempest-VolumesGetTestJSON-1657551016-project-member] 10.0.0.210 "GET /compute/v2.1/os-volumes/33ac7ed4-21b7-4a54-a349-0cfa731a7cb4" status: 200 len: 353 microversion: 2.1 time: 0.050920
Apr 13 16:19:58 user devstack@n-api.service[62054]: [pid: 62054|app: 0|req: 19/51] 10.0.0.210 () {62 vars in 1322 bytes} [Thu Apr 13 16:19:58 2023] GET /compute/v2.1/os-volumes/33ac7ed4-21b7-4a54-a349-0cfa731a7cb4 => generated 353 bytes in 52 msecs (HTTP/1.1 200) 9 headers in 357 bytes (1 switches on core 0)
Apr 13 16:19:58 user devstack@n-api.service[62055]: DEBUG nova.api.openstack.wsgi [None req-cb0862e4-bf82-4762-a3ab-94735e80d8d0 tempest-VolumesGetTestJSON-1657551016 tempest-VolumesGetTestJSON-1657551016-project-member] Calling method '.version_select at 0x7f96e571b880>' {{(pid=62055) _process_stack /opt/stack/nova/nova/api/openstack/wsgi.py:513}}
Apr 13 16:19:58 user devstack@n-api.service[62053]: INFO nova.api.openstack.requestlog [None req-ad5dabc4-58d5-4b60-89ff-41404ad5a6fd tempest-VolumesSnapshotsTestJSON-1604074109 tempest-VolumesSnapshotsTestJSON-1604074109-project-member] 10.0.0.210 "POST /compute/v2.1/os-snapshots" status: 200 len: 287 microversion: 2.1 time: 0.280643
Apr 13 16:19:58 user devstack@n-api.service[62053]: [pid: 62053|app: 0|req: 16/52] 10.0.0.210 () {64 vars in 1239 bytes} [Thu Apr 13 16:19:57 2023] POST /compute/v2.1/os-snapshots => generated 287 bytes in 283 msecs (HTTP/1.1 200) 9 headers in 357 bytes (2 switches on core 0)
Apr 13 16:19:58 user devstack@n-api.service[62054]: DEBUG nova.api.openstack.wsgi [None req-a391dae6-4f88-487b-8038-21bfc7d587a9 tempest-VolumesSnapshotsTestJSON-1604074109 tempest-VolumesSnapshotsTestJSON-1604074109-project-member] Calling method '.version_select at 0x7f96e5727e20>' {{(pid=62054) _process_stack /opt/stack/nova/nova/api/openstack/wsgi.py:513}}
Apr 13 16:19:58 user devstack@n-api.service[62054]: INFO nova.api.openstack.requestlog [None req-a391dae6-4f88-487b-8038-21bfc7d587a9 tempest-VolumesSnapshotsTestJSON-1604074109 tempest-VolumesSnapshotsTestJSON-1604074109-project-member] 10.0.0.210 "GET /compute/v2.1/os-snapshots/a1f8deca-1413-4537-af05-3933fd3e2968" status: 200 len: 287 microversion: 2.1 time: 0.071300
Apr 13 16:19:58 user devstack@n-api.service[62054]: [pid: 62054|app: 0|req: 20/53] 10.0.0.210 () {62 vars in 1328 bytes} [Thu Apr 13 16:19:58 2023] GET /compute/v2.1/os-snapshots/a1f8deca-1413-4537-af05-3933fd3e2968 => generated 287 bytes in 73 msecs (HTTP/1.1 200) 9 headers in 357 bytes (1 switches on core 0)
Apr 13 16:19:58 user devstack@n-api.service[62053]: DEBUG nova.api.openstack.wsgi [None req-133f5c58-6f66-49c1-a482-324302835540 tempest-VolumesSnapshotsTestJSON-1604074109 tempest-VolumesSnapshotsTestJSON-1604074109-project-member] Calling method '.version_select at 0x7f96e57313f0>' {{(pid=62053) _process_stack /opt/stack/nova/nova/api/openstack/wsgi.py:513}}
Apr 13 16:19:58 user devstack@n-api.service[62053]: INFO nova.api.openstack.requestlog [None req-133f5c58-6f66-49c1-a482-324302835540 tempest-VolumesSnapshotsTestJSON-1604074109 tempest-VolumesSnapshotsTestJSON-1604074109-project-member] 10.0.0.210 "GET /compute/v2.1/os-snapshots" status: 200 len: 290 microversion: 2.1 time: 0.049945
Apr 13 16:19:58 user devstack@n-api.service[62053]: [pid: 62053|app: 0|req: 17/54] 10.0.0.210 () {62 vars in 1217 bytes} [Thu Apr 13 16:19:58 2023] GET /compute/v2.1/os-snapshots => generated 290 bytes in 53 msecs (HTTP/1.1 200) 9 headers in 357 bytes (1 switches on core 0)
Apr 13 16:19:58 user devstack@n-api.service[62054]: DEBUG nova.api.openstack.wsgi [None req-c609b12a-c6c6-4395-b4d0-5f9e966f7834 tempest-VolumesSnapshotsTestJSON-1604074109 tempest-VolumesSnapshotsTestJSON-1604074109-project-member] Calling method '.version_select at 0x7f96e5744310>' {{(pid=62054) _process_stack /opt/stack/nova/nova/api/openstack/wsgi.py:513}}
Apr 13 16:19:58 user devstack@n-api.service[62054]: INFO nova.api.openstack.requestlog [None req-c609b12a-c6c6-4395-b4d0-5f9e966f7834 tempest-VolumesSnapshotsTestJSON-1604074109 tempest-VolumesSnapshotsTestJSON-1604074109-project-member] 10.0.0.210 "GET /compute/v2.1/os-snapshots/a1f8deca-1413-4537-af05-3933fd3e2968" status: 200 len: 287 microversion: 2.1 time: 0.033644
Apr 13 16:19:58 user devstack@n-api.service[62054]: [pid: 62054|app: 0|req: 21/55] 10.0.0.210 () {62 vars in 1328 bytes} [Thu Apr 13 16:19:58 2023] GET /compute/v2.1/os-snapshots/a1f8deca-1413-4537-af05-3933fd3e2968 => generated 287 bytes in 35 msecs (HTTP/1.1 200) 9 headers in 357 bytes (1 switches on core 0)
Apr 13 16:19:58 user devstack@n-api.service[62055]: INFO nova.api.openstack.requestlog [None req-cb0862e4-bf82-4762-a3ab-94735e80d8d0 tempest-VolumesGetTestJSON-1657551016 tempest-VolumesGetTestJSON-1657551016-project-member] 10.0.0.210 "GET /compute/v2.1/os-volumes/33ac7ed4-21b7-4a54-a349-0cfa731a7cb4" status: 200 len: 353 microversion: 2.1 time: 0.256063
Apr 13 16:19:58 user devstack@n-api.service[62055]: [pid: 62055|app: 0|req: 18/56] 10.0.0.210 () {62 vars in 1322 bytes} [Thu Apr 13 16:19:58 2023] GET /compute/v2.1/os-volumes/33ac7ed4-21b7-4a54-a349-0cfa731a7cb4 => generated 353 bytes in 258 msecs (HTTP/1.1 200) 9 headers in 357 bytes (1 switches on core 0)
Apr 13 16:19:58 user devstack@n-api.service[62053]: DEBUG nova.api.openstack.wsgi [None req-4152ff5e-6930-4026-a237-f103c5dcc6c4 tempest-VolumesGetTestJSON-1657551016 tempest-VolumesGetTestJSON-1657551016-project-member] Calling method '.version_select at 0x7f96e5732170>' {{(pid=62053) _process_stack /opt/stack/nova/nova/api/openstack/wsgi.py:513}}
Apr 13 16:19:58 user devstack@n-api.service[62053]: INFO nova.api.openstack.requestlog [None req-4152ff5e-6930-4026-a237-f103c5dcc6c4 tempest-VolumesGetTestJSON-1657551016 tempest-VolumesGetTestJSON-1657551016-project-member] 10.0.0.210 "DELETE /compute/v2.1/os-volumes/33ac7ed4-21b7-4a54-a349-0cfa731a7cb4" status: 202 len: 0 microversion: 2.1 time: 0.081705
Apr 13 16:19:58 user devstack@n-api.service[62053]: [pid: 62053|app: 0|req: 18/57] 10.0.0.210 () {62 vars in 1325 bytes} [Thu Apr 13 16:19:58 2023] DELETE /compute/v2.1/os-volumes/33ac7ed4-21b7-4a54-a349-0cfa731a7cb4 => generated 0 bytes in 84 msecs (HTTP/1.1 202) 9 headers in 361 bytes (1 switches on core 0)
Apr 13 16:19:58 user devstack@n-api.service[62054]: DEBUG nova.api.openstack.wsgi [None req-008559f8-313d-4542-ab7d-aa3d634ceeca tempest-VolumesGetTestJSON-1657551016 tempest-VolumesGetTestJSON-1657551016-project-member] Calling method '.version_select at 0x7f96e5744820>' {{(pid=62054) _process_stack /opt/stack/nova/nova/api/openstack/wsgi.py:513}}
Apr 13 16:19:58 user devstack@n-api.service[62054]: INFO nova.api.openstack.requestlog [None req-008559f8-313d-4542-ab7d-aa3d634ceeca tempest-VolumesGetTestJSON-1657551016 tempest-VolumesGetTestJSON-1657551016-project-member] 10.0.0.210 "GET /compute/v2.1/os-volumes/33ac7ed4-21b7-4a54-a349-0cfa731a7cb4" status: 200 len: 352 microversion: 2.1 time: 0.071391
Apr 13 16:19:58 user devstack@n-api.service[62054]: [pid: 62054|app: 0|req: 22/58] 10.0.0.210 () {62 vars in 1322 bytes} [Thu Apr 13 16:19:58 2023] GET /compute/v2.1/os-volumes/33ac7ed4-21b7-4a54-a349-0cfa731a7cb4 => generated 352 bytes in 73 msecs (HTTP/1.1 200) 9 headers in 357 bytes (1 switches on core 0)
Apr 13 16:19:59 user devstack@n-api.service[62055]: DEBUG nova.api.openstack.wsgi [None req-00c6afed-01bb-4001-b0b3-1002f3bfe92d tempest-VolumesSnapshotsTestJSON-1604074109 tempest-VolumesSnapshotsTestJSON-1604074109-project-member] Calling method '.version_select at 0x7f96e571bd00>' {{(pid=62055) _process_stack /opt/stack/nova/nova/api/openstack/wsgi.py:513}}
Apr 13 16:19:59 user devstack@n-api.service[62055]: INFO nova.api.openstack.requestlog [None req-00c6afed-01bb-4001-b0b3-1002f3bfe92d tempest-VolumesSnapshotsTestJSON-1604074109 tempest-VolumesSnapshotsTestJSON-1604074109-project-member] 10.0.0.210 "GET /compute/v2.1/os-snapshots/a1f8deca-1413-4537-af05-3933fd3e2968" status: 200 len: 287 microversion: 2.1 time: 0.101260
Apr 13 16:19:59 user devstack@n-api.service[62055]: [pid: 62055|app: 0|req: 19/59] 10.0.0.210 () {62 vars in 1328 bytes} [Thu Apr 13 16:19:59 2023] GET /compute/v2.1/os-snapshots/a1f8deca-1413-4537-af05-3933fd3e2968 => generated 287 bytes in 103 msecs (HTTP/1.1 200) 9 headers in 357 bytes (1 switches on core 0)
Apr 13 16:19:59 user devstack@n-api.service[62053]: DEBUG nova.api.openstack.wsgi [None req-7b3df95f-fd49-4c35-ae36-4bbe50101401 tempest-VolumesGetTestJSON-1657551016 tempest-VolumesGetTestJSON-1657551016-project-member] Calling method '.version_select at 0x7f96e5731b40>' {{(pid=62053) _process_stack /opt/stack/nova/nova/api/openstack/wsgi.py:513}}
Apr 13 16:19:59 user devstack@n-api.service[62053]: INFO nova.api.openstack.requestlog [None req-7b3df95f-fd49-4c35-ae36-4bbe50101401 tempest-VolumesGetTestJSON-1657551016 tempest-VolumesGetTestJSON-1657551016-project-member] 10.0.0.210 "GET /compute/v2.1/os-volumes/33ac7ed4-21b7-4a54-a349-0cfa731a7cb4" status: 200 len: 352 microversion: 2.1 time: 0.052083
Apr 13 16:19:59 user devstack@n-api.service[62053]: [pid: 62053|app: 0|req: 19/60] 10.0.0.210 () {62 vars in 1322 bytes} [Thu Apr 13 16:19:59 2023] GET /compute/v2.1/os-volumes/33ac7ed4-21b7-4a54-a349-0cfa731a7cb4 => generated 352 bytes in 54 msecs (HTTP/1.1 200) 9 headers in 357 bytes (1 switches on core 0)
Apr 13 16:20:00 user devstack@n-api.service[62054]: DEBUG nova.api.openstack.wsgi [None req-529f61e7-37c2-4cce-a846-bb4d8cd01efb tempest-VolumesSnapshotsTestJSON-1604074109 tempest-VolumesSnapshotsTestJSON-1604074109-project-member] Calling method '.version_select at 0x7f96e57279a0>' {{(pid=62054) _process_stack /opt/stack/nova/nova/api/openstack/wsgi.py:513}}
Apr 13 16:20:00 user devstack@n-api.service[62054]: INFO nova.api.openstack.requestlog [None req-529f61e7-37c2-4cce-a846-bb4d8cd01efb tempest-VolumesSnapshotsTestJSON-1604074109 tempest-VolumesSnapshotsTestJSON-1604074109-project-member] 10.0.0.210 "GET /compute/v2.1/os-snapshots/a1f8deca-1413-4537-af05-3933fd3e2968" status: 200 len: 288 microversion: 2.1 time: 0.033585
