Apr 14 04:16:46 user devstack@n-api.service[61597]: DEBUG nova.api.openstack.wsgi [None req-fd89ffb3-188b-4f85-8f59-d28932ea04dc tempest-ServerStableDeviceRescueTest-1018370864 tempest-ServerStableDeviceRescueTest-1018370864-project-member] Action: 'create', calling method: >, body: {"server": {"name": "tempest-ServerStableDeviceRescueTest-server-1335768391", "imageRef": "5c55a1da-f6f8-4442-939b-f0cb72ea4327", "flavorRef": "42", "networks": [{"uuid": "97d3cce1-27a3-4e76-9d3f-44860a2a8dcf"}], "security_groups": [{"name": "tempest-securitygroup--1611053229"}], "key_name": "tempest-keypair-234703296", "user_data": "IyEvYmluL3NoCmVjaG8gIlByaW50aW5nIGNpcnJvcyB1c2VyIGF1dGhvcml6ZWQga2V5cyIKY2F0IH5jaXJyb3MvLnNzaC9hdXRob3JpemVkX2tleXMgfHwgdHJ1ZQo="}} {{(pid=61597) _process_stack /opt/stack/nova/nova/api/openstack/wsgi.py:511}}
Apr 14 04:16:46 user devstack@n-api.service[61597]: DEBUG dbcounter [-] [61597] Writing DB stats nova_api:SELECT=57,nova_api:INSERT=10 {{(pid=61597) stat_writer /usr/local/lib/python3.10/dist-packages/dbcounter.py:117}}
Apr 14 04:16:46 user devstack@n-api.service[61597]: DEBUG nova.network.neutron [None req-fd89ffb3-188b-4f85-8f59-d28932ea04dc tempest-ServerStableDeviceRescueTest-1018370864 tempest-ServerStableDeviceRescueTest-1018370864-project-member] validate_networks() for [('97d3cce1-27a3-4e76-9d3f-44860a2a8dcf', None, None, None, None, None)] {{(pid=61597) validate_networks /opt/stack/nova/nova/network/neutron.py:2636}}
Apr 14 04:16:47 user devstack@n-api.service[61597]: DEBUG nova.virt.hardware [None req-fd89ffb3-188b-4f85-8f59-d28932ea04dc tempest-ServerStableDeviceRescueTest-1018370864 tempest-ServerStableDeviceRescueTest-1018370864-project-member] Flavor limits 0:0:0 {{(pid=61597) get_cpu_topology_constraints /opt/stack/nova/nova/virt/hardware.py:343}}
Apr 14 04:16:47 user devstack@n-api.service[61597]: DEBUG nova.virt.hardware [None req-fd89ffb3-188b-4f85-8f59-d28932ea04dc tempest-ServerStableDeviceRescueTest-1018370864 tempest-ServerStableDeviceRescueTest-1018370864-project-member] Image limits 0:0:0 {{(pid=61597) get_cpu_topology_constraints /opt/stack/nova/nova/virt/hardware.py:347}}
Apr 14 04:16:47 user devstack@n-api.service[61597]: DEBUG nova.virt.hardware [None req-fd89ffb3-188b-4f85-8f59-d28932ea04dc tempest-ServerStableDeviceRescueTest-1018370864 tempest-ServerStableDeviceRescueTest-1018370864-project-member] Flavor pref 0:0:0 {{(pid=61597) get_cpu_topology_constraints /opt/stack/nova/nova/virt/hardware.py:383}}
Apr 14 04:16:47 user devstack@n-api.service[61597]: DEBUG nova.virt.hardware [None req-fd89ffb3-188b-4f85-8f59-d28932ea04dc tempest-ServerStableDeviceRescueTest-1018370864 tempest-ServerStableDeviceRescueTest-1018370864-project-member] Image pref 0:0:0 {{(pid=61597) get_cpu_topology_constraints /opt/stack/nova/nova/virt/hardware.py:387}}
Apr 14 04:16:47 user devstack@n-api.service[61597]: DEBUG nova.virt.hardware [None req-fd89ffb3-188b-4f85-8f59-d28932ea04dc tempest-ServerStableDeviceRescueTest-1018370864 tempest-ServerStableDeviceRescueTest-1018370864-project-member] Chose sockets=0, cores=0, threads=0; limits were sockets=65536, cores=65536, threads=65536 {{(pid=61597) get_cpu_topology_constraints /opt/stack/nova/nova/virt/hardware.py:425}}
Apr 14 04:16:47 user devstack@n-api.service[61597]: DEBUG oslo_concurrency.lockutils [None req-fd89ffb3-188b-4f85-8f59-d28932ea04dc tempest-ServerStableDeviceRescueTest-1018370864 tempest-ServerStableDeviceRescueTest-1018370864-project-member] Acquiring lock "00000000-0000-0000-0000-000000000000" by "nova.context.set_target_cell..get_or_set_cached_cell_and_set_connections" {{(pid=61597) inner /usr/local/lib/python3.10/dist-packages/oslo_concurrency/lockutils.py:404}}
Apr 14 04:16:47 user devstack@n-api.service[61597]: DEBUG oslo_concurrency.lockutils [None req-fd89ffb3-188b-4f85-8f59-d28932ea04dc tempest-ServerStableDeviceRescueTest-1018370864 tempest-ServerStableDeviceRescueTest-1018370864-project-member] Lock "00000000-0000-0000-0000-000000000000" acquired by "nova.context.set_target_cell..get_or_set_cached_cell_and_set_connections" :: waited 0.001s {{(pid=61597) inner /usr/local/lib/python3.10/dist-packages/oslo_concurrency/lockutils.py:409}}
Apr 14 04:16:47 user devstack@n-api.service[61597]: DEBUG oslo_concurrency.lockutils [None req-fd89ffb3-188b-4f85-8f59-d28932ea04dc tempest-ServerStableDeviceRescueTest-1018370864 tempest-ServerStableDeviceRescueTest-1018370864-project-member] Lock "00000000-0000-0000-0000-000000000000" "released" by "nova.context.set_target_cell..get_or_set_cached_cell_and_set_connections" :: held 0.000s {{(pid=61597) inner /usr/local/lib/python3.10/dist-packages/oslo_concurrency/lockutils.py:423}}
Apr 14 04:16:47 user devstack@n-api.service[61597]: DEBUG oslo_concurrency.lockutils [None req-fd89ffb3-188b-4f85-8f59-d28932ea04dc tempest-ServerStableDeviceRescueTest-1018370864 tempest-ServerStableDeviceRescueTest-1018370864-project-member] Acquiring lock "e8c7b186-ea85-4588-b70f-eba063098946" by "nova.context.set_target_cell..get_or_set_cached_cell_and_set_connections" {{(pid=61597) inner /usr/local/lib/python3.10/dist-packages/oslo_concurrency/lockutils.py:404}}
Apr 14 04:16:47 user devstack@n-api.service[61597]: DEBUG oslo_concurrency.lockutils [None req-fd89ffb3-188b-4f85-8f59-d28932ea04dc tempest-ServerStableDeviceRescueTest-1018370864 tempest-ServerStableDeviceRescueTest-1018370864-project-member] Lock "e8c7b186-ea85-4588-b70f-eba063098946" acquired by "nova.context.set_target_cell..get_or_set_cached_cell_and_set_connections" :: waited 0.000s {{(pid=61597) inner /usr/local/lib/python3.10/dist-packages/oslo_concurrency/lockutils.py:409}}
Apr 14 04:16:47 user devstack@n-api.service[61597]: DEBUG oslo_concurrency.lockutils [None req-fd89ffb3-188b-4f85-8f59-d28932ea04dc tempest-ServerStableDeviceRescueTest-1018370864 tempest-ServerStableDeviceRescueTest-1018370864-project-member] Lock "e8c7b186-ea85-4588-b70f-eba063098946" "released" by "nova.context.set_target_cell..get_or_set_cached_cell_and_set_connections" :: held 0.000s {{(pid=61597) inner /usr/local/lib/python3.10/dist-packages/oslo_concurrency/lockutils.py:423}}
Apr 14 04:16:47 user devstack@n-api.service[61597]: DEBUG nova.quota [None req-fd89ffb3-188b-4f85-8f59-d28932ea04dc tempest-ServerStableDeviceRescueTest-1018370864 tempest-ServerStableDeviceRescueTest-1018370864-project-member] Getting quotas for project 15bb9ddec81e4f6cbceb6ce7dee9c3a1. Resources: {'ram', 'instances', 'cores'} {{(pid=61597) _get_quotas /opt/stack/nova/nova/quota.py:393}}
Apr 14 04:16:47 user devstack@n-api.service[61597]: DEBUG nova.quota [None req-fd89ffb3-188b-4f85-8f59-d28932ea04dc tempest-ServerStableDeviceRescueTest-1018370864 tempest-ServerStableDeviceRescueTest-1018370864-project-member] Getting quotas for user 676d80d3684045298d895555247174af and project 15bb9ddec81e4f6cbceb6ce7dee9c3a1. Resources: {'ram', 'instances', 'cores'} {{(pid=61597) _get_quotas /opt/stack/nova/nova/quota.py:383}}
Apr 14 04:16:47 user devstack@n-api.service[61597]: DEBUG nova.compute.api [None req-fd89ffb3-188b-4f85-8f59-d28932ea04dc tempest-ServerStableDeviceRescueTest-1018370864 tempest-ServerStableDeviceRescueTest-1018370864-project-member] Going to run 1 instances... {{(pid=61597) _provision_instances /opt/stack/nova/nova/compute/api.py:1403}}
Apr 14 04:16:47 user devstack@n-api.service[61597]: DEBUG nova.compute.api [None req-fd89ffb3-188b-4f85-8f59-d28932ea04dc tempest-ServerStableDeviceRescueTest-1018370864 tempest-ServerStableDeviceRescueTest-1018370864-project-member] [instance: cd60eede-cd79-4c1b-adb7-ba7c6cbc9659] block_device_mapping [BlockDeviceMapping(attachment_id=,boot_index=0,connection_info=None,created_at=,delete_on_termination=True,deleted=,deleted_at=,destination_type='local',device_name=None,device_type='disk',disk_bus=None,encrypted=False,encryption_format=None,encryption_options=None,encryption_secret_uuid=None,guest_format=None,id=,image_id='5c55a1da-f6f8-4442-939b-f0cb72ea4327',instance=,instance_uuid=,no_device=False,snapshot_id=None,source_type='image',tag=None,updated_at=,uuid=,volume_id=None,volume_size=None,volume_type=None)] {{(pid=61597) _bdm_validate_set_size_and_instance /opt/stack/nova/nova/compute/api.py:1864}}
Apr 14 04:16:47 user devstack@n-api.service[61597]: INFO nova.api.openstack.requestlog [None req-fd89ffb3-188b-4f85-8f59-d28932ea04dc tempest-ServerStableDeviceRescueTest-1018370864 tempest-ServerStableDeviceRescueTest-1018370864-project-member] 10.0.0.210 "POST /compute/v2.1/servers" status: 202 len: 404 microversion: 2.1 time: 1.364742
Apr 14 04:16:47 user devstack@n-api.service[61597]: [pid: 61597|app: 0|req: 26/81] 10.0.0.210 () {64 vars in 1224 bytes} [Fri Apr 14 04:16:46 2023] POST /compute/v2.1/servers => generated 404 bytes in 1366 msecs (HTTP/1.1 202) 10 headers in 450 bytes (1 switches on core 0)
Apr 14 04:16:47 user devstack@n-api.service[61596]: DEBUG nova.api.openstack.wsgi [None req-48c81918-1f01-4e22-9064-72eba2ed7978 tempest-ServerStableDeviceRescueTest-1018370864 tempest-ServerStableDeviceRescueTest-1018370864-project-member] Calling method '>' {{(pid=61596) _process_stack /opt/stack/nova/nova/api/openstack/wsgi.py:513}}
Apr 14 04:16:47 user devstack@n-api.service[61596]: DEBUG nova.compute.api [None req-48c81918-1f01-4e22-9064-72eba2ed7978 tempest-ServerStableDeviceRescueTest-1018370864 tempest-ServerStableDeviceRescueTest-1018370864-project-member] [instance: cd60eede-cd79-4c1b-adb7-ba7c6cbc9659] Fetching instance by UUID {{(pid=61596) get /opt/stack/nova/nova/compute/api.py:2977}}
Apr 14 04:16:47 user devstack@n-api.service[61596]: DEBUG dbcounter [-] [61596] Writing DB stats nova_cell0:SELECT=6 {{(pid=61596) stat_writer /usr/local/lib/python3.10/dist-packages/dbcounter.py:117}}
Apr 14 04:16:47 user devstack@n-api.service[61596]: DEBUG nova.policy [None req-48c81918-1f01-4e22-9064-72eba2ed7978 tempest-ServerStableDeviceRescueTest-1018370864 tempest-ServerStableDeviceRescueTest-1018370864-project-member] Policy check for os_compute_api:os-extended-server-attributes failed with credentials {'is_admin': False, 'user_id': '676d80d3684045298d895555247174af', 'user_domain_id': 'default', 'system_scope': None, 'domain_id': None, 'project_id': '15bb9ddec81e4f6cbceb6ce7dee9c3a1', 'project_domain_id': 'default', 'roles': ['member', 'reader'], 'is_admin_project': True, 'service_user_id': None, 'service_user_domain_id': None, 'service_project_id': None, 'service_project_domain_id': None, 'service_roles': []} {{(pid=61596) authorize /opt/stack/nova/nova/policy.py:203}}
Apr 14 04:16:47 user devstack@n-api.service[61596]: INFO nova.api.openstack.requestlog [None req-48c81918-1f01-4e22-9064-72eba2ed7978 tempest-ServerStableDeviceRescueTest-1018370864 tempest-ServerStableDeviceRescueTest-1018370864-project-member] 10.0.0.210 "GET /compute/v2.1/servers/cd60eede-cd79-4c1b-adb7-ba7c6cbc9659" status: 200 len: 1239 microversion: 2.1 time: 0.192956
Apr 14 04:16:47 user devstack@n-api.service[61596]: [pid: 61596|app: 0|req: 30/82] 10.0.0.210 () {62 vars in 1313 bytes} [Fri Apr 14 04:16:47 2023] GET /compute/v2.1/servers/cd60eede-cd79-4c1b-adb7-ba7c6cbc9659 => generated 1239 bytes in 231 msecs (HTTP/1.1 200) 9 headers in 358 bytes (1 switches on core 0)
Apr 14 04:16:48 user devstack@n-api.service[61595]: DEBUG nova.api.openstack.wsgi [req-e3891da0-1508-480d-9ee3-f28d38e36060 req-dcc325c6-e9ff-4d6c-b01b-749b6cb10736 service nova] Action: 'create', calling method: >, body: {"events": [{"server_uuid": "da3b4651-aaa0-430d-85b8-c15de386d08f", "name": "network-vif-plugged", "status": "completed", "tag": "df63af46-27d1-4086-ae2c-39e8bc829bc7"}]} {{(pid=61595) _process_stack /opt/stack/nova/nova/api/openstack/wsgi.py:511}}
Apr 14 04:16:48 user devstack@n-api.service[61595]: DEBUG oslo_concurrency.lockutils [req-e3891da0-1508-480d-9ee3-f28d38e36060 req-dcc325c6-e9ff-4d6c-b01b-749b6cb10736 service nova] Acquiring lock "e8c7b186-ea85-4588-b70f-eba063098946" by "nova.context.set_target_cell..get_or_set_cached_cell_and_set_connections" {{(pid=61595) inner /usr/local/lib/python3.10/dist-packages/oslo_concurrency/lockutils.py:404}}
Apr 14 04:16:48 user devstack@n-api.service[61595]: DEBUG oslo_concurrency.lockutils [req-e3891da0-1508-480d-9ee3-f28d38e36060 req-dcc325c6-e9ff-4d6c-b01b-749b6cb10736 service nova] Lock "e8c7b186-ea85-4588-b70f-eba063098946" acquired by "nova.context.set_target_cell..get_or_set_cached_cell_and_set_connections" :: waited 0.001s {{(pid=61595) inner /usr/local/lib/python3.10/dist-packages/oslo_concurrency/lockutils.py:409}}
Apr 14 04:16:48 user devstack@n-api.service[61595]: DEBUG oslo_concurrency.lockutils [req-e3891da0-1508-480d-9ee3-f28d38e36060 req-dcc325c6-e9ff-4d6c-b01b-749b6cb10736 service nova] Lock "e8c7b186-ea85-4588-b70f-eba063098946" "released" by "nova.context.set_target_cell..get_or_set_cached_cell_and_set_connections" :: held 0.001s {{(pid=61595) inner /usr/local/lib/python3.10/dist-packages/oslo_concurrency/lockutils.py:423}}
Apr 14 04:16:48 user devstack@n-api.service[61595]: INFO nova.api.openstack.compute.server_external_events [req-e3891da0-1508-480d-9ee3-f28d38e36060 req-dcc325c6-e9ff-4d6c-b01b-749b6cb10736 service nova] Creating event network-vif-plugged:df63af46-27d1-4086-ae2c-39e8bc829bc7 for instance da3b4651-aaa0-430d-85b8-c15de386d08f on user
Apr 14 04:16:48 user devstack@n-api.service[61595]: INFO nova.api.openstack.requestlog [req-e3891da0-1508-480d-9ee3-f28d38e36060 req-dcc325c6-e9ff-4d6c-b01b-749b6cb10736 service nova] 10.0.0.210 "POST /compute/v2.1/os-server-external-events" status: 200 len: 183 microversion: 2.1 time: 0.056484
Apr 14 04:16:48 user devstack@n-api.service[61595]: [pid: 61595|app: 0|req: 27/83] 10.0.0.210 () {68 vars in 1394 bytes} [Fri Apr 14 04:16:48 2023] POST /compute/v2.1/os-server-external-events => generated 183 bytes in 59 msecs (HTTP/1.1 200) 9 headers in 357 bytes (1 switches on core 0)
Apr 14 04:16:50 user devstack@n-api.service[61597]: DEBUG nova.api.openstack.wsgi [req-4ec13115-161a-4aa6-9f9c-9a9a90e53f56 req-69e4541b-7f4d-40c9-9cb2-657847625cb9 service nova] Action: 'create', calling method: >, body: {"events": [{"server_uuid": "da3b4651-aaa0-430d-85b8-c15de386d08f", "name": "network-vif-plugged", "status": "completed", "tag": "df63af46-27d1-4086-ae2c-39e8bc829bc7"}]} {{(pid=61597) _process_stack /opt/stack/nova/nova/api/openstack/wsgi.py:511}}
Apr 14 04:16:50 user devstack@n-api.service[61597]: DEBUG oslo_concurrency.lockutils [req-4ec13115-161a-4aa6-9f9c-9a9a90e53f56 req-69e4541b-7f4d-40c9-9cb2-657847625cb9 service nova] Acquiring lock "e8c7b186-ea85-4588-b70f-eba063098946" by "nova.context.set_target_cell..get_or_set_cached_cell_and_set_connections" {{(pid=61597) inner /usr/local/lib/python3.10/dist-packages/oslo_concurrency/lockutils.py:404}}
Apr 14 04:16:50 user devstack@n-api.service[61597]: DEBUG oslo_concurrency.lockutils [req-4ec13115-161a-4aa6-9f9c-9a9a90e53f56 req-69e4541b-7f4d-40c9-9cb2-657847625cb9 service nova] Lock "e8c7b186-ea85-4588-b70f-eba063098946" acquired by "nova.context.set_target_cell..get_or_set_cached_cell_and_set_connections" :: waited 0.001s {{(pid=61597) inner /usr/local/lib/python3.10/dist-packages/oslo_concurrency/lockutils.py:409}}
Apr 14 04:16:50 user devstack@n-api.service[61597]: DEBUG oslo_concurrency.lockutils [req-4ec13115-161a-4aa6-9f9c-9a9a90e53f56 req-69e4541b-7f4d-40c9-9cb2-657847625cb9 service nova] Lock "e8c7b186-ea85-4588-b70f-eba063098946" "released" by "nova.context.set_target_cell..get_or_set_cached_cell_and_set_connections" :: held 0.001s {{(pid=61597) inner /usr/local/lib/python3.10/dist-packages/oslo_concurrency/lockutils.py:423}}
Apr 14 04:16:50 user devstack@n-api.service[61597]: INFO nova.api.openstack.compute.server_external_events [req-4ec13115-161a-4aa6-9f9c-9a9a90e53f56 req-69e4541b-7f4d-40c9-9cb2-657847625cb9 service nova] Creating event network-vif-plugged:df63af46-27d1-4086-ae2c-39e8bc829bc7 for instance da3b4651-aaa0-430d-85b8-c15de386d08f on user
Apr 14 04:16:50 user devstack@n-api.service[61597]: DEBUG oslo_concurrency.lockutils [req-4ec13115-161a-4aa6-9f9c-9a9a90e53f56 req-69e4541b-7f4d-40c9-9cb2-657847625cb9 service nova] Acquiring lock "compute-rpcapi-router" {{(pid=61597) lock /usr/local/lib/python3.10/dist-packages/oslo_concurrency/lockutils.py:312}}
Apr 14 04:16:50 user devstack@n-api.service[61597]: DEBUG oslo_concurrency.lockutils [req-4ec13115-161a-4aa6-9f9c-9a9a90e53f56 req-69e4541b-7f4d-40c9-9cb2-657847625cb9 service nova] Acquired lock "compute-rpcapi-router" {{(pid=61597) lock /usr/local/lib/python3.10/dist-packages/oslo_concurrency/lockutils.py:315}}
Apr 14 04:16:50 user devstack@n-api.service[61597]: DEBUG oslo_concurrency.lockutils [None req-f4e000e8-ddf4-49b2-8a51-1c65dffd05bb None None] Acquiring lock "00000000-0000-0000-0000-000000000000" by "nova.context.set_target_cell..get_or_set_cached_cell_and_set_connections" {{(pid=61597) inner /usr/local/lib/python3.10/dist-packages/oslo_concurrency/lockutils.py:404}}
Apr 14 04:16:50 user devstack@n-api.service[61597]: DEBUG oslo_concurrency.lockutils [None req-f4e000e8-ddf4-49b2-8a51-1c65dffd05bb None None] Lock "00000000-0000-0000-0000-000000000000" acquired by "nova.context.set_target_cell..get_or_set_cached_cell_and_set_connections" :: waited 0.001s {{(pid=61597) inner /usr/local/lib/python3.10/dist-packages/oslo_concurrency/lockutils.py:409}}
Apr 14 04:16:50 user devstack@n-api.service[61597]: DEBUG oslo_concurrency.lockutils [None req-f4e000e8-ddf4-49b2-8a51-1c65dffd05bb None None] Lock "00000000-0000-0000-0000-000000000000" "released" by "nova.context.set_target_cell..get_or_set_cached_cell_and_set_connections" :: held 0.000s {{(pid=61597) inner /usr/local/lib/python3.10/dist-packages/oslo_concurrency/lockutils.py:423}}
Apr 14 04:16:50 user devstack@n-api.service[61597]: DEBUG oslo_concurrency.lockutils [None req-f4e000e8-ddf4-49b2-8a51-1c65dffd05bb None None] Acquiring lock "e8c7b186-ea85-4588-b70f-eba063098946" by "nova.context.set_target_cell..get_or_set_cached_cell_and_set_connections" {{(pid=61597) inner /usr/local/lib/python3.10/dist-packages/oslo_concurrency/lockutils.py:404}}
Apr 14 04:16:50 user devstack@n-api.service[61597]: DEBUG oslo_concurrency.lockutils [None req-f4e000e8-ddf4-49b2-8a51-1c65dffd05bb None None] Lock "e8c7b186-ea85-4588-b70f-eba063098946" acquired by "nova.context.set_target_cell..get_or_set_cached_cell_and_set_connections" :: waited 0.001s {{(pid=61597) inner /usr/local/lib/python3.10/dist-packages/oslo_concurrency/lockutils.py:409}}
Apr 14 04:16:50 user devstack@n-api.service[61597]: DEBUG oslo_concurrency.lockutils [None req-f4e000e8-ddf4-49b2-8a51-1c65dffd05bb None None] Lock "e8c7b186-ea85-4588-b70f-eba063098946" "released" by "nova.context.set_target_cell..get_or_set_cached_cell_and_set_connections" :: held 0.001s {{(pid=61597) inner /usr/local/lib/python3.10/dist-packages/oslo_concurrency/lockutils.py:423}}
Apr 14 04:16:50 user devstack@n-api.service[61597]: INFO nova.compute.rpcapi [None req-f4e000e8-ddf4-49b2-8a51-1c65dffd05bb None None] Automatically selected compute RPC version 6.2 from minimum service version 66
Apr 14 04:16:50 user devstack@n-api.service[61597]: DEBUG oslo_concurrency.lockutils [None req-f4e000e8-ddf4-49b2-8a51-1c65dffd05bb None None] Releasing lock "compute-rpcapi-router" {{(pid=61597) lock /usr/local/lib/python3.10/dist-packages/oslo_concurrency/lockutils.py:333}}
Apr 14 04:16:50 user devstack@n-api.service[61597]: INFO nova.api.openstack.requestlog [None req-f4e000e8-ddf4-49b2-8a51-1c65dffd05bb None None] 10.0.0.210 "POST /compute/v2.1/os-server-external-events" status: 200 len: 183 microversion: 2.1 time: 0.154708
Apr 14 04:16:50 user devstack@n-api.service[61597]: [pid: 61597|app: 0|req: 27/84] 10.0.0.210 () {68 vars in 1394 bytes} [Fri Apr 14 04:16:50 2023] POST /compute/v2.1/os-server-external-events => generated 183 bytes in 157 msecs (HTTP/1.1 200) 9 headers in 357 bytes (1 switches on core 0)
Apr 14 04:16:50 user devstack@n-api.service[61596]: DEBUG nova.api.openstack.wsgi [req-ff9b7939-6f4a-44fc-92ea-284574a82dec req-7672bbac-a7a2-45ed-bcb6-695501bb33ad service nova] Action: 'create', calling method: >, body: {"events": [{"server_uuid": "e37e27b4-0813-4df9-ac66-1516334c12cb", "name": "network-vif-plugged", "status": "completed", "tag": "2a342575-05e3-4179-a370-6d39ac4f815d"}]} {{(pid=61596) _process_stack /opt/stack/nova/nova/api/openstack/wsgi.py:511}}
Apr 14 04:16:50 user devstack@n-api.service[61596]: DEBUG dbcounter [-] [61596] Writing DB stats nova_api:SELECT=64,nova_api:INSERT=7 {{(pid=61596) stat_writer /usr/local/lib/python3.10/dist-packages/dbcounter.py:117}}
Apr 14 04:16:50 user devstack@n-api.service[61596]: DEBUG oslo_concurrency.lockutils [req-ff9b7939-6f4a-44fc-92ea-284574a82dec req-7672bbac-a7a2-45ed-bcb6-695501bb33ad service nova] Acquiring lock "e8c7b186-ea85-4588-b70f-eba063098946" by "nova.context.set_target_cell..get_or_set_cached_cell_and_set_connections" {{(pid=61596) inner /usr/local/lib/python3.10/dist-packages/oslo_concurrency/lockutils.py:404}}
Apr 14 04:16:50 user devstack@n-api.service[61596]: DEBUG oslo_concurrency.lockutils [req-ff9b7939-6f4a-44fc-92ea-284574a82dec req-7672bbac-a7a2-45ed-bcb6-695501bb33ad service nova] Lock "e8c7b186-ea85-4588-b70f-eba063098946" acquired by "nova.context.set_target_cell..get_or_set_cached_cell_and_set_connections" :: waited 0.003s {{(pid=61596) inner /usr/local/lib/python3.10/dist-packages/oslo_concurrency/lockutils.py:409}}
Apr 14 04:16:50 user devstack@n-api.service[61596]: DEBUG oslo_concurrency.lockutils [req-ff9b7939-6f4a-44fc-92ea-284574a82dec req-7672bbac-a7a2-45ed-bcb6-695501bb33ad service nova] Lock "e8c7b186-ea85-4588-b70f-eba063098946" "released" by "nova.context.set_target_cell..get_or_set_cached_cell_and_set_connections" :: held 0.001s {{(pid=61596) inner /usr/local/lib/python3.10/dist-packages/oslo_concurrency/lockutils.py:423}}
Apr 14 04:16:50 user devstack@n-api.service[61596]: DEBUG dbcounter [-] [61596] Writing DB stats nova_cell1:SELECT=17 {{(pid=61596) stat_writer /usr/local/lib/python3.10/dist-packages/dbcounter.py:117}}
Apr 14 04:16:50 user devstack@n-api.service[61596]: INFO nova.api.openstack.compute.server_external_events [req-ff9b7939-6f4a-44fc-92ea-284574a82dec req-7672bbac-a7a2-45ed-bcb6-695501bb33ad service nova] Creating event network-vif-plugged:2a342575-05e3-4179-a370-6d39ac4f815d for instance e37e27b4-0813-4df9-ac66-1516334c12cb on user
Apr 14 04:16:50 user devstack@n-api.service[61596]: INFO nova.api.openstack.requestlog [req-ff9b7939-6f4a-44fc-92ea-284574a82dec req-7672bbac-a7a2-45ed-bcb6-695501bb33ad service nova] 10.0.0.210 "POST /compute/v2.1/os-server-external-events" status: 200 len: 183 microversion: 2.1 time: 0.099498
Apr 14 04:16:50 user devstack@n-api.service[61596]: [pid: 61596|app: 0|req: 31/85] 10.0.0.210 () {68 vars in 1394 bytes} [Fri Apr 14 04:16:50 2023] POST /compute/v2.1/os-server-external-events => generated 183 bytes in 103 msecs (HTTP/1.1 200) 9 headers in 357 bytes (1 switches on core 0)
Apr 14 04:16:52 user devstack@n-api.service[61595]: DEBUG nova.api.openstack.wsgi [req-c5d9b6a2-8cef-478c-a775-36fe6d74b6db req-6532d325-6ff7-47a5-bdf3-2b4f32d79afc service nova] Action: 'create', calling method: >, body: {"events": [{"name": "network-changed", "server_uuid": "586ca3d5-9ac5-4d3f-868d-7ff7aedf5fbc", "tag": "593a3298-746a-48af-96dc-4c572e0d59c2"}, {"name": "network-changed", "server_uuid": "a0a20aeb-ed06-4c65-b87d-74f8f825457d", "tag": "3a3e3b13-7b4e-46c8-9123-5c1f121a38b9"}]} {{(pid=61595) _process_stack /opt/stack/nova/nova/api/openstack/wsgi.py:511}}
Apr 14 04:16:52 user devstack@n-api.service[61595]: DEBUG dbcounter [-] [61595] Writing DB stats nova_cell0:SELECT=22 {{(pid=61595) stat_writer /usr/local/lib/python3.10/dist-packages/dbcounter.py:117}}
Apr 14 04:16:52 user devstack@n-api.service[61595]: DEBUG oslo_concurrency.lockutils [req-c5d9b6a2-8cef-478c-a775-36fe6d74b6db req-6532d325-6ff7-47a5-bdf3-2b4f32d79afc service nova] Acquiring lock "e8c7b186-ea85-4588-b70f-eba063098946" by "nova.context.set_target_cell..get_or_set_cached_cell_and_set_connections" {{(pid=61595) inner /usr/local/lib/python3.10/dist-packages/oslo_concurrency/lockutils.py:404}}
Apr 14 04:16:52 user devstack@n-api.service[61595]: DEBUG oslo_concurrency.lockutils [req-c5d9b6a2-8cef-478c-a775-36fe6d74b6db req-6532d325-6ff7-47a5-bdf3-2b4f32d79afc service nova] Lock "e8c7b186-ea85-4588-b70f-eba063098946" acquired by "nova.context.set_target_cell..get_or_set_cached_cell_and_set_connections" :: waited 0.001s {{(pid=61595) inner /usr/local/lib/python3.10/dist-packages/oslo_concurrency/lockutils.py:409}}
Apr 14 04:16:52 user devstack@n-api.service[61595]: DEBUG oslo_concurrency.lockutils [req-c5d9b6a2-8cef-478c-a775-36fe6d74b6db req-6532d325-6ff7-47a5-bdf3-2b4f32d79afc service nova] Lock "e8c7b186-ea85-4588-b70f-eba063098946" "released" by "nova.context.set_target_cell..get_or_set_cached_cell_and_set_connections" :: held 0.001s {{(pid=61595) inner /usr/local/lib/python3.10/dist-packages/oslo_concurrency/lockutils.py:423}}
Apr 14 04:16:52 user devstack@n-api.service[61595]: INFO nova.api.openstack.compute.server_external_events [req-c5d9b6a2-8cef-478c-a775-36fe6d74b6db req-6532d325-6ff7-47a5-bdf3-2b4f32d79afc service nova] Creating event network-changed:593a3298-746a-48af-96dc-4c572e0d59c2 for instance 586ca3d5-9ac5-4d3f-868d-7ff7aedf5fbc on user
Apr 14 04:16:52 user devstack@n-api.service[61595]: INFO nova.api.openstack.compute.server_external_events [req-c5d9b6a2-8cef-478c-a775-36fe6d74b6db req-6532d325-6ff7-47a5-bdf3-2b4f32d79afc service nova] Creating event network-changed:3a3e3b13-7b4e-46c8-9123-5c1f121a38b9 for instance a0a20aeb-ed06-4c65-b87d-74f8f825457d on user
Apr 14 04:16:52 user devstack@n-api.service[61595]: INFO nova.api.openstack.requestlog [req-c5d9b6a2-8cef-478c-a775-36fe6d74b6db req-6532d325-6ff7-47a5-bdf3-2b4f32d79afc service nova] 10.0.0.210 "POST /compute/v2.1/os-server-external-events" status: 200 len: 346 microversion: 2.1 time: 0.128492
Apr 14 04:16:52 user devstack@n-api.service[61595]: [pid: 61595|app: 0|req: 28/86] 10.0.0.210 () {68 vars in 1394 bytes} [Fri Apr 14 04:16:52 2023] POST /compute/v2.1/os-server-external-events => generated 346 bytes in 135 msecs (HTTP/1.1 200) 9 headers in 357 bytes (1 switches on core 0)
Apr 14 04:16:52 user devstack@n-api.service[61597]: DEBUG nova.api.openstack.wsgi [req-07bd9b15-122a-4ea8-b613-836a874becdf req-8abd6fe9-e685-40aa-be0d-8bbf081e6af7 service nova] Action: 'create', calling method: >, body: {"events": [{"name": "network-changed", "server_uuid": "2f7e20cd-33ef-4f83-bcdb-a13b9b51370a", "tag": "1201ab18-d7ef-4a92-a77e-d0ab69858538"}, {"server_uuid": "e37e27b4-0813-4df9-ac66-1516334c12cb", "name": "network-vif-plugged", "status": "completed", "tag": "2a342575-05e3-4179-a370-6d39ac4f815d"}]} {{(pid=61597) _process_stack /opt/stack/nova/nova/api/openstack/wsgi.py:511}}
Apr 14 04:16:52 user devstack@n-api.service[61597]: DEBUG oslo_concurrency.lockutils [req-07bd9b15-122a-4ea8-b613-836a874becdf req-8abd6fe9-e685-40aa-be0d-8bbf081e6af7 service nova] Acquiring lock "e8c7b186-ea85-4588-b70f-eba063098946" by "nova.context.set_target_cell..get_or_set_cached_cell_and_set_connections" {{(pid=61597) inner /usr/local/lib/python3.10/dist-packages/oslo_concurrency/lockutils.py:404}}
Apr 14 04:16:52 user devstack@n-api.service[61597]: DEBUG oslo_concurrency.lockutils [req-07bd9b15-122a-4ea8-b613-836a874becdf req-8abd6fe9-e685-40aa-be0d-8bbf081e6af7 service nova] Lock "e8c7b186-ea85-4588-b70f-eba063098946" acquired by "nova.context.set_target_cell..get_or_set_cached_cell_and_set_connections" :: waited 0.001s {{(pid=61597) inner /usr/local/lib/python3.10/dist-packages/oslo_concurrency/lockutils.py:409}}
Apr 14 04:16:52 user devstack@n-api.service[61597]: DEBUG oslo_concurrency.lockutils [req-07bd9b15-122a-4ea8-b613-836a874becdf req-8abd6fe9-e685-40aa-be0d-8bbf081e6af7 service nova] Lock "e8c7b186-ea85-4588-b70f-eba063098946" "released" by "nova.context.set_target_cell..get_or_set_cached_cell_and_set_connections" :: held 0.002s {{(pid=61597) inner /usr/local/lib/python3.10/dist-packages/oslo_concurrency/lockutils.py:423}}
Apr 14 04:16:52 user devstack@n-api.service[61597]: INFO nova.api.openstack.compute.server_external_events [req-07bd9b15-122a-4ea8-b613-836a874becdf req-8abd6fe9-e685-40aa-be0d-8bbf081e6af7 service nova] Creating event network-changed:1201ab18-d7ef-4a92-a77e-d0ab69858538 for instance 2f7e20cd-33ef-4f83-bcdb-a13b9b51370a on user
Apr 14 04:16:52 user devstack@n-api.service[61597]: INFO nova.api.openstack.compute.server_external_events [req-07bd9b15-122a-4ea8-b613-836a874becdf req-8abd6fe9-e685-40aa-be0d-8bbf081e6af7 service nova] Creating event network-vif-plugged:2a342575-05e3-4179-a370-6d39ac4f815d for instance e37e27b4-0813-4df9-ac66-1516334c12cb on user
Apr 14 04:16:52 user devstack@n-api.service[61597]: INFO nova.api.openstack.requestlog [req-07bd9b15-122a-4ea8-b613-836a874becdf req-8abd6fe9-e685-40aa-be0d-8bbf081e6af7 service nova] 10.0.0.210 "POST /compute/v2.1/os-server-external-events" status: 200 len: 350 microversion: 2.1 time: 0.059723
Apr 14 04:16:52 user devstack@n-api.service[61597]: [pid: 61597|app: 0|req: 28/87] 10.0.0.210 () {68 vars in 1394 bytes} [Fri Apr 14 04:16:52 2023] POST /compute/v2.1/os-server-external-events => generated 350 bytes in 61 msecs (HTTP/1.1 200) 9 headers in 357 bytes (1 switches on core 0)
Apr 14 04:16:55 user devstack@n-api.service[61596]: DEBUG nova.api.openstack.wsgi [None req-b133a6d4-00b5-4842-be07-df43d61f562d tempest-AttachSCSIVolumeTestJSON-1503158328 tempest-AttachSCSIVolumeTestJSON-1503158328-project-member] Action: 'create', calling method: .version_select at 0x7f538bb79240>, body: {"keypair": {"name": "tempest-keypair-2075478387", "public_key": "ecdsa-sha2-nistp384 AAAAE2VjZHNhLXNoYTItbmlzdHAzODQAAAAIbmlzdHAzODQAAABhBP2a/q8z148VuqmzCdTppqcm7Q47cCuI3B0oR8ww+C0FRQKet9rnqUXrh5enWkvTgHjdhAOOgHwD+H7zMvAp4yzILDVjHd5SWnmFQ8IxBan80X7GvaW+XLPf39HLZ/j3xA=="}} {{(pid=61596) _process_stack /opt/stack/nova/nova/api/openstack/wsgi.py:511}}
Apr 14 04:16:55 user devstack@n-api.service[61596]: DEBUG nova.quota [None req-b133a6d4-00b5-4842-be07-df43d61f562d tempest-AttachSCSIVolumeTestJSON-1503158328 tempest-AttachSCSIVolumeTestJSON-1503158328-project-member] Getting quotas for project e0e636ba0ee9486f9f48905d886ab547. Resources: {'key_pairs'} {{(pid=61596) _get_quotas /opt/stack/nova/nova/quota.py:393}}
Apr 14 04:16:55 user devstack@n-api.service[61596]: DEBUG nova.quota [None req-b133a6d4-00b5-4842-be07-df43d61f562d tempest-AttachSCSIVolumeTestJSON-1503158328 tempest-AttachSCSIVolumeTestJSON-1503158328-project-member] Getting quotas for user d1b09bc7a0344ae782d33d3222a8ea88 and project e0e636ba0ee9486f9f48905d886ab547. Resources: {'key_pairs'} {{(pid=61596) _get_quotas /opt/stack/nova/nova/quota.py:383}}
Apr 14 04:16:55 user devstack@n-api.service[61596]: INFO nova.api.openstack.requestlog [None req-b133a6d4-00b5-4842-be07-df43d61f562d tempest-AttachSCSIVolumeTestJSON-1503158328 tempest-AttachSCSIVolumeTestJSON-1503158328-project-member] 10.0.0.210 "POST /compute/v2.1/os-keypairs" status: 200 len: 386 microversion: 2.1 time: 0.543633
Apr 14 04:16:55 user devstack@n-api.service[61596]: [pid: 61596|app: 0|req: 32/88] 10.0.0.210 () {64 vars in 1236 bytes} [Fri Apr 14 04:16:55 2023] POST /compute/v2.1/os-keypairs => generated 386 bytes in 545 msecs (HTTP/1.1 200) 9 headers in 357 bytes (1 switches on core 0)
Apr 14 04:16:57 user devstack@n-api.service[61595]: DEBUG dbcounter [-] [61595] Writing DB stats nova_cell0:SELECT=4 {{(pid=61595) stat_writer /usr/local/lib/python3.10/dist-packages/dbcounter.py:117}}
Apr 14 04:16:57 user devstack@n-api.service[61595]: DEBUG nova.api.openstack.wsgi [req-1fb678ce-d735-4117-bedd-d2697e47d467 req-00c73996-c11b-4765-a317-c00010f96cef service nova] Action: 'create', calling method: >, body: {"events": [{"server_uuid": "a0a20aeb-ed06-4c65-b87d-74f8f825457d", "name": "network-vif-plugged", "status": "completed", "tag": "3a3e3b13-7b4e-46c8-9123-5c1f121a38b9"}]} {{(pid=61595) _process_stack /opt/stack/nova/nova/api/openstack/wsgi.py:511}}
Apr 14 04:16:57 user devstack@n-api.service[61595]: DEBUG oslo_concurrency.lockutils [req-1fb678ce-d735-4117-bedd-d2697e47d467 req-00c73996-c11b-4765-a317-c00010f96cef service nova] Acquiring lock "e8c7b186-ea85-4588-b70f-eba063098946" by "nova.context.set_target_cell..get_or_set_cached_cell_and_set_connections" {{(pid=61595) inner /usr/local/lib/python3.10/dist-packages/oslo_concurrency/lockutils.py:404}}
Apr 14 04:16:57 user devstack@n-api.service[61595]: DEBUG oslo_concurrency.lockutils [req-1fb678ce-d735-4117-bedd-d2697e47d467 req-00c73996-c11b-4765-a317-c00010f96cef service nova] Lock "e8c7b186-ea85-4588-b70f-eba063098946" acquired by "nova.context.set_target_cell..get_or_set_cached_cell_and_set_connections" :: waited 0.001s {{(pid=61595) inner /usr/local/lib/python3.10/dist-packages/oslo_concurrency/lockutils.py:409}}
Apr 14 04:16:57 user devstack@n-api.service[61595]: DEBUG oslo_concurrency.lockutils [req-1fb678ce-d735-4117-bedd-d2697e47d467 req-00c73996-c11b-4765-a317-c00010f96cef service nova] Lock "e8c7b186-ea85-4588-b70f-eba063098946" "released" by "nova.context.set_target_cell..get_or_set_cached_cell_and_set_connections" :: held 0.001s {{(pid=61595) inner /usr/local/lib/python3.10/dist-packages/oslo_concurrency/lockutils.py:423}}
Apr 14 04:16:57 user devstack@n-api.service[61595]: INFO nova.api.openstack.compute.server_external_events [req-1fb678ce-d735-4117-bedd-d2697e47d467 req-00c73996-c11b-4765-a317-c00010f96cef service nova] Creating event network-vif-plugged:3a3e3b13-7b4e-46c8-9123-5c1f121a38b9 for instance a0a20aeb-ed06-4c65-b87d-74f8f825457d on user
Apr 14 04:16:57 user devstack@n-api.service[61595]: INFO nova.api.openstack.requestlog [req-1fb678ce-d735-4117-bedd-d2697e47d467 req-00c73996-c11b-4765-a317-c00010f96cef service nova] 10.0.0.210 "POST /compute/v2.1/os-server-external-events" status: 200 len: 183 microversion: 2.1 time: 0.151119
Apr 14 04:16:57 user devstack@n-api.service[61595]: [pid: 61595|app: 0|req: 29/89] 10.0.0.210 () {68 vars in 1394 bytes} [Fri Apr 14 04:16:57 2023] POST /compute/v2.1/os-server-external-events => generated 183 bytes in 153 msecs (HTTP/1.1 200) 9 headers in 357 bytes (1 switches on core 0)
Apr 14 04:16:57 user devstack@n-api.service[61597]: DEBUG nova.api.openstack.wsgi [None req-cfabc037-54a5-4ae1-b01a-faadd6256cbf tempest-TaggedAttachmentsTest-926384577 tempest-TaggedAttachmentsTest-926384577-project-member] Action: 'create', calling method: .version_select at 0x7f538bb795a0>, body: {"keypair": {"name": "tempest-keypair-330344245", "public_key": "ecdsa-sha2-nistp384 AAAAE2VjZHNhLXNoYTItbmlzdHAzODQAAAAIbmlzdHAzODQAAABhBBvOf9hss+Yqylm6PnX6la1ymm/55r9GRsHJ0NsNe4bgFVG/3wZy3kBc49f/xLbrJ51dzLLHr/o6IQVXcYhlDKHgp4DCKWnVv/anFtE+/Na/vdZgAYvQkLcZYHFyD4dFRQ=="}} {{(pid=61597) _process_stack /opt/stack/nova/nova/api/openstack/wsgi.py:511}}
Apr 14 04:16:57 user devstack@n-api.service[61596]: DEBUG nova.api.openstack.wsgi [req-3fefd8cf-7541-4c98-a30a-10f493ce999b req-21bef985-711f-4dbb-abb8-64fbb7dad434 service nova] Action: 'create', calling method: >, body: {"events": [{"server_uuid": "2f7e20cd-33ef-4f83-bcdb-a13b9b51370a", "name": "network-vif-plugged", "status": "completed", "tag": "1201ab18-d7ef-4a92-a77e-d0ab69858538"}]} {{(pid=61596) _process_stack /opt/stack/nova/nova/api/openstack/wsgi.py:511}}
Apr 14 04:16:57 user devstack@n-api.service[61597]: DEBUG nova.quota [None req-cfabc037-54a5-4ae1-b01a-faadd6256cbf tempest-TaggedAttachmentsTest-926384577 tempest-TaggedAttachmentsTest-926384577-project-member] Getting quotas for project 01cefa66350a4432ad71204b39e953be. Resources: {'key_pairs'} {{(pid=61597) _get_quotas /opt/stack/nova/nova/quota.py:393}}
Apr 14 04:16:57 user devstack@n-api.service[61596]: DEBUG oslo_concurrency.lockutils [req-3fefd8cf-7541-4c98-a30a-10f493ce999b req-21bef985-711f-4dbb-abb8-64fbb7dad434 service nova] Acquiring lock "e8c7b186-ea85-4588-b70f-eba063098946" by "nova.context.set_target_cell..get_or_set_cached_cell_and_set_connections" {{(pid=61596) inner /usr/local/lib/python3.10/dist-packages/oslo_concurrency/lockutils.py:404}}
Apr 14 04:16:57 user devstack@n-api.service[61596]: DEBUG oslo_concurrency.lockutils [req-3fefd8cf-7541-4c98-a30a-10f493ce999b req-21bef985-711f-4dbb-abb8-64fbb7dad434 service nova] Lock "e8c7b186-ea85-4588-b70f-eba063098946" acquired by "nova.context.set_target_cell..get_or_set_cached_cell_and_set_connections" :: waited 0.001s {{(pid=61596) inner /usr/local/lib/python3.10/dist-packages/oslo_concurrency/lockutils.py:409}}
Apr 14 04:16:57 user devstack@n-api.service[61597]: DEBUG nova.quota [None req-cfabc037-54a5-4ae1-b01a-faadd6256cbf tempest-TaggedAttachmentsTest-926384577 tempest-TaggedAttachmentsTest-926384577-project-member] Getting quotas for user 0aeeeae7cbc340daa8cd81c1418794e0 and project 01cefa66350a4432ad71204b39e953be. Resources: {'key_pairs'} {{(pid=61597) _get_quotas /opt/stack/nova/nova/quota.py:383}}
Apr 14 04:16:57 user devstack@n-api.service[61596]: DEBUG oslo_concurrency.lockutils [req-3fefd8cf-7541-4c98-a30a-10f493ce999b req-21bef985-711f-4dbb-abb8-64fbb7dad434 service nova] Lock "e8c7b186-ea85-4588-b70f-eba063098946" "released" by "nova.context.set_target_cell..get_or_set_cached_cell_and_set_connections" :: held 0.001s {{(pid=61596) inner /usr/local/lib/python3.10/dist-packages/oslo_concurrency/lockutils.py:423}}
Apr 14 04:16:57 user devstack@n-api.service[61596]: INFO nova.api.openstack.compute.server_external_events [req-3fefd8cf-7541-4c98-a30a-10f493ce999b req-21bef985-711f-4dbb-abb8-64fbb7dad434 service nova] Creating event network-vif-plugged:1201ab18-d7ef-4a92-a77e-d0ab69858538 for instance 2f7e20cd-33ef-4f83-bcdb-a13b9b51370a on user
Apr 14 04:16:57 user devstack@n-api.service[61595]: DEBUG nova.api.openstack.wsgi [req-aa2641e2-d08c-4435-8ed1-b0a7991d3110 req-1fb74761-0180-4270-9c94-2a03851a3a73 service nova] Action: 'create', calling method: >, body: {"events": [{"server_uuid": "586ca3d5-9ac5-4d3f-868d-7ff7aedf5fbc", "name": "network-vif-plugged", "status": "completed", "tag": "593a3298-746a-48af-96dc-4c572e0d59c2"}]} {{(pid=61595) _process_stack /opt/stack/nova/nova/api/openstack/wsgi.py:511}}
Apr 14 04:16:57 user devstack@n-api.service[61596]: INFO nova.api.openstack.requestlog [req-3fefd8cf-7541-4c98-a30a-10f493ce999b req-21bef985-711f-4dbb-abb8-64fbb7dad434 service nova] 10.0.0.210 "POST /compute/v2.1/os-server-external-events" status: 200 len: 183 microversion: 2.1 time: 0.076989
Apr 14 04:16:57 user devstack@n-api.service[61596]: [pid: 61596|app: 0|req: 33/90] 10.0.0.210 () {68 vars in 1394 bytes} [Fri Apr 14 04:16:57 2023] POST /compute/v2.1/os-server-external-events => generated 183 bytes in 80 msecs (HTTP/1.1 200) 9 headers in 357 bytes (1 switches on core 0)
Apr 14 04:16:57 user devstack@n-api.service[61597]: INFO nova.api.openstack.requestlog [None req-cfabc037-54a5-4ae1-b01a-faadd6256cbf tempest-TaggedAttachmentsTest-926384577 tempest-TaggedAttachmentsTest-926384577-project-member] 10.0.0.210 "POST /compute/v2.1/os-keypairs" status: 201 len: 400 microversion: 2.49 time: 0.118227
Apr 14 04:16:57 user devstack@n-api.service[61597]: [pid: 61597|app: 0|req: 29/91] 10.0.0.210 () {66 vars in 1277 bytes} [Fri Apr 14 04:16:57 2023] POST /compute/v2.1/os-keypairs => generated 400 bytes in 120 msecs (HTTP/1.1 201) 9 headers in 364 bytes (1 switches on core 0)
Apr 14 04:16:57 user devstack@n-api.service[61595]: DEBUG oslo_concurrency.lockutils [req-aa2641e2-d08c-4435-8ed1-b0a7991d3110 req-1fb74761-0180-4270-9c94-2a03851a3a73 service nova] Acquiring lock "e8c7b186-ea85-4588-b70f-eba063098946" by "nova.context.set_target_cell..get_or_set_cached_cell_and_set_connections" {{(pid=61595) inner /usr/local/lib/python3.10/dist-packages/oslo_concurrency/lockutils.py:404}}
Apr 14 04:16:57 user devstack@n-api.service[61595]: DEBUG oslo_concurrency.lockutils [req-aa2641e2-d08c-4435-8ed1-b0a7991d3110 req-1fb74761-0180-4270-9c94-2a03851a3a73 service nova] Lock "e8c7b186-ea85-4588-b70f-eba063098946" acquired by "nova.context.set_target_cell..get_or_set_cached_cell_and_set_connections" :: waited 0.001s {{(pid=61595) inner /usr/local/lib/python3.10/dist-packages/oslo_concurrency/lockutils.py:409}}
Apr 14 04:16:57 user devstack@n-api.service[61595]: DEBUG oslo_concurrency.lockutils [req-aa2641e2-d08c-4435-8ed1-b0a7991d3110 req-1fb74761-0180-4270-9c94-2a03851a3a73 service nova] Lock "e8c7b186-ea85-4588-b70f-eba063098946" "released" by "nova.context.set_target_cell..get_or_set_cached_cell_and_set_connections" :: held 0.002s {{(pid=61595) inner /usr/local/lib/python3.10/dist-packages/oslo_concurrency/lockutils.py:423}}
Apr 14 04:16:57 user devstack@n-api.service[61595]: INFO nova.api.openstack.compute.server_external_events [req-aa2641e2-d08c-4435-8ed1-b0a7991d3110 req-1fb74761-0180-4270-9c94-2a03851a3a73 service nova] Creating event network-vif-plugged:593a3298-746a-48af-96dc-4c572e0d59c2 for instance 586ca3d5-9ac5-4d3f-868d-7ff7aedf5fbc on user
Apr 14 04:16:57 user devstack@n-api.service[61595]: INFO nova.api.openstack.requestlog [req-aa2641e2-d08c-4435-8ed1-b0a7991d3110 req-1fb74761-0180-4270-9c94-2a03851a3a73 service nova] 10.0.0.210 "POST /compute/v2.1/os-server-external-events" status: 200 len: 183 microversion: 2.1 time: 0.055318
Apr 14 04:16:57 user devstack@n-api.service[61595]: [pid: 61595|app: 0|req: 30/92] 10.0.0.210 () {68 vars in 1394 bytes} [Fri Apr 14 04:16:57 2023] POST /compute/v2.1/os-server-external-events => generated 183 bytes in 58 msecs (HTTP/1.1 200) 9 headers in 357 bytes (1 switches on core 0)
Apr 14 04:16:59 user devstack@n-api.service[61596]: DEBUG nova.api.openstack.wsgi [req-6830ee71-c32b-4fc3-bec3-6b58a5780c2b req-d94ee161-2b48-44ef-acfa-cd5ffad3ed57 service nova] Action: 'create', calling method: >, body: {"events": [{"server_uuid": "2f7e20cd-33ef-4f83-bcdb-a13b9b51370a", "name": "network-vif-plugged", "status": "completed", "tag": "1201ab18-d7ef-4a92-a77e-d0ab69858538"}]} {{(pid=61596) _process_stack /opt/stack/nova/nova/api/openstack/wsgi.py:511}}
Apr 14 04:16:59 user devstack@n-api.service[61596]: DEBUG oslo_concurrency.lockutils [req-6830ee71-c32b-4fc3-bec3-6b58a5780c2b req-d94ee161-2b48-44ef-acfa-cd5ffad3ed57 service nova] Acquiring lock "e8c7b186-ea85-4588-b70f-eba063098946" by "nova.context.set_target_cell..get_or_set_cached_cell_and_set_connections" {{(pid=61596) inner /usr/local/lib/python3.10/dist-packages/oslo_concurrency/lockutils.py:404}}
Apr 14 04:16:59 user devstack@n-api.service[61596]: DEBUG oslo_concurrency.lockutils [req-6830ee71-c32b-4fc3-bec3-6b58a5780c2b req-d94ee161-2b48-44ef-acfa-cd5ffad3ed57 service nova] Lock "e8c7b186-ea85-4588-b70f-eba063098946" acquired by "nova.context.set_target_cell..get_or_set_cached_cell_and_set_connections" :: waited 0.001s {{(pid=61596) inner /usr/local/lib/python3.10/dist-packages/oslo_concurrency/lockutils.py:409}}
Apr 14 04:16:59 user devstack@n-api.service[61596]: DEBUG oslo_concurrency.lockutils [req-6830ee71-c32b-4fc3-bec3-6b58a5780c2b req-d94ee161-2b48-44ef-acfa-cd5ffad3ed57 service nova] Lock "e8c7b186-ea85-4588-b70f-eba063098946" "released" by "nova.context.set_target_cell..get_or_set_cached_cell_and_set_connections" :: held 0.001s {{(pid=61596) inner /usr/local/lib/python3.10/dist-packages/oslo_concurrency/lockutils.py:423}}
Apr 14 04:16:59 user devstack@n-api.service[61597]: DEBUG nova.api.openstack.wsgi [req-d91adc75-c262-46f9-ac99-2dceac2c46b6 req-49d739ba-dffd-41ce-8bd7-f2a4c2f6463a service nova] Action: 'create', calling method: >, body: {"events": [{"server_uuid": "586ca3d5-9ac5-4d3f-868d-7ff7aedf5fbc", "name": "network-vif-plugged", "status": "completed", "tag": "593a3298-746a-48af-96dc-4c572e0d59c2"}]} {{(pid=61597) _process_stack /opt/stack/nova/nova/api/openstack/wsgi.py:511}}
Apr 14 04:16:59 user devstack@n-api.service[61597]: DEBUG oslo_concurrency.lockutils [req-d91adc75-c262-46f9-ac99-2dceac2c46b6 req-49d739ba-dffd-41ce-8bd7-f2a4c2f6463a service nova] Acquiring lock "e8c7b186-ea85-4588-b70f-eba063098946" by "nova.context.set_target_cell..get_or_set_cached_cell_and_set_connections" {{(pid=61597) inner /usr/local/lib/python3.10/dist-packages/oslo_concurrency/lockutils.py:404}}
Apr 14 04:16:59 user devstack@n-api.service[61597]: DEBUG oslo_concurrency.lockutils [req-d91adc75-c262-46f9-ac99-2dceac2c46b6 req-49d739ba-dffd-41ce-8bd7-f2a4c2f6463a service nova] Lock "e8c7b186-ea85-4588-b70f-eba063098946" acquired by "nova.context.set_target_cell..get_or_set_cached_cell_and_set_connections" :: waited 0.001s {{(pid=61597) inner /usr/local/lib/python3.10/dist-packages/oslo_concurrency/lockutils.py:409}}
Apr 14 04:16:59 user devstack@n-api.service[61597]: DEBUG oslo_concurrency.lockutils [req-d91adc75-c262-46f9-ac99-2dceac2c46b6 req-49d739ba-dffd-41ce-8bd7-f2a4c2f6463a service nova] Lock "e8c7b186-ea85-4588-b70f-eba063098946" "released" by "nova.context.set_target_cell..get_or_set_cached_cell_and_set_connections" :: held 0.000s {{(pid=61597) inner /usr/local/lib/python3.10/dist-packages/oslo_concurrency/lockutils.py:423}}
Apr 14 04:16:59 user devstack@n-api.service[61597]: INFO nova.api.openstack.compute.server_external_events [req-d91adc75-c262-46f9-ac99-2dceac2c46b6 req-49d739ba-dffd-41ce-8bd7-f2a4c2f6463a service nova] Creating event network-vif-plugged:593a3298-746a-48af-96dc-4c572e0d59c2 for instance 586ca3d5-9ac5-4d3f-868d-7ff7aedf5fbc on user
Apr 14 04:16:59 user devstack@n-api.service[61596]: INFO nova.api.openstack.compute.server_external_events [req-6830ee71-c32b-4fc3-bec3-6b58a5780c2b req-d94ee161-2b48-44ef-acfa-cd5ffad3ed57 service nova] Creating event network-vif-plugged:1201ab18-d7ef-4a92-a77e-d0ab69858538 for instance 2f7e20cd-33ef-4f83-bcdb-a13b9b51370a on user
Apr 14 04:16:59 user devstack@n-api.service[61596]: INFO nova.api.openstack.requestlog [req-6830ee71-c32b-4fc3-bec3-6b58a5780c2b req-d94ee161-2b48-44ef-acfa-cd5ffad3ed57 service nova] 10.0.0.210 "POST /compute/v2.1/os-server-external-events" status: 200 len: 183 microversion: 2.1 time: 0.099068
Apr 14 04:16:59 user devstack@n-api.service[61596]: [pid: 61596|app: 0|req: 34/93] 10.0.0.210 () {68 vars in 1394 bytes} [Fri Apr 14 04:16:59 2023] POST /compute/v2.1/os-server-external-events => generated 183 bytes in 102 msecs (HTTP/1.1 200) 9 headers in 357 bytes (1 switches on core 0)
Apr 14 04:16:59 user devstack@n-api.service[61595]: DEBUG nova.api.openstack.wsgi [req-2c397b30-725b-46d8-b84c-ca32b1de8609 req-3437ffb9-375e-4f39-a333-820acefb2b24 service nova] Action: 'create', calling method: >, body: {"events": [{"server_uuid": "a0a20aeb-ed06-4c65-b87d-74f8f825457d", "name": "network-vif-plugged", "status": "completed", "tag": "3a3e3b13-7b4e-46c8-9123-5c1f121a38b9"}, {"name": "network-changed", "server_uuid": "cd60eede-cd79-4c1b-adb7-ba7c6cbc9659", "tag": "0c62956f-a2d8-4932-b48f-469eba99b8e6"}]} {{(pid=61595) _process_stack /opt/stack/nova/nova/api/openstack/wsgi.py:511}}
Apr 14 04:16:59 user devstack@n-api.service[61597]: INFO nova.api.openstack.requestlog [req-d91adc75-c262-46f9-ac99-2dceac2c46b6 req-49d739ba-dffd-41ce-8bd7-f2a4c2f6463a service nova] 10.0.0.210 "POST /compute/v2.1/os-server-external-events" status: 200 len: 183 microversion: 2.1 time: 0.052270
Apr 14 04:16:59 user devstack@n-api.service[61597]: [pid: 61597|app: 0|req: 30/94] 10.0.0.210 () {68 vars in 1394 bytes} [Fri Apr 14 04:16:59 2023] POST /compute/v2.1/os-server-external-events => generated 183 bytes in 54 msecs (HTTP/1.1 200) 9 headers in 357 bytes (2 switches on core 0)
Apr 14 04:16:59 user devstack@n-api.service[61595]: DEBUG oslo_concurrency.lockutils [req-2c397b30-725b-46d8-b84c-ca32b1de8609 req-3437ffb9-375e-4f39-a333-820acefb2b24 service nova] Acquiring lock "e8c7b186-ea85-4588-b70f-eba063098946" by "nova.context.set_target_cell..get_or_set_cached_cell_and_set_connections" {{(pid=61595) inner /usr/local/lib/python3.10/dist-packages/oslo_concurrency/lockutils.py:404}}
Apr 14 04:16:59 user devstack@n-api.service[61595]: DEBUG oslo_concurrency.lockutils [req-2c397b30-725b-46d8-b84c-ca32b1de8609 req-3437ffb9-375e-4f39-a333-820acefb2b24 service nova] Lock "e8c7b186-ea85-4588-b70f-eba063098946" acquired by "nova.context.set_target_cell..get_or_set_cached_cell_and_set_connections" :: waited 0.002s {{(pid=61595) inner /usr/local/lib/python3.10/dist-packages/oslo_concurrency/lockutils.py:409}}
Apr 14 04:16:59 user devstack@n-api.service[61595]: DEBUG oslo_concurrency.lockutils [req-2c397b30-725b-46d8-b84c-ca32b1de8609 req-3437ffb9-375e-4f39-a333-820acefb2b24 service nova] Lock "e8c7b186-ea85-4588-b70f-eba063098946" "released" by "nova.context.set_target_cell..get_or_set_cached_cell_and_set_connections" :: held 0.001s {{(pid=61595) inner /usr/local/lib/python3.10/dist-packages/oslo_concurrency/lockutils.py:423}}
Apr 14 04:16:59 user devstack@n-api.service[61595]: INFO nova.api.openstack.compute.server_external_events [req-2c397b30-725b-46d8-b84c-ca32b1de8609 req-3437ffb9-375e-4f39-a333-820acefb2b24 service nova] Creating event network-vif-plugged:3a3e3b13-7b4e-46c8-9123-5c1f121a38b9 for instance a0a20aeb-ed06-4c65-b87d-74f8f825457d on user
Apr 14 04:16:59 user devstack@n-api.service[61595]: INFO nova.api.openstack.compute.server_external_events [req-2c397b30-725b-46d8-b84c-ca32b1de8609 req-3437ffb9-375e-4f39-a333-820acefb2b24 service nova] Creating event network-changed:0c62956f-a2d8-4932-b48f-469eba99b8e6 for instance cd60eede-cd79-4c1b-adb7-ba7c6cbc9659 on user
Apr 14 04:16:59 user devstack@n-api.service[61595]: INFO nova.api.openstack.requestlog [req-2c397b30-725b-46d8-b84c-ca32b1de8609 req-3437ffb9-375e-4f39-a333-820acefb2b24 service nova] 10.0.0.210 "POST /compute/v2.1/os-server-external-events" status: 200 len: 350 microversion: 2.1 time: 0.084077
