Apr 19 10:32:34 user devstack@keystone.service[42862]: DEBUG keystone.server.flask.request_processing.req_logging [None req-b1bf812f-4421-400c-91dd-87e9189932c9 None None] SCRIPT_NAME: `/identity` {{(pid=42862) log_request_info /opt/stack/keystone/keystone/server/flask/request_processing/req_logging.py:28}}
Apr 19 10:32:34 user devstack@keystone.service[42862]: DEBUG keystone.server.flask.request_processing.req_logging [None req-b1bf812f-4421-400c-91dd-87e9189932c9 None None] PATH_INFO: `/` {{(pid=42862) log_request_info /opt/stack/keystone/keystone/server/flask/request_processing/req_logging.py:29}}
Apr 19 10:32:34 user devstack@keystone.service[42862]: [pid: 42862|app: 0|req: 111/342] 10.0.0.210 () {54 vars in 920 bytes} [Wed Apr 19 10:32:34 2023] GET /identity => generated 269 bytes in 3 msecs (HTTP/1.1 300) 6 headers in 233 bytes (1 switches on core 0)
Apr 19 10:32:34 user devstack@keystone.service[42863]: [pid: 42863|app: 0|req: 117/343] 10.0.0.210 () {56 vars in 1104 bytes} [Wed Apr 19 10:32:34 2023] GET /identity/v3/domains?name=Default => generated 306 bytes in 142 msecs (HTTP/1.1 200) 5 headers in 177 bytes (1 switches on core 0)
Apr 19 10:32:34 user devstack@keystone.service[42862]: DEBUG keystone.server.flask.request_processing.req_logging [None req-ace286bd-6e2a-4ff0-b64f-757e12858afa None None] REQUEST_METHOD: `POST` {{(pid=42862) log_request_info /opt/stack/keystone/keystone/server/flask/request_processing/req_logging.py:27}}
Apr 19 10:32:34 user devstack@keystone.service[42862]: DEBUG keystone.server.flask.request_processing.req_logging [None req-ace286bd-6e2a-4ff0-b64f-757e12858afa None None] SCRIPT_NAME: `/identity` {{(pid=42862) log_request_info /opt/stack/keystone/keystone/server/flask/request_processing/req_logging.py:28}}
Apr 19 10:32:34 user devstack@keystone.service[42862]: DEBUG keystone.server.flask.request_processing.req_logging [None req-ace286bd-6e2a-4ff0-b64f-757e12858afa None None] PATH_INFO: `/v3/auth/tokens` {{(pid=42862) log_request_info /opt/stack/keystone/keystone/server/flask/request_processing/req_logging.py:29}}
Apr 19 10:32:34 user devstack@keystone.service[42863]: DEBUG keystone.server.flask.request_processing.middleware.auth_context [None req-908e864a-0463-474e-824a-d1d639bcc25f None admin] Authenticating user token {{(pid=42863) process_request /usr/local/lib/python3.10/dist-packages/keystonemiddleware/auth_token/__init__.py:406}}
Apr 19 10:32:34 user devstack@keystone.service[42862]: WARNING keystone.common.password_hashing [None req-ace286bd-6e2a-4ff0-b64f-757e12858afa None None] Truncating password to algorithm specific maximum length 54 characters.
Apr 19 10:32:34 user devstack@keystone.service[42862]: DEBUG keystone.auth.core [None req-ace286bd-6e2a-4ff0-b64f-757e12858afa None None] MFA Rules not processed for user `ed5c67e1bda74ebe888868954a9c8700`. Rule list: `[]` (Enabled: `True`). {{(pid=42862) check_auth_methods_against_rules /opt/stack/keystone/keystone/auth/core.py:438}}
Apr 19 10:32:34 user devstack@keystone.service[42862]: DEBUG keystone.common.fernet_utils [None req-ace286bd-6e2a-4ff0-b64f-757e12858afa None None] Loaded 2 Fernet keys from /etc/keystone/fernet-keys/, but `[fernet_tokens] max_active_keys = 3`; perhaps there have not been enough key rotations to reach `max_active_keys` yet? {{(pid=42862) load_keys /opt/stack/keystone/keystone/common/fernet_utils.py:286}}
Apr 19 10:32:34 user devstack@keystone.service[42862]: DEBUG dbcounter [-] [42862] Writing DB stats keystone:SELECT=100 {{(pid=42862) stat_writer /usr/local/lib/python3.10/dist-packages/dbcounter.py:117}}
Apr 19 10:32:34 user devstack@keystone.service[42864]: DEBUG keystone.server.flask.request_processing.middleware.auth_context [None req-0a64a003-1875-4f66-8579-ae1d5b499d44 None None] Validating token access rules against request {{(pid=42864) validate_allowed_request /usr/local/lib/python3.10/dist-packages/keystonemiddleware/auth_token/__init__.py:544}}
Apr 19 10:32:34 user devstack@keystone.service[42862]: [pid: 42862|app: 0|req: 112/344] 10.0.0.210 () {58 vars in 1017 bytes} [Wed Apr 19 10:32:34 2023] POST /identity/v3/auth/tokens => generated 798 bytes in 86 msecs (HTTP/1.1 201) 6 headers in 363 bytes (1 switches on core 0)
Apr 19 10:32:34 user devstack@keystone.service[42863]: DEBUG keystone.server.flask.request_processing.middleware.auth_context [None req-908e864a-0463-474e-824a-d1d639bcc25f None admin] Validating token access rules against request {{(pid=42863) validate_allowed_request /usr/local/lib/python3.10/dist-packages/keystonemiddleware/auth_token/__init__.py:544}}
Apr 19 10:32:34 user devstack@keystone.service[42863]: DEBUG dbcounter [-] [42863] Writing DB stats keystone:SELECT=100 {{(pid=42863) stat_writer /usr/local/lib/python3.10/dist-packages/dbcounter.py:117}}
Apr 19 10:32:34 user devstack@keystone.service[42864]: DEBUG keystone.server.flask.request_processing.middleware.auth_context [None req-b0b29e71-4d59-4cd8-98df-c36c58e4391e None admin] RBAC: auth_context: {'token': , 'domain_id': None, 'trust_id': None, 'trustor_id': None, 'trustee_id': None, 'domain_name': None, 'group_ids': [], 'user_id': 'ed5c67e1bda74ebe888868954a9c8700', 'user_domain_id': 'default', 'system_scope': 'all', 'project_id': None, 'project_domain_id': None, 'roles': ['admin', 'member', 'reader'], 'is_admin_project': True, 'service_user_id': None, 'service_user_domain_id': None, 'service_project_id': None, 'service_project_domain_id': None, 'service_roles': []} {{(pid=42864) fill_context /opt/stack/keystone/keystone/server/flask/request_processing/middleware/auth_context.py:478}}
Apr 19 10:32:34 user devstack@keystone.service[42864]: DEBUG keystone.server.flask.request_processing.req_logging [None req-b0b29e71-4d59-4cd8-98df-c36c58e4391e None admin] REQUEST_METHOD: `GET` {{(pid=42864) log_request_info /opt/stack/keystone/keystone/server/flask/request_processing/req_logging.py:27}}
Apr 19 10:32:34 user devstack@keystone.service[42864]: DEBUG keystone.server.flask.request_processing.req_logging [None req-b0b29e71-4d59-4cd8-98df-c36c58e4391e None admin] SCRIPT_NAME: `/identity` {{(pid=42864) log_request_info /opt/stack/keystone/keystone/server/flask/request_processing/req_logging.py:28}}
Apr 19 10:32:34 user devstack@keystone.service[42864]: DEBUG keystone.server.flask.request_processing.req_logging [None req-b0b29e71-4d59-4cd8-98df-c36c58e4391e None admin] PATH_INFO: `/v3/domains/Default` {{(pid=42864) log_request_info /opt/stack/keystone/keystone/server/flask/request_processing/req_logging.py:29}}
Apr 19 10:32:34 user devstack@keystone.service[42864]: DEBUG keystone.common.rbac_enforcer.enforcer [None req-b0b29e71-4d59-4cd8-98df-c36c58e4391e None admin] RBAC: Authorizing `identity:get_domain(domain_id=Default)` {{(pid=42864) enforce_call /opt/stack/keystone/keystone/common/rbac_enforcer/enforcer.py:449}}
Apr 19 10:32:34 user devstack@keystone.service[42863]: DEBUG keystone.server.flask.request_processing.middleware.auth_context [None req-351cb5b3-0642-4976-ad82-ad18a2f28676 None admin] RBAC: auth_context: {'token': , 'domain_id': None, 'trust_id': None, 'trustor_id': None, 'trustee_id': None, 'domain_name': None, 'group_ids': [], 'user_id': 'ed5c67e1bda74ebe888868954a9c8700', 'user_domain_id': 'default', 'system_scope': 'all', 'project_id': None, 'project_domain_id': None, 'roles': ['admin', 'member', 'reader'], 'is_admin_project': True, 'service_user_id': None, 'service_user_domain_id': None, 'service_project_id': None, 'service_project_domain_id': None, 'service_roles': []} {{(pid=42863) fill_context /opt/stack/keystone/keystone/server/flask/request_processing/middleware/auth_context.py:478}}
Apr 19 10:32:34 user devstack@keystone.service[42864]: DEBUG keystone.common.rbac_enforcer.enforcer [None req-b0b29e71-4d59-4cd8-98df-c36c58e4391e None admin] RBAC: Authorization granted {{(pid=42864) enforce_call /opt/stack/keystone/keystone/common/rbac_enforcer/enforcer.py:457}}
Apr 19 10:32:34 user devstack@keystone.service[42863]: DEBUG keystone.server.flask.request_processing.req_logging [None req-351cb5b3-0642-4976-ad82-ad18a2f28676 None admin] REQUEST_METHOD: `POST` {{(pid=42863) log_request_info /opt/stack/keystone/keystone/server/flask/request_processing/req_logging.py:27}}
Apr 19 10:32:34 user devstack@keystone.service[42863]: DEBUG keystone.server.flask.request_processing.req_logging [None req-351cb5b3-0642-4976-ad82-ad18a2f28676 None admin] SCRIPT_NAME: `/identity` {{(pid=42863) log_request_info /opt/stack/keystone/keystone/server/flask/request_processing/req_logging.py:28}}
Apr 19 10:32:34 user devstack@keystone.service[42863]: DEBUG keystone.server.flask.request_processing.req_logging [None req-351cb5b3-0642-4976-ad82-ad18a2f28676 None admin] PATH_INFO: `/v3/users` {{(pid=42863) log_request_info /opt/stack/keystone/keystone/server/flask/request_processing/req_logging.py:29}}
Apr 19 10:32:34 user devstack@keystone.service[42863]: DEBUG keystone.common.rbac_enforcer.enforcer [None req-351cb5b3-0642-4976-ad82-ad18a2f28676 None admin] RBAC: Authorizing `identity:create_user()` {{(pid=42863) enforce_call /opt/stack/keystone/keystone/common/rbac_enforcer/enforcer.py:449}}
Apr 19 10:32:34 user devstack@keystone.service[42863]: DEBUG keystone.common.rbac_enforcer.enforcer [None req-351cb5b3-0642-4976-ad82-ad18a2f28676 None admin] RBAC: Authorization granted {{(pid=42863) enforce_call /opt/stack/keystone/keystone/common/rbac_enforcer/enforcer.py:457}}
Apr 19 10:32:34 user devstack@keystone.service[42863]: WARNING keystone.common.password_hashing [None req-351cb5b3-0642-4976-ad82-ad18a2f28676 None admin] Truncating password to algorithm specific maximum length 54 characters.
Apr 19 10:32:34 user devstack@keystone.service[42864]: ERROR keystone.server.flask.application [None req-b0b29e71-4d59-4cd8-98df-c36c58e4391e None admin] Could not find domain: Default.: keystone.exception.DomainNotFound: Could not find domain: Default.
Apr 19 10:32:34 user devstack@keystone.service[42864]: ERROR keystone.server.flask.application
Traceback (most recent call last):
Apr 19 10:32:34 user devstack@keystone.service[42864]: ERROR keystone.server.flask.application
File "/usr/local/lib/python3.10/dist-packages/flask/app.py", line 1823, in full_dispatch_request
Apr 19 10:32:34 user devstack@keystone.service[42864]: ERROR keystone.server.flask.application rv = self.dispatch_request()
Apr 19 10:32:34 user devstack@keystone.service[42864]: ERROR keystone.server.flask.application
File "/usr/local/lib/python3.10/dist-packages/flask/app.py", line 1799, in dispatch_request
Apr 19 10:32:34 user devstack@keystone.service[42864]: ERROR keystone.server.flask.application return self.ensure_sync(self.view_functions[rule.endpoint])(**view_args)
Apr 19 10:32:34 user devstack@keystone.service[42864]: ERROR keystone.server.flask.application
File "/usr/local/lib/python3.10/dist-packages/flask_restful/__init__.py", line 467, in wrapper
Apr 19 10:32:34 user devstack@keystone.service[42864]: ERROR keystone.server.flask.application resp = resource(*args, **kwargs)
Apr 19 10:32:34 user devstack@keystone.service[42864]: ERROR keystone.server.flask.application
File "/usr/local/lib/python3.10/dist-packages/flask/views.py", line 107, in view
Apr 19 10:32:34 user devstack@keystone.service[42864]: ERROR keystone.server.flask.application return current_app.ensure_sync(self.dispatch_request)(**kwargs)
Apr 19 10:32:34 user devstack@keystone.service[42864]: ERROR keystone.server.flask.application
File "/usr/local/lib/python3.10/dist-packages/flask_restful/__init__.py", line 582, in dispatch_request
Apr 19 10:32:34 user devstack@keystone.service[42864]: ERROR keystone.server.flask.application resp = meth(*args, **kwargs)
Apr 19 10:32:34 user devstack@keystone.service[42864]: ERROR keystone.server.flask.application
File "/opt/stack/keystone/keystone/api/domains.py", line 89, in get
Apr 19 10:32:34 user devstack@keystone.service[42864]: ERROR keystone.server.flask.application return self._get_domain(domain_id)
Apr 19 10:32:34 user devstack@keystone.service[42864]: ERROR keystone.server.flask.application
File "/opt/stack/keystone/keystone/api/domains.py", line 97, in _get_domain
Apr 19 10:32:34 user devstack@keystone.service[42864]: ERROR keystone.server.flask.application domain = PROVIDERS.resource_api.get_domain(domain_id)
Apr 19 10:32:34 user devstack@keystone.service[42864]: ERROR keystone.server.flask.application
File "/opt/stack/keystone/keystone/common/manager.py", line 115, in wrapped
Apr 19 10:32:34 user devstack@keystone.service[42864]: ERROR keystone.server.flask.application __ret_val = __f(*args, **kwargs)
Apr 19 10:32:34 user devstack@keystone.service[42864]: ERROR keystone.server.flask.application
File "/usr/local/lib/python3.10/dist-packages/decorator.py", line 232, in fun
Apr 19 10:32:34 user devstack@keystone.service[42864]: ERROR keystone.server.flask.application return caller(func, *(extras + args), **kw)
Apr 19 10:32:34 user devstack@keystone.service[42864]: ERROR keystone.server.flask.application
File "/usr/local/lib/python3.10/dist-packages/dogpile/cache/region.py", line 1577, in get_or_create_for_user_func
Apr 19 10:32:34 user devstack@keystone.service[42864]: ERROR keystone.server.flask.application return self.get_or_create(
Apr 19 10:32:34 user devstack@keystone.service[42864]: ERROR keystone.server.flask.application
File "/usr/local/lib/python3.10/dist-packages/dogpile/cache/region.py", line 1042, in get_or_create
Apr 19 10:32:34 user devstack@keystone.service[42864]: ERROR keystone.server.flask.application with Lock(
Apr 19 10:32:34 user devstack@keystone.service[42864]: ERROR keystone.server.flask.application
File "/usr/local/lib/python3.10/dist-packages/dogpile/lock.py", line 185, in __enter__
Apr 19 10:32:34 user devstack@keystone.service[42864]: ERROR keystone.server.flask.application return self._enter()
Apr 19 10:32:34 user devstack@keystone.service[42864]: ERROR keystone.server.flask.application
File "/usr/local/lib/python3.10/dist-packages/dogpile/lock.py", line 94, in _enter
Apr 19 10:32:34 user devstack@keystone.service[42864]: ERROR keystone.server.flask.application generated = self._enter_create(value, createdtime)
Apr 19 10:32:34 user devstack@keystone.service[42864]: ERROR keystone.server.flask.application
File "/usr/local/lib/python3.10/dist-packages/dogpile/lock.py", line 178, in _enter_create
Apr 19 10:32:34 user devstack@keystone.service[42864]: ERROR keystone.server.flask.application return self.creator()
Apr 19 10:32:34 user devstack@keystone.service[42864]: ERROR keystone.server.flask.application
File "/usr/local/lib/python3.10/dist-packages/dogpile/cache/region.py", line 995, in gen_value
Apr 19 10:32:34 user devstack@keystone.service[42864]: ERROR keystone.server.flask.application created_value = creator(
Apr 19 10:32:34 user devstack@keystone.service[42864]: ERROR keystone.server.flask.application
File "/opt/stack/keystone/keystone/resource/core.py", line 716, in get_domain
Apr 19 10:32:34 user devstack@keystone.service[42864]: ERROR keystone.server.flask.application raise exception.DomainNotFound(domain_id=domain_id)
Apr 19 10:32:34 user devstack@keystone.service[42864]: ERROR keystone.server.flask.application keystone.exception.DomainNotFound: Could not find domain: Default.
Apr 19 10:32:34 user devstack@keystone.service[42864]: ERROR keystone.server.flask.application
Apr 19 10:32:34 user devstack@keystone.service[42864]: [pid: 42864|app: 0|req: 116/345] 10.0.0.210 () {56 vars in 1103 bytes} [Wed Apr 19 10:32:34 2023] GET /identity/v3/domains/Default => generated 87 bytes in 155 msecs (HTTP/1.1 404) 5 headers in 183 bytes (1 switches on core 0)
Apr 19 10:32:34 user devstack@keystone.service[42862]: DEBUG keystone.server.flask.request_processing.middleware.auth_context [None req-ace286bd-6e2a-4ff0-b64f-757e12858afa None None] Authenticating user token {{(pid=42862) process_request /usr/local/lib/python3.10/dist-packages/keystonemiddleware/auth_token/__init__.py:406}}
Apr 19 10:32:34 user devstack@keystone.service[42863]: [pid: 42863|app: 0|req: 118/346] 10.0.0.210 () {60 vars in 1127 bytes} [Wed Apr 19 10:32:34 2023] POST /identity/v3/users => generated 245 bytes in 143 msecs (HTTP/1.1 201) 5 headers in 182 bytes (1 switches on core 0)
Apr 19 10:32:34 user devstack@keystone.service[42862]: DEBUG keystone.server.flask.request_processing.middleware.auth_context [None req-ace286bd-6e2a-4ff0-b64f-757e12858afa None None] Validating token access rules against request {{(pid=42862) validate_allowed_request /usr/local/lib/python3.10/dist-packages/keystonemiddleware/auth_token/__init__.py:544}}
Apr 19 10:32:34 user devstack@keystone.service[42864]: DEBUG keystone.server.flask.request_processing.req_logging [None req-37232093-486e-431f-b701-964ec60cd3b1 None None] REQUEST_METHOD: `GET` {{(pid=42864) log_request_info /opt/stack/keystone/keystone/server/flask/request_processing/req_logging.py:27}}
Apr 19 10:32:34 user devstack@keystone.service[42864]: DEBUG keystone.server.flask.request_processing.req_logging [None req-37232093-486e-431f-b701-964ec60cd3b1 None None] SCRIPT_NAME: `/identity` {{(pid=42864) log_request_info /opt/stack/keystone/keystone/server/flask/request_processing/req_logging.py:28}}
Apr 19 10:32:34 user devstack@keystone.service[42864]: DEBUG keystone.server.flask.request_processing.req_logging [None req-37232093-486e-431f-b701-964ec60cd3b1 None None] PATH_INFO: `/` {{(pid=42864) log_request_info /opt/stack/keystone/keystone/server/flask/request_processing/req_logging.py:29}}
Apr 19 10:32:34 user devstack@keystone.service[42864]: [pid: 42864|app: 0|req: 117/347] 10.0.0.210 () {54 vars in 920 bytes} [Wed Apr 19 10:32:34 2023] GET /identity => generated 269 bytes in 3 msecs (HTTP/1.1 300) 6 headers in 233 bytes (1 switches on core 0)
Apr 19 10:32:34 user devstack@keystone.service[42863]: DEBUG keystone.server.flask.request_processing.req_logging [None req-e66b3c23-e9f8-4a46-b451-d50e9841626b None None] REQUEST_METHOD: `POST` {{(pid=42863) log_request_info /opt/stack/keystone/keystone/server/flask/request_processing/req_logging.py:27}}
Apr 19 10:32:34 user devstack@keystone.service[42863]: DEBUG keystone.server.flask.request_processing.req_logging [None req-e66b3c23-e9f8-4a46-b451-d50e9841626b None None] SCRIPT_NAME: `/identity` {{(pid=42863) log_request_info /opt/stack/keystone/keystone/server/flask/request_processing/req_logging.py:28}}
Apr 19 10:32:34 user devstack@keystone.service[42863]: DEBUG keystone.server.flask.request_processing.req_logging [None req-e66b3c23-e9f8-4a46-b451-d50e9841626b None None] PATH_INFO: `/v3/auth/tokens` {{(pid=42863) log_request_info /opt/stack/keystone/keystone/server/flask/request_processing/req_logging.py:29}}
Apr 19 10:32:34 user devstack@keystone.service[42862]: DEBUG keystone.server.flask.request_processing.middleware.auth_context [None req-f8ac2db9-d640-408c-a35b-0b3df05d3ef4 None admin] RBAC: auth_context: {'token': , 'domain_id': None, 'trust_id': None, 'trustor_id': None, 'trustee_id': None, 'domain_name': None, 'group_ids': [], 'user_id': 'ed5c67e1bda74ebe888868954a9c8700', 'user_domain_id': 'default', 'system_scope': 'all', 'project_id': None, 'project_domain_id': None, 'roles': ['admin', 'member', 'reader'], 'is_admin_project': True, 'service_user_id': None, 'service_user_domain_id': None, 'service_project_id': None, 'service_project_domain_id': None, 'service_roles': []} {{(pid=42862) fill_context /opt/stack/keystone/keystone/server/flask/request_processing/middleware/auth_context.py:478}}
Apr 19 10:32:34 user devstack@keystone.service[42862]: DEBUG keystone.server.flask.request_processing.req_logging [None req-f8ac2db9-d640-408c-a35b-0b3df05d3ef4 None admin] REQUEST_METHOD: `GET` {{(pid=42862) log_request_info /opt/stack/keystone/keystone/server/flask/request_processing/req_logging.py:27}}
Apr 19 10:32:34 user devstack@keystone.service[42862]: DEBUG keystone.server.flask.request_processing.req_logging [None req-f8ac2db9-d640-408c-a35b-0b3df05d3ef4 None admin] SCRIPT_NAME: `/identity` {{(pid=42862) log_request_info /opt/stack/keystone/keystone/server/flask/request_processing/req_logging.py:28}}
Apr 19 10:32:34 user devstack@keystone.service[42862]: DEBUG keystone.server.flask.request_processing.req_logging [None req-f8ac2db9-d640-408c-a35b-0b3df05d3ef4 None admin] PATH_INFO: `/v3/domains` {{(pid=42862) log_request_info /opt/stack/keystone/keystone/server/flask/request_processing/req_logging.py:29}}
Apr 19 10:32:34 user devstack@keystone.service[42862]: DEBUG keystone.common.rbac_enforcer.enforcer [None req-f8ac2db9-d640-408c-a35b-0b3df05d3ef4 None admin] RBAC: Adding query filter params (name=Default) {{(pid=42862) _extract_filter_values /opt/stack/keystone/keystone/common/rbac_enforcer/enforcer.py:167}}
Apr 19 10:32:34 user devstack@keystone.service[42862]: DEBUG keystone.common.rbac_enforcer.enforcer [None req-f8ac2db9-d640-408c-a35b-0b3df05d3ef4 None admin] RBAC: Authorizing `identity:list_domains()` {{(pid=42862) enforce_call /opt/stack/keystone/keystone/common/rbac_enforcer/enforcer.py:449}}
Apr 19 10:32:34 user devstack@keystone.service[42862]: DEBUG keystone.common.rbac_enforcer.enforcer [None req-f8ac2db9-d640-408c-a35b-0b3df05d3ef4 None admin] RBAC: Authorization granted {{(pid=42862) enforce_call /opt/stack/keystone/keystone/common/rbac_enforcer/enforcer.py:457}}
Apr 19 10:32:34 user devstack@keystone.service[42863]: WARNING keystone.common.password_hashing [None req-e66b3c23-e9f8-4a46-b451-d50e9841626b None None] Truncating password to algorithm specific maximum length 54 characters.
Apr 19 10:32:34 user devstack@keystone.service[42864]: DEBUG keystone.server.flask.request_processing.middleware.auth_context [None req-37232093-486e-431f-b701-964ec60cd3b1 None None] Authenticating user token {{(pid=42864) process_request /usr/local/lib/python3.10/dist-packages/keystonemiddleware/auth_token/__init__.py:406}}
Apr 19 10:32:34 user devstack@keystone.service[42863]: DEBUG keystone.auth.core [None req-e66b3c23-e9f8-4a46-b451-d50e9841626b None None] MFA Rules not processed for user `ed5c67e1bda74ebe888868954a9c8700`. Rule list: `[]` (Enabled: `True`). {{(pid=42863) check_auth_methods_against_rules /opt/stack/keystone/keystone/auth/core.py:438}}
Apr 19 10:32:34 user devstack@keystone.service[42863]: DEBUG keystone.common.fernet_utils [None req-e66b3c23-e9f8-4a46-b451-d50e9841626b None None] Loaded 2 Fernet keys from /etc/keystone/fernet-keys/, but `[fernet_tokens] max_active_keys = 3`; perhaps there have not been enough key rotations to reach `max_active_keys` yet? {{(pid=42863) load_keys /opt/stack/keystone/keystone/common/fernet_utils.py:286}}
Apr 19 10:32:34 user devstack@keystone.service[42864]: DEBUG dbcounter [-] [42864] Writing DB stats keystone:SELECT=100 {{(pid=42864) stat_writer /usr/local/lib/python3.10/dist-packages/dbcounter.py:117}}
Apr 19 10:32:34 user devstack@keystone.service[42862]: [pid: 42862|app: 0|req: 113/348] 10.0.0.210 () {56 vars in 1104 bytes} [Wed Apr 19 10:32:34 2023] GET /identity/v3/domains?name=Default => generated 306 bytes in 166 msecs (HTTP/1.1 200) 5 headers in 177 bytes (1 switches on core 0)
Apr 19 10:32:34 user devstack@keystone.service[42862]: DEBUG keystone.server.flask.request_processing.middleware.auth_context [None req-f8ac2db9-d640-408c-a35b-0b3df05d3ef4 None admin] Authenticating user token {{(pid=42862) process_request /usr/local/lib/python3.10/dist-packages/keystonemiddleware/auth_token/__init__.py:406}}
Apr 19 10:32:34 user devstack@keystone.service[42862]: DEBUG dbcounter [-] [42862] Writing DB stats keystone:SELECT=100 {{(pid=42862) stat_writer /usr/local/lib/python3.10/dist-packages/dbcounter.py:117}}
Apr 19 10:32:34 user devstack@keystone.service[42863]: [pid: 42863|app: 0|req: 119/349] 10.0.0.210 () {58 vars in 1017 bytes} [Wed Apr 19 10:32:34 2023] POST /identity/v3/auth/tokens => generated 798 bytes in 84 msecs (HTTP/1.1 201) 6 headers in 363 bytes (1 switches on core 0)
Apr 19 10:32:34 user devstack@keystone.service[42864]: DEBUG keystone.server.flask.request_processing.middleware.auth_context [None req-37232093-486e-431f-b701-964ec60cd3b1 None None] Validating token access rules against request {{(pid=42864) validate_allowed_request /usr/local/lib/python3.10/dist-packages/keystonemiddleware/auth_token/__init__.py:544}}
Apr 19 10:32:34 user devstack@keystone.service[42862]: DEBUG keystone.server.flask.request_processing.middleware.auth_context [None req-f8ac2db9-d640-408c-a35b-0b3df05d3ef4 None admin] Validating token access rules against request {{(pid=42862) validate_allowed_request /usr/local/lib/python3.10/dist-packages/keystonemiddleware/auth_token/__init__.py:544}}
Apr 19 10:32:34 user devstack@keystone.service[42864]: DEBUG keystone.server.flask.request_processing.middleware.auth_context [None req-e596c707-cfdd-42bb-8b6b-b5fe267fbd6b None admin] RBAC: auth_context: {'token': , 'domain_id': None, 'trust_id': None, 'trustor_id': None, 'trustee_id': None, 'domain_name': None, 'group_ids': [], 'user_id': 'ed5c67e1bda74ebe888868954a9c8700', 'user_domain_id': 'default', 'system_scope': 'all', 'project_id': None, 'project_domain_id': None, 'roles': ['admin', 'member', 'reader'], 'is_admin_project': True, 'service_user_id': None, 'service_user_domain_id': None, 'service_project_id': None, 'service_project_domain_id': None, 'service_roles': []} {{(pid=42864) fill_context /opt/stack/keystone/keystone/server/flask/request_processing/middleware/auth_context.py:478}}
Apr 19 10:32:34 user devstack@keystone.service[42862]: DEBUG keystone.server.flask.request_processing.middleware.auth_context [None req-f083d239-85a8-413b-8cda-e82108800f54 None admin] RBAC: auth_context: {'token': , 'domain_id': None, 'trust_id': None, 'trustor_id': None, 'trustee_id': None, 'domain_name': None, 'group_ids': [], 'user_id': 'ed5c67e1bda74ebe888868954a9c8700', 'user_domain_id': 'default', 'system_scope': 'all', 'project_id': None, 'project_domain_id': None, 'roles': ['admin', 'member', 'reader'], 'is_admin_project': True, 'service_user_id': None, 'service_user_domain_id': None, 'service_project_id': None, 'service_project_domain_id': None, 'service_roles': []} {{(pid=42862) fill_context /opt/stack/keystone/keystone/server/flask/request_processing/middleware/auth_context.py:478}}
Apr 19 10:32:34 user devstack@keystone.service[42864]: DEBUG keystone.server.flask.request_processing.req_logging [None req-e596c707-cfdd-42bb-8b6b-b5fe267fbd6b None admin] REQUEST_METHOD: `GET` {{(pid=42864) log_request_info /opt/stack/keystone/keystone/server/flask/request_processing/req_logging.py:27}}
Apr 19 10:32:34 user devstack@keystone.service[42862]: DEBUG keystone.server.flask.request_processing.req_logging [None req-f083d239-85a8-413b-8cda-e82108800f54 None admin] REQUEST_METHOD: `POST` {{(pid=42862) log_request_info /opt/stack/keystone/keystone/server/flask/request_processing/req_logging.py:27}}
Apr 19 10:32:34 user devstack@keystone.service[42864]: DEBUG keystone.server.flask.request_processing.req_logging [None req-e596c707-cfdd-42bb-8b6b-b5fe267fbd6b None admin] SCRIPT_NAME: `/identity` {{(pid=42864) log_request_info /opt/stack/keystone/keystone/server/flask/request_processing/req_logging.py:28}}
Apr 19 10:32:34 user devstack@keystone.service[42862]: DEBUG keystone.server.flask.request_processing.req_logging [None req-f083d239-85a8-413b-8cda-e82108800f54 None admin] SCRIPT_NAME: `/identity` {{(pid=42862) log_request_info /opt/stack/keystone/keystone/server/flask/request_processing/req_logging.py:28}}
Apr 19 10:32:34 user devstack@keystone.service[42864]: DEBUG keystone.server.flask.request_processing.req_logging [None req-e596c707-cfdd-42bb-8b6b-b5fe267fbd6b None admin] PATH_INFO: `/v3/domains/Default` {{(pid=42864) log_request_info /opt/stack/keystone/keystone/server/flask/request_processing/req_logging.py:29}}
Apr 19 10:32:34 user devstack@keystone.service[42862]: DEBUG keystone.server.flask.request_processing.req_logging [None req-f083d239-85a8-413b-8cda-e82108800f54 None admin] PATH_INFO: `/v3/users` {{(pid=42862) log_request_info /opt/stack/keystone/keystone/server/flask/request_processing/req_logging.py:29}}
Apr 19 10:32:34 user devstack@keystone.service[42862]: DEBUG keystone.common.rbac_enforcer.enforcer [None req-f083d239-85a8-413b-8cda-e82108800f54 None admin] RBAC: Authorizing `identity:create_user()` {{(pid=42862) enforce_call /opt/stack/keystone/keystone/common/rbac_enforcer/enforcer.py:449}}
Apr 19 10:32:34 user devstack@keystone.service[42862]: DEBUG keystone.common.rbac_enforcer.enforcer [None req-f083d239-85a8-413b-8cda-e82108800f54 None admin] RBAC: Authorization granted {{(pid=42862) enforce_call /opt/stack/keystone/keystone/common/rbac_enforcer/enforcer.py:457}}
Apr 19 10:32:34 user devstack@keystone.service[42862]: WARNING keystone.common.password_hashing [None req-f083d239-85a8-413b-8cda-e82108800f54 None admin] Truncating password to algorithm specific maximum length 54 characters.
Apr 19 10:32:34 user devstack@keystone.service[42864]: DEBUG keystone.common.rbac_enforcer.enforcer [None req-e596c707-cfdd-42bb-8b6b-b5fe267fbd6b None admin] RBAC: Authorizing `identity:get_domain(domain_id=Default)` {{(pid=42864) enforce_call /opt/stack/keystone/keystone/common/rbac_enforcer/enforcer.py:449}}
Apr 19 10:32:34 user devstack@keystone.service[42864]: DEBUG keystone.common.rbac_enforcer.enforcer [None req-e596c707-cfdd-42bb-8b6b-b5fe267fbd6b None admin] RBAC: Authorization granted {{(pid=42864) enforce_call /opt/stack/keystone/keystone/common/rbac_enforcer/enforcer.py:457}}
Apr 19 10:32:34 user devstack@keystone.service[42864]: ERROR keystone.server.flask.application [None req-e596c707-cfdd-42bb-8b6b-b5fe267fbd6b None admin] Could not find domain: Default.: keystone.exception.DomainNotFound: Could not find domain: Default.
Apr 19 10:32:34 user devstack@keystone.service[42864]: ERROR keystone.server.flask.application
Traceback (most recent call last):
Apr 19 10:32:34 user devstack@keystone.service[42864]: ERROR keystone.server.flask.application
File "/usr/local/lib/python3.10/dist-packages/flask/app.py", line 1823, in full_dispatch_request
Apr 19 10:32:34 user devstack@keystone.service[42864]: ERROR keystone.server.flask.application rv = self.dispatch_request()
Apr 19 10:32:34 user devstack@keystone.service[42864]: ERROR keystone.server.flask.application
File "/usr/local/lib/python3.10/dist-packages/flask/app.py", line 1799, in dispatch_request
Apr 19 10:32:34 user devstack@keystone.service[42864]: ERROR keystone.server.flask.application return self.ensure_sync(self.view_functions[rule.endpoint])(**view_args)
Apr 19 10:32:34 user devstack@keystone.service[42864]: ERROR keystone.server.flask.application
File "/usr/local/lib/python3.10/dist-packages/flask_restful/__init__.py", line 467, in wrapper
Apr 19 10:32:34 user devstack@keystone.service[42864]: ERROR keystone.server.flask.application resp = resource(*args, **kwargs)
Apr 19 10:32:34 user devstack@keystone.service[42864]: ERROR keystone.server.flask.application
File "/usr/local/lib/python3.10/dist-packages/flask/views.py", line 107, in view
Apr 19 10:32:34 user devstack@keystone.service[42864]: ERROR keystone.server.flask.application return current_app.ensure_sync(self.dispatch_request)(**kwargs)
Apr 19 10:32:34 user devstack@keystone.service[42864]: ERROR keystone.server.flask.application
File "/usr/local/lib/python3.10/dist-packages/flask_restful/__init__.py", line 582, in dispatch_request
Apr 19 10:32:34 user devstack@keystone.service[42864]: ERROR keystone.server.flask.application resp = meth(*args, **kwargs)
Apr 19 10:32:34 user devstack@keystone.service[42864]: ERROR keystone.server.flask.application
File "/opt/stack/keystone/keystone/api/domains.py", line 89, in get
Apr 19 10:32:34 user devstack@keystone.service[42864]: ERROR keystone.server.flask.application return self._get_domain(domain_id)
Apr 19 10:32:34 user devstack@keystone.service[42864]: ERROR keystone.server.flask.application
File "/opt/stack/keystone/keystone/api/domains.py", line 97, in _get_domain
Apr 19 10:32:34 user devstack@keystone.service[42864]: ERROR keystone.server.flask.application domain = PROVIDERS.resource_api.get_domain(domain_id)
Apr 19 10:32:34 user devstack@keystone.service[42864]: ERROR keystone.server.flask.application
File "/opt/stack/keystone/keystone/common/manager.py", line 115, in wrapped
Apr 19 10:32:34 user devstack@keystone.service[42864]: ERROR keystone.server.flask.application __ret_val = __f(*args, **kwargs)
Apr 19 10:32:34 user devstack@keystone.service[42864]: ERROR keystone.server.flask.application
File "/usr/local/lib/python3.10/dist-packages/decorator.py", line 232, in fun
Apr 19 10:32:34 user devstack@keystone.service[42864]: ERROR keystone.server.flask.application return caller(func, *(extras + args), **kw)
Apr 19 10:32:34 user devstack@keystone.service[42864]: ERROR keystone.server.flask.application
File "/usr/local/lib/python3.10/dist-packages/dogpile/cache/region.py", line 1577, in get_or_create_for_user_func
Apr 19 10:32:34 user devstack@keystone.service[42864]: ERROR keystone.server.flask.application return self.get_or_create(
Apr 19 10:32:34 user devstack@keystone.service[42864]: ERROR keystone.server.flask.application
File "/usr/local/lib/python3.10/dist-packages/dogpile/cache/region.py", line 1042, in get_or_create
Apr 19 10:32:34 user devstack@keystone.service[42864]: ERROR keystone.server.flask.application with Lock(
Apr 19 10:32:34 user devstack@keystone.service[42864]: ERROR keystone.server.flask.application
File "/usr/local/lib/python3.10/dist-packages/dogpile/lock.py", line 185, in __enter__
Apr 19 10:32:34 user devstack@keystone.service[42864]: ERROR keystone.server.flask.application return self._enter()
Apr 19 10:32:34 user devstack@keystone.service[42864]: ERROR keystone.server.flask.application
File "/usr/local/lib/python3.10/dist-packages/dogpile/lock.py", line 94, in _enter
Apr 19 10:32:34 user devstack@keystone.service[42864]: ERROR keystone.server.flask.application generated = self._enter_create(value, createdtime)
Apr 19 10:32:34 user devstack@keystone.service[42864]: ERROR keystone.server.flask.application
File "/usr/local/lib/python3.10/dist-packages/dogpile/lock.py", line 178, in _enter_create
Apr 19 10:32:34 user devstack@keystone.service[42864]: ERROR keystone.server.flask.application return self.creator()
Apr 19 10:32:34 user devstack@keystone.service[42864]: ERROR keystone.server.flask.application
File "/usr/local/lib/python3.10/dist-packages/dogpile/cache/region.py", line 995, in gen_value
Apr 19 10:32:34 user devstack@keystone.service[42864]: ERROR keystone.server.flask.application created_value = creator(
Apr 19 10:32:34 user devstack@keystone.service[42864]: ERROR keystone.server.flask.application
File "/opt/stack/keystone/keystone/resource/core.py", line 716, in get_domain
Apr 19 10:32:34 user devstack@keystone.service[42864]: ERROR keystone.server.flask.application raise exception.DomainNotFound(domain_id=domain_id)
Apr 19 10:32:34 user devstack@keystone.service[42864]: ERROR keystone.server.flask.application keystone.exception.DomainNotFound: Could not find domain: Default.
Apr 19 10:32:34 user devstack@keystone.service[42864]: ERROR keystone.server.flask.application
Apr 19 10:32:34 user devstack@keystone.service[42864]: [pid: 42864|app: 0|req: 118/350] 10.0.0.210 () {56 vars in 1103 bytes} [Wed Apr 19 10:32:34 2023] GET /identity/v3/domains/Default => generated 87 bytes in 162 msecs (HTTP/1.1 404) 5 headers in 183 bytes (1 switches on core 0)
Apr 19 10:32:34 user devstack@keystone.service[42863]: DEBUG keystone.server.flask.request_processing.middleware.auth_context [None req-e66b3c23-e9f8-4a46-b451-d50e9841626b None None] Authenticating user token {{(pid=42863) process_request /usr/local/lib/python3.10/dist-packages/keystonemiddleware/auth_token/__init__.py:406}}
Apr 19 10:32:34 user devstack@keystone.service[42862]: [pid: 42862|app: 0|req: 114/351] 10.0.0.210 () {60 vars in 1127 bytes} [Wed Apr 19 10:32:34 2023] POST /identity/v3/users => generated 247 bytes in 149 msecs (HTTP/1.1 201) 5 headers in 182 bytes (2 switches on core 0)
Apr 19 10:32:34 user devstack@keystone.service[42863]: DEBUG keystone.server.flask.request_processing.middleware.auth_context [None req-e66b3c23-e9f8-4a46-b451-d50e9841626b None None] Validating token access rules against request {{(pid=42863) validate_allowed_request /usr/local/lib/python3.10/dist-packages/keystonemiddleware/auth_token/__init__.py:544}}
Apr 19 10:32:34 user devstack@keystone.service[42863]: DEBUG dbcounter [-] [42863] Writing DB stats keystone:SELECT=97,keystone:INSERT=3 {{(pid=42863) stat_writer /usr/local/lib/python3.10/dist-packages/dbcounter.py:117}}
Apr 19 10:32:34 user devstack@keystone.service[42864]: DEBUG keystone.server.flask.request_processing.middleware.auth_context [None req-e596c707-cfdd-42bb-8b6b-b5fe267fbd6b None admin] Authenticating user token {{(pid=42864) process_request /usr/local/lib/python3.10/dist-packages/keystonemiddleware/auth_token/__init__.py:406}}
Apr 19 10:32:34 user devstack@keystone.service[42863]: DEBUG keystone.server.flask.request_processing.middleware.auth_context [None req-6cc8de51-d319-41fb-82b2-81289476d9f3 None admin] RBAC: auth_context: {'token': , 'domain_id': None, 'trust_id': None, 'trustor_id': None, 'trustee_id': None, 'domain_name': None, 'group_ids': [], 'user_id': 'ed5c67e1bda74ebe888868954a9c8700', 'user_domain_id': 'default', 'system_scope': 'all', 'project_id': None, 'project_domain_id': None, 'roles': ['admin', 'member', 'reader'], 'is_admin_project': True, 'service_user_id': None, 'service_user_domain_id': None, 'service_project_id': None, 'service_project_domain_id': None, 'service_roles': []} {{(pid=42863) fill_context /opt/stack/keystone/keystone/server/flask/request_processing/middleware/auth_context.py:478}}
Apr 19 10:32:34 user devstack@keystone.service[42863]: DEBUG keystone.server.flask.request_processing.req_logging [None req-6cc8de51-d319-41fb-82b2-81289476d9f3 None admin] REQUEST_METHOD: `GET` {{(pid=42863) log_request_info /opt/stack/keystone/keystone/server/flask/request_processing/req_logging.py:27}}
Apr 19 10:32:34 user devstack@keystone.service[42863]: DEBUG keystone.server.flask.request_processing.req_logging [None req-6cc8de51-d319-41fb-82b2-81289476d9f3 None admin] SCRIPT_NAME: `/identity` {{(pid=42863) log_request_info /opt/stack/keystone/keystone/server/flask/request_processing/req_logging.py:28}}
Apr 19 10:32:34 user devstack@keystone.service[42863]: DEBUG keystone.server.flask.request_processing.req_logging [None req-6cc8de51-d319-41fb-82b2-81289476d9f3 None admin] PATH_INFO: `/v3/domains` {{(pid=42863) log_request_info /opt/stack/keystone/keystone/server/flask/request_processing/req_logging.py:29}}
Apr 19 10:32:34 user devstack@keystone.service[42863]: DEBUG keystone.common.rbac_enforcer.enforcer [None req-6cc8de51-d319-41fb-82b2-81289476d9f3 None admin] RBAC: Adding query filter params (name=Default) {{(pid=42863) _extract_filter_values /opt/stack/keystone/keystone/common/rbac_enforcer/enforcer.py:167}}
Apr 19 10:32:34 user devstack@keystone.service[42863]: DEBUG keystone.common.rbac_enforcer.enforcer [None req-6cc8de51-d319-41fb-82b2-81289476d9f3 None admin] RBAC: Authorizing `identity:list_domains()` {{(pid=42863) enforce_call /opt/stack/keystone/keystone/common/rbac_enforcer/enforcer.py:449}}
Apr 19 10:32:34 user devstack@keystone.service[42863]: DEBUG keystone.common.rbac_enforcer.enforcer [None req-6cc8de51-d319-41fb-82b2-81289476d9f3 None admin] RBAC: Authorization granted {{(pid=42863) enforce_call /opt/stack/keystone/keystone/common/rbac_enforcer/enforcer.py:457}}
Apr 19 10:32:34 user devstack@keystone.service[42863]: [pid: 42863|app: 0|req: 120/352] 10.0.0.210 () {56 vars in 1104 bytes} [Wed Apr 19 10:32:34 2023] GET /identity/v3/domains?name=Default => generated 306 bytes in 152 msecs (HTTP/1.1 200) 5 headers in 177 bytes (1 switches on core 0)
Apr 19 10:32:34 user devstack@keystone.service[42862]: DEBUG keystone.server.flask.request_processing.middleware.auth_context [None req-f083d239-85a8-413b-8cda-e82108800f54 None admin] Authenticating user token {{(pid=42862) process_request /usr/local/lib/python3.10/dist-packages/keystonemiddleware/auth_token/__init__.py:406}}
Apr 19 10:32:34 user devstack@keystone.service[42864]: DEBUG dbcounter [-] [42864] Writing DB stats keystone:SELECT=100 {{(pid=42864) stat_writer /usr/local/lib/python3.10/dist-packages/dbcounter.py:117}}
Apr 19 10:32:34 user devstack@keystone.service[42862]: DEBUG dbcounter [-] [42862] Writing DB stats keystone:SELECT=97,keystone:INSERT=3 {{(pid=42862) stat_writer /usr/local/lib/python3.10/dist-packages/dbcounter.py:117}}
Apr 19 10:32:34 user devstack@keystone.service[42864]: DEBUG keystone.server.flask.request_processing.middleware.auth_context [None req-e596c707-cfdd-42bb-8b6b-b5fe267fbd6b None admin] Validating token access rules against request {{(pid=42864) validate_allowed_request /usr/local/lib/python3.10/dist-packages/keystonemiddleware/auth_token/__init__.py:544}}
Apr 19 10:32:34 user devstack@keystone.service[42862]: DEBUG keystone.server.flask.request_processing.middleware.auth_context [None req-f083d239-85a8-413b-8cda-e82108800f54 None admin] Validating token access rules against request {{(pid=42862) validate_allowed_request /usr/local/lib/python3.10/dist-packages/keystonemiddleware/auth_token/__init__.py:544}}
Apr 19 10:32:34 user devstack@keystone.service[42864]: DEBUG keystone.server.flask.request_processing.middleware.auth_context [None req-258cbb9d-3929-4063-bc2f-508e0ab63f03 None admin] RBAC: auth_context: {'token': , 'domain_id': None, 'trust_id': None, 'trustor_id': None, 'trustee_id': None, 'domain_name': None, 'group_ids': [], 'user_id': 'ed5c67e1bda74ebe888868954a9c8700', 'user_domain_id': 'default', 'system_scope': 'all', 'project_id': None, 'project_domain_id': None, 'roles': ['admin', 'member', 'reader'], 'is_admin_project': True, 'service_user_id': None, 'service_user_domain_id': None, 'service_project_id': None, 'service_project_domain_id': None, 'service_roles': []} {{(pid=42864) fill_context /opt/stack/keystone/keystone/server/flask/request_processing/middleware/auth_context.py:478}}
Apr 19 10:32:34 user devstack@keystone.service[42864]: DEBUG keystone.server.flask.request_processing.req_logging [None req-258cbb9d-3929-4063-bc2f-508e0ab63f03 None admin] REQUEST_METHOD: `GET` {{(pid=42864) log_request_info /opt/stack/keystone/keystone/server/flask/request_processing/req_logging.py:27}}
Apr 19 10:32:34 user devstack@keystone.service[42864]: DEBUG keystone.server.flask.request_processing.req_logging [None req-258cbb9d-3929-4063-bc2f-508e0ab63f03 None admin] SCRIPT_NAME: `/identity` {{(pid=42864) log_request_info /opt/stack/keystone/keystone/server/flask/request_processing/req_logging.py:28}}
Apr 19 10:32:34 user devstack@keystone.service[42864]: DEBUG keystone.server.flask.request_processing.req_logging [None req-258cbb9d-3929-4063-bc2f-508e0ab63f03 None admin] PATH_INFO: `/v3/domains/Default` {{(pid=42864) log_request_info /opt/stack/keystone/keystone/server/flask/request_processing/req_logging.py:29}}
Apr 19 10:32:34 user devstack@keystone.service[42864]: DEBUG keystone.common.rbac_enforcer.enforcer [None req-258cbb9d-3929-4063-bc2f-508e0ab63f03 None admin] RBAC: Authorizing `identity:get_domain(domain_id=Default)` {{(pid=42864) enforce_call /opt/stack/keystone/keystone/common/rbac_enforcer/enforcer.py:449}}
Apr 19 10:32:34 user devstack@keystone.service[42864]: DEBUG keystone.common.rbac_enforcer.enforcer [None req-258cbb9d-3929-4063-bc2f-508e0ab63f03 None admin] RBAC: Authorization granted {{(pid=42864) enforce_call /opt/stack/keystone/keystone/common/rbac_enforcer/enforcer.py:457}}
Apr 19 10:32:34 user devstack@keystone.service[42862]: DEBUG keystone.server.flask.request_processing.middleware.auth_context [None req-1eb853c6-2ccd-4297-a56e-58c581d35017 None admin] RBAC: auth_context: {'token': , 'domain_id': None, 'trust_id': None, 'trustor_id': None, 'trustee_id': None, 'domain_name': None, 'group_ids': [], 'user_id': 'ed5c67e1bda74ebe888868954a9c8700', 'user_domain_id': 'default', 'system_scope': 'all', 'project_id': None, 'project_domain_id': None, 'roles': ['admin', 'member', 'reader'], 'is_admin_project': True, 'service_user_id': None, 'service_user_domain_id': None, 'service_project_id': None, 'service_project_domain_id': None, 'service_roles': []} {{(pid=42862) fill_context /opt/stack/keystone/keystone/server/flask/request_processing/middleware/auth_context.py:478}}
Apr 19 10:32:34 user devstack@keystone.service[42862]: DEBUG keystone.server.flask.request_processing.req_logging [None req-1eb853c6-2ccd-4297-a56e-58c581d35017 None admin] REQUEST_METHOD: `POST` {{(pid=42862) log_request_info /opt/stack/keystone/keystone/server/flask/request_processing/req_logging.py:27}}
Apr 19 10:32:34 user devstack@keystone.service[42862]: DEBUG keystone.server.flask.request_processing.req_logging [None req-1eb853c6-2ccd-4297-a56e-58c581d35017 None admin] SCRIPT_NAME: `/identity` {{(pid=42862) log_request_info /opt/stack/keystone/keystone/server/flask/request_processing/req_logging.py:28}}
Apr 19 10:32:34 user devstack@keystone.service[42862]: DEBUG keystone.server.flask.request_processing.req_logging [None req-1eb853c6-2ccd-4297-a56e-58c581d35017 None admin] PATH_INFO: `/v3/users` {{(pid=42862) log_request_info /opt/stack/keystone/keystone/server/flask/request_processing/req_logging.py:29}}
Apr 19 10:32:34 user devstack@keystone.service[42862]: DEBUG keystone.common.rbac_enforcer.enforcer [None req-1eb853c6-2ccd-4297-a56e-58c581d35017 None admin] RBAC: Authorizing `identity:create_user()` {{(pid=42862) enforce_call /opt/stack/keystone/keystone/common/rbac_enforcer/enforcer.py:449}}
Apr 19 10:32:34 user devstack@keystone.service[42862]: DEBUG keystone.common.rbac_enforcer.enforcer [None req-1eb853c6-2ccd-4297-a56e-58c581d35017 None admin] RBAC: Authorization granted {{(pid=42862) enforce_call /opt/stack/keystone/keystone/common/rbac_enforcer/enforcer.py:457}}
Apr 19 10:32:35 user devstack@keystone.service[42862]: WARNING keystone.common.password_hashing [None req-1eb853c6-2ccd-4297-a56e-58c581d35017 None admin] Truncating password to algorithm specific maximum length 54 characters.
Apr 19 10:32:35 user devstack@keystone.service[42864]: ERROR keystone.server.flask.application [None req-258cbb9d-3929-4063-bc2f-508e0ab63f03 None admin] Could not find domain: Default.: keystone.exception.DomainNotFound: Could not find domain: Default.
Apr 19 10:32:35 user devstack@keystone.service[42864]: ERROR keystone.server.flask.application
Traceback (most recent call last):
Apr 19 10:32:35 user devstack@keystone.service[42864]: ERROR keystone.server.flask.application
File "/usr/local/lib/python3.10/dist-packages/flask/app.py", line 1823, in full_dispatch_request
Apr 19 10:32:35 user devstack@keystone.service[42864]: ERROR keystone.server.flask.application rv = self.dispatch_request()
Apr 19 10:32:35 user devstack@keystone.service[42864]: ERROR keystone.server.flask.application
File "/usr/local/lib/python3.10/dist-packages/flask/app.py", line 1799, in dispatch_request
Apr 19 10:32:35 user devstack@keystone.service[42864]: ERROR keystone.server.flask.application return self.ensure_sync(self.view_functions[rule.endpoint])(**view_args)
Apr 19 10:32:35 user devstack@keystone.service[42864]: ERROR keystone.server.flask.application
File "/usr/local/lib/python3.10/dist-packages/flask_restful/__init__.py", line 467, in wrapper
Apr 19 10:32:35 user devstack@keystone.service[42864]: ERROR keystone.server.flask.application resp = resource(*args, **kwargs)
Apr 19 10:32:35 user devstack@keystone.service[42864]: ERROR keystone.server.flask.application
File "/usr/local/lib/python3.10/dist-packages/flask/views.py", line 107, in view
Apr 19 10:32:35 user devstack@keystone.service[42864]: ERROR keystone.server.flask.application return current_app.ensure_sync(self.dispatch_request)(**kwargs)
Apr 19 10:32:35 user devstack@keystone.service[42864]: ERROR keystone.server.flask.application
File "/usr/local/lib/python3.10/dist-packages/flask_restful/__init__.py", line 582, in dispatch_request
Apr 19 10:32:35 user devstack@keystone.service[42864]: ERROR keystone.server.flask.application resp = meth(*args, **kwargs)
Apr 19 10:32:35 user devstack@keystone.service[42864]: ERROR keystone.server.flask.application
File "/opt/stack/keystone/keystone/api/domains.py", line 89, in get
Apr 19 10:32:35 user devstack@keystone.service[42864]: ERROR keystone.server.flask.application return self._get_domain(domain_id)
Apr 19 10:32:35 user devstack@keystone.service[42864]: ERROR keystone.server.flask.application
File "/opt/stack/keystone/keystone/api/domains.py", line 97, in _get_domain
Apr 19 10:32:35 user devstack@keystone.service[42864]: ERROR keystone.server.flask.application domain = PROVIDERS.resource_api.get_domain(domain_id)
Apr 19 10:32:35 user devstack@keystone.service[42864]: ERROR keystone.server.flask.application
File "/opt/stack/keystone/keystone/common/manager.py", line 115, in wrapped
Apr 19 10:32:35 user devstack@keystone.service[42864]: ERROR keystone.server.flask.application __ret_val = __f(*args, **kwargs)
Apr 19 10:32:35 user devstack@keystone.service[42864]: ERROR keystone.server.flask.application
File "/usr/local/lib/python3.10/dist-packages/decorator.py", line 232, in fun
Apr 19 10:32:35 user devstack@keystone.service[42864]: ERROR keystone.server.flask.application return caller(func, *(extras + args), **kw)
Apr 19 10:32:35 user devstack@keystone.service[42864]: ERROR keystone.server.flask.application
File "/usr/local/lib/python3.10/dist-packages/dogpile/cache/region.py", line 1577, in get_or_create_for_user_func
Apr 19 10:32:35 user devstack@keystone.service[42864]: ERROR keystone.server.flask.application return self.get_or_create(
Apr 19 10:32:35 user devstack@keystone.service[42864]: ERROR keystone.server.flask.application
