Apr 19 10:59:39 user devstack@placement-api.service[65887]: INFO placement.requestlog [req-f388ee2d-2e2d-45c7-89a2-c9b529a6b507 req-873feccf-d30b-4c32-ab9a-8eb438095b63 service placement] 10.0.0.210 "PUT /placement/allocations/939851b5-25d3-4139-92e8-0e0f83fe7210" status: 204 len: 0 microversion: 1.36
Apr 19 10:59:39 user devstack@placement-api.service[65887]: [pid: 65887|app: 0|req: 222/671] 10.0.0.210 () {68 vars in 1510 bytes} [Wed Apr 19 10:59:39 2023] PUT /placement/allocations/939851b5-25d3-4139-92e8-0e0f83fe7210 => generated 0 bytes in 118 msecs (HTTP/1.1 204) 5 headers in 199 bytes (1 switches on core 0)
Apr 19 10:59:39 user devstack@placement-api.service[65889]: DEBUG placement.requestlog [req-f388ee2d-2e2d-45c7-89a2-c9b529a6b507 req-e0807276-46e5-4d25-9b2f-4037a4a3f5ac None None] Starting request: 10.0.0.210 "GET /placement/allocations/939851b5-25d3-4139-92e8-0e0f83fe7210" {{(pid=65889) __call__ /opt/stack/placement/placement/requestlog.py:55}}
Apr 19 10:59:39 user devstack@placement-api.service[65889]: INFO placement.requestlog [req-f388ee2d-2e2d-45c7-89a2-c9b529a6b507 req-e0807276-46e5-4d25-9b2f-4037a4a3f5ac service placement] 10.0.0.210 "GET /placement/allocations/939851b5-25d3-4139-92e8-0e0f83fe7210" status: 200 len: 258 microversion: 1.28
Apr 19 10:59:39 user devstack@placement-api.service[65889]: [pid: 65889|app: 0|req: 225/672] 10.0.0.210 () {64 vars in 1455 bytes} [Wed Apr 19 10:59:39 2023] GET /placement/allocations/939851b5-25d3-4139-92e8-0e0f83fe7210 => generated 258 bytes in 15 msecs (HTTP/1.1 200) 8 headers in 296 bytes (1 switches on core 0)
Apr 19 10:59:39 user devstack@placement-api.service[65888]: DEBUG placement.requestlog [req-f388ee2d-2e2d-45c7-89a2-c9b529a6b507 req-176d9de9-bb1f-4808-8b15-c59b3ba0fea5 None None] Starting request: 10.0.0.210 "GET /placement/resource_providers/a342f647-32e7-463d-9891-0ee435b3a4bb/allocations" {{(pid=65888) __call__ /opt/stack/placement/placement/requestlog.py:55}}
Apr 19 10:59:39 user devstack@placement-api.service[65888]: INFO placement.requestlog [req-f388ee2d-2e2d-45c7-89a2-c9b529a6b507 req-176d9de9-bb1f-4808-8b15-c59b3ba0fea5 service placement] 10.0.0.210 "GET /placement/resource_providers/a342f647-32e7-463d-9891-0ee435b3a4bb/allocations" status: 200 len: 153 microversion: 1.0
Apr 19 10:59:39 user devstack@placement-api.service[65888]: [pid: 65888|app: 0|req: 226/673] 10.0.0.210 () {62 vars in 1468 bytes} [Wed Apr 19 10:59:39 2023] GET /placement/resource_providers/a342f647-32e7-463d-9891-0ee435b3a4bb/allocations => generated 153 bytes in 19 msecs (HTTP/1.1 200) 6 headers in 224 bytes (1 switches on core 0)
Apr 19 10:59:39 user devstack@placement-api.service[65887]: DEBUG placement.requestlog [req-f388ee2d-2e2d-45c7-89a2-c9b529a6b507 req-5cf20b75-6986-40de-a64c-a9e41381d4c1 None None] Starting request: 10.0.0.210 "GET /placement/allocations/939851b5-25d3-4139-92e8-0e0f83fe7210" {{(pid=65887) __call__ /opt/stack/placement/placement/requestlog.py:55}}
Apr 19 10:59:39 user devstack@placement-api.service[65887]: INFO placement.requestlog [req-f388ee2d-2e2d-45c7-89a2-c9b529a6b507 req-5cf20b75-6986-40de-a64c-a9e41381d4c1 service placement] 10.0.0.210 "GET /placement/allocations/939851b5-25d3-4139-92e8-0e0f83fe7210" status: 200 len: 258 microversion: 1.28
Apr 19 10:59:39 user devstack@placement-api.service[65887]: [pid: 65887|app: 0|req: 223/674] 10.0.0.210 () {64 vars in 1455 bytes} [Wed Apr 19 10:59:39 2023] GET /placement/allocations/939851b5-25d3-4139-92e8-0e0f83fe7210 => generated 258 bytes in 20 msecs (HTTP/1.1 200) 8 headers in 296 bytes (1 switches on core 0)
Apr 19 10:59:49 user devstack@placement-api.service[65889]: DEBUG dbcounter [-] [65889] Writing DB stats placement:SELECT=16 {{(pid=65889) stat_writer /usr/local/lib/python3.10/dist-packages/dbcounter.py:117}}
Apr 19 10:59:49 user devstack@placement-api.service[65888]: DEBUG dbcounter [-] [65888] Writing DB stats placement:SELECT=8 {{(pid=65888) stat_writer /usr/local/lib/python3.10/dist-packages/dbcounter.py:117}}
Apr 19 10:59:49 user devstack@placement-api.service[65887]: DEBUG dbcounter [-] [65887] Writing DB stats placement:SELECT=17,placement:INSERT=4,placement:DELETE=2,placement:UPDATE=2 {{(pid=65887) stat_writer /usr/local/lib/python3.10/dist-packages/dbcounter.py:117}}
Apr 19 11:00:05 user devstack@placement-api.service[65889]: DEBUG placement.requestlog [req-6205edad-c5b3-4a89-b17c-68a07038bd5d req-28096c0e-6e88-4790-8997-093d1e614fb4 None None] Starting request: 10.0.0.210 "GET /placement/resource_providers/a342f647-32e7-463d-9891-0ee435b3a4bb/allocations" {{(pid=65889) __call__ /opt/stack/placement/placement/requestlog.py:55}}
Apr 19 11:00:05 user devstack@placement-api.service[65889]: INFO placement.requestlog [req-6205edad-c5b3-4a89-b17c-68a07038bd5d req-28096c0e-6e88-4790-8997-093d1e614fb4 service placement] 10.0.0.210 "GET /placement/resource_providers/a342f647-32e7-463d-9891-0ee435b3a4bb/allocations" status: 200 len: 153 microversion: 1.0
Apr 19 11:00:05 user devstack@placement-api.service[65889]: [pid: 65889|app: 0|req: 226/675] 10.0.0.210 () {62 vars in 1468 bytes} [Wed Apr 19 11:00:05 2023] GET /placement/resource_providers/a342f647-32e7-463d-9891-0ee435b3a4bb/allocations => generated 153 bytes in 20 msecs (HTTP/1.1 200) 6 headers in 224 bytes (1 switches on core 0)
Apr 19 11:00:05 user devstack@placement-api.service[65888]: DEBUG placement.requestlog [req-6205edad-c5b3-4a89-b17c-68a07038bd5d req-985a6269-2a5a-4e9c-b7df-684e81de051f None None] Starting request: 10.0.0.210 "GET /placement/resource_providers/a342f647-32e7-463d-9891-0ee435b3a4bb/allocations" {{(pid=65888) __call__ /opt/stack/placement/placement/requestlog.py:55}}
Apr 19 11:00:06 user devstack@placement-api.service[65888]: INFO placement.requestlog [req-6205edad-c5b3-4a89-b17c-68a07038bd5d req-985a6269-2a5a-4e9c-b7df-684e81de051f service placement] 10.0.0.210 "GET /placement/resource_providers/a342f647-32e7-463d-9891-0ee435b3a4bb/allocations" status: 200 len: 153 microversion: 1.0
Apr 19 11:00:06 user devstack@placement-api.service[65888]: [pid: 65888|app: 0|req: 227/676] 10.0.0.210 () {62 vars in 1468 bytes} [Wed Apr 19 11:00:05 2023] GET /placement/resource_providers/a342f647-32e7-463d-9891-0ee435b3a4bb/allocations => generated 153 bytes in 23 msecs (HTTP/1.1 200) 6 headers in 224 bytes (1 switches on core 0)
Apr 19 11:00:06 user devstack@placement-api.service[65887]: DEBUG placement.requestlog [req-6205edad-c5b3-4a89-b17c-68a07038bd5d req-a961c359-546f-4612-adb4-a9c0b92a519a None None] Starting request: 10.0.0.210 "GET /placement/allocations/939851b5-25d3-4139-92e8-0e0f83fe7210" {{(pid=65887) __call__ /opt/stack/placement/placement/requestlog.py:55}}
Apr 19 11:00:06 user devstack@placement-api.service[65887]: INFO placement.requestlog [req-6205edad-c5b3-4a89-b17c-68a07038bd5d req-a961c359-546f-4612-adb4-a9c0b92a519a service placement] 10.0.0.210 "GET /placement/allocations/939851b5-25d3-4139-92e8-0e0f83fe7210" status: 200 len: 258 microversion: 1.28
Apr 19 11:00:06 user devstack@placement-api.service[65887]: [pid: 65887|app: 0|req: 224/677] 10.0.0.210 () {64 vars in 1455 bytes} [Wed Apr 19 11:00:06 2023] GET /placement/allocations/939851b5-25d3-4139-92e8-0e0f83fe7210 => generated 258 bytes in 16 msecs (HTTP/1.1 200) 8 headers in 296 bytes (1 switches on core 0)
Apr 19 11:00:15 user devstack@placement-api.service[65889]: DEBUG dbcounter [-] [65889] Writing DB stats placement:SELECT=6 {{(pid=65889) stat_writer /usr/local/lib/python3.10/dist-packages/dbcounter.py:117}}
Apr 19 11:00:16 user devstack@placement-api.service[65888]: DEBUG dbcounter [-] [65888] Writing DB stats placement:SELECT=6 {{(pid=65888) stat_writer /usr/local/lib/python3.10/dist-packages/dbcounter.py:117}}
Apr 19 11:00:16 user devstack@placement-api.service[65887]: DEBUG dbcounter [-] [65887] Writing DB stats placement:SELECT=4 {{(pid=65887) stat_writer /usr/local/lib/python3.10/dist-packages/dbcounter.py:117}}
Apr 19 11:01:05 user devstack@placement-api.service[65889]: DEBUG placement.requestlog [req-88d86ebe-f20b-4a78-a839-da583c9d901b req-03d2b679-4c56-40f3-b3b8-b0779af1f648 None None] Starting request: 10.0.0.210 "GET /placement/resource_providers/a342f647-32e7-463d-9891-0ee435b3a4bb/allocations" {{(pid=65889) __call__ /opt/stack/placement/placement/requestlog.py:55}}
Apr 19 11:01:05 user devstack@placement-api.service[65889]: INFO placement.requestlog [req-88d86ebe-f20b-4a78-a839-da583c9d901b req-03d2b679-4c56-40f3-b3b8-b0779af1f648 service placement] 10.0.0.210 "GET /placement/resource_providers/a342f647-32e7-463d-9891-0ee435b3a4bb/allocations" status: 200 len: 153 microversion: 1.0
Apr 19 11:01:05 user devstack@placement-api.service[65889]: [pid: 65889|app: 0|req: 227/678] 10.0.0.210 () {62 vars in 1468 bytes} [Wed Apr 19 11:01:05 2023] GET /placement/resource_providers/a342f647-32e7-463d-9891-0ee435b3a4bb/allocations => generated 153 bytes in 22 msecs (HTTP/1.1 200) 6 headers in 224 bytes (1 switches on core 0)
Apr 19 11:01:05 user devstack@placement-api.service[65888]: DEBUG placement.requestlog [req-88d86ebe-f20b-4a78-a839-da583c9d901b req-3794509c-7408-4709-846d-ea9ba2ac6d72 None None] Starting request: 10.0.0.210 "GET /placement/resource_providers/a342f647-32e7-463d-9891-0ee435b3a4bb/allocations" {{(pid=65888) __call__ /opt/stack/placement/placement/requestlog.py:55}}
Apr 19 11:01:05 user devstack@placement-api.service[65888]: INFO placement.requestlog [req-88d86ebe-f20b-4a78-a839-da583c9d901b req-3794509c-7408-4709-846d-ea9ba2ac6d72 service placement] 10.0.0.210 "GET /placement/resource_providers/a342f647-32e7-463d-9891-0ee435b3a4bb/allocations" status: 200 len: 153 microversion: 1.0
Apr 19 11:01:05 user devstack@placement-api.service[65888]: [pid: 65888|app: 0|req: 228/679] 10.0.0.210 () {62 vars in 1468 bytes} [Wed Apr 19 11:01:05 2023] GET /placement/resource_providers/a342f647-32e7-463d-9891-0ee435b3a4bb/allocations => generated 153 bytes in 19 msecs (HTTP/1.1 200) 6 headers in 224 bytes (1 switches on core 0)
Apr 19 11:01:05 user devstack@placement-api.service[65887]: DEBUG placement.requestlog [req-88d86ebe-f20b-4a78-a839-da583c9d901b req-9a06af0b-3794-4cd9-9f62-12140e1d3246 None None] Starting request: 10.0.0.210 "GET /placement/allocations/939851b5-25d3-4139-92e8-0e0f83fe7210" {{(pid=65887) __call__ /opt/stack/placement/placement/requestlog.py:55}}
Apr 19 11:01:05 user devstack@placement-api.service[65887]: INFO placement.requestlog [req-88d86ebe-f20b-4a78-a839-da583c9d901b req-9a06af0b-3794-4cd9-9f62-12140e1d3246 service placement] 10.0.0.210 "GET /placement/allocations/939851b5-25d3-4139-92e8-0e0f83fe7210" status: 200 len: 258 microversion: 1.28
Apr 19 11:01:05 user devstack@placement-api.service[65887]: [pid: 65887|app: 0|req: 225/680] 10.0.0.210 () {64 vars in 1455 bytes} [Wed Apr 19 11:01:05 2023] GET /placement/allocations/939851b5-25d3-4139-92e8-0e0f83fe7210 => generated 258 bytes in 22 msecs (HTTP/1.1 200) 8 headers in 296 bytes (1 switches on core 0)
Apr 19 11:01:15 user devstack@placement-api.service[65889]: DEBUG dbcounter [-] [65889] Writing DB stats placement:SELECT=6 {{(pid=65889) stat_writer /usr/local/lib/python3.10/dist-packages/dbcounter.py:117}}
Apr 19 11:01:15 user devstack@placement-api.service[65888]: DEBUG dbcounter [-] [65888] Writing DB stats placement:SELECT=6 {{(pid=65888) stat_writer /usr/local/lib/python3.10/dist-packages/dbcounter.py:117}}
Apr 19 11:01:15 user devstack@placement-api.service[65887]: DEBUG dbcounter [-] [65887] Writing DB stats placement:SELECT=4 {{(pid=65887) stat_writer /usr/local/lib/python3.10/dist-packages/dbcounter.py:117}}
Apr 19 11:01:33 user devstack@placement-api.service[65889]: DEBUG placement.requestlog [req-dff6492d-6ae2-43ed-a01b-c5ee5375e2b5 req-c17ad711-afb1-4b6f-bd46-ede1ff7a23f7 None None] Starting request: 10.0.0.210 "GET /placement/resource_providers/a342f647-32e7-463d-9891-0ee435b3a4bb/allocations" {{(pid=65889) __call__ /opt/stack/placement/placement/requestlog.py:55}}
Apr 19 11:01:33 user devstack@placement-api.service[65889]: INFO placement.requestlog [req-dff6492d-6ae2-43ed-a01b-c5ee5375e2b5 req-c17ad711-afb1-4b6f-bd46-ede1ff7a23f7 service placement] 10.0.0.210 "GET /placement/resource_providers/a342f647-32e7-463d-9891-0ee435b3a4bb/allocations" status: 200 len: 153 microversion: 1.0
Apr 19 11:01:33 user devstack@placement-api.service[65889]: [pid: 65889|app: 0|req: 228/681] 10.0.0.210 () {62 vars in 1468 bytes} [Wed Apr 19 11:01:33 2023] GET /placement/resource_providers/a342f647-32e7-463d-9891-0ee435b3a4bb/allocations => generated 153 bytes in 24 msecs (HTTP/1.1 200) 6 headers in 224 bytes (1 switches on core 0)
Apr 19 11:01:33 user devstack@placement-api.service[65888]: DEBUG placement.requestlog [req-dff6492d-6ae2-43ed-a01b-c5ee5375e2b5 req-f17fae36-161f-4a52-9aec-347d88ca130f None None] Starting request: 10.0.0.210 "GET /placement/allocations/939851b5-25d3-4139-92e8-0e0f83fe7210" {{(pid=65888) __call__ /opt/stack/placement/placement/requestlog.py:55}}
Apr 19 11:01:33 user devstack@placement-api.service[65888]: INFO placement.requestlog [req-dff6492d-6ae2-43ed-a01b-c5ee5375e2b5 req-f17fae36-161f-4a52-9aec-347d88ca130f service placement] 10.0.0.210 "GET /placement/allocations/939851b5-25d3-4139-92e8-0e0f83fe7210" status: 200 len: 258 microversion: 1.28
Apr 19 11:01:33 user devstack@placement-api.service[65888]: [pid: 65888|app: 0|req: 229/682] 10.0.0.210 () {64 vars in 1455 bytes} [Wed Apr 19 11:01:33 2023] GET /placement/allocations/939851b5-25d3-4139-92e8-0e0f83fe7210 => generated 258 bytes in 18 msecs (HTTP/1.1 200) 8 headers in 296 bytes (1 switches on core 0)
Apr 19 11:01:33 user devstack@placement-api.service[65887]: DEBUG placement.requestlog [req-dff6492d-6ae2-43ed-a01b-c5ee5375e2b5 req-ddf64c90-1da6-45f8-b433-97f45be85673 None None] Starting request: 10.0.0.210 "DELETE /placement/allocations/939851b5-25d3-4139-92e8-0e0f83fe7210" {{(pid=65887) __call__ /opt/stack/placement/placement/requestlog.py:55}}
Apr 19 11:01:33 user devstack@placement-api.service[65887]: DEBUG placement.handlers.allocation [req-dff6492d-6ae2-43ed-a01b-c5ee5375e2b5 req-ddf64c90-1da6-45f8-b433-97f45be85673 service placement] Successfully deleted allocations [, , ] {{(pid=65887) delete_allocations /opt/stack/placement/placement/handlers/allocation.py:627}}
Apr 19 11:01:33 user devstack@placement-api.service[65887]: INFO placement.requestlog [req-dff6492d-6ae2-43ed-a01b-c5ee5375e2b5 req-ddf64c90-1da6-45f8-b433-97f45be85673 service placement] 10.0.0.210 "DELETE /placement/allocations/939851b5-25d3-4139-92e8-0e0f83fe7210" status: 204 len: 0 microversion: 1.0
Apr 19 11:01:33 user devstack@placement-api.service[65887]: [pid: 65887|app: 0|req: 226/683] 10.0.0.210 () {64 vars in 1433 bytes} [Wed Apr 19 11:01:33 2023] DELETE /placement/allocations/939851b5-25d3-4139-92e8-0e0f83fe7210 => generated 0 bytes in 29 msecs (HTTP/1.1 204) 5 headers in 198 bytes (1 switches on core 0)
Apr 19 11:01:43 user devstack@placement-api.service[65889]: DEBUG dbcounter [-] [65889] Writing DB stats placement:SELECT=6 {{(pid=65889) stat_writer /usr/local/lib/python3.10/dist-packages/dbcounter.py:117}}
Apr 19 11:01:43 user devstack@placement-api.service[65888]: DEBUG dbcounter [-] [65888] Writing DB stats placement:SELECT=4 {{(pid=65888) stat_writer /usr/local/lib/python3.10/dist-packages/dbcounter.py:117}}
Apr 19 11:01:43 user devstack@placement-api.service[65887]: DEBUG dbcounter [-] [65887] Writing DB stats placement:SELECT=7,placement:DELETE=2 {{(pid=65887) stat_writer /usr/local/lib/python3.10/dist-packages/dbcounter.py:117}}
Apr 19 11:02:05 user devstack@placement-api.service[65889]: DEBUG placement.requestlog [req-4c6eee06-9597-4c80-a689-cf8faa526c84 req-5bf7ed33-a920-46fa-9588-897ae3bfb4bf None None] Starting request: 10.0.0.210 "GET /placement/resource_providers/a342f647-32e7-463d-9891-0ee435b3a4bb/allocations" {{(pid=65889) __call__ /opt/stack/placement/placement/requestlog.py:55}}
Apr 19 11:02:05 user devstack@placement-api.service[65889]: INFO placement.requestlog [req-4c6eee06-9597-4c80-a689-cf8faa526c84 req-5bf7ed33-a920-46fa-9588-897ae3bfb4bf service placement] 10.0.0.210 "GET /placement/resource_providers/a342f647-32e7-463d-9891-0ee435b3a4bb/allocations" status: 200 len: 55 microversion: 1.0
Apr 19 11:02:05 user devstack@placement-api.service[65889]: [pid: 65889|app: 0|req: 229/684] 10.0.0.210 () {62 vars in 1468 bytes} [Wed Apr 19 11:02:05 2023] GET /placement/resource_providers/a342f647-32e7-463d-9891-0ee435b3a4bb/allocations => generated 55 bytes in 15 msecs (HTTP/1.1 200) 6 headers in 223 bytes (1 switches on core 0)
Apr 19 11:02:05 user devstack@placement-api.service[65888]: DEBUG placement.requestlog [req-4c6eee06-9597-4c80-a689-cf8faa526c84 req-08460ce2-fea0-4cdf-9725-fbb3d3f243cf None None] Starting request: 10.0.0.210 "GET /placement/resource_providers/a342f647-32e7-463d-9891-0ee435b3a4bb/allocations" {{(pid=65888) __call__ /opt/stack/placement/placement/requestlog.py:55}}
Apr 19 11:02:05 user devstack@placement-api.service[65888]: INFO placement.requestlog [req-4c6eee06-9597-4c80-a689-cf8faa526c84 req-08460ce2-fea0-4cdf-9725-fbb3d3f243cf service placement] 10.0.0.210 "GET /placement/resource_providers/a342f647-32e7-463d-9891-0ee435b3a4bb/allocations" status: 200 len: 55 microversion: 1.0
Apr 19 11:02:05 user devstack@placement-api.service[65888]: [pid: 65888|app: 0|req: 230/685] 10.0.0.210 () {62 vars in 1468 bytes} [Wed Apr 19 11:02:05 2023] GET /placement/resource_providers/a342f647-32e7-463d-9891-0ee435b3a4bb/allocations => generated 55 bytes in 16 msecs (HTTP/1.1 200) 6 headers in 223 bytes (1 switches on core 0)
Apr 19 11:02:15 user devstack@placement-api.service[65889]: DEBUG dbcounter [-] [65889] Writing DB stats placement:SELECT=4 {{(pid=65889) stat_writer /usr/local/lib/python3.10/dist-packages/dbcounter.py:117}}
Apr 19 11:02:15 user devstack@placement-api.service[65888]: DEBUG dbcounter [-] [65888] Writing DB stats placement:SELECT=4 {{(pid=65888) stat_writer /usr/local/lib/python3.10/dist-packages/dbcounter.py:117}}
Apr 19 11:02:27 user devstack@placement-api.service[65887]: DEBUG placement.requestlog [None req-ee00b1ed-10d2-43aa-97f2-a8e527a29264 None None] Starting request: 10.0.0.210 "GET /placement/resource_providers/c2048f54-db56-4adb-a86c-c63844aad739/aggregates" {{(pid=65887) __call__ /opt/stack/placement/placement/requestlog.py:55}}
Apr 19 11:02:27 user devstack@placement-api.service[65887]: INFO placement.requestlog [None req-ee00b1ed-10d2-43aa-97f2-a8e527a29264 service placement] 10.0.0.210 "GET /placement/resource_providers/c2048f54-db56-4adb-a86c-c63844aad739/aggregates" status: 404 len: 235 microversion: 1.1
Apr 19 11:02:27 user devstack@placement-api.service[65887]: [pid: 65887|app: 0|req: 227/686] 10.0.0.210 () {62 vars in 1439 bytes} [Wed Apr 19 11:02:27 2023] GET /placement/resource_providers/c2048f54-db56-4adb-a86c-c63844aad739/aggregates => generated 235 bytes in 109 msecs (HTTP/1.1 404) 5 headers in 202 bytes (1 switches on core 0)
Apr 19 11:02:27 user devstack@placement-api.service[65889]: DEBUG placement.requestlog [None req-87f24c32-acfb-4685-ab92-08c884be2bf9 None None] Starting request: 10.0.0.210 "DELETE /placement/resource_providers/c2048f54-db56-4adb-a86c-c63844aad739" {{(pid=65889) __call__ /opt/stack/placement/placement/requestlog.py:55}}
Apr 19 11:02:27 user devstack@placement-api.service[65889]: DEBUG placement.wsgi_wrapper [None req-87f24c32-acfb-4685-ab92-08c884be2bf9 service placement] Placement API returning an error response: No resource provider with uuid c2048f54-db56-4adb-a86c-c63844aad739 found for delete {{(pid=65889) call_func /opt/stack/placement/placement/wsgi_wrapper.py:31}}
Apr 19 11:02:27 user devstack@placement-api.service[65889]: INFO placement.requestlog [None req-87f24c32-acfb-4685-ab92-08c884be2bf9 service placement] 10.0.0.210 "DELETE /placement/resource_providers/c2048f54-db56-4adb-a86c-c63844aad739" status: 404 len: 246 microversion: 1.1
Apr 19 11:02:27 user devstack@placement-api.service[65889]: [pid: 65889|app: 0|req: 230/687] 10.0.0.210 () {64 vars in 1428 bytes} [Wed Apr 19 11:02:27 2023] DELETE /placement/resource_providers/c2048f54-db56-4adb-a86c-c63844aad739 => generated 246 bytes in 17 msecs (HTTP/1.1 404) 6 headers in 231 bytes (1 switches on core 0)
Apr 19 11:02:30 user devstack@placement-api.service[65888]: DEBUG placement.requestlog [None req-6c163fa7-ae8c-4d8c-aa55-bb7eb2990644 None None] Starting request: 10.0.0.210 "GET /placement/resource_providers/8fae1e42-4bbf-48b5-a5a3-1f5c875fc724/aggregates" {{(pid=65888) __call__ /opt/stack/placement/placement/requestlog.py:55}}
Apr 19 11:02:30 user devstack@placement-api.service[65888]: INFO placement.requestlog [None req-6c163fa7-ae8c-4d8c-aa55-bb7eb2990644 service placement] 10.0.0.210 "GET /placement/resource_providers/8fae1e42-4bbf-48b5-a5a3-1f5c875fc724/aggregates" status: 404 len: 235 microversion: 1.1
Apr 19 11:02:30 user devstack@placement-api.service[65888]: [pid: 65888|app: 0|req: 231/688] 10.0.0.210 () {62 vars in 1439 bytes} [Wed Apr 19 11:02:30 2023] GET /placement/resource_providers/8fae1e42-4bbf-48b5-a5a3-1f5c875fc724/aggregates => generated 235 bytes in 10 msecs (HTTP/1.1 404) 5 headers in 202 bytes (1 switches on core 0)
Apr 19 11:02:30 user devstack@placement-api.service[65887]: DEBUG placement.requestlog [None req-75ef4348-e1a0-4d77-b624-68cb8d0b9613 None None] Starting request: 10.0.0.210 "DELETE /placement/resource_providers/8fae1e42-4bbf-48b5-a5a3-1f5c875fc724" {{(pid=65887) __call__ /opt/stack/placement/placement/requestlog.py:55}}
Apr 19 11:02:30 user devstack@placement-api.service[65887]: DEBUG placement.wsgi_wrapper [None req-75ef4348-e1a0-4d77-b624-68cb8d0b9613 service placement] Placement API returning an error response: No resource provider with uuid 8fae1e42-4bbf-48b5-a5a3-1f5c875fc724 found for delete {{(pid=65887) call_func /opt/stack/placement/placement/wsgi_wrapper.py:31}}
Apr 19 11:02:30 user devstack@placement-api.service[65887]: INFO placement.requestlog [None req-75ef4348-e1a0-4d77-b624-68cb8d0b9613 service placement] 10.0.0.210 "DELETE /placement/resource_providers/8fae1e42-4bbf-48b5-a5a3-1f5c875fc724" status: 404 len: 246 microversion: 1.1
Apr 19 11:02:30 user devstack@placement-api.service[65887]: [pid: 65887|app: 0|req: 228/689] 10.0.0.210 () {64 vars in 1428 bytes} [Wed Apr 19 11:02:30 2023] DELETE /placement/resource_providers/8fae1e42-4bbf-48b5-a5a3-1f5c875fc724 => generated 246 bytes in 11 msecs (HTTP/1.1 404) 6 headers in 231 bytes (1 switches on core 0)
Apr 19 11:02:37 user devstack@placement-api.service[65889]: DEBUG dbcounter [-] [65889] Writing DB stats placement:SELECT=2 {{(pid=65889) stat_writer /usr/local/lib/python3.10/dist-packages/dbcounter.py:117}}
Apr 19 11:02:40 user devstack@placement-api.service[65888]: DEBUG dbcounter [-] [65888] Writing DB stats placement:SELECT=2 {{(pid=65888) stat_writer /usr/local/lib/python3.10/dist-packages/dbcounter.py:117}}
Apr 19 11:02:40 user devstack@placement-api.service[65887]: DEBUG dbcounter [-] [65887] Writing DB stats placement:SELECT=4 {{(pid=65887) stat_writer /usr/local/lib/python3.10/dist-packages/dbcounter.py:117}}