Jul 20 21:16:53 user devstack@keystone.service[41958]: DEBUG keystone.server.flask.request_processing.middleware.auth_context [None req-15624fd1-e60a-4d6b-98d1-0c05ebc2bec3 None None] Authenticating user token {{(pid=41958) process_request /usr/local/lib/python3.10/dist-packages/keystonemiddleware/auth_token/__init__.py:406}}
Jul 20 21:16:53 user devstack@keystone.service[41956]: DEBUG keystone.server.flask.request_processing.middleware.auth_context [None req-bcd3244c-30d8-4675-b4bf-ebcfde6ffc44 None None] Authenticating user token {{(pid=41956) process_request /usr/local/lib/python3.10/dist-packages/keystonemiddleware/auth_token/__init__.py:406}}
Jul 20 21:16:53 user devstack@keystone.service[41958]: DEBUG dbcounter [-] [41958] Writing DB stats keystone:SELECT=100 {{(pid=41958) stat_writer /usr/local/lib/python3.10/dist-packages/dbcounter.py:117}}
Jul 20 21:16:53 user devstack@keystone.service[41958]: DEBUG keystone.server.flask.request_processing.middleware.auth_context [None req-15624fd1-e60a-4d6b-98d1-0c05ebc2bec3 None None] Validating token access rules against request {{(pid=41958) validate_allowed_request /usr/local/lib/python3.10/dist-packages/keystonemiddleware/auth_token/__init__.py:544}}
Jul 20 21:16:53 user devstack@keystone.service[41958]: DEBUG keystone.server.flask.request_processing.middleware.auth_context [None req-36fda807-dc73-4a73-b491-585ba3338c7a None admin] RBAC: auth_context: {'token': , 'domain_id': None, 'trust_id': None, 'trustor_id': None, 'trustee_id': None, 'domain_name': None, 'group_ids': [], 'user_id': '92087d19f67f41568680b2ba5f71f0bb', 'user_domain_id': 'default', 'system_scope': 'all', 'project_id': None, 'project_domain_id': None, 'roles': ['admin', 'member', 'reader'], 'is_admin_project': True, 'service_user_id': None, 'service_user_domain_id': None, 'service_project_id': None, 'service_project_domain_id': None, 'service_roles': []} {{(pid=41958) fill_context /opt/stack/keystone/keystone/server/flask/request_processing/middleware/auth_context.py:480}}
Jul 20 21:16:53 user devstack@keystone.service[41958]: DEBUG keystone.server.flask.request_processing.req_logging [None req-36fda807-dc73-4a73-b491-585ba3338c7a None admin] REQUEST_METHOD: `GET` {{(pid=41958) log_request_info /opt/stack/keystone/keystone/server/flask/request_processing/req_logging.py:27}}
Jul 20 21:16:53 user devstack@keystone.service[41958]: DEBUG keystone.server.flask.request_processing.req_logging [None req-36fda807-dc73-4a73-b491-585ba3338c7a None admin] SCRIPT_NAME: `/identity` {{(pid=41958) log_request_info /opt/stack/keystone/keystone/server/flask/request_processing/req_logging.py:28}}
Jul 20 21:16:53 user devstack@keystone.service[41958]: DEBUG keystone.server.flask.request_processing.req_logging [None req-36fda807-dc73-4a73-b491-585ba3338c7a None admin] PATH_INFO: `/v3/roles/reader` {{(pid=41958) log_request_info /opt/stack/keystone/keystone/server/flask/request_processing/req_logging.py:29}}
Jul 20 21:16:53 user devstack@keystone.service[41957]: DEBUG keystone.server.flask.request_processing.req_logging [None req-43e111ab-7879-4aed-af55-2c27ca92bb36 None None] REQUEST_METHOD: `GET` {{(pid=41957) log_request_info /opt/stack/keystone/keystone/server/flask/request_processing/req_logging.py:27}}
Jul 20 21:16:53 user devstack@keystone.service[41957]: DEBUG keystone.server.flask.request_processing.req_logging [None req-43e111ab-7879-4aed-af55-2c27ca92bb36 None None] SCRIPT_NAME: `/identity` {{(pid=41957) log_request_info /opt/stack/keystone/keystone/server/flask/request_processing/req_logging.py:28}}
Jul 20 21:16:53 user devstack@keystone.service[41957]: DEBUG keystone.server.flask.request_processing.req_logging [None req-43e111ab-7879-4aed-af55-2c27ca92bb36 None None] PATH_INFO: `/` {{(pid=41957) log_request_info /opt/stack/keystone/keystone/server/flask/request_processing/req_logging.py:29}}
Jul 20 21:16:53 user devstack@keystone.service[41957]: [pid: 41957|app: 0|req: 61/191] 10.0.0.210 () {54 vars in 920 bytes} [Thu Jul 20 21:16:53 2023] GET /identity => generated 269 bytes in 3 msecs (HTTP/1.1 300) 6 headers in 233 bytes (1 switches on core 0)
Jul 20 21:16:53 user devstack@keystone.service[41958]: DEBUG keystone.common.rbac_enforcer.enforcer [None req-36fda807-dc73-4a73-b491-585ba3338c7a None admin] Extracting inferred target data resulted in "NOT FOUND (404)". {{(pid=41958) enforce_call /opt/stack/keystone/keystone/common/rbac_enforcer/enforcer.py:409}}
Jul 20 21:16:53 user devstack@keystone.service[41957]: DEBUG keystone.server.flask.request_processing.req_logging [None req-71975c91-6e11-4da5-b492-217a4092b93b None None] REQUEST_METHOD: `POST` {{(pid=41957) log_request_info /opt/stack/keystone/keystone/server/flask/request_processing/req_logging.py:27}}
Jul 20 21:16:53 user devstack@keystone.service[41957]: DEBUG keystone.server.flask.request_processing.req_logging [None req-71975c91-6e11-4da5-b492-217a4092b93b None None] SCRIPT_NAME: `/identity` {{(pid=41957) log_request_info /opt/stack/keystone/keystone/server/flask/request_processing/req_logging.py:28}}
Jul 20 21:16:53 user devstack@keystone.service[41957]: DEBUG keystone.server.flask.request_processing.req_logging [None req-71975c91-6e11-4da5-b492-217a4092b93b None None] PATH_INFO: `/v3/auth/tokens` {{(pid=41957) log_request_info /opt/stack/keystone/keystone/server/flask/request_processing/req_logging.py:29}}
Jul 20 21:16:53 user devstack@keystone.service[41958]: ERROR keystone.server.flask.application [None req-36fda807-dc73-4a73-b491-585ba3338c7a None admin] Could not find role: reader.: keystone.exception.RoleNotFound: Could not find role: reader.
Jul 20 21:16:53 user devstack@keystone.service[41958]: ERROR keystone.server.flask.application
Traceback (most recent call last):
Jul 20 21:16:53 user devstack@keystone.service[41958]: ERROR keystone.server.flask.application
File "/usr/local/lib/python3.10/dist-packages/flask/app.py", line 1823, in full_dispatch_request
Jul 20 21:16:53 user devstack@keystone.service[41958]: ERROR keystone.server.flask.application rv = self.dispatch_request()
Jul 20 21:16:53 user devstack@keystone.service[41958]: ERROR keystone.server.flask.application
File "/usr/local/lib/python3.10/dist-packages/flask/app.py", line 1799, in dispatch_request
Jul 20 21:16:53 user devstack@keystone.service[41958]: ERROR keystone.server.flask.application return self.ensure_sync(self.view_functions[rule.endpoint])(**view_args)
Jul 20 21:16:53 user devstack@keystone.service[41958]: ERROR keystone.server.flask.application
File "/usr/local/lib/python3.10/dist-packages/flask_restful/__init__.py", line 467, in wrapper
Jul 20 21:16:53 user devstack@keystone.service[41958]: ERROR keystone.server.flask.application resp = resource(*args, **kwargs)
Jul 20 21:16:53 user devstack@keystone.service[41958]: ERROR keystone.server.flask.application
File "/usr/local/lib/python3.10/dist-packages/flask/views.py", line 107, in view
Jul 20 21:16:53 user devstack@keystone.service[41958]: ERROR keystone.server.flask.application return current_app.ensure_sync(self.dispatch_request)(**kwargs)
Jul 20 21:16:53 user devstack@keystone.service[41958]: ERROR keystone.server.flask.application
File "/usr/local/lib/python3.10/dist-packages/flask_restful/__init__.py", line 582, in dispatch_request
Jul 20 21:16:53 user devstack@keystone.service[41958]: ERROR keystone.server.flask.application resp = meth(*args, **kwargs)
Jul 20 21:16:53 user devstack@keystone.service[41958]: ERROR keystone.server.flask.application
File "/opt/stack/keystone/keystone/api/roles.py", line 50, in get
Jul 20 21:16:53 user devstack@keystone.service[41958]: ERROR keystone.server.flask.application return self._get_role(role_id)
Jul 20 21:16:53 user devstack@keystone.service[41958]: ERROR keystone.server.flask.application
File "/opt/stack/keystone/keystone/api/roles.py", line 70, in _get_role
Jul 20 21:16:53 user devstack@keystone.service[41958]: ERROR keystone.server.flask.application ENFORCER.enforce_call(action='identity:get_role')
Jul 20 21:16:53 user devstack@keystone.service[41958]: ERROR keystone.server.flask.application
File "/opt/stack/keystone/keystone/common/rbac_enforcer/enforcer.py", line 402, in enforce_call
Jul 20 21:16:53 user devstack@keystone.service[41958]: ERROR keystone.server.flask.application policy_dict.update(cls._extract_member_target_data(
Jul 20 21:16:53 user devstack@keystone.service[41958]: ERROR keystone.server.flask.application
File "/opt/stack/keystone/keystone/common/rbac_enforcer/enforcer.py", line 234, in _extract_member_target_data
Jul 20 21:16:53 user devstack@keystone.service[41958]: ERROR keystone.server.flask.application member_name: func(flask.request.view_args[key])
Jul 20 21:16:53 user devstack@keystone.service[41958]: ERROR keystone.server.flask.application
File "/opt/stack/keystone/keystone/common/manager.py", line 115, in wrapped
Jul 20 21:16:53 user devstack@keystone.service[41958]: ERROR keystone.server.flask.application __ret_val = __f(*args, **kwargs)
Jul 20 21:16:53 user devstack@keystone.service[41958]: ERROR keystone.server.flask.application
File "/usr/local/lib/python3.10/dist-packages/decorator.py", line 232, in fun
Jul 20 21:16:53 user devstack@keystone.service[41958]: ERROR keystone.server.flask.application return caller(func, *(extras + args), **kw)
Jul 20 21:16:53 user devstack@keystone.service[41958]: ERROR keystone.server.flask.application
File "/usr/local/lib/python3.10/dist-packages/dogpile/cache/region.py", line 1577, in get_or_create_for_user_func
Jul 20 21:16:53 user devstack@keystone.service[41958]: ERROR keystone.server.flask.application return self.get_or_create(
Jul 20 21:16:53 user devstack@keystone.service[41958]: ERROR keystone.server.flask.application
File "/usr/local/lib/python3.10/dist-packages/dogpile/cache/region.py", line 1042, in get_or_create
Jul 20 21:16:53 user devstack@keystone.service[41958]: ERROR keystone.server.flask.application with Lock(
Jul 20 21:16:53 user devstack@keystone.service[41958]: ERROR keystone.server.flask.application
File "/usr/local/lib/python3.10/dist-packages/dogpile/lock.py", line 185, in __enter__
Jul 20 21:16:53 user devstack@keystone.service[41958]: ERROR keystone.server.flask.application return self._enter()
Jul 20 21:16:53 user devstack@keystone.service[41958]: ERROR keystone.server.flask.application
File "/usr/local/lib/python3.10/dist-packages/dogpile/lock.py", line 94, in _enter
Jul 20 21:16:53 user devstack@keystone.service[41958]: ERROR keystone.server.flask.application generated = self._enter_create(value, createdtime)
Jul 20 21:16:53 user devstack@keystone.service[41958]: ERROR keystone.server.flask.application
File "/usr/local/lib/python3.10/dist-packages/dogpile/lock.py", line 178, in _enter_create
Jul 20 21:16:53 user devstack@keystone.service[41958]: ERROR keystone.server.flask.application return self.creator()
Jul 20 21:16:53 user devstack@keystone.service[41958]: ERROR keystone.server.flask.application
File "/usr/local/lib/python3.10/dist-packages/dogpile/cache/region.py", line 995, in gen_value
Jul 20 21:16:53 user devstack@keystone.service[41958]: ERROR keystone.server.flask.application created_value = creator(
Jul 20 21:16:53 user devstack@keystone.service[41958]: ERROR keystone.server.flask.application
File "/opt/stack/keystone/keystone/assignment/core.py", line 1276, in get_role
Jul 20 21:16:53 user devstack@keystone.service[41958]: ERROR keystone.server.flask.application return self.driver.get_role(role_id)
Jul 20 21:16:53 user devstack@keystone.service[41958]: ERROR keystone.server.flask.application
File "/opt/stack/keystone/keystone/assignment/role_backends/sql.py", line 70, in get_role
Jul 20 21:16:53 user devstack@keystone.service[41958]: ERROR keystone.server.flask.application return self._get_role(session, role_id).to_dict()
Jul 20 21:16:53 user devstack@keystone.service[41958]: ERROR keystone.server.flask.application
File "/opt/stack/keystone/keystone/assignment/role_backends/sql.py", line 65, in _get_role
Jul 20 21:16:53 user devstack@keystone.service[41958]: ERROR keystone.server.flask.application raise exception.RoleNotFound(role_id=role_id)
Jul 20 21:16:53 user devstack@keystone.service[41958]: ERROR keystone.server.flask.application keystone.exception.RoleNotFound: Could not find role: reader.
Jul 20 21:16:53 user devstack@keystone.service[41958]: ERROR keystone.server.flask.application
Jul 20 21:16:53 user devstack@keystone.service[41958]: [pid: 41958|app: 0|req: 64/192] 10.0.0.210 () {56 vars in 1094 bytes} [Thu Jul 20 21:16:53 2023] GET /identity/v3/roles/reader => generated 84 bytes in 131 msecs (HTTP/1.1 404) 5 headers in 183 bytes (1 switches on core 0)
Jul 20 21:16:53 user devstack@keystone.service[41958]: DEBUG keystone.server.flask.request_processing.middleware.auth_context [None req-36fda807-dc73-4a73-b491-585ba3338c7a None admin] Authenticating user token {{(pid=41958) process_request /usr/local/lib/python3.10/dist-packages/keystonemiddleware/auth_token/__init__.py:406}}
Jul 20 21:16:53 user devstack@keystone.service[41957]: WARNING keystone.common.password_hashing [None req-71975c91-6e11-4da5-b492-217a4092b93b None None] Truncating password to algorithm specific maximum length 54 characters.
Jul 20 21:16:53 user devstack@keystone.service[41957]: DEBUG keystone.auth.core [None req-71975c91-6e11-4da5-b492-217a4092b93b None None] MFA Rules not processed for user `92087d19f67f41568680b2ba5f71f0bb`. Rule list: `[]` (Enabled: `True`). {{(pid=41957) check_auth_methods_against_rules /opt/stack/keystone/keystone/auth/core.py:438}}
Jul 20 21:16:53 user devstack@keystone.service[41957]: DEBUG keystone.common.fernet_utils [None req-71975c91-6e11-4da5-b492-217a4092b93b None None] Loaded 2 Fernet keys from /etc/keystone/fernet-keys/, but `[fernet_tokens] max_active_keys = 3`; perhaps there have not been enough key rotations to reach `max_active_keys` yet? {{(pid=41957) load_keys /opt/stack/keystone/keystone/common/fernet_utils.py:286}}
Jul 20 21:16:53 user devstack@keystone.service[41956]: DEBUG dbcounter [-] [41956] Writing DB stats keystone:SELECT=100 {{(pid=41956) stat_writer /usr/local/lib/python3.10/dist-packages/dbcounter.py:117}}
Jul 20 21:16:53 user devstack@keystone.service[41956]: DEBUG keystone.server.flask.request_processing.middleware.auth_context [None req-bcd3244c-30d8-4675-b4bf-ebcfde6ffc44 None None] Validating token access rules against request {{(pid=41956) validate_allowed_request /usr/local/lib/python3.10/dist-packages/keystonemiddleware/auth_token/__init__.py:544}}
Jul 20 21:16:53 user devstack@keystone.service[41957]: DEBUG dbcounter [-] [41957] Writing DB stats keystone:SELECT=100 {{(pid=41957) stat_writer /usr/local/lib/python3.10/dist-packages/dbcounter.py:117}}
Jul 20 21:16:53 user devstack@keystone.service[41956]: DEBUG keystone.server.flask.request_processing.middleware.auth_context [None req-6b6322c2-0f20-4a98-895c-db2b1441b67b None admin] RBAC: auth_context: {'token': , 'domain_id': None, 'trust_id': None, 'trustor_id': None, 'trustee_id': None, 'domain_name': None, 'group_ids': [], 'user_id': '92087d19f67f41568680b2ba5f71f0bb', 'user_domain_id': 'default', 'system_scope': 'all', 'project_id': None, 'project_domain_id': None, 'roles': ['admin', 'member', 'reader'], 'is_admin_project': True, 'service_user_id': None, 'service_user_domain_id': None, 'service_project_id': None, 'service_project_domain_id': None, 'service_roles': []} {{(pid=41956) fill_context /opt/stack/keystone/keystone/server/flask/request_processing/middleware/auth_context.py:480}}
Jul 20 21:16:53 user devstack@keystone.service[41956]: DEBUG keystone.server.flask.request_processing.req_logging [None req-6b6322c2-0f20-4a98-895c-db2b1441b67b None admin] REQUEST_METHOD: `GET` {{(pid=41956) log_request_info /opt/stack/keystone/keystone/server/flask/request_processing/req_logging.py:27}}
Jul 20 21:16:53 user devstack@keystone.service[41956]: DEBUG keystone.server.flask.request_processing.req_logging [None req-6b6322c2-0f20-4a98-895c-db2b1441b67b None admin] SCRIPT_NAME: `/identity` {{(pid=41956) log_request_info /opt/stack/keystone/keystone/server/flask/request_processing/req_logging.py:28}}
Jul 20 21:16:53 user devstack@keystone.service[41956]: DEBUG keystone.server.flask.request_processing.req_logging [None req-6b6322c2-0f20-4a98-895c-db2b1441b67b None admin] PATH_INFO: `/v3/domains/default` {{(pid=41956) log_request_info /opt/stack/keystone/keystone/server/flask/request_processing/req_logging.py:29}}
Jul 20 21:16:53 user devstack@keystone.service[41956]: DEBUG keystone.common.rbac_enforcer.enforcer [None req-6b6322c2-0f20-4a98-895c-db2b1441b67b None admin] RBAC: Authorizing `identity:get_domain(domain_id=default)` {{(pid=41956) enforce_call /opt/stack/keystone/keystone/common/rbac_enforcer/enforcer.py:449}}
Jul 20 21:16:53 user devstack@keystone.service[41956]: DEBUG keystone.common.rbac_enforcer.enforcer [None req-6b6322c2-0f20-4a98-895c-db2b1441b67b None admin] RBAC: Authorization granted {{(pid=41956) enforce_call /opt/stack/keystone/keystone/common/rbac_enforcer/enforcer.py:457}}
Jul 20 21:16:53 user devstack@keystone.service[41957]: [pid: 41957|app: 0|req: 62/193] 10.0.0.210 () {58 vars in 1017 bytes} [Thu Jul 20 21:16:53 2023] POST /identity/v3/auth/tokens => generated 798 bytes in 77 msecs (HTTP/1.1 201) 6 headers in 363 bytes (1 switches on core 0)
Jul 20 21:16:53 user devstack@keystone.service[41956]: [pid: 41956|app: 0|req: 68/194] 10.0.0.210 () {56 vars in 1103 bytes} [Thu Jul 20 21:16:53 2023] GET /identity/v3/domains/default => generated 198 bytes in 126 msecs (HTTP/1.1 200) 5 headers in 177 bytes (1 switches on core 0)
Jul 20 21:16:53 user devstack@keystone.service[41957]: DEBUG keystone.server.flask.request_processing.middleware.auth_context [None req-71975c91-6e11-4da5-b492-217a4092b93b None None] Authenticating user token {{(pid=41957) process_request /usr/local/lib/python3.10/dist-packages/keystonemiddleware/auth_token/__init__.py:406}}
Jul 20 21:16:53 user devstack@keystone.service[41958]: DEBUG keystone.server.flask.request_processing.middleware.auth_context [None req-36fda807-dc73-4a73-b491-585ba3338c7a None admin] Validating token access rules against request {{(pid=41958) validate_allowed_request /usr/local/lib/python3.10/dist-packages/keystonemiddleware/auth_token/__init__.py:544}}
Jul 20 21:16:53 user devstack@keystone.service[41958]: DEBUG keystone.server.flask.request_processing.middleware.auth_context [None req-298d8635-40a0-4d9c-a5dd-91da74cea5b7 None admin] RBAC: auth_context: {'token': , 'domain_id': None, 'trust_id': None, 'trustor_id': None, 'trustee_id': None, 'domain_name': None, 'group_ids': [], 'user_id': '92087d19f67f41568680b2ba5f71f0bb', 'user_domain_id': 'default', 'system_scope': 'all', 'project_id': None, 'project_domain_id': None, 'roles': ['admin', 'member', 'reader'], 'is_admin_project': True, 'service_user_id': None, 'service_user_domain_id': None, 'service_project_id': None, 'service_project_domain_id': None, 'service_roles': []} {{(pid=41958) fill_context /opt/stack/keystone/keystone/server/flask/request_processing/middleware/auth_context.py:480}}
Jul 20 21:16:53 user devstack@keystone.service[41958]: DEBUG keystone.server.flask.request_processing.req_logging [None req-298d8635-40a0-4d9c-a5dd-91da74cea5b7 None admin] REQUEST_METHOD: `GET` {{(pid=41958) log_request_info /opt/stack/keystone/keystone/server/flask/request_processing/req_logging.py:27}}
Jul 20 21:16:53 user devstack@keystone.service[41958]: DEBUG keystone.server.flask.request_processing.req_logging [None req-298d8635-40a0-4d9c-a5dd-91da74cea5b7 None admin] SCRIPT_NAME: `/identity` {{(pid=41958) log_request_info /opt/stack/keystone/keystone/server/flask/request_processing/req_logging.py:28}}
Jul 20 21:16:53 user devstack@keystone.service[41958]: DEBUG keystone.server.flask.request_processing.req_logging [None req-298d8635-40a0-4d9c-a5dd-91da74cea5b7 None admin] PATH_INFO: `/v3/roles` {{(pid=41958) log_request_info /opt/stack/keystone/keystone/server/flask/request_processing/req_logging.py:29}}
Jul 20 21:16:53 user devstack@keystone.service[41958]: DEBUG keystone.common.rbac_enforcer.enforcer [None req-298d8635-40a0-4d9c-a5dd-91da74cea5b7 None admin] RBAC: Adding query filter params (name=reader) {{(pid=41958) _extract_filter_values /opt/stack/keystone/keystone/common/rbac_enforcer/enforcer.py:167}}
Jul 20 21:16:53 user devstack@keystone.service[41958]: DEBUG keystone.common.rbac_enforcer.enforcer [None req-298d8635-40a0-4d9c-a5dd-91da74cea5b7 None admin] RBAC: Authorizing `identity:list_roles()` {{(pid=41958) enforce_call /opt/stack/keystone/keystone/common/rbac_enforcer/enforcer.py:449}}
Jul 20 21:16:53 user devstack@keystone.service[41958]: DEBUG keystone.common.rbac_enforcer.enforcer [None req-298d8635-40a0-4d9c-a5dd-91da74cea5b7 None admin] RBAC: Authorization granted {{(pid=41958) enforce_call /opt/stack/keystone/keystone/common/rbac_enforcer/enforcer.py:457}}
Jul 20 21:16:53 user devstack@keystone.service[41958]: [pid: 41958|app: 0|req: 65/195] 10.0.0.210 () {56 vars in 1096 bytes} [Thu Jul 20 21:16:53 2023] GET /identity/v3/roles?name=reader => generated 339 bytes in 142 msecs (HTTP/1.1 200) 5 headers in 177 bytes (2 switches on core 0)
Jul 20 21:16:53 user devstack@keystone.service[41956]: DEBUG keystone.server.flask.request_processing.middleware.auth_context [None req-6b6322c2-0f20-4a98-895c-db2b1441b67b None admin] Authenticating user token {{(pid=41956) process_request /usr/local/lib/python3.10/dist-packages/keystonemiddleware/auth_token/__init__.py:406}}
Jul 20 21:16:53 user devstack@keystone.service[41957]: DEBUG keystone.server.flask.request_processing.middleware.auth_context [None req-71975c91-6e11-4da5-b492-217a4092b93b None None] Validating token access rules against request {{(pid=41957) validate_allowed_request /usr/local/lib/python3.10/dist-packages/keystonemiddleware/auth_token/__init__.py:544}}
Jul 20 21:16:53 user devstack@keystone.service[41957]: DEBUG keystone.server.flask.request_processing.middleware.auth_context [None req-2974e127-3916-411d-add9-7d3940386d46 None admin] RBAC: auth_context: {'token': , 'domain_id': None, 'trust_id': None, 'trustor_id': None, 'trustee_id': None, 'domain_name': None, 'group_ids': [], 'user_id': '92087d19f67f41568680b2ba5f71f0bb', 'user_domain_id': 'default', 'system_scope': 'all', 'project_id': None, 'project_domain_id': None, 'roles': ['admin', 'member', 'reader'], 'is_admin_project': True, 'service_user_id': None, 'service_user_domain_id': None, 'service_project_id': None, 'service_project_domain_id': None, 'service_roles': []} {{(pid=41957) fill_context /opt/stack/keystone/keystone/server/flask/request_processing/middleware/auth_context.py:480}}
Jul 20 21:16:53 user devstack@keystone.service[41957]: DEBUG keystone.server.flask.request_processing.req_logging [None req-2974e127-3916-411d-add9-7d3940386d46 None admin] REQUEST_METHOD: `POST` {{(pid=41957) log_request_info /opt/stack/keystone/keystone/server/flask/request_processing/req_logging.py:27}}
Jul 20 21:16:53 user devstack@keystone.service[41957]: DEBUG keystone.server.flask.request_processing.req_logging [None req-2974e127-3916-411d-add9-7d3940386d46 None admin] SCRIPT_NAME: `/identity` {{(pid=41957) log_request_info /opt/stack/keystone/keystone/server/flask/request_processing/req_logging.py:28}}
Jul 20 21:16:53 user devstack@keystone.service[41957]: DEBUG keystone.server.flask.request_processing.req_logging [None req-2974e127-3916-411d-add9-7d3940386d46 None admin] PATH_INFO: `/v3/users` {{(pid=41957) log_request_info /opt/stack/keystone/keystone/server/flask/request_processing/req_logging.py:29}}
Jul 20 21:16:53 user devstack@keystone.service[41957]: DEBUG keystone.common.rbac_enforcer.enforcer [None req-2974e127-3916-411d-add9-7d3940386d46 None admin] RBAC: Authorizing `identity:create_user()` {{(pid=41957) enforce_call /opt/stack/keystone/keystone/common/rbac_enforcer/enforcer.py:449}}
Jul 20 21:16:53 user devstack@keystone.service[41957]: DEBUG keystone.common.rbac_enforcer.enforcer [None req-2974e127-3916-411d-add9-7d3940386d46 None admin] RBAC: Authorization granted {{(pid=41957) enforce_call /opt/stack/keystone/keystone/common/rbac_enforcer/enforcer.py:457}}
Jul 20 21:16:53 user devstack@keystone.service[41957]: WARNING keystone.common.password_hashing [None req-2974e127-3916-411d-add9-7d3940386d46 None admin] Truncating password to algorithm specific maximum length 54 characters.
Jul 20 21:16:53 user devstack@keystone.service[41957]: [pid: 41957|app: 0|req: 63/196] 10.0.0.210 () {60 vars in 1127 bytes} [Thu Jul 20 21:16:53 2023] POST /identity/v3/users => generated 292 bytes in 134 msecs (HTTP/1.1 201) 5 headers in 182 bytes (1 switches on core 0)
Jul 20 21:16:53 user devstack@keystone.service[41956]: DEBUG keystone.server.flask.request_processing.middleware.auth_context [None req-6b6322c2-0f20-4a98-895c-db2b1441b67b None admin] Validating token access rules against request {{(pid=41956) validate_allowed_request /usr/local/lib/python3.10/dist-packages/keystonemiddleware/auth_token/__init__.py:544}}
Jul 20 21:16:53 user devstack@keystone.service[41956]: DEBUG keystone.server.flask.request_processing.middleware.auth_context [None req-1e6b8124-dce2-493e-a77f-d3696f0306ca None admin] RBAC: auth_context: {'token': , 'domain_id': None, 'trust_id': None, 'trustor_id': None, 'trustee_id': None, 'domain_name': None, 'group_ids': [], 'user_id': '92087d19f67f41568680b2ba5f71f0bb', 'user_domain_id': 'default', 'system_scope': 'all', 'project_id': None, 'project_domain_id': None, 'roles': ['admin', 'member', 'reader'], 'is_admin_project': True, 'service_user_id': None, 'service_user_domain_id': None, 'service_project_id': None, 'service_project_domain_id': None, 'service_roles': []} {{(pid=41956) fill_context /opt/stack/keystone/keystone/server/flask/request_processing/middleware/auth_context.py:480}}
Jul 20 21:16:53 user devstack@keystone.service[41956]: DEBUG keystone.server.flask.request_processing.req_logging [None req-1e6b8124-dce2-493e-a77f-d3696f0306ca None admin] REQUEST_METHOD: `GET` {{(pid=41956) log_request_info /opt/stack/keystone/keystone/server/flask/request_processing/req_logging.py:27}}
Jul 20 21:16:53 user devstack@keystone.service[41956]: DEBUG keystone.server.flask.request_processing.req_logging [None req-1e6b8124-dce2-493e-a77f-d3696f0306ca None admin] SCRIPT_NAME: `/identity` {{(pid=41956) log_request_info /opt/stack/keystone/keystone/server/flask/request_processing/req_logging.py:28}}
Jul 20 21:16:53 user devstack@keystone.service[41956]: DEBUG keystone.server.flask.request_processing.req_logging [None req-1e6b8124-dce2-493e-a77f-d3696f0306ca None admin] PATH_INFO: `/v3/users/7fbcfb17753c4af187350a66878bee2e` {{(pid=41956) log_request_info /opt/stack/keystone/keystone/server/flask/request_processing/req_logging.py:29}}
Jul 20 21:16:53 user devstack@keystone.service[41958]: DEBUG keystone.server.flask.request_processing.middleware.auth_context [None req-298d8635-40a0-4d9c-a5dd-91da74cea5b7 None admin] Authenticating user token {{(pid=41958) process_request /usr/local/lib/python3.10/dist-packages/keystonemiddleware/auth_token/__init__.py:406}}
Jul 20 21:16:53 user devstack@keystone.service[41956]: DEBUG keystone.common.rbac_enforcer.enforcer [None req-1e6b8124-dce2-493e-a77f-d3696f0306ca None admin] RBAC: Authorizing `identity:get_user(user_id=7fbcfb17753c4af187350a66878bee2e)` {{(pid=41956) enforce_call /opt/stack/keystone/keystone/common/rbac_enforcer/enforcer.py:449}}
Jul 20 21:16:53 user devstack@keystone.service[41956]: DEBUG keystone.common.rbac_enforcer.enforcer [None req-1e6b8124-dce2-493e-a77f-d3696f0306ca None admin] RBAC: Authorization granted {{(pid=41956) enforce_call /opt/stack/keystone/keystone/common/rbac_enforcer/enforcer.py:457}}
Jul 20 21:16:53 user devstack@keystone.service[41956]: [pid: 41956|app: 0|req: 69/197] 10.0.0.210 () {56 vars in 1172 bytes} [Thu Jul 20 21:16:53 2023] GET /identity/v3/users/7fbcfb17753c4af187350a66878bee2e => generated 296 bytes in 135 msecs (HTTP/1.1 200) 5 headers in 177 bytes (1 switches on core 0)
Jul 20 21:16:53 user devstack@keystone.service[41957]: DEBUG keystone.server.flask.request_processing.middleware.auth_context [None req-2974e127-3916-411d-add9-7d3940386d46 None admin] Authenticating user token {{(pid=41957) process_request /usr/local/lib/python3.10/dist-packages/keystonemiddleware/auth_token/__init__.py:406}}
Jul 20 21:16:53 user devstack@keystone.service[41958]: DEBUG dbcounter [-] [41958] Writing DB stats keystone:SELECT=100 {{(pid=41958) stat_writer /usr/local/lib/python3.10/dist-packages/dbcounter.py:117}}
Jul 20 21:16:53 user devstack@keystone.service[41957]: DEBUG dbcounter [-] [41957] Writing DB stats keystone:SELECT=97,keystone:INSERT=3 {{(pid=41957) stat_writer /usr/local/lib/python3.10/dist-packages/dbcounter.py:117}}
Jul 20 21:16:54 user devstack@keystone.service[41958]: DEBUG keystone.server.flask.request_processing.middleware.auth_context [None req-298d8635-40a0-4d9c-a5dd-91da74cea5b7 None admin] Validating token access rules against request {{(pid=41958) validate_allowed_request /usr/local/lib/python3.10/dist-packages/keystonemiddleware/auth_token/__init__.py:544}}
Jul 20 21:16:54 user devstack@keystone.service[41957]: DEBUG keystone.server.flask.request_processing.middleware.auth_context [None req-2974e127-3916-411d-add9-7d3940386d46 None admin] Validating token access rules against request {{(pid=41957) validate_allowed_request /usr/local/lib/python3.10/dist-packages/keystonemiddleware/auth_token/__init__.py:544}}
Jul 20 21:16:54 user devstack@keystone.service[41958]: DEBUG keystone.server.flask.request_processing.middleware.auth_context [None req-b2bd5094-bad5-42fd-b844-777b0df4ddac None admin] RBAC: auth_context: {'token': , 'domain_id': None, 'trust_id': None, 'trustor_id': None, 'trustee_id': None, 'domain_name': None, 'group_ids': [], 'user_id': '92087d19f67f41568680b2ba5f71f0bb', 'user_domain_id': 'default', 'system_scope': 'all', 'project_id': None, 'project_domain_id': None, 'roles': ['admin', 'member', 'reader'], 'is_admin_project': True, 'service_user_id': None, 'service_user_domain_id': None, 'service_project_id': None, 'service_project_domain_id': None, 'service_roles': []} {{(pid=41958) fill_context /opt/stack/keystone/keystone/server/flask/request_processing/middleware/auth_context.py:480}}
Jul 20 21:16:54 user devstack@keystone.service[41958]: DEBUG keystone.server.flask.request_processing.req_logging [None req-b2bd5094-bad5-42fd-b844-777b0df4ddac None admin] REQUEST_METHOD: `GET` {{(pid=41958) log_request_info /opt/stack/keystone/keystone/server/flask/request_processing/req_logging.py:27}}
Jul 20 21:16:54 user devstack@keystone.service[41958]: DEBUG keystone.server.flask.request_processing.req_logging [None req-b2bd5094-bad5-42fd-b844-777b0df4ddac None admin] SCRIPT_NAME: `/identity` {{(pid=41958) log_request_info /opt/stack/keystone/keystone/server/flask/request_processing/req_logging.py:28}}
Jul 20 21:16:54 user devstack@keystone.service[41958]: DEBUG keystone.server.flask.request_processing.req_logging [None req-b2bd5094-bad5-42fd-b844-777b0df4ddac None admin] PATH_INFO: `/v3/roles/member` {{(pid=41958) log_request_info /opt/stack/keystone/keystone/server/flask/request_processing/req_logging.py:29}}
Jul 20 21:16:54 user devstack@keystone.service[41958]: DEBUG keystone.common.rbac_enforcer.enforcer [None req-b2bd5094-bad5-42fd-b844-777b0df4ddac None admin] Extracting inferred target data resulted in "NOT FOUND (404)". {{(pid=41958) enforce_call /opt/stack/keystone/keystone/common/rbac_enforcer/enforcer.py:409}}
Jul 20 21:16:54 user devstack@keystone.service[41958]: ERROR keystone.server.flask.application [None req-b2bd5094-bad5-42fd-b844-777b0df4ddac None admin] Could not find role: member.: keystone.exception.RoleNotFound: Could not find role: member.
Jul 20 21:16:54 user devstack@keystone.service[41958]: ERROR keystone.server.flask.application
Traceback (most recent call last):
Jul 20 21:16:54 user devstack@keystone.service[41958]: ERROR keystone.server.flask.application
File "/usr/local/lib/python3.10/dist-packages/flask/app.py", line 1823, in full_dispatch_request
Jul 20 21:16:54 user devstack@keystone.service[41958]: ERROR keystone.server.flask.application rv = self.dispatch_request()
Jul 20 21:16:54 user devstack@keystone.service[41958]: ERROR keystone.server.flask.application
File "/usr/local/lib/python3.10/dist-packages/flask/app.py", line 1799, in dispatch_request
Jul 20 21:16:54 user devstack@keystone.service[41958]: ERROR keystone.server.flask.application return self.ensure_sync(self.view_functions[rule.endpoint])(**view_args)
Jul 20 21:16:54 user devstack@keystone.service[41958]: ERROR keystone.server.flask.application
File "/usr/local/lib/python3.10/dist-packages/flask_restful/__init__.py", line 467, in wrapper
Jul 20 21:16:54 user devstack@keystone.service[41958]: ERROR keystone.server.flask.application resp = resource(*args, **kwargs)
Jul 20 21:16:54 user devstack@keystone.service[41958]: ERROR keystone.server.flask.application
File "/usr/local/lib/python3.10/dist-packages/flask/views.py", line 107, in view
Jul 20 21:16:54 user devstack@keystone.service[41958]: ERROR keystone.server.flask.application return current_app.ensure_sync(self.dispatch_request)(**kwargs)
Jul 20 21:16:54 user devstack@keystone.service[41958]: ERROR keystone.server.flask.application
File "/usr/local/lib/python3.10/dist-packages/flask_restful/__init__.py", line 582, in dispatch_request
Jul 20 21:16:54 user devstack@keystone.service[41958]: ERROR keystone.server.flask.application resp = meth(*args, **kwargs)
Jul 20 21:16:54 user devstack@keystone.service[41958]: ERROR keystone.server.flask.application
File "/opt/stack/keystone/keystone/api/roles.py", line 50, in get
Jul 20 21:16:54 user devstack@keystone.service[41958]: ERROR keystone.server.flask.application return self._get_role(role_id)
Jul 20 21:16:54 user devstack@keystone.service[41958]: ERROR keystone.server.flask.application
File "/opt/stack/keystone/keystone/api/roles.py", line 70, in _get_role
Jul 20 21:16:54 user devstack@keystone.service[41958]: ERROR keystone.server.flask.application ENFORCER.enforce_call(action='identity:get_role')
Jul 20 21:16:54 user devstack@keystone.service[41958]: ERROR keystone.server.flask.application
File "/opt/stack/keystone/keystone/common/rbac_enforcer/enforcer.py", line 402, in enforce_call
Jul 20 21:16:54 user devstack@keystone.service[41958]: ERROR keystone.server.flask.application policy_dict.update(cls._extract_member_target_data(
Jul 20 21:16:54 user devstack@keystone.service[41958]: ERROR keystone.server.flask.application
File "/opt/stack/keystone/keystone/common/rbac_enforcer/enforcer.py", line 234, in _extract_member_target_data
Jul 20 21:16:54 user devstack@keystone.service[41958]: ERROR keystone.server.flask.application member_name: func(flask.request.view_args[key])
Jul 20 21:16:54 user devstack@keystone.service[41958]: ERROR keystone.server.flask.application
File "/opt/stack/keystone/keystone/common/manager.py", line 115, in wrapped
Jul 20 21:16:54 user devstack@keystone.service[41958]: ERROR keystone.server.flask.application __ret_val = __f(*args, **kwargs)
Jul 20 21:16:54 user devstack@keystone.service[41958]: ERROR keystone.server.flask.application
File "/usr/local/lib/python3.10/dist-packages/decorator.py", line 232, in fun
Jul 20 21:16:54 user devstack@keystone.service[41958]: ERROR keystone.server.flask.application return caller(func, *(extras + args), **kw)
Jul 20 21:16:54 user devstack@keystone.service[41958]: ERROR keystone.server.flask.application
File "/usr/local/lib/python3.10/dist-packages/dogpile/cache/region.py", line 1577, in get_or_create_for_user_func
Jul 20 21:16:54 user devstack@keystone.service[41958]: ERROR keystone.server.flask.application return self.get_or_create(
Jul 20 21:16:54 user devstack@keystone.service[41958]: ERROR keystone.server.flask.application
File "/usr/local/lib/python3.10/dist-packages/dogpile/cache/region.py", line 1042, in get_or_create
Jul 20 21:16:54 user devstack@keystone.service[41958]: ERROR keystone.server.flask.application with Lock(
Jul 20 21:16:54 user devstack@keystone.service[41958]: ERROR keystone.server.flask.application
File "/usr/local/lib/python3.10/dist-packages/dogpile/lock.py", line 185, in __enter__
Jul 20 21:16:54 user devstack@keystone.service[41958]: ERROR keystone.server.flask.application return self._enter()
Jul 20 21:16:54 user devstack@keystone.service[41958]: ERROR keystone.server.flask.application
File "/usr/local/lib/python3.10/dist-packages/dogpile/lock.py", line 94, in _enter
Jul 20 21:16:54 user devstack@keystone.service[41958]: ERROR keystone.server.flask.application generated = self._enter_create(value, createdtime)
Jul 20 21:16:54 user devstack@keystone.service[41958]: ERROR keystone.server.flask.application
File "/usr/local/lib/python3.10/dist-packages/dogpile/lock.py", line 178, in _enter_create
Jul 20 21:16:54 user devstack@keystone.service[41958]: ERROR keystone.server.flask.application return self.creator()
Jul 20 21:16:54 user devstack@keystone.service[41958]: ERROR keystone.server.flask.application
File "/usr/local/lib/python3.10/dist-packages/dogpile/cache/region.py", line 995, in gen_value
Jul 20 21:16:54 user devstack@keystone.service[41958]: ERROR keystone.server.flask.application created_value = creator(
Jul 20 21:16:54 user devstack@keystone.service[41958]: ERROR keystone.server.flask.application
File "/opt/stack/keystone/keystone/assignment/core.py", line 1276, in get_role
Jul 20 21:16:54 user devstack@keystone.service[41958]: ERROR keystone.server.flask.application return self.driver.get_role(role_id)
Jul 20 21:16:54 user devstack@keystone.service[41958]: ERROR keystone.server.flask.application
File "/opt/stack/keystone/keystone/assignment/role_backends/sql.py", line 70, in get_role
Jul 20 21:16:54 user devstack@keystone.service[41958]: ERROR keystone.server.flask.application return self._get_role(session, role_id).to_dict()
Jul 20 21:16:54 user devstack@keystone.service[41958]: ERROR keystone.server.flask.application
File "/opt/stack/keystone/keystone/assignment/role_backends/sql.py", line 65, in _get_role
Jul 20 21:16:54 user devstack@keystone.service[41958]: ERROR keystone.server.flask.application raise exception.RoleNotFound(role_id=role_id)
Jul 20 21:16:54 user devstack@keystone.service[41958]: ERROR keystone.server.flask.application keystone.exception.RoleNotFound: Could not find role: member.
Jul 20 21:16:54 user devstack@keystone.service[41958]: ERROR keystone.server.flask.application
Jul 20 21:16:54 user devstack@keystone.service[41958]: [pid: 41958|app: 0|req: 66/198] 10.0.0.210 () {56 vars in 1094 bytes} [Thu Jul 20 21:16:53 2023] GET /identity/v3/roles/member => generated 84 bytes in 145 msecs (HTTP/1.1 404) 5 headers in 183 bytes (1 switches on core 0)
Jul 20 21:16:54 user devstack@keystone.service[41956]: DEBUG keystone.server.flask.request_processing.middleware.auth_context [None req-1e6b8124-dce2-493e-a77f-d3696f0306ca None admin] Authenticating user token {{(pid=41956) process_request /usr/local/lib/python3.10/dist-packages/keystonemiddleware/auth_token/__init__.py:406}}
Jul 20 21:16:54 user devstack@keystone.service[41957]: DEBUG keystone.server.flask.request_processing.middleware.auth_context [None req-ae6bf8d9-07ff-4365-afec-5fb360e56859 None admin] RBAC: auth_context: {'token': , 'domain_id': None, 'trust_id': None, 'trustor_id': None, 'trustee_id': None, 'domain_name': None, 'group_ids': [], 'user_id': '92087d19f67f41568680b2ba5f71f0bb', 'user_domain_id': 'default', 'system_scope': 'all', 'project_id': None, 'project_domain_id': None, 'roles': ['admin', 'member', 'reader'], 'is_admin_project': True, 'service_user_id': None, 'service_user_domain_id': None, 'service_project_id': None, 'service_project_domain_id': None, 'service_roles': []} {{(pid=41957) fill_context /opt/stack/keystone/keystone/server/flask/request_processing/middleware/auth_context.py:480}}
Jul 20 21:16:54 user devstack@keystone.service[41957]: DEBUG keystone.server.flask.request_processing.req_logging [None req-ae6bf8d9-07ff-4365-afec-5fb360e56859 None admin] REQUEST_METHOD: `GET` {{(pid=41957) log_request_info /opt/stack/keystone/keystone/server/flask/request_processing/req_logging.py:27}}
Jul 20 21:16:54 user devstack@keystone.service[41957]: DEBUG keystone.server.flask.request_processing.req_logging [None req-ae6bf8d9-07ff-4365-afec-5fb360e56859 None admin] SCRIPT_NAME: `/identity` {{(pid=41957) log_request_info /opt/stack/keystone/keystone/server/flask/request_processing/req_logging.py:28}}
Jul 20 21:16:54 user devstack@keystone.service[41957]: DEBUG keystone.server.flask.request_processing.req_logging [None req-ae6bf8d9-07ff-4365-afec-5fb360e56859 None admin] PATH_INFO: `/v3/projects/b6c82550ba3b4ed98c7984fe6953805e` {{(pid=41957) log_request_info /opt/stack/keystone/keystone/server/flask/request_processing/req_logging.py:29}}
Jul 20 21:16:54 user devstack@keystone.service[41957]: DEBUG keystone.common.rbac_enforcer.enforcer [None req-ae6bf8d9-07ff-4365-afec-5fb360e56859 None admin] RBAC: Authorizing `identity:get_project(project_id=b6c82550ba3b4ed98c7984fe6953805e)` {{(pid=41957) enforce_call /opt/stack/keystone/keystone/common/rbac_enforcer/enforcer.py:449}}
Jul 20 21:16:54 user devstack@keystone.service[41957]: DEBUG keystone.common.rbac_enforcer.enforcer [None req-ae6bf8d9-07ff-4365-afec-5fb360e56859 None admin] RBAC: Authorization granted {{(pid=41957) enforce_call /opt/stack/keystone/keystone/common/rbac_enforcer/enforcer.py:457}}
Jul 20 21:16:54 user devstack@keystone.service[41957]: [pid: 41957|app: 0|req: 64/199] 10.0.0.210 () {56 vars in 1181 bytes} [Thu Jul 20 21:16:53 2023] GET /identity/v3/projects/b6c82550ba3b4ed98c7984fe6953805e => generated 301 bytes in 145 msecs (HTTP/1.1 200) 5 headers in 177 bytes (1 switches on core 0)
Jul 20 21:16:54 user devstack@keystone.service[41958]: DEBUG keystone.server.flask.request_processing.middleware.auth_context [None req-b2bd5094-bad5-42fd-b844-777b0df4ddac None admin] Authenticating user token {{(pid=41958) process_request /usr/local/lib/python3.10/dist-packages/keystonemiddleware/auth_token/__init__.py:406}}
Jul 20 21:16:54 user devstack@keystone.service[41956]: DEBUG dbcounter [-] [41956] Writing DB stats keystone:SELECT=100 {{(pid=41956) stat_writer /usr/local/lib/python3.10/dist-packages/dbcounter.py:117}}
Jul 20 21:16:54 user devstack@keystone.service[41958]: DEBUG dbcounter [-] [41958] Writing DB stats keystone:SELECT=100 {{(pid=41958) stat_writer /usr/local/lib/python3.10/dist-packages/dbcounter.py:117}}
Jul 20 21:16:54 user devstack@keystone.service[41958]: DEBUG keystone.server.flask.request_processing.middleware.auth_context [None req-b2bd5094-bad5-42fd-b844-777b0df4ddac None admin] Validating token access rules against request {{(pid=41958) validate_allowed_request /usr/local/lib/python3.10/dist-packages/keystonemiddleware/auth_token/__init__.py:544}}
Jul 20 21:16:54 user devstack@keystone.service[41956]: DEBUG keystone.server.flask.request_processing.middleware.auth_context [None req-1e6b8124-dce2-493e-a77f-d3696f0306ca None admin] Validating token access rules against request {{(pid=41956) validate_allowed_request /usr/local/lib/python3.10/dist-packages/keystonemiddleware/auth_token/__init__.py:544}}
Jul 20 21:16:54 user devstack@keystone.service[41958]: DEBUG keystone.server.flask.request_processing.middleware.auth_context [None req-861918ec-1a9e-429f-b9ec-04dfba5aef9c None admin] RBAC: auth_context: {'token': , 'domain_id': None, 'trust_id': None, 'trustor_id': None, 'trustee_id': None, 'domain_name': None, 'group_ids': [], 'user_id': '92087d19f67f41568680b2ba5f71f0bb', 'user_domain_id': 'default', 'system_scope': 'all', 'project_id': None, 'project_domain_id': None, 'roles': ['admin', 'member', 'reader'], 'is_admin_project': True, 'service_user_id': None, 'service_user_domain_id': None, 'service_project_id': None, 'service_project_domain_id': None, 'service_roles': []} {{(pid=41958) fill_context /opt/stack/keystone/keystone/server/flask/request_processing/middleware/auth_context.py:480}}
Jul 20 21:16:54 user devstack@keystone.service[41958]: DEBUG keystone.server.flask.request_processing.req_logging [None req-861918ec-1a9e-429f-b9ec-04dfba5aef9c None admin] REQUEST_METHOD: `PUT` {{(pid=41958) log_request_info /opt/stack/keystone/keystone/server/flask/request_processing/req_logging.py:27}}
Jul 20 21:16:54 user devstack@keystone.service[41958]: DEBUG keystone.server.flask.request_processing.req_logging [None req-861918ec-1a9e-429f-b9ec-04dfba5aef9c None admin] SCRIPT_NAME: `/identity` {{(pid=41958) log_request_info /opt/stack/keystone/keystone/server/flask/request_processing/req_logging.py:28}}
Jul 20 21:16:54 user devstack@keystone.service[41958]: DEBUG keystone.server.flask.request_processing.req_logging [None req-861918ec-1a9e-429f-b9ec-04dfba5aef9c None admin] PATH_INFO: `/v3/projects/b6c82550ba3b4ed98c7984fe6953805e/users/7fbcfb17753c4af187350a66878bee2e/roles/c6ad5d46d353418387303f47c2c7b9bf` {{(pid=41958) log_request_info /opt/stack/keystone/keystone/server/flask/request_processing/req_logging.py:29}}
Jul 20 21:16:54 user devstack@keystone.service[41958]: DEBUG keystone.common.rbac_enforcer.enforcer [None req-861918ec-1a9e-429f-b9ec-04dfba5aef9c None admin] RBAC: Authorizing `identity:create_grant(project_id=b6c82550ba3b4ed98c7984fe6953805e, user_id=7fbcfb17753c4af187350a66878bee2e, role_id=c6ad5d46d353418387303f47c2c7b9bf)` {{(pid=41958) enforce_call /opt/stack/keystone/keystone/common/rbac_enforcer/enforcer.py:449}}
Jul 20 21:16:54 user devstack@keystone.service[41958]: DEBUG keystone.common.rbac_enforcer.enforcer [None req-861918ec-1a9e-429f-b9ec-04dfba5aef9c None admin] RBAC: Authorization granted {{(pid=41958) enforce_call /opt/stack/keystone/keystone/common/rbac_enforcer/enforcer.py:457}}
Jul 20 21:16:54 user devstack@keystone.service[41958]: [pid: 41958|app: 0|req: 67/200] 10.0.0.210 () {58 vars in 1434 bytes} [Thu Jul 20 21:16:54 2023] PUT /identity/v3/projects/b6c82550ba3b4ed98c7984fe6953805e/users/7fbcfb17753c4af187350a66878bee2e/roles/c6ad5d46d353418387303f47c2c7b9bf => generated 0 bytes in 144 msecs (HTTP/1.1 204) 3 headers in 132 bytes (0 switches on core 0)
Jul 20 21:16:54 user devstack@keystone.service[41956]: DEBUG keystone.server.flask.request_processing.middleware.auth_context [None req-25584dd3-2b5e-44be-83ec-5462a8ccca43 None admin] RBAC: auth_context: {'token': , 'domain_id': None, 'trust_id': None, 'trustor_id': None, 'trustee_id': None, 'domain_name': None, 'group_ids': [], 'user_id': '92087d19f67f41568680b2ba5f71f0bb', 'user_domain_id': 'default', 'system_scope': 'all', 'project_id': None, 'project_domain_id': None, 'roles': ['admin', 'member', 'reader'], 'is_admin_project': True, 'service_user_id': None, 'service_user_domain_id': None, 'service_project_id': None, 'service_project_domain_id': None, 'service_roles': []} {{(pid=41956) fill_context /opt/stack/keystone/keystone/server/flask/request_processing/middleware/auth_context.py:480}}
Jul 20 21:16:54 user devstack@keystone.service[41956]: DEBUG keystone.server.flask.request_processing.req_logging [None req-25584dd3-2b5e-44be-83ec-5462a8ccca43 None admin] REQUEST_METHOD: `GET` {{(pid=41956) log_request_info /opt/stack/keystone/keystone/server/flask/request_processing/req_logging.py:27}}
Jul 20 21:16:54 user devstack@keystone.service[41956]: DEBUG keystone.server.flask.request_processing.req_logging [None req-25584dd3-2b5e-44be-83ec-5462a8ccca43 None admin] SCRIPT_NAME: `/identity` {{(pid=41956) log_request_info /opt/stack/keystone/keystone/server/flask/request_processing/req_logging.py:28}}
Jul 20 21:16:54 user devstack@keystone.service[41956]: DEBUG keystone.server.flask.request_processing.req_logging [None req-25584dd3-2b5e-44be-83ec-5462a8ccca43 None admin] PATH_INFO: `/v3/roles` {{(pid=41956) log_request_info /opt/stack/keystone/keystone/server/flask/request_processing/req_logging.py:29}}
Jul 20 21:16:54 user devstack@keystone.service[41956]: DEBUG keystone.common.rbac_enforcer.enforcer [None req-25584dd3-2b5e-44be-83ec-5462a8ccca43 None admin] RBAC: Adding query filter params (name=member) {{(pid=41956) _extract_filter_values /opt/stack/keystone/keystone/common/rbac_enforcer/enforcer.py:167}}
Jul 20 21:16:54 user devstack@keystone.service[41956]: DEBUG keystone.common.rbac_enforcer.enforcer [None req-25584dd3-2b5e-44be-83ec-5462a8ccca43 None admin] RBAC: Authorizing `identity:list_roles()` {{(pid=41956) enforce_call /opt/stack/keystone/keystone/common/rbac_enforcer/enforcer.py:449}}
Jul 20 21:16:54 user devstack@keystone.service[41956]: DEBUG keystone.common.rbac_enforcer.enforcer [None req-25584dd3-2b5e-44be-83ec-5462a8ccca43 None admin] RBAC: Authorization granted {{(pid=41956) enforce_call /opt/stack/keystone/keystone/common/rbac_enforcer/enforcer.py:457}}
Jul 20 21:16:54 user devstack@keystone.service[41956]: [pid: 41956|app: 0|req: 70/201] 10.0.0.210 () {56 vars in 1096 bytes} [Thu Jul 20 21:16:54 2023] GET /identity/v3/roles?name=member => generated 339 bytes in 185 msecs (HTTP/1.1 200) 5 headers in 177 bytes (1 switches on core 0)
Jul 20 21:16:54 user devstack@keystone.service[41957]: DEBUG keystone.server.flask.request_processing.middleware.auth_context [None req-ae6bf8d9-07ff-4365-afec-5fb360e56859 None admin] Authenticating user token {{(pid=41957) process_request /usr/local/lib/python3.10/dist-packages/keystonemiddleware/auth_token/__init__.py:406}}
Jul 20 21:16:54 user devstack@keystone.service[41957]: DEBUG dbcounter [-] [41957] Writing DB stats keystone:SELECT=100 {{(pid=41957) stat_writer /usr/local/lib/python3.10/dist-packages/dbcounter.py:117}}
