Jul 20 21:16:54 user devstack@keystone.service[41957]: DEBUG keystone.server.flask.request_processing.middleware.auth_context [None req-ae6bf8d9-07ff-4365-afec-5fb360e56859 None admin] Validating token access rules against request {{(pid=41957) validate_allowed_request /usr/local/lib/python3.10/dist-packages/keystonemiddleware/auth_token/__init__.py:544}}
Jul 20 21:16:54 user devstack@keystone.service[41957]: DEBUG keystone.server.flask.request_processing.middleware.auth_context [None req-df925021-4f81-421d-b9e2-d30dde0b8acf None admin] RBAC: auth_context: {'token': , 'domain_id': None, 'trust_id': None, 'trustor_id': None, 'trustee_id': None, 'domain_name': None, 'group_ids': [], 'user_id': '92087d19f67f41568680b2ba5f71f0bb', 'user_domain_id': 'default', 'system_scope': 'all', 'project_id': None, 'project_domain_id': None, 'roles': ['admin', 'member', 'reader'], 'is_admin_project': True, 'service_user_id': None, 'service_user_domain_id': None, 'service_project_id': None, 'service_project_domain_id': None, 'service_roles': []} {{(pid=41957) fill_context /opt/stack/keystone/keystone/server/flask/request_processing/middleware/auth_context.py:480}}
Jul 20 21:16:54 user devstack@keystone.service[41957]: DEBUG keystone.server.flask.request_processing.req_logging [None req-df925021-4f81-421d-b9e2-d30dde0b8acf None admin] REQUEST_METHOD: `GET` {{(pid=41957) log_request_info /opt/stack/keystone/keystone/server/flask/request_processing/req_logging.py:27}}
Jul 20 21:16:54 user devstack@keystone.service[41957]: DEBUG keystone.server.flask.request_processing.req_logging [None req-df925021-4f81-421d-b9e2-d30dde0b8acf None admin] SCRIPT_NAME: `/identity` {{(pid=41957) log_request_info /opt/stack/keystone/keystone/server/flask/request_processing/req_logging.py:28}}
Jul 20 21:16:54 user devstack@keystone.service[41957]: DEBUG keystone.server.flask.request_processing.req_logging [None req-df925021-4f81-421d-b9e2-d30dde0b8acf None admin] PATH_INFO: `/v3/users/6c88903f05ba4ed0a06bedc082b3a64d` {{(pid=41957) log_request_info /opt/stack/keystone/keystone/server/flask/request_processing/req_logging.py:29}}
Jul 20 21:16:54 user devstack@keystone.service[41957]: DEBUG keystone.common.rbac_enforcer.enforcer [None req-df925021-4f81-421d-b9e2-d30dde0b8acf None admin] RBAC: Authorizing `identity:get_user(user_id=6c88903f05ba4ed0a06bedc082b3a64d)` {{(pid=41957) enforce_call /opt/stack/keystone/keystone/common/rbac_enforcer/enforcer.py:449}}
Jul 20 21:16:54 user devstack@keystone.service[41957]: DEBUG keystone.common.rbac_enforcer.enforcer [None req-df925021-4f81-421d-b9e2-d30dde0b8acf None admin] RBAC: Authorization granted {{(pid=41957) enforce_call /opt/stack/keystone/keystone/common/rbac_enforcer/enforcer.py:457}}
Jul 20 21:16:54 user devstack@keystone.service[41957]: [pid: 41957|app: 0|req: 65/202] 10.0.0.210 () {56 vars in 1172 bytes} [Thu Jul 20 21:16:54 2023] GET /identity/v3/users/6c88903f05ba4ed0a06bedc082b3a64d => generated 296 bytes in 141 msecs (HTTP/1.1 200) 5 headers in 177 bytes (1 switches on core 0)
Jul 20 21:16:54 user devstack@keystone.service[41958]: DEBUG keystone.server.flask.request_processing.middleware.auth_context [None req-861918ec-1a9e-429f-b9ec-04dfba5aef9c None admin] Authenticating user token {{(pid=41958) process_request /usr/local/lib/python3.10/dist-packages/keystonemiddleware/auth_token/__init__.py:406}}
Jul 20 21:16:54 user devstack@keystone.service[41958]: DEBUG keystone.server.flask.request_processing.middleware.auth_context [None req-861918ec-1a9e-429f-b9ec-04dfba5aef9c None admin] Validating token access rules against request {{(pid=41958) validate_allowed_request /usr/local/lib/python3.10/dist-packages/keystonemiddleware/auth_token/__init__.py:544}}
Jul 20 21:16:54 user devstack@keystone.service[41958]: DEBUG keystone.server.flask.request_processing.middleware.auth_context [None req-dd261107-0bd2-479e-891e-25a0aa1434a0 None admin] RBAC: auth_context: {'token': , 'domain_id': None, 'trust_id': None, 'trustor_id': None, 'trustee_id': None, 'domain_name': None, 'group_ids': [], 'user_id': '92087d19f67f41568680b2ba5f71f0bb', 'user_domain_id': 'default', 'system_scope': 'all', 'project_id': None, 'project_domain_id': None, 'roles': ['admin', 'member', 'reader'], 'is_admin_project': True, 'service_user_id': None, 'service_user_domain_id': None, 'service_project_id': None, 'service_project_domain_id': None, 'service_roles': []} {{(pid=41958) fill_context /opt/stack/keystone/keystone/server/flask/request_processing/middleware/auth_context.py:480}}
Jul 20 21:16:54 user devstack@keystone.service[41958]: DEBUG keystone.server.flask.request_processing.req_logging [None req-dd261107-0bd2-479e-891e-25a0aa1434a0 None admin] REQUEST_METHOD: `GET` {{(pid=41958) log_request_info /opt/stack/keystone/keystone/server/flask/request_processing/req_logging.py:27}}
Jul 20 21:16:54 user devstack@keystone.service[41958]: DEBUG keystone.server.flask.request_processing.req_logging [None req-dd261107-0bd2-479e-891e-25a0aa1434a0 None admin] SCRIPT_NAME: `/identity` {{(pid=41958) log_request_info /opt/stack/keystone/keystone/server/flask/request_processing/req_logging.py:28}}
Jul 20 21:16:54 user devstack@keystone.service[41958]: DEBUG keystone.server.flask.request_processing.req_logging [None req-dd261107-0bd2-479e-891e-25a0aa1434a0 None admin] PATH_INFO: `/v3/auth/tokens` {{(pid=41958) log_request_info /opt/stack/keystone/keystone/server/flask/request_processing/req_logging.py:29}}
Jul 20 21:16:54 user devstack@keystone.service[41958]: DEBUG dbcounter [-] [41958] Writing DB stats keystone:SELECT=99,keystone:INSERT=1 {{(pid=41958) stat_writer /usr/local/lib/python3.10/dist-packages/dbcounter.py:117}}
Jul 20 21:16:54 user devstack@keystone.service[41958]: DEBUG keystone.common.rbac_enforcer.enforcer [None req-dd261107-0bd2-479e-891e-25a0aa1434a0 None admin] RBAC: Authorizing `identity:validate_token()` {{(pid=41958) enforce_call /opt/stack/keystone/keystone/common/rbac_enforcer/enforcer.py:449}}
Jul 20 21:16:54 user devstack@keystone.service[41958]: DEBUG keystone.common.rbac_enforcer.enforcer [None req-dd261107-0bd2-479e-891e-25a0aa1434a0 None admin] RBAC: Authorization granted {{(pid=41958) enforce_call /opt/stack/keystone/keystone/common/rbac_enforcer/enforcer.py:457}}
Jul 20 21:16:54 user devstack@keystone.service[41958]: [pid: 41958|app: 0|req: 68/203] 10.0.0.210 () {58 vars in 1277 bytes} [Thu Jul 20 21:16:54 2023] GET /identity/v3/auth/tokens => generated 798 bytes in 278 msecs (HTTP/1.1 200) 6 headers in 358 bytes (1 switches on core 0)
Jul 20 21:16:54 user devstack@keystone.service[41956]: DEBUG keystone.server.flask.request_processing.middleware.auth_context [None req-25584dd3-2b5e-44be-83ec-5462a8ccca43 None admin] Authenticating user token {{(pid=41956) process_request /usr/local/lib/python3.10/dist-packages/keystonemiddleware/auth_token/__init__.py:406}}
Jul 20 21:16:54 user devstack@keystone.service[41956]: DEBUG dbcounter [-] [41956] Writing DB stats keystone:SELECT=100 {{(pid=41956) stat_writer /usr/local/lib/python3.10/dist-packages/dbcounter.py:117}}
Jul 20 21:16:54 user devstack@keystone.service[41956]: DEBUG keystone.server.flask.request_processing.middleware.auth_context [None req-25584dd3-2b5e-44be-83ec-5462a8ccca43 None admin] Validating token access rules against request {{(pid=41956) validate_allowed_request /usr/local/lib/python3.10/dist-packages/keystonemiddleware/auth_token/__init__.py:544}}
Jul 20 21:16:54 user devstack@keystone.service[41956]: DEBUG keystone.server.flask.request_processing.middleware.auth_context [None req-2c14bc96-7eed-4d7a-8e24-60828c1521f3 None admin] RBAC: auth_context: {'token': , 'domain_id': None, 'trust_id': None, 'trustor_id': None, 'trustee_id': None, 'domain_name': None, 'group_ids': [], 'user_id': '92087d19f67f41568680b2ba5f71f0bb', 'user_domain_id': 'default', 'system_scope': 'all', 'project_id': None, 'project_domain_id': None, 'roles': ['admin', 'member', 'reader'], 'is_admin_project': True, 'service_user_id': None, 'service_user_domain_id': None, 'service_project_id': None, 'service_project_domain_id': None, 'service_roles': []} {{(pid=41956) fill_context /opt/stack/keystone/keystone/server/flask/request_processing/middleware/auth_context.py:480}}
Jul 20 21:16:54 user devstack@keystone.service[41956]: DEBUG keystone.server.flask.request_processing.req_logging [None req-2c14bc96-7eed-4d7a-8e24-60828c1521f3 None admin] REQUEST_METHOD: `GET` {{(pid=41956) log_request_info /opt/stack/keystone/keystone/server/flask/request_processing/req_logging.py:27}}
Jul 20 21:16:54 user devstack@keystone.service[41956]: DEBUG keystone.server.flask.request_processing.req_logging [None req-2c14bc96-7eed-4d7a-8e24-60828c1521f3 None admin] SCRIPT_NAME: `/identity` {{(pid=41956) log_request_info /opt/stack/keystone/keystone/server/flask/request_processing/req_logging.py:28}}
Jul 20 21:16:54 user devstack@keystone.service[41956]: DEBUG keystone.server.flask.request_processing.req_logging [None req-2c14bc96-7eed-4d7a-8e24-60828c1521f3 None admin] PATH_INFO: `/v3/projects/b6c82550ba3b4ed98c7984fe6953805e` {{(pid=41956) log_request_info /opt/stack/keystone/keystone/server/flask/request_processing/req_logging.py:29}}
Jul 20 21:16:54 user devstack@keystone.service[41956]: DEBUG keystone.common.rbac_enforcer.enforcer [None req-2c14bc96-7eed-4d7a-8e24-60828c1521f3 None admin] RBAC: Authorizing `identity:get_project(project_id=b6c82550ba3b4ed98c7984fe6953805e)` {{(pid=41956) enforce_call /opt/stack/keystone/keystone/common/rbac_enforcer/enforcer.py:449}}
Jul 20 21:16:54 user devstack@keystone.service[41956]: DEBUG keystone.common.rbac_enforcer.enforcer [None req-2c14bc96-7eed-4d7a-8e24-60828c1521f3 None admin] RBAC: Authorization granted {{(pid=41956) enforce_call /opt/stack/keystone/keystone/common/rbac_enforcer/enforcer.py:457}}
Jul 20 21:16:54 user devstack@keystone.service[41956]: [pid: 41956|app: 0|req: 71/204] 10.0.0.210 () {56 vars in 1181 bytes} [Thu Jul 20 21:16:54 2023] GET /identity/v3/projects/b6c82550ba3b4ed98c7984fe6953805e => generated 301 bytes in 124 msecs (HTTP/1.1 200) 5 headers in 177 bytes (1 switches on core 0)
Jul 20 21:16:54 user devstack@keystone.service[41957]: DEBUG keystone.server.flask.request_processing.middleware.auth_context [None req-df925021-4f81-421d-b9e2-d30dde0b8acf None admin] Authenticating user token {{(pid=41957) process_request /usr/local/lib/python3.10/dist-packages/keystonemiddleware/auth_token/__init__.py:406}}
Jul 20 21:16:54 user devstack@keystone.service[41957]: DEBUG keystone.server.flask.request_processing.middleware.auth_context [None req-df925021-4f81-421d-b9e2-d30dde0b8acf None admin] Validating token access rules against request {{(pid=41957) validate_allowed_request /usr/local/lib/python3.10/dist-packages/keystonemiddleware/auth_token/__init__.py:544}}
Jul 20 21:16:54 user devstack@keystone.service[41957]: DEBUG keystone.server.flask.request_processing.middleware.auth_context [None req-b47102e3-c8a1-4e60-abd8-50f34bb4ebe0 None admin] RBAC: auth_context: {'token': , 'domain_id': None, 'trust_id': None, 'trustor_id': None, 'trustee_id': None, 'domain_name': None, 'group_ids': [], 'user_id': '92087d19f67f41568680b2ba5f71f0bb', 'user_domain_id': 'default', 'system_scope': 'all', 'project_id': None, 'project_domain_id': None, 'roles': ['admin', 'member', 'reader'], 'is_admin_project': True, 'service_user_id': None, 'service_user_domain_id': None, 'service_project_id': None, 'service_project_domain_id': None, 'service_roles': []} {{(pid=41957) fill_context /opt/stack/keystone/keystone/server/flask/request_processing/middleware/auth_context.py:480}}
Jul 20 21:16:54 user devstack@keystone.service[41957]: DEBUG keystone.server.flask.request_processing.req_logging [None req-b47102e3-c8a1-4e60-abd8-50f34bb4ebe0 None admin] REQUEST_METHOD: `GET` {{(pid=41957) log_request_info /opt/stack/keystone/keystone/server/flask/request_processing/req_logging.py:27}}
Jul 20 21:16:54 user devstack@keystone.service[41957]: DEBUG keystone.server.flask.request_processing.req_logging [None req-b47102e3-c8a1-4e60-abd8-50f34bb4ebe0 None admin] SCRIPT_NAME: `/identity` {{(pid=41957) log_request_info /opt/stack/keystone/keystone/server/flask/request_processing/req_logging.py:28}}
Jul 20 21:16:54 user devstack@keystone.service[41957]: DEBUG keystone.server.flask.request_processing.req_logging [None req-b47102e3-c8a1-4e60-abd8-50f34bb4ebe0 None admin] PATH_INFO: `/v3/role_assignments` {{(pid=41957) log_request_info /opt/stack/keystone/keystone/server/flask/request_processing/req_logging.py:29}}
Jul 20 21:16:54 user devstack@keystone.service[41957]: DEBUG keystone.common.rbac_enforcer.enforcer [None req-b47102e3-c8a1-4e60-abd8-50f34bb4ebe0 None admin] RBAC: Adding query filter params (role.id=71124349a1f14eb9b864cf353f3bf3f1, scope.project.id=b6c82550ba3b4ed98c7984fe6953805e, user.id=6c88903f05ba4ed0a06bedc082b3a64d) {{(pid=41957) _extract_filter_values /opt/stack/keystone/keystone/common/rbac_enforcer/enforcer.py:167}}
Jul 20 21:16:54 user devstack@keystone.service[41957]: DEBUG keystone.common.rbac_enforcer.enforcer [None req-b47102e3-c8a1-4e60-abd8-50f34bb4ebe0 None admin] RBAC: Authorizing `identity:list_role_assignments()` {{(pid=41957) enforce_call /opt/stack/keystone/keystone/common/rbac_enforcer/enforcer.py:449}}
Jul 20 21:16:54 user devstack@keystone.service[41957]: DEBUG keystone.common.rbac_enforcer.enforcer [None req-b47102e3-c8a1-4e60-abd8-50f34bb4ebe0 None admin] RBAC: Authorization granted {{(pid=41957) enforce_call /opt/stack/keystone/keystone/common/rbac_enforcer/enforcer.py:457}}
Jul 20 21:16:54 user devstack@keystone.service[41957]: [pid: 41957|app: 0|req: 66/205] 10.0.0.210 () {56 vars in 1369 bytes} [Thu Jul 20 21:16:54 2023] GET /identity/v3/role_assignments?user.id=6c88903f05ba4ed0a06bedc082b3a64d&scope.project.id=b6c82550ba3b4ed98c7984fe6953805e&role.id=71124349a1f14eb9b864cf353f3bf3f1 => generated 606 bytes in 127 msecs (HTTP/1.1 200) 5 headers in 177 bytes (1 switches on core 0)
Jul 20 21:16:55 user devstack@keystone.service[41958]: DEBUG keystone.server.flask.request_processing.req_logging [None req-d5dca9aa-e5e1-4fad-84f6-d2f1b16ced4e None None] REQUEST_METHOD: `GET` {{(pid=41958) log_request_info /opt/stack/keystone/keystone/server/flask/request_processing/req_logging.py:27}}
Jul 20 21:16:55 user devstack@keystone.service[41958]: DEBUG keystone.server.flask.request_processing.req_logging [None req-d5dca9aa-e5e1-4fad-84f6-d2f1b16ced4e None None] SCRIPT_NAME: `/identity` {{(pid=41958) log_request_info /opt/stack/keystone/keystone/server/flask/request_processing/req_logging.py:28}}
Jul 20 21:16:55 user devstack@keystone.service[41958]: DEBUG keystone.server.flask.request_processing.req_logging [None req-d5dca9aa-e5e1-4fad-84f6-d2f1b16ced4e None None] PATH_INFO: `/` {{(pid=41958) log_request_info /opt/stack/keystone/keystone/server/flask/request_processing/req_logging.py:29}}
Jul 20 21:16:55 user devstack@keystone.service[41958]: [pid: 41958|app: 0|req: 69/206] 10.0.0.210 () {54 vars in 920 bytes} [Thu Jul 20 21:16:55 2023] GET /identity => generated 269 bytes in 3 msecs (HTTP/1.1 300) 6 headers in 233 bytes (1 switches on core 0)
Jul 20 21:16:55 user devstack@keystone.service[41956]: DEBUG keystone.server.flask.request_processing.req_logging [None req-b19b5b1a-8726-49e7-accc-fbf9957cbe13 None None] REQUEST_METHOD: `POST` {{(pid=41956) log_request_info /opt/stack/keystone/keystone/server/flask/request_processing/req_logging.py:27}}
Jul 20 21:16:55 user devstack@keystone.service[41956]: DEBUG keystone.server.flask.request_processing.req_logging [None req-b19b5b1a-8726-49e7-accc-fbf9957cbe13 None None] SCRIPT_NAME: `/identity` {{(pid=41956) log_request_info /opt/stack/keystone/keystone/server/flask/request_processing/req_logging.py:28}}
Jul 20 21:16:55 user devstack@keystone.service[41956]: DEBUG keystone.server.flask.request_processing.req_logging [None req-b19b5b1a-8726-49e7-accc-fbf9957cbe13 None None] PATH_INFO: `/v3/auth/tokens` {{(pid=41956) log_request_info /opt/stack/keystone/keystone/server/flask/request_processing/req_logging.py:29}}
Jul 20 21:16:55 user devstack@keystone.service[41956]: WARNING keystone.common.password_hashing [None req-b19b5b1a-8726-49e7-accc-fbf9957cbe13 None None] Truncating password to algorithm specific maximum length 54 characters.
Jul 20 21:16:55 user devstack@keystone.service[41956]: DEBUG keystone.auth.core [None req-b19b5b1a-8726-49e7-accc-fbf9957cbe13 None None] MFA Rules not processed for user `92087d19f67f41568680b2ba5f71f0bb`. Rule list: `[]` (Enabled: `True`). {{(pid=41956) check_auth_methods_against_rules /opt/stack/keystone/keystone/auth/core.py:438}}
Jul 20 21:16:55 user devstack@keystone.service[41956]: DEBUG keystone.common.fernet_utils [None req-b19b5b1a-8726-49e7-accc-fbf9957cbe13 None None] Loaded 2 Fernet keys from /etc/keystone/fernet-keys/, but `[fernet_tokens] max_active_keys = 3`; perhaps there have not been enough key rotations to reach `max_active_keys` yet? {{(pid=41956) load_keys /opt/stack/keystone/keystone/common/fernet_utils.py:286}}
Jul 20 21:16:55 user devstack@keystone.service[41956]: [pid: 41956|app: 0|req: 72/207] 10.0.0.210 () {58 vars in 1017 bytes} [Thu Jul 20 21:16:55 2023] POST /identity/v3/auth/tokens => generated 798 bytes in 85 msecs (HTTP/1.1 201) 6 headers in 363 bytes (1 switches on core 0)
Jul 20 21:16:55 user devstack@keystone.service[41957]: DEBUG keystone.server.flask.request_processing.req_logging [None req-54a39e36-d92a-4940-b5f8-c9abd5a17870 None None] REQUEST_METHOD: `GET` {{(pid=41957) log_request_info /opt/stack/keystone/keystone/server/flask/request_processing/req_logging.py:27}}
Jul 20 21:16:55 user devstack@keystone.service[41957]: DEBUG keystone.server.flask.request_processing.req_logging [None req-54a39e36-d92a-4940-b5f8-c9abd5a17870 None None] SCRIPT_NAME: `/identity` {{(pid=41957) log_request_info /opt/stack/keystone/keystone/server/flask/request_processing/req_logging.py:28}}
Jul 20 21:16:55 user devstack@keystone.service[41957]: DEBUG keystone.server.flask.request_processing.req_logging [None req-54a39e36-d92a-4940-b5f8-c9abd5a17870 None None] PATH_INFO: `/` {{(pid=41957) log_request_info /opt/stack/keystone/keystone/server/flask/request_processing/req_logging.py:29}}
Jul 20 21:16:55 user devstack@keystone.service[41957]: [pid: 41957|app: 0|req: 67/208] 10.0.0.210 () {54 vars in 920 bytes} [Thu Jul 20 21:16:55 2023] GET /identity => generated 269 bytes in 3 msecs (HTTP/1.1 300) 6 headers in 233 bytes (1 switches on core 0)
Jul 20 21:16:55 user devstack@keystone.service[41958]: DEBUG keystone.server.flask.request_processing.req_logging [None req-77c67b45-abe8-4c9b-b34e-634cc20ee724 None None] REQUEST_METHOD: `POST` {{(pid=41958) log_request_info /opt/stack/keystone/keystone/server/flask/request_processing/req_logging.py:27}}
Jul 20 21:16:55 user devstack@keystone.service[41958]: DEBUG keystone.server.flask.request_processing.req_logging [None req-77c67b45-abe8-4c9b-b34e-634cc20ee724 None None] SCRIPT_NAME: `/identity` {{(pid=41958) log_request_info /opt/stack/keystone/keystone/server/flask/request_processing/req_logging.py:28}}
Jul 20 21:16:55 user devstack@keystone.service[41958]: DEBUG keystone.server.flask.request_processing.req_logging [None req-77c67b45-abe8-4c9b-b34e-634cc20ee724 None None] PATH_INFO: `/v3/auth/tokens` {{(pid=41958) log_request_info /opt/stack/keystone/keystone/server/flask/request_processing/req_logging.py:29}}
Jul 20 21:16:55 user devstack@keystone.service[41958]: WARNING keystone.common.password_hashing [None req-77c67b45-abe8-4c9b-b34e-634cc20ee724 None None] Truncating password to algorithm specific maximum length 54 characters.
Jul 20 21:16:55 user devstack@keystone.service[41958]: DEBUG keystone.auth.core [None req-77c67b45-abe8-4c9b-b34e-634cc20ee724 None None] MFA Rules not processed for user `92087d19f67f41568680b2ba5f71f0bb`. Rule list: `[]` (Enabled: `True`). {{(pid=41958) check_auth_methods_against_rules /opt/stack/keystone/keystone/auth/core.py:438}}
Jul 20 21:16:55 user devstack@keystone.service[41958]: DEBUG keystone.common.fernet_utils [None req-77c67b45-abe8-4c9b-b34e-634cc20ee724 None None] Loaded 2 Fernet keys from /etc/keystone/fernet-keys/, but `[fernet_tokens] max_active_keys = 3`; perhaps there have not been enough key rotations to reach `max_active_keys` yet? {{(pid=41958) load_keys /opt/stack/keystone/keystone/common/fernet_utils.py:286}}
Jul 20 21:16:55 user devstack@keystone.service[41958]: DEBUG dbcounter [-] [41958] Writing DB stats keystone:SELECT=100 {{(pid=41958) stat_writer /usr/local/lib/python3.10/dist-packages/dbcounter.py:117}}
Jul 20 21:16:55 user devstack@keystone.service[41958]: [pid: 41958|app: 0|req: 70/209] 10.0.0.210 () {58 vars in 1017 bytes} [Thu Jul 20 21:16:55 2023] POST /identity/v3/auth/tokens => generated 798 bytes in 78 msecs (HTTP/1.1 201) 6 headers in 363 bytes (1 switches on core 0)
Jul 20 21:16:55 user devstack@keystone.service[41956]: DEBUG keystone.server.flask.request_processing.middleware.auth_context [None req-b19b5b1a-8726-49e7-accc-fbf9957cbe13 None None] Authenticating user token {{(pid=41956) process_request /usr/local/lib/python3.10/dist-packages/keystonemiddleware/auth_token/__init__.py:406}}
Jul 20 21:16:55 user devstack@keystone.service[41957]: DEBUG keystone.server.flask.request_processing.req_logging [None req-041c50e6-a4d9-4fa6-8629-e3bb62967036 None None] REQUEST_METHOD: `GET` {{(pid=41957) log_request_info /opt/stack/keystone/keystone/server/flask/request_processing/req_logging.py:27}}
Jul 20 21:16:55 user devstack@keystone.service[41957]: DEBUG keystone.server.flask.request_processing.req_logging [None req-041c50e6-a4d9-4fa6-8629-e3bb62967036 None None] SCRIPT_NAME: `/identity` {{(pid=41957) log_request_info /opt/stack/keystone/keystone/server/flask/request_processing/req_logging.py:28}}
Jul 20 21:16:55 user devstack@keystone.service[41957]: DEBUG keystone.server.flask.request_processing.req_logging [None req-041c50e6-a4d9-4fa6-8629-e3bb62967036 None None] PATH_INFO: `/` {{(pid=41957) log_request_info /opt/stack/keystone/keystone/server/flask/request_processing/req_logging.py:29}}
Jul 20 21:16:55 user devstack@keystone.service[41957]: [pid: 41957|app: 0|req: 68/210] 10.0.0.210 () {54 vars in 920 bytes} [Thu Jul 20 21:16:55 2023] GET /identity => generated 269 bytes in 4 msecs (HTTP/1.1 300) 6 headers in 233 bytes (1 switches on core 0)
Jul 20 21:16:55 user devstack@keystone.service[41958]: DEBUG keystone.server.flask.request_processing.req_logging [None req-bf1ac1f7-05d8-4f97-aba8-fda2d57bcea6 None None] REQUEST_METHOD: `POST` {{(pid=41958) log_request_info /opt/stack/keystone/keystone/server/flask/request_processing/req_logging.py:27}}
Jul 20 21:16:55 user devstack@keystone.service[41958]: DEBUG keystone.server.flask.request_processing.req_logging [None req-bf1ac1f7-05d8-4f97-aba8-fda2d57bcea6 None None] SCRIPT_NAME: `/identity` {{(pid=41958) log_request_info /opt/stack/keystone/keystone/server/flask/request_processing/req_logging.py:28}}
Jul 20 21:16:55 user devstack@keystone.service[41958]: DEBUG keystone.server.flask.request_processing.req_logging [None req-bf1ac1f7-05d8-4f97-aba8-fda2d57bcea6 None None] PATH_INFO: `/v3/auth/tokens` {{(pid=41958) log_request_info /opt/stack/keystone/keystone/server/flask/request_processing/req_logging.py:29}}
Jul 20 21:16:55 user devstack@keystone.service[41958]: WARNING keystone.common.password_hashing [None req-bf1ac1f7-05d8-4f97-aba8-fda2d57bcea6 None None] Truncating password to algorithm specific maximum length 54 characters.
Jul 20 21:16:55 user devstack@keystone.service[41958]: DEBUG keystone.auth.core [None req-bf1ac1f7-05d8-4f97-aba8-fda2d57bcea6 None None] MFA Rules not processed for user `92087d19f67f41568680b2ba5f71f0bb`. Rule list: `[]` (Enabled: `True`). {{(pid=41958) check_auth_methods_against_rules /opt/stack/keystone/keystone/auth/core.py:438}}
Jul 20 21:16:55 user devstack@keystone.service[41958]: DEBUG keystone.common.fernet_utils [None req-bf1ac1f7-05d8-4f97-aba8-fda2d57bcea6 None None] Loaded 2 Fernet keys from /etc/keystone/fernet-keys/, but `[fernet_tokens] max_active_keys = 3`; perhaps there have not been enough key rotations to reach `max_active_keys` yet? {{(pid=41958) load_keys /opt/stack/keystone/keystone/common/fernet_utils.py:286}}
Jul 20 21:16:55 user devstack@keystone.service[41956]: DEBUG dbcounter [-] [41956] Writing DB stats keystone:SELECT=100 {{(pid=41956) stat_writer /usr/local/lib/python3.10/dist-packages/dbcounter.py:117}}
Jul 20 21:16:55 user devstack@keystone.service[41956]: DEBUG keystone.server.flask.request_processing.middleware.auth_context [None req-b19b5b1a-8726-49e7-accc-fbf9957cbe13 None None] Validating token access rules against request {{(pid=41956) validate_allowed_request /usr/local/lib/python3.10/dist-packages/keystonemiddleware/auth_token/__init__.py:544}}
Jul 20 21:16:56 user devstack@keystone.service[41958]: [pid: 41958|app: 0|req: 71/211] 10.0.0.210 () {58 vars in 1017 bytes} [Thu Jul 20 21:16:55 2023] POST /identity/v3/auth/tokens => generated 798 bytes in 74 msecs (HTTP/1.1 201) 6 headers in 363 bytes (1 switches on core 0)
Jul 20 21:16:56 user devstack@keystone.service[41956]: DEBUG keystone.server.flask.request_processing.middleware.auth_context [None req-b6904908-61b6-435e-94b2-748aaa6ad587 None admin] RBAC: auth_context: {'token': , 'domain_id': None, 'trust_id': None, 'trustor_id': None, 'trustee_id': None, 'domain_name': None, 'group_ids': [], 'user_id': '92087d19f67f41568680b2ba5f71f0bb', 'user_domain_id': 'default', 'system_scope': 'all', 'project_id': None, 'project_domain_id': None, 'roles': ['admin', 'member', 'reader'], 'is_admin_project': True, 'service_user_id': None, 'service_user_domain_id': None, 'service_project_id': None, 'service_project_domain_id': None, 'service_roles': []} {{(pid=41956) fill_context /opt/stack/keystone/keystone/server/flask/request_processing/middleware/auth_context.py:480}}
Jul 20 21:16:56 user devstack@keystone.service[41956]: DEBUG keystone.server.flask.request_processing.req_logging [None req-b6904908-61b6-435e-94b2-748aaa6ad587 None admin] REQUEST_METHOD: `GET` {{(pid=41956) log_request_info /opt/stack/keystone/keystone/server/flask/request_processing/req_logging.py:27}}
Jul 20 21:16:56 user devstack@keystone.service[41956]: DEBUG keystone.server.flask.request_processing.req_logging [None req-b6904908-61b6-435e-94b2-748aaa6ad587 None admin] SCRIPT_NAME: `/identity` {{(pid=41956) log_request_info /opt/stack/keystone/keystone/server/flask/request_processing/req_logging.py:28}}
Jul 20 21:16:56 user devstack@keystone.service[41956]: DEBUG keystone.server.flask.request_processing.req_logging [None req-b6904908-61b6-435e-94b2-748aaa6ad587 None admin] PATH_INFO: `/v3/roles/member` {{(pid=41956) log_request_info /opt/stack/keystone/keystone/server/flask/request_processing/req_logging.py:29}}
Jul 20 21:16:56 user devstack@keystone.service[41956]: DEBUG keystone.common.rbac_enforcer.enforcer [None req-b6904908-61b6-435e-94b2-748aaa6ad587 None admin] Extracting inferred target data resulted in "NOT FOUND (404)". {{(pid=41956) enforce_call /opt/stack/keystone/keystone/common/rbac_enforcer/enforcer.py:409}}
Jul 20 21:16:56 user devstack@keystone.service[41957]: DEBUG keystone.server.flask.request_processing.middleware.auth_context [None req-041c50e6-a4d9-4fa6-8629-e3bb62967036 None None] Authenticating user token {{(pid=41957) process_request /usr/local/lib/python3.10/dist-packages/keystonemiddleware/auth_token/__init__.py:406}}
Jul 20 21:16:56 user devstack@keystone.service[41956]: ERROR keystone.server.flask.application [None req-b6904908-61b6-435e-94b2-748aaa6ad587 None admin] Could not find role: member.: keystone.exception.RoleNotFound: Could not find role: member.
Jul 20 21:16:56 user devstack@keystone.service[41956]: ERROR keystone.server.flask.application
Traceback (most recent call last):
Jul 20 21:16:56 user devstack@keystone.service[41956]: ERROR keystone.server.flask.application
File "/usr/local/lib/python3.10/dist-packages/flask/app.py", line 1823, in full_dispatch_request
Jul 20 21:16:56 user devstack@keystone.service[41956]: ERROR keystone.server.flask.application rv = self.dispatch_request()
Jul 20 21:16:56 user devstack@keystone.service[41956]: ERROR keystone.server.flask.application
File "/usr/local/lib/python3.10/dist-packages/flask/app.py", line 1799, in dispatch_request
Jul 20 21:16:56 user devstack@keystone.service[41956]: ERROR keystone.server.flask.application return self.ensure_sync(self.view_functions[rule.endpoint])(**view_args)
Jul 20 21:16:56 user devstack@keystone.service[41956]: ERROR keystone.server.flask.application
File "/usr/local/lib/python3.10/dist-packages/flask_restful/__init__.py", line 467, in wrapper
Jul 20 21:16:56 user devstack@keystone.service[41956]: ERROR keystone.server.flask.application resp = resource(*args, **kwargs)
Jul 20 21:16:56 user devstack@keystone.service[41956]: ERROR keystone.server.flask.application
File "/usr/local/lib/python3.10/dist-packages/flask/views.py", line 107, in view
Jul 20 21:16:56 user devstack@keystone.service[41956]: ERROR keystone.server.flask.application return current_app.ensure_sync(self.dispatch_request)(**kwargs)
Jul 20 21:16:56 user devstack@keystone.service[41956]: ERROR keystone.server.flask.application
File "/usr/local/lib/python3.10/dist-packages/flask_restful/__init__.py", line 582, in dispatch_request
Jul 20 21:16:56 user devstack@keystone.service[41956]: ERROR keystone.server.flask.application resp = meth(*args, **kwargs)
Jul 20 21:16:56 user devstack@keystone.service[41956]: ERROR keystone.server.flask.application
File "/opt/stack/keystone/keystone/api/roles.py", line 50, in get
Jul 20 21:16:56 user devstack@keystone.service[41956]: ERROR keystone.server.flask.application return self._get_role(role_id)
Jul 20 21:16:56 user devstack@keystone.service[41956]: ERROR keystone.server.flask.application
File "/opt/stack/keystone/keystone/api/roles.py", line 70, in _get_role
Jul 20 21:16:56 user devstack@keystone.service[41956]: ERROR keystone.server.flask.application ENFORCER.enforce_call(action='identity:get_role')
Jul 20 21:16:56 user devstack@keystone.service[41956]: ERROR keystone.server.flask.application
File "/opt/stack/keystone/keystone/common/rbac_enforcer/enforcer.py", line 402, in enforce_call
Jul 20 21:16:56 user devstack@keystone.service[41956]: ERROR keystone.server.flask.application policy_dict.update(cls._extract_member_target_data(
Jul 20 21:16:56 user devstack@keystone.service[41956]: ERROR keystone.server.flask.application
File "/opt/stack/keystone/keystone/common/rbac_enforcer/enforcer.py", line 234, in _extract_member_target_data
Jul 20 21:16:56 user devstack@keystone.service[41956]: ERROR keystone.server.flask.application member_name: func(flask.request.view_args[key])
Jul 20 21:16:56 user devstack@keystone.service[41956]: ERROR keystone.server.flask.application
File "/opt/stack/keystone/keystone/common/manager.py", line 115, in wrapped
Jul 20 21:16:56 user devstack@keystone.service[41956]: ERROR keystone.server.flask.application __ret_val = __f(*args, **kwargs)
Jul 20 21:16:56 user devstack@keystone.service[41956]: ERROR keystone.server.flask.application
File "/usr/local/lib/python3.10/dist-packages/decorator.py", line 232, in fun
Jul 20 21:16:56 user devstack@keystone.service[41956]: ERROR keystone.server.flask.application return caller(func, *(extras + args), **kw)
Jul 20 21:16:56 user devstack@keystone.service[41956]: ERROR keystone.server.flask.application
File "/usr/local/lib/python3.10/dist-packages/dogpile/cache/region.py", line 1577, in get_or_create_for_user_func
Jul 20 21:16:56 user devstack@keystone.service[41956]: ERROR keystone.server.flask.application return self.get_or_create(
Jul 20 21:16:56 user devstack@keystone.service[41956]: ERROR keystone.server.flask.application
File "/usr/local/lib/python3.10/dist-packages/dogpile/cache/region.py", line 1042, in get_or_create
Jul 20 21:16:56 user devstack@keystone.service[41956]: ERROR keystone.server.flask.application with Lock(
Jul 20 21:16:56 user devstack@keystone.service[41956]: ERROR keystone.server.flask.application
File "/usr/local/lib/python3.10/dist-packages/dogpile/lock.py", line 185, in __enter__
Jul 20 21:16:56 user devstack@keystone.service[41956]: ERROR keystone.server.flask.application return self._enter()
Jul 20 21:16:56 user devstack@keystone.service[41956]: ERROR keystone.server.flask.application
File "/usr/local/lib/python3.10/dist-packages/dogpile/lock.py", line 94, in _enter
Jul 20 21:16:56 user devstack@keystone.service[41956]: ERROR keystone.server.flask.application generated = self._enter_create(value, createdtime)
Jul 20 21:16:56 user devstack@keystone.service[41956]: ERROR keystone.server.flask.application
File "/usr/local/lib/python3.10/dist-packages/dogpile/lock.py", line 178, in _enter_create
Jul 20 21:16:56 user devstack@keystone.service[41956]: ERROR keystone.server.flask.application return self.creator()
Jul 20 21:16:56 user devstack@keystone.service[41956]: ERROR keystone.server.flask.application
File "/usr/local/lib/python3.10/dist-packages/dogpile/cache/region.py", line 995, in gen_value
Jul 20 21:16:56 user devstack@keystone.service[41956]: ERROR keystone.server.flask.application created_value = creator(
Jul 20 21:16:56 user devstack@keystone.service[41956]: ERROR keystone.server.flask.application
File "/opt/stack/keystone/keystone/assignment/core.py", line 1276, in get_role
Jul 20 21:16:56 user devstack@keystone.service[41956]: ERROR keystone.server.flask.application return self.driver.get_role(role_id)
Jul 20 21:16:56 user devstack@keystone.service[41956]: ERROR keystone.server.flask.application
File "/opt/stack/keystone/keystone/assignment/role_backends/sql.py", line 70, in get_role
Jul 20 21:16:56 user devstack@keystone.service[41956]: ERROR keystone.server.flask.application return self._get_role(session, role_id).to_dict()
Jul 20 21:16:56 user devstack@keystone.service[41956]: ERROR keystone.server.flask.application
File "/opt/stack/keystone/keystone/assignment/role_backends/sql.py", line 65, in _get_role
Jul 20 21:16:56 user devstack@keystone.service[41956]: ERROR keystone.server.flask.application raise exception.RoleNotFound(role_id=role_id)
Jul 20 21:16:56 user devstack@keystone.service[41956]: ERROR keystone.server.flask.application keystone.exception.RoleNotFound: Could not find role: member.
Jul 20 21:16:56 user devstack@keystone.service[41956]: ERROR keystone.server.flask.application
Jul 20 21:16:56 user devstack@keystone.service[41956]: [pid: 41956|app: 0|req: 73/212] 10.0.0.210 () {56 vars in 1094 bytes} [Thu Jul 20 21:16:55 2023] GET /identity/v3/roles/member => generated 84 bytes in 131 msecs (HTTP/1.1 404) 5 headers in 183 bytes (1 switches on core 0)
Jul 20 21:16:56 user devstack@keystone.service[41958]: DEBUG keystone.server.flask.request_processing.middleware.auth_context [None req-bf1ac1f7-05d8-4f97-aba8-fda2d57bcea6 None None] Authenticating user token {{(pid=41958) process_request /usr/local/lib/python3.10/dist-packages/keystonemiddleware/auth_token/__init__.py:406}}
Jul 20 21:16:56 user devstack@keystone.service[41957]: DEBUG dbcounter [-] [41957] Writing DB stats keystone:SELECT=100 {{(pid=41957) stat_writer /usr/local/lib/python3.10/dist-packages/dbcounter.py:117}}
Jul 20 21:16:56 user devstack@keystone.service[41958]: DEBUG dbcounter [-] [41958] Writing DB stats keystone:SELECT=100 {{(pid=41958) stat_writer /usr/local/lib/python3.10/dist-packages/dbcounter.py:117}}
Jul 20 21:16:56 user devstack@keystone.service[41957]: DEBUG keystone.server.flask.request_processing.middleware.auth_context [None req-041c50e6-a4d9-4fa6-8629-e3bb62967036 None None] Validating token access rules against request {{(pid=41957) validate_allowed_request /usr/local/lib/python3.10/dist-packages/keystonemiddleware/auth_token/__init__.py:544}}
Jul 20 21:16:56 user devstack@keystone.service[41958]: DEBUG keystone.server.flask.request_processing.middleware.auth_context [None req-bf1ac1f7-05d8-4f97-aba8-fda2d57bcea6 None None] Validating token access rules against request {{(pid=41958) validate_allowed_request /usr/local/lib/python3.10/dist-packages/keystonemiddleware/auth_token/__init__.py:544}}
Jul 20 21:16:56 user devstack@keystone.service[41957]: DEBUG keystone.server.flask.request_processing.middleware.auth_context [None req-d24d2775-d4fd-428e-a933-cf0538a26294 None admin] RBAC: auth_context: {'token': , 'domain_id': None, 'trust_id': None, 'trustor_id': None, 'trustee_id': None, 'domain_name': None, 'group_ids': [], 'user_id': '92087d19f67f41568680b2ba5f71f0bb', 'user_domain_id': 'default', 'system_scope': 'all', 'project_id': None, 'project_domain_id': None, 'roles': ['admin', 'member', 'reader'], 'is_admin_project': True, 'service_user_id': None, 'service_user_domain_id': None, 'service_project_id': None, 'service_project_domain_id': None, 'service_roles': []} {{(pid=41957) fill_context /opt/stack/keystone/keystone/server/flask/request_processing/middleware/auth_context.py:480}}
Jul 20 21:16:56 user devstack@keystone.service[41957]: DEBUG keystone.server.flask.request_processing.req_logging [None req-d24d2775-d4fd-428e-a933-cf0538a26294 None admin] REQUEST_METHOD: `GET` {{(pid=41957) log_request_info /opt/stack/keystone/keystone/server/flask/request_processing/req_logging.py:27}}
Jul 20 21:16:56 user devstack@keystone.service[41957]: DEBUG keystone.server.flask.request_processing.req_logging [None req-d24d2775-d4fd-428e-a933-cf0538a26294 None admin] SCRIPT_NAME: `/identity` {{(pid=41957) log_request_info /opt/stack/keystone/keystone/server/flask/request_processing/req_logging.py:28}}
Jul 20 21:16:56 user devstack@keystone.service[41957]: DEBUG keystone.server.flask.request_processing.req_logging [None req-d24d2775-d4fd-428e-a933-cf0538a26294 None admin] PATH_INFO: `/v3/domains/default` {{(pid=41957) log_request_info /opt/stack/keystone/keystone/server/flask/request_processing/req_logging.py:29}}
Jul 20 21:16:56 user devstack@keystone.service[41957]: DEBUG keystone.common.rbac_enforcer.enforcer [None req-d24d2775-d4fd-428e-a933-cf0538a26294 None admin] RBAC: Authorizing `identity:get_domain(domain_id=default)` {{(pid=41957) enforce_call /opt/stack/keystone/keystone/common/rbac_enforcer/enforcer.py:449}}
Jul 20 21:16:56 user devstack@keystone.service[41958]: DEBUG keystone.server.flask.request_processing.middleware.auth_context [None req-19630d23-d633-497b-ab77-432d0e8803d2 None admin] RBAC: auth_context: {'token': , 'domain_id': None, 'trust_id': None, 'trustor_id': None, 'trustee_id': None, 'domain_name': None, 'group_ids': [], 'user_id': '92087d19f67f41568680b2ba5f71f0bb', 'user_domain_id': 'default', 'system_scope': 'all', 'project_id': None, 'project_domain_id': None, 'roles': ['admin', 'member', 'reader'], 'is_admin_project': True, 'service_user_id': None, 'service_user_domain_id': None, 'service_project_id': None, 'service_project_domain_id': None, 'service_roles': []} {{(pid=41958) fill_context /opt/stack/keystone/keystone/server/flask/request_processing/middleware/auth_context.py:480}}
Jul 20 21:16:56 user devstack@keystone.service[41958]: DEBUG keystone.server.flask.request_processing.req_logging [None req-19630d23-d633-497b-ab77-432d0e8803d2 None admin] REQUEST_METHOD: `GET` {{(pid=41958) log_request_info /opt/stack/keystone/keystone/server/flask/request_processing/req_logging.py:27}}
Jul 20 21:16:56 user devstack@keystone.service[41958]: DEBUG keystone.server.flask.request_processing.req_logging [None req-19630d23-d633-497b-ab77-432d0e8803d2 None admin] SCRIPT_NAME: `/identity` {{(pid=41958) log_request_info /opt/stack/keystone/keystone/server/flask/request_processing/req_logging.py:28}}
Jul 20 21:16:56 user devstack@keystone.service[41957]: DEBUG keystone.common.rbac_enforcer.enforcer [None req-d24d2775-d4fd-428e-a933-cf0538a26294 None admin] RBAC: Authorization granted {{(pid=41957) enforce_call /opt/stack/keystone/keystone/common/rbac_enforcer/enforcer.py:457}}
Jul 20 21:16:56 user devstack@keystone.service[41958]: DEBUG keystone.server.flask.request_processing.req_logging [None req-19630d23-d633-497b-ab77-432d0e8803d2 None admin] PATH_INFO: `/v3/roles` {{(pid=41958) log_request_info /opt/stack/keystone/keystone/server/flask/request_processing/req_logging.py:29}}
Jul 20 21:16:56 user devstack@keystone.service[41958]: DEBUG keystone.common.rbac_enforcer.enforcer [None req-19630d23-d633-497b-ab77-432d0e8803d2 None admin] RBAC: Adding query filter params (name=member) {{(pid=41958) _extract_filter_values /opt/stack/keystone/keystone/common/rbac_enforcer/enforcer.py:167}}
Jul 20 21:16:56 user devstack@keystone.service[41958]: DEBUG keystone.common.rbac_enforcer.enforcer [None req-19630d23-d633-497b-ab77-432d0e8803d2 None admin] RBAC: Authorizing `identity:list_roles()` {{(pid=41958) enforce_call /opt/stack/keystone/keystone/common/rbac_enforcer/enforcer.py:449}}
Jul 20 21:16:56 user devstack@keystone.service[41957]: [pid: 41957|app: 0|req: 69/213] 10.0.0.210 () {56 vars in 1103 bytes} [Thu Jul 20 21:16:56 2023] GET /identity/v3/domains/default => generated 198 bytes in 125 msecs (HTTP/1.1 200) 5 headers in 177 bytes (1 switches on core 0)
Jul 20 21:16:56 user devstack@keystone.service[41958]: DEBUG keystone.common.rbac_enforcer.enforcer [None req-19630d23-d633-497b-ab77-432d0e8803d2 None admin] RBAC: Authorization granted {{(pid=41958) enforce_call /opt/stack/keystone/keystone/common/rbac_enforcer/enforcer.py:457}}
Jul 20 21:16:56 user devstack@keystone.service[41956]: DEBUG keystone.server.flask.request_processing.middleware.auth_context [None req-b6904908-61b6-435e-94b2-748aaa6ad587 None admin] Authenticating user token {{(pid=41956) process_request /usr/local/lib/python3.10/dist-packages/keystonemiddleware/auth_token/__init__.py:406}}
Jul 20 21:16:56 user devstack@keystone.service[41958]: [pid: 41958|app: 0|req: 72/214] 10.0.0.210 () {56 vars in 1096 bytes} [Thu Jul 20 21:16:56 2023] GET /identity/v3/roles?name=member => generated 339 bytes in 123 msecs (HTTP/1.1 200) 5 headers in 177 bytes (1 switches on core 0)
Jul 20 21:16:56 user devstack@keystone.service[41957]: DEBUG keystone.server.flask.request_processing.middleware.auth_context [None req-d24d2775-d4fd-428e-a933-cf0538a26294 None admin] Authenticating user token {{(pid=41957) process_request /usr/local/lib/python3.10/dist-packages/keystonemiddleware/auth_token/__init__.py:406}}
Jul 20 21:16:56 user devstack@keystone.service[41958]: DEBUG keystone.server.flask.request_processing.middleware.auth_context [None req-19630d23-d633-497b-ab77-432d0e8803d2 None admin] Authenticating user token {{(pid=41958) process_request /usr/local/lib/python3.10/dist-packages/keystonemiddleware/auth_token/__init__.py:406}}
Jul 20 21:16:56 user devstack@keystone.service[41956]: DEBUG keystone.server.flask.request_processing.middleware.auth_context [None req-b6904908-61b6-435e-94b2-748aaa6ad587 None admin] Validating token access rules against request {{(pid=41956) validate_allowed_request /usr/local/lib/python3.10/dist-packages/keystonemiddleware/auth_token/__init__.py:544}}
Jul 20 21:16:56 user devstack@keystone.service[41957]: DEBUG dbcounter [-] [41957] Writing DB stats keystone:SELECT=100 {{(pid=41957) stat_writer /usr/local/lib/python3.10/dist-packages/dbcounter.py:117}}
Jul 20 21:16:56 user devstack@keystone.service[41956]: DEBUG dbcounter [-] [41956] Writing DB stats keystone:SELECT=100 {{(pid=41956) stat_writer /usr/local/lib/python3.10/dist-packages/dbcounter.py:117}}
Jul 20 21:16:56 user devstack@keystone.service[41957]: DEBUG keystone.server.flask.request_processing.middleware.auth_context [None req-d24d2775-d4fd-428e-a933-cf0538a26294 None admin] Validating token access rules against request {{(pid=41957) validate_allowed_request /usr/local/lib/python3.10/dist-packages/keystonemiddleware/auth_token/__init__.py:544}}
Jul 20 21:16:56 user devstack@keystone.service[41956]: DEBUG keystone.server.flask.request_processing.middleware.auth_context [None req-42e0891f-3312-4551-b64a-7e0fa93fde76 None admin] RBAC: auth_context: {'token': , 'domain_id': None, 'trust_id': None, 'trustor_id': None, 'trustee_id': None, 'domain_name': None, 'group_ids': [], 'user_id': '92087d19f67f41568680b2ba5f71f0bb', 'user_domain_id': 'default', 'system_scope': 'all', 'project_id': None, 'project_domain_id': None, 'roles': ['admin', 'member', 'reader'], 'is_admin_project': True, 'service_user_id': None, 'service_user_domain_id': None, 'service_project_id': None, 'service_project_domain_id': None, 'service_roles': []} {{(pid=41956) fill_context /opt/stack/keystone/keystone/server/flask/request_processing/middleware/auth_context.py:480}}
Jul 20 21:16:56 user devstack@keystone.service[41956]: DEBUG keystone.server.flask.request_processing.req_logging [None req-42e0891f-3312-4551-b64a-7e0fa93fde76 None admin] REQUEST_METHOD: `POST` {{(pid=41956) log_request_info /opt/stack/keystone/keystone/server/flask/request_processing/req_logging.py:27}}
Jul 20 21:16:56 user devstack@keystone.service[41956]: DEBUG keystone.server.flask.request_processing.req_logging [None req-42e0891f-3312-4551-b64a-7e0fa93fde76 None admin] SCRIPT_NAME: `/identity` {{(pid=41956) log_request_info /opt/stack/keystone/keystone/server/flask/request_processing/req_logging.py:28}}
Jul 20 21:16:56 user devstack@keystone.service[41956]: DEBUG keystone.server.flask.request_processing.req_logging [None req-42e0891f-3312-4551-b64a-7e0fa93fde76 None admin] PATH_INFO: `/v3/users` {{(pid=41956) log_request_info /opt/stack/keystone/keystone/server/flask/request_processing/req_logging.py:29}}
Jul 20 21:16:56 user devstack@keystone.service[41956]: DEBUG keystone.common.rbac_enforcer.enforcer [None req-42e0891f-3312-4551-b64a-7e0fa93fde76 None admin] RBAC: Authorizing `identity:create_user()` {{(pid=41956) enforce_call /opt/stack/keystone/keystone/common/rbac_enforcer/enforcer.py:449}}
Jul 20 21:16:56 user devstack@keystone.service[41956]: DEBUG keystone.common.rbac_enforcer.enforcer [None req-42e0891f-3312-4551-b64a-7e0fa93fde76 None admin] RBAC: Authorization granted {{(pid=41956) enforce_call /opt/stack/keystone/keystone/common/rbac_enforcer/enforcer.py:457}}
Jul 20 21:16:56 user devstack@keystone.service[41956]: WARNING keystone.common.password_hashing [None req-42e0891f-3312-4551-b64a-7e0fa93fde76 None admin] Truncating password to algorithm specific maximum length 54 characters.
Jul 20 21:16:56 user devstack@keystone.service[41956]: [pid: 41956|app: 0|req: 74/215] 10.0.0.210 () {60 vars in 1127 bytes} [Thu Jul 20 21:16:56 2023] POST /identity/v3/users => generated 292 bytes in 133 msecs (HTTP/1.1 201) 5 headers in 182 bytes (1 switches on core 0)
Jul 20 21:16:56 user devstack@keystone.service[41958]: DEBUG keystone.server.flask.request_processing.middleware.auth_context [None req-19630d23-d633-497b-ab77-432d0e8803d2 None admin] Validating token access rules against request {{(pid=41958) validate_allowed_request /usr/local/lib/python3.10/dist-packages/keystonemiddleware/auth_token/__init__.py:544}}
Jul 20 21:16:56 user devstack@keystone.service[41957]: DEBUG keystone.server.flask.request_processing.middleware.auth_context [None req-b704eaed-1e3d-4f4d-a14b-84f4fd38d922 None admin] RBAC: auth_context: {'token': , 'domain_id': None, 'trust_id': None, 'trustor_id': None, 'trustee_id': None, 'domain_name': None, 'group_ids': [], 'user_id': '92087d19f67f41568680b2ba5f71f0bb', 'user_domain_id': 'default', 'system_scope': 'all', 'project_id': None, 'project_domain_id': None, 'roles': ['admin', 'member', 'reader'], 'is_admin_project': True, 'service_user_id': None, 'service_user_domain_id': None, 'service_project_id': None, 'service_project_domain_id': None, 'service_roles': []} {{(pid=41957) fill_context /opt/stack/keystone/keystone/server/flask/request_processing/middleware/auth_context.py:480}}
Jul 20 21:16:56 user devstack@keystone.service[41957]: DEBUG keystone.server.flask.request_processing.req_logging [None req-b704eaed-1e3d-4f4d-a14b-84f4fd38d922 None admin] REQUEST_METHOD: `GET` {{(pid=41957) log_request_info /opt/stack/keystone/keystone/server/flask/request_processing/req_logging.py:27}}
Jul 20 21:16:56 user devstack@keystone.service[41957]: DEBUG keystone.server.flask.request_processing.req_logging [None req-b704eaed-1e3d-4f4d-a14b-84f4fd38d922 None admin] SCRIPT_NAME: `/identity` {{(pid=41957) log_request_info /opt/stack/keystone/keystone/server/flask/request_processing/req_logging.py:28}}
Jul 20 21:16:56 user devstack@keystone.service[41957]: DEBUG keystone.server.flask.request_processing.req_logging [None req-b704eaed-1e3d-4f4d-a14b-84f4fd38d922 None admin] PATH_INFO: `/v3/users/5e9455e315ac4259bdc79a73d999c394` {{(pid=41957) log_request_info /opt/stack/keystone/keystone/server/flask/request_processing/req_logging.py:29}}
Jul 20 21:16:56 user devstack@keystone.service[41957]: DEBUG keystone.common.rbac_enforcer.enforcer [None req-b704eaed-1e3d-4f4d-a14b-84f4fd38d922 None admin] RBAC: Authorizing `identity:get_user(user_id=5e9455e315ac4259bdc79a73d999c394)` {{(pid=41957) enforce_call /opt/stack/keystone/keystone/common/rbac_enforcer/enforcer.py:449}}
Jul 20 21:16:56 user devstack@keystone.service[41957]: DEBUG keystone.common.rbac_enforcer.enforcer [None req-b704eaed-1e3d-4f4d-a14b-84f4fd38d922 None admin] RBAC: Authorization granted {{(pid=41957) enforce_call /opt/stack/keystone/keystone/common/rbac_enforcer/enforcer.py:457}}
Jul 20 21:16:56 user devstack@keystone.service[41957]: [pid: 41957|app: 0|req: 70/216] 10.0.0.210 () {56 vars in 1172 bytes} [Thu Jul 20 21:16:56 2023] GET /identity/v3/users/5e9455e315ac4259bdc79a73d999c394 => generated 292 bytes in 158 msecs (HTTP/1.1 200) 5 headers in 177 bytes (1 switches on core 0)
