Jul 31 14:47:09 user devstack@c-api.service[73033]: DEBUG cinder.quota [None req-d52a3e8f-6cc6-4aab-bae9-31b0cd3b46eb tempest-GroupsV314Test-839135217 tempest-GroupsV314Test-839135217-project-member] Created reservations ['7dc0dfd0-70f1-4888-82d2-f17752aa6c3a'] {{(pid=73033) reserve /opt/stack/cinder/cinder/quota.py:755}}
Jul 31 14:47:09 user devstack@c-api.service[73033]: INFO cinder.api.openstack.wsgi [None req-d52a3e8f-6cc6-4aab-bae9-31b0cd3b46eb tempest-GroupsV314Test-839135217 tempest-GroupsV314Test-839135217-project-member] http://10.0.0.210/volume/v3/d73ddc3cd97f49e6a403588b4a917a04/groups returned with HTTP 202
Jul 31 14:47:09 user devstack@c-api.service[73033]: [pid: 73033|app: 0|req: 120/409] 10.0.0.210 () {66 vars in 1351 bytes} [Mon Jul 31 14:47:08 2023] POST /volume/v3/d73ddc3cd97f49e6a403588b4a917a04/groups => generated 108 bytes in 386 msecs (HTTP/1.1 202) 7 headers in 292 bytes (2 switches on core 0)
Jul 31 14:47:09 user devstack@c-api.service[73033]: DEBUG cinder.api.middleware.request_id [None req-d03da671-d80c-4bc9-818c-a298392b877c None None] RequestId filter calling following filter/app {{(pid=73033) _context_setter /opt/stack/cinder/cinder/api/middleware/request_id.py:62}}
Jul 31 14:47:09 user devstack@c-api.service[73033]: INFO cinder.api.openstack.wsgi [None req-d03da671-d80c-4bc9-818c-a298392b877c tempest-GroupsV314Test-839135217 tempest-GroupsV314Test-839135217-project-member] GET http://10.0.0.210/volume/v3/d73ddc3cd97f49e6a403588b4a917a04/groups/2cbefb1f-5c2b-4973-83a8-42414eb78ec3
Jul 31 14:47:09 user devstack@c-api.service[73033]: DEBUG cinder.api.openstack.wsgi [None req-d03da671-d80c-4bc9-818c-a298392b877c tempest-GroupsV314Test-839135217 tempest-GroupsV314Test-839135217-project-member] Empty body provided in request {{(pid=73033) get_body /opt/stack/cinder/cinder/api/openstack/wsgi.py:715}}
Jul 31 14:47:09 user devstack@c-api.service[73033]: DEBUG cinder.api.openstack.wsgi [None req-d03da671-d80c-4bc9-818c-a298392b877c tempest-GroupsV314Test-839135217 tempest-GroupsV314Test-839135217-project-member] Calling method 'version_select' {{(pid=73033) _process_stack /opt/stack/cinder/cinder/api/openstack/wsgi.py:868}}
Jul 31 14:47:09 user devstack@c-api.service[73033]: DEBUG cinder.api.v3.groups [None req-d03da671-d80c-4bc9-818c-a298392b877c tempest-GroupsV314Test-839135217 tempest-GroupsV314Test-839135217-project-member] show called for member 2cbefb1f-5c2b-4973-83a8-42414eb78ec3 {{(pid=73033) show /opt/stack/cinder/cinder/api/v3/groups.py:58}}
Jul 31 14:47:09 user devstack@c-api.service[73033]: /usr/local/lib/python3.10/dist-packages/oslo_context/context.py:100: DeprecationWarning: Policy enforcement is depending on the value of is_admin. This key is deprecated. Please update your policy file to use the standard policy values.
Jul 31 14:47:09 user devstack@c-api.service[73033]: warnings.warn('Policy enforcement is depending on the value of '
Jul 31 14:47:09 user devstack@c-api.service[73033]: INFO cinder.api.openstack.wsgi [None req-d03da671-d80c-4bc9-818c-a298392b877c tempest-GroupsV314Test-839135217 tempest-GroupsV314Test-839135217-project-member] http://10.0.0.210/volume/v3/d73ddc3cd97f49e6a403588b4a917a04/groups/2cbefb1f-5c2b-4973-83a8-42414eb78ec3 returned with HTTP 200
Jul 31 14:47:09 user devstack@c-api.service[73033]: [pid: 73033|app: 0|req: 121/410] 10.0.0.210 () {64 vars in 1440 bytes} [Mon Jul 31 14:47:09 2023] GET /volume/v3/d73ddc3cd97f49e6a403588b4a917a04/groups/2cbefb1f-5c2b-4973-83a8-42414eb78ec3 => generated 388 bytes in 63 msecs (HTTP/1.1 200) 7 headers in 286 bytes (1 switches on core 0)
Jul 31 14:47:09 user devstack@c-api.service[73033]: DEBUG cinder.api.middleware.request_id [None req-daf8c6f3-641c-45ff-a5b3-9a136ec21330 None None] RequestId filter calling following filter/app {{(pid=73033) _context_setter /opt/stack/cinder/cinder/api/middleware/request_id.py:62}}
Jul 31 14:47:09 user devstack@c-api.service[73033]: INFO cinder.api.openstack.wsgi [None req-daf8c6f3-641c-45ff-a5b3-9a136ec21330 tempest-TestVolumeSwap-997241221 tempest-TestVolumeSwap-997241221-project-member] GET http://10.0.0.210/volume/v3/6ec2ff6a04934b24973a97b4cde3af01/volumes/ab681c1d-23c4-4717-80b9-c98d504cca89
Jul 31 14:47:09 user devstack@c-api.service[73033]: DEBUG cinder.api.openstack.wsgi [None req-daf8c6f3-641c-45ff-a5b3-9a136ec21330 tempest-TestVolumeSwap-997241221 tempest-TestVolumeSwap-997241221-project-member] Empty body provided in request {{(pid=73033) get_body /opt/stack/cinder/cinder/api/openstack/wsgi.py:715}}
Jul 31 14:47:09 user devstack@c-api.service[73033]: DEBUG cinder.api.openstack.wsgi [None req-daf8c6f3-641c-45ff-a5b3-9a136ec21330 tempest-TestVolumeSwap-997241221 tempest-TestVolumeSwap-997241221-project-member] Calling method 'show' {{(pid=73033) _process_stack /opt/stack/cinder/cinder/api/openstack/wsgi.py:868}}
Jul 31 14:47:09 user devstack@c-api.service[73033]: /usr/local/lib/python3.10/dist-packages/oslo_context/context.py:100: DeprecationWarning: Policy enforcement is depending on the value of is_admin. This key is deprecated. Please update your policy file to use the standard policy values.
Jul 31 14:47:09 user devstack@c-api.service[73033]: warnings.warn('Policy enforcement is depending on the value of '
Jul 31 14:47:09 user devstack@c-api.service[73033]: INFO cinder.volume.api [None req-daf8c6f3-641c-45ff-a5b3-9a136ec21330 tempest-TestVolumeSwap-997241221 tempest-TestVolumeSwap-997241221-project-member] Volume info retrieved successfully.
Jul 31 14:47:09 user devstack@c-api.service[73033]: INFO cinder.api.openstack.wsgi [None req-daf8c6f3-641c-45ff-a5b3-9a136ec21330 tempest-TestVolumeSwap-997241221 tempest-TestVolumeSwap-997241221-project-member] http://10.0.0.210/volume/v3/6ec2ff6a04934b24973a97b4cde3af01/volumes/ab681c1d-23c4-4717-80b9-c98d504cca89 returned with HTTP 200
Jul 31 14:47:09 user devstack@c-api.service[73033]: [pid: 73033|app: 0|req: 122/411] 10.0.0.210 () {62 vars in 1402 bytes} [Mon Jul 31 14:47:09 2023] GET /volume/v3/6ec2ff6a04934b24973a97b4cde3af01/volumes/ab681c1d-23c4-4717-80b9-c98d504cca89 => generated 1200 bytes in 70 msecs (HTTP/1.1 200) 7 headers in 286 bytes (1 switches on core 0)
Jul 31 14:47:09 user devstack@c-api.service[73033]: DEBUG cinder.api.middleware.request_id [None req-809a02d3-47a5-4d90-8ac4-813bbf6a6b70 None None] RequestId filter calling following filter/app {{(pid=73033) _context_setter /opt/stack/cinder/cinder/api/middleware/request_id.py:62}}
Jul 31 14:47:09 user devstack@c-api.service[73033]: INFO cinder.api.openstack.wsgi [None req-809a02d3-47a5-4d90-8ac4-813bbf6a6b70 tempest-SnapshotDataIntegrityTests-888246672 tempest-SnapshotDataIntegrityTests-888246672-project-member] GET http://10.0.0.210/volume/v3/464c4d98738c4a58b69e93b15eacda29/volumes/87c13680-fa38-403d-a378-7fc84fc65207
Jul 31 14:47:09 user devstack@c-api.service[73033]: DEBUG cinder.api.openstack.wsgi [None req-809a02d3-47a5-4d90-8ac4-813bbf6a6b70 tempest-SnapshotDataIntegrityTests-888246672 tempest-SnapshotDataIntegrityTests-888246672-project-member] Empty body provided in request {{(pid=73033) get_body /opt/stack/cinder/cinder/api/openstack/wsgi.py:715}}
Jul 31 14:47:09 user devstack@c-api.service[73033]: DEBUG cinder.api.openstack.wsgi [None req-809a02d3-47a5-4d90-8ac4-813bbf6a6b70 tempest-SnapshotDataIntegrityTests-888246672 tempest-SnapshotDataIntegrityTests-888246672-project-member] Calling method 'show' {{(pid=73033) _process_stack /opt/stack/cinder/cinder/api/openstack/wsgi.py:868}}
Jul 31 14:47:09 user devstack@c-api.service[73033]: /usr/local/lib/python3.10/dist-packages/oslo_context/context.py:100: DeprecationWarning: Policy enforcement is depending on the value of is_admin. This key is deprecated. Please update your policy file to use the standard policy values.
Jul 31 14:47:09 user devstack@c-api.service[73033]: warnings.warn('Policy enforcement is depending on the value of '
Jul 31 14:47:09 user devstack@c-api.service[73033]: INFO cinder.volume.api [None req-809a02d3-47a5-4d90-8ac4-813bbf6a6b70 tempest-SnapshotDataIntegrityTests-888246672 tempest-SnapshotDataIntegrityTests-888246672-project-member] Volume info retrieved successfully.
Jul 31 14:47:09 user devstack@c-api.service[73033]: INFO cinder.api.openstack.wsgi [None req-809a02d3-47a5-4d90-8ac4-813bbf6a6b70 tempest-SnapshotDataIntegrityTests-888246672 tempest-SnapshotDataIntegrityTests-888246672-project-member] http://10.0.0.210/volume/v3/464c4d98738c4a58b69e93b15eacda29/volumes/87c13680-fa38-403d-a378-7fc84fc65207 returned with HTTP 200
Jul 31 14:47:09 user devstack@c-api.service[73033]: [pid: 73033|app: 0|req: 123/412] 10.0.0.210 () {62 vars in 1402 bytes} [Mon Jul 31 14:47:09 2023] GET /volume/v3/464c4d98738c4a58b69e93b15eacda29/volumes/87c13680-fa38-403d-a378-7fc84fc65207 => generated 916 bytes in 50 msecs (HTTP/1.1 200) 7 headers in 285 bytes (1 switches on core 0)
Jul 31 14:47:10 user devstack@c-api.service[73033]: DEBUG cinder.api.middleware.request_id [None req-430bdfa4-ba29-4e33-a9c5-546615d53b27 None None] RequestId filter calling following filter/app {{(pid=73033) _context_setter /opt/stack/cinder/cinder/api/middleware/request_id.py:62}}
Jul 31 14:47:10 user devstack@c-api.service[73033]: INFO cinder.api.openstack.wsgi [None req-430bdfa4-ba29-4e33-a9c5-546615d53b27 tempest-GroupsV314Test-839135217 tempest-GroupsV314Test-839135217-project-member] GET http://10.0.0.210/volume/v3/d73ddc3cd97f49e6a403588b4a917a04/groups/2cbefb1f-5c2b-4973-83a8-42414eb78ec3
Jul 31 14:47:10 user devstack@c-api.service[73033]: DEBUG cinder.api.openstack.wsgi [None req-430bdfa4-ba29-4e33-a9c5-546615d53b27 tempest-GroupsV314Test-839135217 tempest-GroupsV314Test-839135217-project-member] Empty body provided in request {{(pid=73033) get_body /opt/stack/cinder/cinder/api/openstack/wsgi.py:715}}
Jul 31 14:47:10 user devstack@c-api.service[73033]: DEBUG cinder.api.openstack.wsgi [None req-430bdfa4-ba29-4e33-a9c5-546615d53b27 tempest-GroupsV314Test-839135217 tempest-GroupsV314Test-839135217-project-member] Calling method 'version_select' {{(pid=73033) _process_stack /opt/stack/cinder/cinder/api/openstack/wsgi.py:868}}
Jul 31 14:47:10 user devstack@c-api.service[73033]: DEBUG cinder.api.v3.groups [None req-430bdfa4-ba29-4e33-a9c5-546615d53b27 tempest-GroupsV314Test-839135217 tempest-GroupsV314Test-839135217-project-member] show called for member 2cbefb1f-5c2b-4973-83a8-42414eb78ec3 {{(pid=73033) show /opt/stack/cinder/cinder/api/v3/groups.py:58}}
Jul 31 14:47:10 user devstack@c-api.service[73033]: /usr/local/lib/python3.10/dist-packages/oslo_context/context.py:100: DeprecationWarning: Policy enforcement is depending on the value of is_admin. This key is deprecated. Please update your policy file to use the standard policy values.
Jul 31 14:47:10 user devstack@c-api.service[73033]: warnings.warn('Policy enforcement is depending on the value of '
Jul 31 14:47:10 user devstack@c-api.service[73032]: DEBUG cinder.coordination [req-f040cc74-f0b1-4667-8b98-2a58b0477179 req-874af90f-7b55-472b-86d0-b1c9efb3da1d tempest-ServerBootFromVolumeStableRescueTest-148379254 tempest-ServerBootFromVolumeStableRescueTest-148379254-project-member] Lock "cinder-attachment_update-6b6e6fc1-6c81-4d1f-92e8-ae4f930973da-user" released by "attachment_update" :: held 9.222s {{(pid=73032) __release /opt/stack/cinder/cinder/coordination.py:156}}
Jul 31 14:47:10 user devstack@c-api.service[73032]: INFO cinder.api.openstack.wsgi [req-f040cc74-f0b1-4667-8b98-2a58b0477179 req-874af90f-7b55-472b-86d0-b1c9efb3da1d tempest-ServerBootFromVolumeStableRescueTest-148379254 tempest-ServerBootFromVolumeStableRescueTest-148379254-project-member] http://10.0.0.210/volume/v3/1d8281237f9c417a9685e55826911e1b/attachments/c996e11f-d179-44dc-b5f7-8a006722ccf2 returned with HTTP 200
Jul 31 14:47:10 user devstack@c-api.service[73032]: [pid: 73032|app: 0|req: 145/413] 10.0.0.210 () {70 vars in 1761 bytes} [Mon Jul 31 14:47:01 2023] PUT /volume/v3/1d8281237f9c417a9685e55826911e1b/attachments/c996e11f-d179-44dc-b5f7-8a006722ccf2 => generated 715 bytes in 9258 msecs (HTTP/1.1 200) 7 headers in 286 bytes (2 switches on core 0)
Jul 31 14:47:10 user devstack@c-api.service[73033]: INFO cinder.api.openstack.wsgi [None req-430bdfa4-ba29-4e33-a9c5-546615d53b27 tempest-GroupsV314Test-839135217 tempest-GroupsV314Test-839135217-project-member] http://10.0.0.210/volume/v3/d73ddc3cd97f49e6a403588b4a917a04/groups/2cbefb1f-5c2b-4973-83a8-42414eb78ec3 returned with HTTP 200
Jul 31 14:47:10 user devstack@c-api.service[73033]: [pid: 73033|app: 0|req: 124/414] 10.0.0.210 () {64 vars in 1440 bytes} [Mon Jul 31 14:47:10 2023] GET /volume/v3/d73ddc3cd97f49e6a403588b4a917a04/groups/2cbefb1f-5c2b-4973-83a8-42414eb78ec3 => generated 389 bytes in 27 msecs (HTTP/1.1 200) 7 headers in 286 bytes (1 switches on core 0)
Jul 31 14:47:10 user devstack@c-api.service[73032]: DEBUG cinder.api.middleware.request_id [None req-59ef2910-d1d9-4ad8-8c89-e53651228383 None None] RequestId filter calling following filter/app {{(pid=73032) _context_setter /opt/stack/cinder/cinder/api/middleware/request_id.py:62}}
Jul 31 14:47:10 user devstack@c-api.service[73032]: INFO cinder.api.openstack.wsgi [None req-59ef2910-d1d9-4ad8-8c89-e53651228383 tempest-GroupsV314Test-839135217 tempest-GroupsV314Test-839135217-project-member] POST http://10.0.0.210/volume/v3/d73ddc3cd97f49e6a403588b4a917a04/volumes
Jul 31 14:47:10 user devstack@c-api.service[73032]: DEBUG cinder.api.openstack.wsgi [None req-59ef2910-d1d9-4ad8-8c89-e53651228383 tempest-GroupsV314Test-839135217 tempest-GroupsV314Test-839135217-project-member] Action: 'create', calling method: create, body: {"volume": {"name": "tempest-volume-866539703", "volume_type": "ac16ca37-51d0-41fe-8103-d877ec84617f", "group_id": "2cbefb1f-5c2b-4973-83a8-42414eb78ec3", "size": 1}} {{(pid=73032) _process_stack /opt/stack/cinder/cinder/api/openstack/wsgi.py:866}}
Jul 31 14:47:10 user devstack@c-api.service[73032]: DEBUG cinder.api.v3.volumes [None req-59ef2910-d1d9-4ad8-8c89-e53651228383 tempest-GroupsV314Test-839135217 tempest-GroupsV314Test-839135217-project-member] Create volume request body: {'volume': {'name': 'tempest-volume-866539703', 'volume_type': 'ac16ca37-51d0-41fe-8103-d877ec84617f', 'group_id': '2cbefb1f-5c2b-4973-83a8-42414eb78ec3', 'size': 1}} {{(pid=73032) create /opt/stack/cinder/cinder/api/v3/volumes.py:297}}
Jul 31 14:47:10 user devstack@c-api.service[73032]: /usr/local/lib/python3.10/dist-packages/oslo_context/context.py:100: DeprecationWarning: Policy enforcement is depending on the value of is_admin. This key is deprecated. Please update your policy file to use the standard policy values.
Jul 31 14:47:10 user devstack@c-api.service[73032]: warnings.warn('Policy enforcement is depending on the value of '
Jul 31 14:47:10 user devstack@c-api.service[73032]: INFO cinder.api.v3.volumes [None req-59ef2910-d1d9-4ad8-8c89-e53651228383 tempest-GroupsV314Test-839135217 tempest-GroupsV314Test-839135217-project-member] Create volume of 1 GB
Jul 31 14:47:10 user devstack@c-api.service[73033]: DEBUG cinder.api.middleware.request_id [req-f040cc74-f0b1-4667-8b98-2a58b0477179 req-31b5016e-09b9-421a-96eb-807385c141e6 None None] RequestId filter calling following filter/app {{(pid=73033) _context_setter /opt/stack/cinder/cinder/api/middleware/request_id.py:62}}
Jul 31 14:47:10 user devstack@c-api.service[73033]: INFO cinder.api.openstack.wsgi [req-f040cc74-f0b1-4667-8b98-2a58b0477179 req-31b5016e-09b9-421a-96eb-807385c141e6 tempest-ServerBootFromVolumeStableRescueTest-148379254 tempest-ServerBootFromVolumeStableRescueTest-148379254-project-member] POST http://10.0.0.210/volume/v3/1d8281237f9c417a9685e55826911e1b/attachments/c996e11f-d179-44dc-b5f7-8a006722ccf2/action
Jul 31 14:47:10 user devstack@c-api.service[73033]: DEBUG cinder.api.openstack.wsgi [req-f040cc74-f0b1-4667-8b98-2a58b0477179 req-31b5016e-09b9-421a-96eb-807385c141e6 tempest-ServerBootFromVolumeStableRescueTest-148379254 tempest-ServerBootFromVolumeStableRescueTest-148379254-project-member] Action body: b'{"os-complete": null}' {{(pid=73033) get_method /opt/stack/cinder/cinder/api/openstack/wsgi.py:983}}
Jul 31 14:47:10 user devstack@c-api.service[73033]: DEBUG cinder.api.openstack.wsgi [req-f040cc74-f0b1-4667-8b98-2a58b0477179 req-31b5016e-09b9-421a-96eb-807385c141e6 tempest-ServerBootFromVolumeStableRescueTest-148379254 tempest-ServerBootFromVolumeStableRescueTest-148379254-project-member] Action: 'action', calling method: complete, body: {"os-complete": null} {{(pid=73033) _process_stack /opt/stack/cinder/cinder/api/openstack/wsgi.py:866}}
Jul 31 14:47:10 user devstack@c-api.service[73032]: INFO cinder.volume.api [None req-59ef2910-d1d9-4ad8-8c89-e53651228383 tempest-GroupsV314Test-839135217 tempest-GroupsV314Test-839135217-project-member] Availability Zones retrieved successfully.
Jul 31 14:47:10 user devstack@c-api.service[73033]: DEBUG dbcounter [-] [73033] Writing DB stats cinder:SELECT=91,cinder:INSERT=6,cinder:UPDATE=3 {{(pid=73033) stat_writer /usr/local/lib/python3.10/dist-packages/dbcounter.py:117}}
Jul 31 14:47:10 user devstack@c-api.service[73033]: /usr/local/lib/python3.10/dist-packages/oslo_context/context.py:100: DeprecationWarning: Policy enforcement is depending on the value of is_admin. This key is deprecated. Please update your policy file to use the standard policy values.
Jul 31 14:47:10 user devstack@c-api.service[73033]: warnings.warn('Policy enforcement is depending on the value of '
Jul 31 14:47:10 user devstack@c-api.service[73032]: DEBUG cinder.volume.api [None req-59ef2910-d1d9-4ad8-8c89-e53651228383 tempest-GroupsV314Test-839135217 tempest-GroupsV314Test-839135217-project-member] Flow 'volume_create_api' (1754c92b-a2d8-419b-b87c-882c46ed38b5) transitioned into state 'RUNNING' from state 'PENDING' {{(pid=73032) _flow_receiver /usr/local/lib/python3.10/dist-packages/taskflow/listeners/logging.py:141}}
Jul 31 14:47:10 user devstack@c-api.service[73032]: DEBUG cinder.volume.api [None req-59ef2910-d1d9-4ad8-8c89-e53651228383 tempest-GroupsV314Test-839135217 tempest-GroupsV314Test-839135217-project-member] Task 'cinder.volume.flows.api.create_volume.ExtractVolumeRequestTask;volume:create' (f49e7a6c-0dd9-43b9-bf00-89e7fc7a47a5) transitioned into state 'RUNNING' from state 'PENDING' {{(pid=73032) _task_receiver /usr/local/lib/python3.10/dist-packages/taskflow/listeners/logging.py:190}}
Jul 31 14:47:10 user devstack@c-api.service[73032]: /usr/local/lib/python3.10/dist-packages/oslo_context/context.py:100: DeprecationWarning: Policy enforcement is depending on the value of is_admin. This key is deprecated. Please update your policy file to use the standard policy values.
Jul 31 14:47:10 user devstack@c-api.service[73032]: warnings.warn('Policy enforcement is depending on the value of '
Jul 31 14:47:10 user devstack@c-api.service[73032]: DEBUG cinder.volume.flows.api.create_volume [None req-59ef2910-d1d9-4ad8-8c89-e53651228383 tempest-GroupsV314Test-839135217 tempest-GroupsV314Test-839135217-project-member] Validating volume size '1' using validate_int {{(pid=73032) _extract_size /opt/stack/cinder/cinder/volume/flows/api/create_volume.py:228}}
Jul 31 14:47:10 user devstack@c-api.service[73033]: INFO cinder.api.openstack.wsgi [req-f040cc74-f0b1-4667-8b98-2a58b0477179 req-31b5016e-09b9-421a-96eb-807385c141e6 tempest-ServerBootFromVolumeStableRescueTest-148379254 tempest-ServerBootFromVolumeStableRescueTest-148379254-project-member] http://10.0.0.210/volume/v3/1d8281237f9c417a9685e55826911e1b/attachments/c996e11f-d179-44dc-b5f7-8a006722ccf2/action returned with HTTP 204
Jul 31 14:47:10 user devstack@c-api.service[73033]: [pid: 73033|app: 0|req: 125/415] 10.0.0.210 () {70 vars in 1782 bytes} [Mon Jul 31 14:47:10 2023] POST /volume/v3/1d8281237f9c417a9685e55826911e1b/attachments/c996e11f-d179-44dc-b5f7-8a006722ccf2/action => generated 0 bytes in 64 msecs (HTTP/1.1 204) 7 headers in 292 bytes (1 switches on core 0)
Jul 31 14:47:10 user devstack@c-api.service[73033]: DEBUG cinder.api.middleware.request_id [None req-8d15f8c6-b8b9-43d5-b874-88ec9dcac33f None None] RequestId filter calling following filter/app {{(pid=73033) _context_setter /opt/stack/cinder/cinder/api/middleware/request_id.py:62}}
Jul 31 14:47:10 user devstack@c-api.service[73033]: INFO cinder.api.openstack.wsgi [None req-8d15f8c6-b8b9-43d5-b874-88ec9dcac33f tempest-TestVolumeSwap-997241221 tempest-TestVolumeSwap-997241221-project-member] GET http://10.0.0.210/volume/v3/6ec2ff6a04934b24973a97b4cde3af01/volumes/ab681c1d-23c4-4717-80b9-c98d504cca89
Jul 31 14:47:10 user devstack@c-api.service[73033]: DEBUG cinder.api.openstack.wsgi [None req-8d15f8c6-b8b9-43d5-b874-88ec9dcac33f tempest-TestVolumeSwap-997241221 tempest-TestVolumeSwap-997241221-project-member] Empty body provided in request {{(pid=73033) get_body /opt/stack/cinder/cinder/api/openstack/wsgi.py:715}}
Jul 31 14:47:10 user devstack@c-api.service[73033]: DEBUG cinder.api.openstack.wsgi [None req-8d15f8c6-b8b9-43d5-b874-88ec9dcac33f tempest-TestVolumeSwap-997241221 tempest-TestVolumeSwap-997241221-project-member] Calling method 'show' {{(pid=73033) _process_stack /opt/stack/cinder/cinder/api/openstack/wsgi.py:868}}
Jul 31 14:47:10 user devstack@c-api.service[73033]: /usr/local/lib/python3.10/dist-packages/oslo_context/context.py:100: DeprecationWarning: Policy enforcement is depending on the value of is_admin. This key is deprecated. Please update your policy file to use the standard policy values.
Jul 31 14:47:10 user devstack@c-api.service[73033]: warnings.warn('Policy enforcement is depending on the value of '
Jul 31 14:47:10 user devstack@c-api.service[73032]: DEBUG cinder.volume.api [None req-59ef2910-d1d9-4ad8-8c89-e53651228383 tempest-GroupsV314Test-839135217 tempest-GroupsV314Test-839135217-project-member] Task 'cinder.volume.flows.api.create_volume.ExtractVolumeRequestTask;volume:create' (f49e7a6c-0dd9-43b9-bf00-89e7fc7a47a5) transitioned into state 'SUCCESS' from state 'RUNNING' with result '{'size': 1, 'snapshot_id': None, 'source_volid': None, 'volume_type': VolumeType(created_at=2023-07-31T14:47:09Z,deleted=False,deleted_at=None,description=None,extra_specs={},id=ac16ca37-51d0-41fe-8103-d877ec84617f,is_public=True,name='tempest-GroupsV314Test-volume-type-1366188249',projects=[],qos_specs=,qos_specs_id=None,updated_at=None), 'volume_type_id': 'ac16ca37-51d0-41fe-8103-d877ec84617f', 'encryption_key_id': None, 'qos_specs': None, 'consistencygroup_id': None, 'cgsnapshot_id': None, 'group_id': '2cbefb1f-5c2b-4973-83a8-42414eb78ec3', 'replication_status': 'disabled', 'refresh_az': False, 'backup_id': None, 'multiattach': False, 'availability_zones': ['nova']}' {{(pid=73032) _task_receiver /usr/local/lib/python3.10/dist-packages/taskflow/listeners/logging.py:178}}
Jul 31 14:47:10 user devstack@c-api.service[73032]: DEBUG cinder.volume.api [None req-59ef2910-d1d9-4ad8-8c89-e53651228383 tempest-GroupsV314Test-839135217 tempest-GroupsV314Test-839135217-project-member] Task 'cinder.volume.flows.api.create_volume.QuotaReserveTask;volume:create' (cb497bc5-fd59-462d-aeb9-d019bb820593) transitioned into state 'RUNNING' from state 'PENDING' {{(pid=73032) _task_receiver /usr/local/lib/python3.10/dist-packages/taskflow/listeners/logging.py:190}}
Jul 31 14:47:10 user devstack@c-api.service[73033]: INFO cinder.volume.api [None req-8d15f8c6-b8b9-43d5-b874-88ec9dcac33f tempest-TestVolumeSwap-997241221 tempest-TestVolumeSwap-997241221-project-member] Volume info retrieved successfully.
Jul 31 14:47:10 user devstack@c-api.service[73033]: INFO cinder.api.openstack.wsgi [None req-8d15f8c6-b8b9-43d5-b874-88ec9dcac33f tempest-TestVolumeSwap-997241221 tempest-TestVolumeSwap-997241221-project-member] http://10.0.0.210/volume/v3/6ec2ff6a04934b24973a97b4cde3af01/volumes/ab681c1d-23c4-4717-80b9-c98d504cca89 returned with HTTP 200
Jul 31 14:47:10 user devstack@c-api.service[73033]: [pid: 73033|app: 0|req: 126/416] 10.0.0.210 () {62 vars in 1402 bytes} [Mon Jul 31 14:47:10 2023] GET /volume/v3/6ec2ff6a04934b24973a97b4cde3af01/volumes/ab681c1d-23c4-4717-80b9-c98d504cca89 => generated 1200 bytes in 41 msecs (HTTP/1.1 200) 7 headers in 286 bytes (1 switches on core 0)
Jul 31 14:47:10 user devstack@c-api.service[73033]: DEBUG cinder.api.middleware.request_id [None req-6e5f3acd-706b-49b3-a977-fe5c69f7eeab None None] RequestId filter calling following filter/app {{(pid=73033) _context_setter /opt/stack/cinder/cinder/api/middleware/request_id.py:62}}
Jul 31 14:47:10 user devstack@c-api.service[73033]: INFO cinder.api.openstack.wsgi [None req-6e5f3acd-706b-49b3-a977-fe5c69f7eeab tempest-SnapshotDataIntegrityTests-888246672 tempest-SnapshotDataIntegrityTests-888246672-project-member] GET http://10.0.0.210/volume/v3/464c4d98738c4a58b69e93b15eacda29/volumes/87c13680-fa38-403d-a378-7fc84fc65207
Jul 31 14:47:10 user devstack@c-api.service[73033]: DEBUG cinder.api.openstack.wsgi [None req-6e5f3acd-706b-49b3-a977-fe5c69f7eeab tempest-SnapshotDataIntegrityTests-888246672 tempest-SnapshotDataIntegrityTests-888246672-project-member] Empty body provided in request {{(pid=73033) get_body /opt/stack/cinder/cinder/api/openstack/wsgi.py:715}}
Jul 31 14:47:10 user devstack@c-api.service[73033]: DEBUG cinder.api.openstack.wsgi [None req-6e5f3acd-706b-49b3-a977-fe5c69f7eeab tempest-SnapshotDataIntegrityTests-888246672 tempest-SnapshotDataIntegrityTests-888246672-project-member] Calling method 'show' {{(pid=73033) _process_stack /opt/stack/cinder/cinder/api/openstack/wsgi.py:868}}
Jul 31 14:47:10 user devstack@c-api.service[73032]: DEBUG dbcounter [-] [73032] Writing DB stats cinder:SELECT=96,cinder:UPDATE=3,cinder:INSERT=1 {{(pid=73032) stat_writer /usr/local/lib/python3.10/dist-packages/dbcounter.py:117}}
Jul 31 14:47:10 user devstack@c-api.service[73032]: WARNING cinder.quota [None req-59ef2910-d1d9-4ad8-8c89-e53651228383 tempest-GroupsV314Test-839135217 tempest-GroupsV314Test-839135217-project-member] Deprecated: Default quota for resource: volumes_tempest-GroupsV314Test-volume-type-1366188249 is set by the default quota flag: quota_volumes_tempest-GroupsV314Test-volume-type-1366188249, it is now deprecated. Please use the default quota class for default quota.
Jul 31 14:47:10 user devstack@c-api.service[73032]: WARNING cinder.quota [None req-59ef2910-d1d9-4ad8-8c89-e53651228383 tempest-GroupsV314Test-839135217 tempest-GroupsV314Test-839135217-project-member] Deprecated: Default quota for resource: gigabytes_tempest-GroupsV314Test-volume-type-1366188249 is set by the default quota flag: quota_gigabytes_tempest-GroupsV314Test-volume-type-1366188249, it is now deprecated. Please use the default quota class for default quota.
Jul 31 14:47:10 user devstack@c-api.service[73033]: /usr/local/lib/python3.10/dist-packages/oslo_context/context.py:100: DeprecationWarning: Policy enforcement is depending on the value of is_admin. This key is deprecated. Please update your policy file to use the standard policy values.
Jul 31 14:47:10 user devstack@c-api.service[73033]: warnings.warn('Policy enforcement is depending on the value of '
Jul 31 14:47:10 user devstack@c-api.service[73033]: INFO cinder.volume.api [None req-6e5f3acd-706b-49b3-a977-fe5c69f7eeab tempest-SnapshotDataIntegrityTests-888246672 tempest-SnapshotDataIntegrityTests-888246672-project-member] Volume info retrieved successfully.
Jul 31 14:47:10 user devstack@c-api.service[73033]: INFO cinder.api.openstack.wsgi [None req-6e5f3acd-706b-49b3-a977-fe5c69f7eeab tempest-SnapshotDataIntegrityTests-888246672 tempest-SnapshotDataIntegrityTests-888246672-project-member] http://10.0.0.210/volume/v3/464c4d98738c4a58b69e93b15eacda29/volumes/87c13680-fa38-403d-a378-7fc84fc65207 returned with HTTP 200
Jul 31 14:47:10 user devstack@c-api.service[73033]: [pid: 73033|app: 0|req: 127/417] 10.0.0.210 () {62 vars in 1402 bytes} [Mon Jul 31 14:47:10 2023] GET /volume/v3/464c4d98738c4a58b69e93b15eacda29/volumes/87c13680-fa38-403d-a378-7fc84fc65207 => generated 916 bytes in 64 msecs (HTTP/1.1 200) 7 headers in 285 bytes (1 switches on core 0)
Jul 31 14:47:10 user devstack@c-api.service[73032]: DEBUG cinder.quota [None req-59ef2910-d1d9-4ad8-8c89-e53651228383 tempest-GroupsV314Test-839135217 tempest-GroupsV314Test-839135217-project-member] Created reservations ['da1eaa79-d4c6-4296-b51a-65df19b56037', 'ea3c7667-05d5-4535-b2d7-c6fb087500bb', '6eaff53c-57fa-43bd-8541-23982d2b3599', 'c5831650-40c8-4547-9be4-40f5d7a64fb3'] {{(pid=73032) reserve /opt/stack/cinder/cinder/quota.py:755}}
Jul 31 14:47:10 user devstack@c-api.service[73032]: DEBUG cinder.volume.api [None req-59ef2910-d1d9-4ad8-8c89-e53651228383 tempest-GroupsV314Test-839135217 tempest-GroupsV314Test-839135217-project-member] Task 'cinder.volume.flows.api.create_volume.QuotaReserveTask;volume:create' (cb497bc5-fd59-462d-aeb9-d019bb820593) transitioned into state 'SUCCESS' from state 'RUNNING' with result '{'reservations': ['da1eaa79-d4c6-4296-b51a-65df19b56037', 'ea3c7667-05d5-4535-b2d7-c6fb087500bb', '6eaff53c-57fa-43bd-8541-23982d2b3599', 'c5831650-40c8-4547-9be4-40f5d7a64fb3']}' {{(pid=73032) _task_receiver /usr/local/lib/python3.10/dist-packages/taskflow/listeners/logging.py:178}}
Jul 31 14:47:10 user devstack@c-api.service[73032]: DEBUG cinder.volume.api [None req-59ef2910-d1d9-4ad8-8c89-e53651228383 tempest-GroupsV314Test-839135217 tempest-GroupsV314Test-839135217-project-member] Task 'cinder.volume.flows.api.create_volume.EntryCreateTask;volume:create' (d03c67f0-479d-47bc-ac4b-808a1218a758) transitioned into state 'RUNNING' from state 'PENDING' {{(pid=73032) _task_receiver /usr/local/lib/python3.10/dist-packages/taskflow/listeners/logging.py:190}}
Jul 31 14:47:10 user devstack@c-api.service[73032]: DEBUG cinder.volume.api [None req-59ef2910-d1d9-4ad8-8c89-e53651228383 tempest-GroupsV314Test-839135217 tempest-GroupsV314Test-839135217-project-member] Task 'cinder.volume.flows.api.create_volume.EntryCreateTask;volume:create' (d03c67f0-479d-47bc-ac4b-808a1218a758) transitioned into state 'SUCCESS' from state 'RUNNING' with result '{'volume_id': '34ae0b13-575b-413d-94dd-1955b091ef96', 'volume_properties': VolumeProperties(attach_status='detached',availability_zone='nova',cgsnapshot_id=None,consistencygroup_id=None,display_description=None,display_name='tempest-volume-866539703',encryption_key_id=None,group_id=2cbefb1f-5c2b-4973-83a8-42414eb78ec3,group_type_id=,metadata={},multiattach=False,project_id='d73ddc3cd97f49e6a403588b4a917a04',qos_specs=None,replication_status=,reservations=['da1eaa79-d4c6-4296-b51a-65df19b56037','ea3c7667-05d5-4535-b2d7-c6fb087500bb','6eaff53c-57fa-43bd-8541-23982d2b3599','c5831650-40c8-4547-9be4-40f5d7a64fb3'],size=1,snapshot_id=None,source_replicaid=,source_volid=None,status='creating',user_id='b543ab565bac45f68afb43e4129ddb58',volume_type_id=ac16ca37-51d0-41fe-8103-d877ec84617f), 'volume': Volume(_name_id=None,admin_metadata=,attach_status='detached',availability_zone='nova',bootable=False,cluster=,cluster_name=None,consistencygroup=,consistencygroup_id=None,created_at=2023-07-31T14:47:10Z,deleted=False,deleted_at=None,display_description=None,display_name='tempest-volume-866539703',ec2_id=None,encryption_key_id=None,glance_metadata=,group=,group_id=2cbefb1f-5c2b-4973-83a8-42414eb78ec3,host=None,id=34ae0b13-575b-413d-94dd-1955b091ef96,launched_at=None,metadata={},migration_status=None,multiattach=False,previous_status=None,project_id='d73ddc3cd97f49e6a403588b4a917a04',provider_auth=None,provider_geometry=None,provider_id=None,provider_location=None,replication_driver_data=None,replication_extended_status=None,replication_status=None,scheduled_at=None,service_uuid=None,shared_targets=True,size=1,snapshot_id=None,snapshots=,source_volid=None,status='creating',terminated_at=None,updated_at=None,use_quota=True,user_id='b543ab565bac45f68afb43e4129ddb58',volume_attachment=VolumeAttachmentList,volume_type=VolumeType(ac16ca37-51d0-41fe-8103-d877ec84617f),volume_type_id=ac16ca37-51d0-41fe-8103-d877ec84617f)}' {{(pid=73032) _task_receiver /usr/local/lib/python3.10/dist-packages/taskflow/listeners/logging.py:178}}
Jul 31 14:47:10 user devstack@c-api.service[73032]: DEBUG cinder.volume.api [None req-59ef2910-d1d9-4ad8-8c89-e53651228383 tempest-GroupsV314Test-839135217 tempest-GroupsV314Test-839135217-project-member] Task 'cinder.volume.flows.api.create_volume.QuotaCommitTask;volume:create' (0645ab87-ee34-4d15-86c3-840bed05c3fd) transitioned into state 'RUNNING' from state 'PENDING' {{(pid=73032) _task_receiver /usr/local/lib/python3.10/dist-packages/taskflow/listeners/logging.py:190}}
Jul 31 14:47:10 user devstack@c-api.service[73032]: DEBUG cinder.volume.api [None req-59ef2910-d1d9-4ad8-8c89-e53651228383 tempest-GroupsV314Test-839135217 tempest-GroupsV314Test-839135217-project-member] Task 'cinder.volume.flows.api.create_volume.QuotaCommitTask;volume:create' (0645ab87-ee34-4d15-86c3-840bed05c3fd) transitioned into state 'SUCCESS' from state 'RUNNING' with result '{'volume_properties': VolumeProperties(attach_status='detached',availability_zone='nova',cgsnapshot_id=None,consistencygroup_id=None,display_description=None,display_name='tempest-volume-866539703',encryption_key_id=None,group_id=2cbefb1f-5c2b-4973-83a8-42414eb78ec3,group_type_id=,metadata={},multiattach=False,project_id='d73ddc3cd97f49e6a403588b4a917a04',qos_specs=None,replication_status=,reservations=['da1eaa79-d4c6-4296-b51a-65df19b56037','ea3c7667-05d5-4535-b2d7-c6fb087500bb','6eaff53c-57fa-43bd-8541-23982d2b3599','c5831650-40c8-4547-9be4-40f5d7a64fb3'],size=1,snapshot_id=None,source_replicaid=,source_volid=None,status='creating',user_id='b543ab565bac45f68afb43e4129ddb58',volume_type_id=ac16ca37-51d0-41fe-8103-d877ec84617f)}' {{(pid=73032) _task_receiver /usr/local/lib/python3.10/dist-packages/taskflow/listeners/logging.py:178}}
Jul 31 14:47:10 user devstack@c-api.service[73032]: DEBUG cinder.volume.api [None req-59ef2910-d1d9-4ad8-8c89-e53651228383 tempest-GroupsV314Test-839135217 tempest-GroupsV314Test-839135217-project-member] Task 'cinder.volume.flows.api.create_volume.VolumeCastTask;volume:create' (6bf3eb03-80ac-4d9c-9a6c-889988fc6526) transitioned into state 'RUNNING' from state 'PENDING' {{(pid=73032) _task_receiver /usr/local/lib/python3.10/dist-packages/taskflow/listeners/logging.py:190}}
Jul 31 14:47:10 user devstack@c-api.service[73032]: DEBUG cinder.volume.api [None req-59ef2910-d1d9-4ad8-8c89-e53651228383 tempest-GroupsV314Test-839135217 tempest-GroupsV314Test-839135217-project-member] Task 'cinder.volume.flows.api.create_volume.VolumeCastTask;volume:create' (6bf3eb03-80ac-4d9c-9a6c-889988fc6526) transitioned into state 'SUCCESS' from state 'RUNNING' with result 'None' {{(pid=73032) _task_receiver /usr/local/lib/python3.10/dist-packages/taskflow/listeners/logging.py:178}}
Jul 31 14:47:10 user devstack@c-api.service[73032]: DEBUG cinder.volume.api [None req-59ef2910-d1d9-4ad8-8c89-e53651228383 tempest-GroupsV314Test-839135217 tempest-GroupsV314Test-839135217-project-member] Flow 'volume_create_api' (1754c92b-a2d8-419b-b87c-882c46ed38b5) transitioned into state 'SUCCESS' from state 'RUNNING' {{(pid=73032) _flow_receiver /usr/local/lib/python3.10/dist-packages/taskflow/listeners/logging.py:141}}
Jul 31 14:47:10 user devstack@c-api.service[73032]: INFO cinder.volume.api [None req-59ef2910-d1d9-4ad8-8c89-e53651228383 tempest-GroupsV314Test-839135217 tempest-GroupsV314Test-839135217-project-member] Create volume request issued successfully.
Jul 31 14:47:10 user devstack@c-api.service[73033]: DEBUG cinder.api.middleware.request_id [req-af0450ae-69be-4374-a61e-5fa285ae067b req-527cfc31-6484-4655-9dbc-1cb0a6d42ca6 None None] RequestId filter calling following filter/app {{(pid=73033) _context_setter /opt/stack/cinder/cinder/api/middleware/request_id.py:62}}
Jul 31 14:47:10 user devstack@c-api.service[73032]: WARNING stevedore.named [None req-59ef2910-d1d9-4ad8-8c89-e53651228383 tempest-GroupsV314Test-839135217 tempest-GroupsV314Test-839135217-project-member] Could not load cinder.keymgr.conf_key_mgr.ConfKeyManager
Jul 31 14:47:10 user devstack@c-api.service[73032]: WARNING castellan.key_manager [None req-59ef2910-d1d9-4ad8-8c89-e53651228383 tempest-GroupsV314Test-839135217 tempest-GroupsV314Test-839135217-project-member] Deprecation Warning : cinder.keymgr.conf_key_mgr.ConfKeyManager is not a stevedore based driver, trying to load it as a class: stevedore.exception.NoMatches: No 'castellan.drivers' driver found, looking for 'cinder.keymgr.conf_key_mgr.ConfKeyManager'
Jul 31 14:47:10 user devstack@c-api.service[73033]: INFO cinder.api.openstack.wsgi [req-af0450ae-69be-4374-a61e-5fa285ae067b req-527cfc31-6484-4655-9dbc-1cb0a6d42ca6 tempest-TestVolumeSwap-1577002915 tempest-TestVolumeSwap-1577002915-project-admin] POST http://10.0.0.210/volume/v3/a1b56aee94134619955eb7c72a654a95/attachments/ec69d1b7-3962-4976-b7ad-e38f5e68e749/action
Jul 31 14:47:10 user devstack@c-api.service[73033]: DEBUG cinder.api.openstack.wsgi [req-af0450ae-69be-4374-a61e-5fa285ae067b req-527cfc31-6484-4655-9dbc-1cb0a6d42ca6 tempest-TestVolumeSwap-1577002915 tempest-TestVolumeSwap-1577002915-project-admin] Action body: b'{"os-complete": null}' {{(pid=73033) get_method /opt/stack/cinder/cinder/api/openstack/wsgi.py:983}}
Jul 31 14:47:10 user devstack@c-api.service[73033]: DEBUG cinder.api.openstack.wsgi [req-af0450ae-69be-4374-a61e-5fa285ae067b req-527cfc31-6484-4655-9dbc-1cb0a6d42ca6 tempest-TestVolumeSwap-1577002915 tempest-TestVolumeSwap-1577002915-project-admin] Action: 'action', calling method: complete, body: {"os-complete": null} {{(pid=73033) _process_stack /opt/stack/cinder/cinder/api/openstack/wsgi.py:866}}
Jul 31 14:47:10 user devstack@c-api.service[73032]: DEBUG oslo_db.sqlalchemy.engines [None req-59ef2910-d1d9-4ad8-8c89-e53651228383 tempest-GroupsV314Test-839135217 tempest-GroupsV314Test-839135217-project-member] MySQL server mode set to STRICT_TRANS_TABLES,STRICT_ALL_TABLES,NO_ZERO_IN_DATE,NO_ZERO_DATE,ERROR_FOR_DIVISION_BY_ZERO,TRADITIONAL,NO_ENGINE_SUBSTITUTION {{(pid=73032) _check_effective_sql_mode /usr/local/lib/python3.10/dist-packages/oslo_db/sqlalchemy/engines.py:335}}
Jul 31 14:47:10 user devstack@c-api.service[73032]: /usr/local/lib/python3.10/dist-packages/oslo_context/context.py:100: DeprecationWarning: Policy enforcement is depending on the value of is_admin. This key is deprecated. Please update your policy file to use the standard policy values.
Jul 31 14:47:10 user devstack@c-api.service[73032]: warnings.warn('Policy enforcement is depending on the value of '
Jul 31 14:47:10 user devstack@c-api.service[73033]: /usr/local/lib/python3.10/dist-packages/oslo_context/context.py:100: DeprecationWarning: Policy enforcement is depending on the value of is_admin. This key is deprecated. Please update your policy file to use the standard policy values.
Jul 31 14:47:10 user devstack@c-api.service[73033]: warnings.warn('Policy enforcement is depending on the value of '
Jul 31 14:47:10 user devstack@c-api.service[73032]: INFO cinder.api.openstack.wsgi [None req-59ef2910-d1d9-4ad8-8c89-e53651228383 tempest-GroupsV314Test-839135217 tempest-GroupsV314Test-839135217-project-member] http://10.0.0.210/volume/v3/d73ddc3cd97f49e6a403588b4a917a04/volumes returned with HTTP 202
Jul 31 14:47:10 user devstack@c-api.service[73032]: [pid: 73032|app: 0|req: 146/418] 10.0.0.210 () {66 vars in 1354 bytes} [Mon Jul 31 14:47:10 2023] POST /volume/v3/d73ddc3cd97f49e6a403588b4a917a04/volumes => generated 882 bytes in 391 msecs (HTTP/1.1 202) 7 headers in 292 bytes (2 switches on core 0)
Jul 31 14:47:10 user devstack@c-api.service[73033]: INFO cinder.api.openstack.wsgi [req-af0450ae-69be-4374-a61e-5fa285ae067b req-527cfc31-6484-4655-9dbc-1cb0a6d42ca6 tempest-TestVolumeSwap-1577002915 tempest-TestVolumeSwap-1577002915-project-admin] http://10.0.0.210/volume/v3/a1b56aee94134619955eb7c72a654a95/attachments/ec69d1b7-3962-4976-b7ad-e38f5e68e749/action returned with HTTP 204
Jul 31 14:47:10 user devstack@c-api.service[73033]: [pid: 73033|app: 0|req: 128/419] 10.0.0.210 () {70 vars in 1782 bytes} [Mon Jul 31 14:47:10 2023] POST /volume/v3/a1b56aee94134619955eb7c72a654a95/attachments/ec69d1b7-3962-4976-b7ad-e38f5e68e749/action => generated 0 bytes in 67 msecs (HTTP/1.1 204) 7 headers in 292 bytes (2 switches on core 0)
Jul 31 14:47:10 user devstack@c-api.service[73032]: DEBUG cinder.api.middleware.request_id [None req-bf49f6f1-2424-4609-9f87-a8b1367947a5 None None] RequestId filter calling following filter/app {{(pid=73032) _context_setter /opt/stack/cinder/cinder/api/middleware/request_id.py:62}}
Jul 31 14:47:10 user devstack@c-api.service[73032]: INFO cinder.api.openstack.wsgi [None req-bf49f6f1-2424-4609-9f87-a8b1367947a5 tempest-GroupsV314Test-839135217 tempest-GroupsV314Test-839135217-project-member] GET http://10.0.0.210/volume/v3/d73ddc3cd97f49e6a403588b4a917a04/volumes/34ae0b13-575b-413d-94dd-1955b091ef96
Jul 31 14:47:10 user devstack@c-api.service[73032]: DEBUG cinder.api.openstack.wsgi [None req-bf49f6f1-2424-4609-9f87-a8b1367947a5 tempest-GroupsV314Test-839135217 tempest-GroupsV314Test-839135217-project-member] Empty body provided in request {{(pid=73032) get_body /opt/stack/cinder/cinder/api/openstack/wsgi.py:715}}
Jul 31 14:47:10 user devstack@c-api.service[73032]: DEBUG cinder.api.openstack.wsgi [None req-bf49f6f1-2424-4609-9f87-a8b1367947a5 tempest-GroupsV314Test-839135217 tempest-GroupsV314Test-839135217-project-member] Calling method 'show' {{(pid=73032) _process_stack /opt/stack/cinder/cinder/api/openstack/wsgi.py:868}}
Jul 31 14:47:10 user devstack@c-api.service[73033]: DEBUG cinder.api.middleware.request_id [req-af0450ae-69be-4374-a61e-5fa285ae067b req-a36fd998-4322-4302-8efa-438e67bdbc89 None None] RequestId filter calling following filter/app {{(pid=73033) _context_setter /opt/stack/cinder/cinder/api/middleware/request_id.py:62}}
Jul 31 14:47:10 user devstack@c-api.service[73033]: INFO cinder.api.openstack.wsgi [req-af0450ae-69be-4374-a61e-5fa285ae067b req-a36fd998-4322-4302-8efa-438e67bdbc89 tempest-TestVolumeSwap-1577002915 tempest-TestVolumeSwap-1577002915-project-admin] DELETE http://10.0.0.210/volume/v3/a1b56aee94134619955eb7c72a654a95/attachments/a28bbf0e-1c77-43dd-b95f-46688e1bbef5
Jul 31 14:47:10 user devstack@c-api.service[73033]: DEBUG cinder.api.openstack.wsgi [req-af0450ae-69be-4374-a61e-5fa285ae067b req-a36fd998-4322-4302-8efa-438e67bdbc89 tempest-TestVolumeSwap-1577002915 tempest-TestVolumeSwap-1577002915-project-admin] Empty body provided in request {{(pid=73033) get_body /opt/stack/cinder/cinder/api/openstack/wsgi.py:715}}
Jul 31 14:47:10 user devstack@c-api.service[73033]: DEBUG cinder.api.openstack.wsgi [req-af0450ae-69be-4374-a61e-5fa285ae067b req-a36fd998-4322-4302-8efa-438e67bdbc89 tempest-TestVolumeSwap-1577002915 tempest-TestVolumeSwap-1577002915-project-admin] Calling method 'version_select' {{(pid=73033) _process_stack /opt/stack/cinder/cinder/api/openstack/wsgi.py:868}}
Jul 31 14:47:10 user devstack@c-api.service[73032]: /usr/local/lib/python3.10/dist-packages/oslo_context/context.py:100: DeprecationWarning: Policy enforcement is depending on the value of is_admin. This key is deprecated. Please update your policy file to use the standard policy values.
Jul 31 14:47:10 user devstack@c-api.service[73032]: warnings.warn('Policy enforcement is depending on the value of '
Jul 31 14:47:10 user devstack@c-api.service[73033]: /usr/local/lib/python3.10/dist-packages/oslo_context/context.py:100: DeprecationWarning: Policy enforcement is depending on the value of is_admin. This key is deprecated. Please update your policy file to use the standard policy values.
Jul 31 14:47:10 user devstack@c-api.service[73033]: warnings.warn('Policy enforcement is depending on the value of '
Jul 31 14:47:10 user devstack@c-api.service[73032]: INFO cinder.volume.api [None req-bf49f6f1-2424-4609-9f87-a8b1367947a5 tempest-GroupsV314Test-839135217 tempest-GroupsV314Test-839135217-project-member] Volume info retrieved successfully.
Jul 31 14:47:10 user devstack@c-api.service[73032]: WARNING stevedore.named [None req-bf49f6f1-2424-4609-9f87-a8b1367947a5 tempest-GroupsV314Test-839135217 tempest-GroupsV314Test-839135217-project-member] Could not load cinder.keymgr.conf_key_mgr.ConfKeyManager
Jul 31 14:47:10 user devstack@c-api.service[73032]: WARNING castellan.key_manager [None req-bf49f6f1-2424-4609-9f87-a8b1367947a5 tempest-GroupsV314Test-839135217 tempest-GroupsV314Test-839135217-project-member] Deprecation Warning : cinder.keymgr.conf_key_mgr.ConfKeyManager is not a stevedore based driver, trying to load it as a class: stevedore.exception.NoMatches: No 'castellan.drivers' driver found, looking for 'cinder.keymgr.conf_key_mgr.ConfKeyManager'
Jul 31 14:47:10 user devstack@c-api.service[73032]: DEBUG oslo_db.sqlalchemy.engines [None req-bf49f6f1-2424-4609-9f87-a8b1367947a5 tempest-GroupsV314Test-839135217 tempest-GroupsV314Test-839135217-project-member] MySQL server mode set to STRICT_TRANS_TABLES,STRICT_ALL_TABLES,NO_ZERO_IN_DATE,NO_ZERO_DATE,ERROR_FOR_DIVISION_BY_ZERO,TRADITIONAL,NO_ENGINE_SUBSTITUTION {{(pid=73032) _check_effective_sql_mode /usr/local/lib/python3.10/dist-packages/oslo_db/sqlalchemy/engines.py:335}}
Jul 31 14:47:10 user devstack@c-api.service[73032]: /usr/local/lib/python3.10/dist-packages/oslo_context/context.py:100: DeprecationWarning: Policy enforcement is depending on the value of is_admin. This key is deprecated. Please update your policy file to use the standard policy values.
Jul 31 14:47:10 user devstack@c-api.service[73032]: warnings.warn('Policy enforcement is depending on the value of '
Jul 31 14:47:10 user devstack@c-api.service[73032]: INFO cinder.api.openstack.wsgi [None req-bf49f6f1-2424-4609-9f87-a8b1367947a5 tempest-GroupsV314Test-839135217 tempest-GroupsV314Test-839135217-project-member] http://10.0.0.210/volume/v3/d73ddc3cd97f49e6a403588b4a917a04/volumes/34ae0b13-575b-413d-94dd-1955b091ef96 returned with HTTP 200
Jul 31 14:47:10 user devstack@c-api.service[73032]: [pid: 73032|app: 0|req: 147/420] 10.0.0.210 () {64 vars in 1443 bytes} [Mon Jul 31 14:47:10 2023] GET /volume/v3/d73ddc3cd97f49e6a403588b4a917a04/volumes/34ae0b13-575b-413d-94dd-1955b091ef96 => generated 950 bytes in 67 msecs (HTTP/1.1 200) 7 headers in 286 bytes (1 switches on core 0)
Jul 31 14:47:11 user devstack@c-api.service[73032]: DEBUG cinder.api.middleware.request_id [None req-18313498-ea10-4631-9ef1-fae7b0176471 None None] RequestId filter calling following filter/app {{(pid=73032) _context_setter /opt/stack/cinder/cinder/api/middleware/request_id.py:62}}
Jul 31 14:47:11 user devstack@c-api.service[73032]: INFO cinder.api.openstack.wsgi [None req-18313498-ea10-4631-9ef1-fae7b0176471 tempest-TestVolumeSwap-997241221 tempest-TestVolumeSwap-997241221-project-member] GET http://10.0.0.210/volume/v3/6ec2ff6a04934b24973a97b4cde3af01/volumes/ab681c1d-23c4-4717-80b9-c98d504cca89
Jul 31 14:47:11 user devstack@c-api.service[73032]: DEBUG cinder.api.openstack.wsgi [None req-18313498-ea10-4631-9ef1-fae7b0176471 tempest-TestVolumeSwap-997241221 tempest-TestVolumeSwap-997241221-project-member] Empty body provided in request {{(pid=73032) get_body /opt/stack/cinder/cinder/api/openstack/wsgi.py:715}}
Jul 31 14:47:11 user devstack@c-api.service[73032]: DEBUG cinder.api.openstack.wsgi [None req-18313498-ea10-4631-9ef1-fae7b0176471 tempest-TestVolumeSwap-997241221 tempest-TestVolumeSwap-997241221-project-member] Calling method 'show' {{(pid=73032) _process_stack /opt/stack/cinder/cinder/api/openstack/wsgi.py:868}}
Jul 31 14:47:11 user devstack@c-api.service[73032]: /usr/local/lib/python3.10/dist-packages/oslo_context/context.py:100: DeprecationWarning: Policy enforcement is depending on the value of is_admin. This key is deprecated. Please update your policy file to use the standard policy values.
Jul 31 14:47:11 user devstack@c-api.service[73032]: warnings.warn('Policy enforcement is depending on the value of '
Jul 31 14:47:11 user devstack@c-api.service[73032]: INFO cinder.volume.api [None req-18313498-ea10-4631-9ef1-fae7b0176471 tempest-TestVolumeSwap-997241221 tempest-TestVolumeSwap-997241221-project-member] Volume info retrieved successfully.
Jul 31 14:47:11 user devstack@c-api.service[73032]: INFO cinder.api.openstack.wsgi [None req-18313498-ea10-4631-9ef1-fae7b0176471 tempest-TestVolumeSwap-997241221 tempest-TestVolumeSwap-997241221-project-member] http://10.0.0.210/volume/v3/6ec2ff6a04934b24973a97b4cde3af01/volumes/ab681c1d-23c4-4717-80b9-c98d504cca89 returned with HTTP 200
Jul 31 14:47:11 user devstack@c-api.service[73032]: [pid: 73032|app: 0|req: 148/421] 10.0.0.210 () {62 vars in 1402 bytes} [Mon Jul 31 14:47:11 2023] GET /volume/v3/6ec2ff6a04934b24973a97b4cde3af01/volumes/ab681c1d-23c4-4717-80b9-c98d504cca89 => generated 1200 bytes in 45 msecs (HTTP/1.1 200) 7 headers in 286 bytes (1 switches on core 0)
Jul 31 14:47:11 user devstack@c-api.service[73032]: DEBUG cinder.api.middleware.request_id [None req-e29f4189-ed5e-45eb-83b0-8383d9e38387 None None] RequestId filter calling following filter/app {{(pid=73032) _context_setter /opt/stack/cinder/cinder/api/middleware/request_id.py:62}}
Jul 31 14:47:11 user devstack@c-api.service[73032]: INFO cinder.api.openstack.wsgi [None req-e29f4189-ed5e-45eb-83b0-8383d9e38387 tempest-SnapshotDataIntegrityTests-888246672 tempest-SnapshotDataIntegrityTests-888246672-project-member] GET http://10.0.0.210/volume/v3/464c4d98738c4a58b69e93b15eacda29/volumes/87c13680-fa38-403d-a378-7fc84fc65207
Jul 31 14:47:11 user devstack@c-api.service[73032]: DEBUG cinder.api.openstack.wsgi [None req-e29f4189-ed5e-45eb-83b0-8383d9e38387 tempest-SnapshotDataIntegrityTests-888246672 tempest-SnapshotDataIntegrityTests-888246672-project-member] Empty body provided in request {{(pid=73032) get_body /opt/stack/cinder/cinder/api/openstack/wsgi.py:715}}
