Jul 31 14:34:32 user devstack@keystone.service[43553]: WARNING py.warnings [None req-caf58853-c60e-442c-b70d-f5ad0e5472cc admin admin] /usr/local/lib/python3.10/dist-packages/oslo_policy/policy.py:1130: UserWarning: Policy "identity:list_roles": "role:reader and system_scope:all" failed scope check. The token used to make the request was project scoped but the policy requires ['system'] scope. This behavior may change in the future where using the intended scope is required
Jul 31 14:34:32 user devstack@keystone.service[43553]: warnings.warn(msg)
Jul 31 14:34:32 user devstack@keystone.service[43553]:
Jul 31 14:34:32 user devstack@keystone.service[43553]: DEBUG keystone.common.rbac_enforcer.enforcer [None req-caf58853-c60e-442c-b70d-f5ad0e5472cc admin admin] RBAC: Authorization granted {{(pid=43553) enforce_call /opt/stack/keystone/keystone/common/rbac_enforcer/enforcer.py:457}}
Jul 31 14:34:32 user devstack@keystone.service[43554]: DEBUG keystone.server.flask.request_processing.middleware.auth_context [None req-49c1c96c-22a7-4940-a6dd-f51b9f6434b0 admin admin] Validating token access rules against request {{(pid=43554) validate_allowed_request /usr/local/lib/python3.10/dist-packages/keystonemiddleware/auth_token/__init__.py:544}}
Jul 31 14:34:32 user devstack@keystone.service[43553]: [pid: 43553|app: 0|req: 85/269] 10.0.0.210 () {56 vars in 1127 bytes} [Mon Jul 31 14:34:32 2023] GET /identity/v3/roles?name=anotherrole => generated 332 bytes in 25 msecs (HTTP/1.1 200) 5 headers in 177 bytes (2 switches on core 0)
Jul 31 14:34:32 user devstack@keystone.service[43554]: DEBUG keystone.server.flask.request_processing.middleware.auth_context [None req-de7f7741-b900-48a0-9880-43c40a8c52b0 admin admin] RBAC: auth_context: {'token': , 'domain_id': None, 'trust_id': None, 'trustor_id': None, 'trustee_id': None, 'domain_name': None, 'group_ids': [], 'user_id': '9b56cdb9d9484a8f8637fd851d2dafdf', 'user_domain_id': 'default', 'system_scope': None, 'project_id': 'be985e778f1041c8a2378f305504c462', 'project_domain_id': 'default', 'roles': ['admin', 'reader', 'member'], 'is_admin_project': True, 'service_user_id': None, 'service_user_domain_id': None, 'service_project_id': None, 'service_project_domain_id': None, 'service_roles': []} {{(pid=43554) fill_context /opt/stack/keystone/keystone/server/flask/request_processing/middleware/auth_context.py:480}}
Jul 31 14:34:32 user devstack@keystone.service[43554]: DEBUG keystone.server.flask.request_processing.req_logging [None req-de7f7741-b900-48a0-9880-43c40a8c52b0 admin admin] REQUEST_METHOD: `PUT` {{(pid=43554) log_request_info /opt/stack/keystone/keystone/server/flask/request_processing/req_logging.py:27}}
Jul 31 14:34:32 user devstack@keystone.service[43554]: DEBUG keystone.server.flask.request_processing.req_logging [None req-de7f7741-b900-48a0-9880-43c40a8c52b0 admin admin] SCRIPT_NAME: `/identity` {{(pid=43554) log_request_info /opt/stack/keystone/keystone/server/flask/request_processing/req_logging.py:28}}
Jul 31 14:34:32 user devstack@keystone.service[43554]: DEBUG keystone.server.flask.request_processing.req_logging [None req-de7f7741-b900-48a0-9880-43c40a8c52b0 admin admin] PATH_INFO: `/v3/projects/398f73d8309c4398988ec608e1d56f9e/groups/4a2833343d4a4f779166f9d51092b44e/roles/4605b2142c884028b886daf1e8d21d15` {{(pid=43554) log_request_info /opt/stack/keystone/keystone/server/flask/request_processing/req_logging.py:29}}
Jul 31 14:34:32 user devstack@keystone.service[43554]: DEBUG keystone.common.rbac_enforcer.enforcer [None req-de7f7741-b900-48a0-9880-43c40a8c52b0 admin admin] RBAC: Authorizing `identity:create_grant(project_id=398f73d8309c4398988ec608e1d56f9e, group_id=4a2833343d4a4f779166f9d51092b44e, role_id=4605b2142c884028b886daf1e8d21d15)` {{(pid=43554) enforce_call /opt/stack/keystone/keystone/common/rbac_enforcer/enforcer.py:449}}
Jul 31 14:34:32 user devstack@keystone.service[43555]: DEBUG keystone.server.flask.request_processing.middleware.auth_context [None req-eda34002-49a6-4b11-9494-0720d2eb6138 admin admin] Authenticating user token {{(pid=43555) process_request /usr/local/lib/python3.10/dist-packages/keystonemiddleware/auth_token/__init__.py:406}}
Jul 31 14:34:32 user devstack@keystone.service[43554]: WARNING py.warnings [None req-de7f7741-b900-48a0-9880-43c40a8c52b0 admin admin] /usr/local/lib/python3.10/dist-packages/oslo_policy/policy.py:1130: UserWarning: Policy "identity:create_grant": "(role:admin and system_scope:all) or ((role:admin and domain_id:%(target.user.domain_id)s and domain_id:%(target.project.domain_id)s) or (role:admin and domain_id:%(target.user.domain_id)s and domain_id:%(target.domain.id)s) or (role:admin and domain_id:%(target.group.domain_id)s and domain_id:%(target.project.domain_id)s) or (role:admin and domain_id:%(target.group.domain_id)s and domain_id:%(target.domain.id)s)) and (domain_id:%(target.role.domain_id)s or None:%(target.role.domain_id)s)" failed scope check. The token used to make the request was project scoped but the policy requires ['system', 'domain'] scope. This behavior may change in the future where using the intended scope is required
Jul 31 14:34:32 user devstack@keystone.service[43554]: warnings.warn(msg)
Jul 31 14:34:32 user devstack@keystone.service[43554]:
Jul 31 14:34:32 user devstack@keystone.service[43554]: DEBUG keystone.common.rbac_enforcer.enforcer [None req-de7f7741-b900-48a0-9880-43c40a8c52b0 admin admin] RBAC: Authorization granted {{(pid=43554) enforce_call /opt/stack/keystone/keystone/common/rbac_enforcer/enforcer.py:457}}
Jul 31 14:34:32 user devstack@keystone.service[43555]: DEBUG keystone.server.flask.request_processing.middleware.auth_context [None req-eda34002-49a6-4b11-9494-0720d2eb6138 admin admin] Validating token access rules against request {{(pid=43555) validate_allowed_request /usr/local/lib/python3.10/dist-packages/keystonemiddleware/auth_token/__init__.py:544}}
Jul 31 14:34:32 user devstack@keystone.service[43554]: [pid: 43554|app: 0|req: 94/270] 10.0.0.210 () {58 vars in 1458 bytes} [Mon Jul 31 14:34:32 2023] PUT /identity/v3/projects/398f73d8309c4398988ec608e1d56f9e/groups/4a2833343d4a4f779166f9d51092b44e/roles/4605b2142c884028b886daf1e8d21d15 => generated 0 bytes in 31 msecs (HTTP/1.1 204) 3 headers in 132 bytes (0 switches on core 0)
Jul 31 14:34:32 user devstack@keystone.service[43555]: DEBUG keystone.server.flask.request_processing.middleware.auth_context [None req-4ff61e10-03ff-41e0-b565-e6e643c0828a admin admin] RBAC: auth_context: {'token': , 'domain_id': None, 'trust_id': None, 'trustor_id': None, 'trustee_id': None, 'domain_name': None, 'group_ids': [], 'user_id': '9b56cdb9d9484a8f8637fd851d2dafdf', 'user_domain_id': 'default', 'system_scope': None, 'project_id': 'be985e778f1041c8a2378f305504c462', 'project_domain_id': 'default', 'roles': ['admin', 'reader', 'member'], 'is_admin_project': True, 'service_user_id': None, 'service_user_domain_id': None, 'service_project_id': None, 'service_project_domain_id': None, 'service_roles': []} {{(pid=43555) fill_context /opt/stack/keystone/keystone/server/flask/request_processing/middleware/auth_context.py:480}}
Jul 31 14:34:32 user devstack@keystone.service[43555]: DEBUG keystone.server.flask.request_processing.req_logging [None req-4ff61e10-03ff-41e0-b565-e6e643c0828a admin admin] REQUEST_METHOD: `GET` {{(pid=43555) log_request_info /opt/stack/keystone/keystone/server/flask/request_processing/req_logging.py:27}}
Jul 31 14:34:32 user devstack@keystone.service[43555]: DEBUG keystone.server.flask.request_processing.req_logging [None req-4ff61e10-03ff-41e0-b565-e6e643c0828a admin admin] SCRIPT_NAME: `/identity` {{(pid=43555) log_request_info /opt/stack/keystone/keystone/server/flask/request_processing/req_logging.py:28}}
Jul 31 14:34:32 user devstack@keystone.service[43555]: DEBUG keystone.server.flask.request_processing.req_logging [None req-4ff61e10-03ff-41e0-b565-e6e643c0828a admin admin] PATH_INFO: `/v3/groups/4a2833343d4a4f779166f9d51092b44e` {{(pid=43555) log_request_info /opt/stack/keystone/keystone/server/flask/request_processing/req_logging.py:29}}
Jul 31 14:34:32 user devstack@keystone.service[43555]: DEBUG keystone.common.rbac_enforcer.enforcer [None req-4ff61e10-03ff-41e0-b565-e6e643c0828a admin admin] RBAC: Authorizing `identity:get_group(group_id=4a2833343d4a4f779166f9d51092b44e)` {{(pid=43555) enforce_call /opt/stack/keystone/keystone/common/rbac_enforcer/enforcer.py:449}}
Jul 31 14:34:32 user devstack@keystone.service[43555]: WARNING py.warnings [None req-4ff61e10-03ff-41e0-b565-e6e643c0828a admin admin] /usr/local/lib/python3.10/dist-packages/oslo_policy/policy.py:1130: UserWarning: Policy "identity:get_group": "(role:reader and system_scope:all) or (role:reader and domain_id:%(target.group.domain_id)s)" failed scope check. The token used to make the request was project scoped but the policy requires ['system', 'domain'] scope. This behavior may change in the future where using the intended scope is required
Jul 31 14:34:32 user devstack@keystone.service[43555]: warnings.warn(msg)
Jul 31 14:34:32 user devstack@keystone.service[43555]:
Jul 31 14:34:32 user devstack@keystone.service[43555]: DEBUG keystone.common.rbac_enforcer.enforcer [None req-4ff61e10-03ff-41e0-b565-e6e643c0828a admin admin] RBAC: Authorization granted {{(pid=43555) enforce_call /opt/stack/keystone/keystone/common/rbac_enforcer/enforcer.py:457}}
Jul 31 14:34:32 user devstack@keystone.service[43555]: [pid: 43555|app: 0|req: 92/271] 10.0.0.210 () {56 vars in 1196 bytes} [Mon Jul 31 14:34:32 2023] GET /identity/v3/groups/4a2833343d4a4f779166f9d51092b44e => generated 225 bytes in 69 msecs (HTTP/1.1 200) 5 headers in 177 bytes (1 switches on core 0)
Jul 31 14:34:32 user devstack@keystone.service[43553]: DEBUG keystone.server.flask.request_processing.req_logging [None req-ac72401a-8f0c-4e0c-94ec-dc53a9d8fcd2 None None] REQUEST_METHOD: `GET` {{(pid=43553) log_request_info /opt/stack/keystone/keystone/server/flask/request_processing/req_logging.py:27}}
Jul 31 14:34:32 user devstack@keystone.service[43553]: DEBUG keystone.server.flask.request_processing.req_logging [None req-ac72401a-8f0c-4e0c-94ec-dc53a9d8fcd2 None None] SCRIPT_NAME: `/identity` {{(pid=43553) log_request_info /opt/stack/keystone/keystone/server/flask/request_processing/req_logging.py:28}}
Jul 31 14:34:32 user devstack@keystone.service[43553]: DEBUG keystone.server.flask.request_processing.req_logging [None req-ac72401a-8f0c-4e0c-94ec-dc53a9d8fcd2 None None] PATH_INFO: `/` {{(pid=43553) log_request_info /opt/stack/keystone/keystone/server/flask/request_processing/req_logging.py:29}}
Jul 31 14:34:32 user devstack@keystone.service[43553]: [pid: 43553|app: 0|req: 86/272] 10.0.0.210 () {54 vars in 920 bytes} [Mon Jul 31 14:34:32 2023] GET /identity => generated 269 bytes in 3 msecs (HTTP/1.1 300) 6 headers in 233 bytes (1 switches on core 0)
Jul 31 14:34:32 user devstack@keystone.service[43554]: DEBUG keystone.server.flask.request_processing.middleware.auth_context [None req-de7f7741-b900-48a0-9880-43c40a8c52b0 admin admin] Authenticating user token {{(pid=43554) process_request /usr/local/lib/python3.10/dist-packages/keystonemiddleware/auth_token/__init__.py:406}}
Jul 31 14:34:32 user devstack@keystone.service[43555]: DEBUG keystone.server.flask.request_processing.req_logging [None req-6a34f2b0-1101-4347-a8b5-185583c01dc7 None None] REQUEST_METHOD: `POST` {{(pid=43555) log_request_info /opt/stack/keystone/keystone/server/flask/request_processing/req_logging.py:27}}
Jul 31 14:34:32 user devstack@keystone.service[43555]: DEBUG keystone.server.flask.request_processing.req_logging [None req-6a34f2b0-1101-4347-a8b5-185583c01dc7 None None] SCRIPT_NAME: `/identity` {{(pid=43555) log_request_info /opt/stack/keystone/keystone/server/flask/request_processing/req_logging.py:28}}
Jul 31 14:34:32 user devstack@keystone.service[43555]: DEBUG keystone.server.flask.request_processing.req_logging [None req-6a34f2b0-1101-4347-a8b5-185583c01dc7 None None] PATH_INFO: `/v3/auth/tokens` {{(pid=43555) log_request_info /opt/stack/keystone/keystone/server/flask/request_processing/req_logging.py:29}}
Jul 31 14:34:32 user devstack@keystone.service[43554]: DEBUG keystone.server.flask.request_processing.middleware.auth_context [None req-de7f7741-b900-48a0-9880-43c40a8c52b0 admin admin] Validating token access rules against request {{(pid=43554) validate_allowed_request /usr/local/lib/python3.10/dist-packages/keystonemiddleware/auth_token/__init__.py:544}}
Jul 31 14:34:32 user devstack@keystone.service[43554]: DEBUG keystone.server.flask.request_processing.middleware.auth_context [None req-a96c843c-ee33-4f5b-b99f-6cfc29e6b027 admin admin] RBAC: auth_context: {'token': , 'domain_id': None, 'trust_id': None, 'trustor_id': None, 'trustee_id': None, 'domain_name': None, 'group_ids': [], 'user_id': '9b56cdb9d9484a8f8637fd851d2dafdf', 'user_domain_id': 'default', 'system_scope': None, 'project_id': 'be985e778f1041c8a2378f305504c462', 'project_domain_id': 'default', 'roles': ['admin', 'reader', 'member'], 'is_admin_project': True, 'service_user_id': None, 'service_user_domain_id': None, 'service_project_id': None, 'service_project_domain_id': None, 'service_roles': []} {{(pid=43554) fill_context /opt/stack/keystone/keystone/server/flask/request_processing/middleware/auth_context.py:480}}
Jul 31 14:34:32 user devstack@keystone.service[43554]: DEBUG keystone.server.flask.request_processing.req_logging [None req-a96c843c-ee33-4f5b-b99f-6cfc29e6b027 admin admin] REQUEST_METHOD: `GET` {{(pid=43554) log_request_info /opt/stack/keystone/keystone/server/flask/request_processing/req_logging.py:27}}
Jul 31 14:34:32 user devstack@keystone.service[43554]: DEBUG keystone.server.flask.request_processing.req_logging [None req-a96c843c-ee33-4f5b-b99f-6cfc29e6b027 admin admin] SCRIPT_NAME: `/identity` {{(pid=43554) log_request_info /opt/stack/keystone/keystone/server/flask/request_processing/req_logging.py:28}}
Jul 31 14:34:32 user devstack@keystone.service[43554]: DEBUG keystone.server.flask.request_processing.req_logging [None req-a96c843c-ee33-4f5b-b99f-6cfc29e6b027 admin admin] PATH_INFO: `/v3/projects/398f73d8309c4398988ec608e1d56f9e` {{(pid=43554) log_request_info /opt/stack/keystone/keystone/server/flask/request_processing/req_logging.py:29}}
Jul 31 14:34:32 user devstack@keystone.service[43555]: WARNING keystone.common.password_hashing [None req-6a34f2b0-1101-4347-a8b5-185583c01dc7 None None] Truncating password to algorithm specific maximum length 54 characters.
Jul 31 14:34:32 user devstack@keystone.service[43554]: DEBUG keystone.common.rbac_enforcer.enforcer [None req-a96c843c-ee33-4f5b-b99f-6cfc29e6b027 admin admin] RBAC: Authorizing `identity:get_project(project_id=398f73d8309c4398988ec608e1d56f9e)` {{(pid=43554) enforce_call /opt/stack/keystone/keystone/common/rbac_enforcer/enforcer.py:449}}
Jul 31 14:34:32 user devstack@keystone.service[43554]: DEBUG keystone.common.rbac_enforcer.enforcer [None req-a96c843c-ee33-4f5b-b99f-6cfc29e6b027 admin admin] RBAC: Authorization granted {{(pid=43554) enforce_call /opt/stack/keystone/keystone/common/rbac_enforcer/enforcer.py:457}}
Jul 31 14:34:32 user devstack@keystone.service[43555]: DEBUG keystone.auth.core [None req-6a34f2b0-1101-4347-a8b5-185583c01dc7 None None] MFA Rules not processed for user `9b56cdb9d9484a8f8637fd851d2dafdf`. Rule list: `[]` (Enabled: `True`). {{(pid=43555) check_auth_methods_against_rules /opt/stack/keystone/keystone/auth/core.py:438}}
Jul 31 14:34:32 user devstack@keystone.service[43554]: [pid: 43554|app: 0|req: 95/273] 10.0.0.210 () {56 vars in 1202 bytes} [Mon Jul 31 14:34:32 2023] GET /identity/v3/projects/398f73d8309c4398988ec608e1d56f9e => generated 297 bytes in 22 msecs (HTTP/1.1 200) 5 headers in 177 bytes (1 switches on core 0)
Jul 31 14:34:32 user devstack@keystone.service[43555]: DEBUG keystone.common.fernet_utils [None req-6a34f2b0-1101-4347-a8b5-185583c01dc7 None None] Loaded 2 Fernet keys from /etc/keystone/fernet-keys/, but `[fernet_tokens] max_active_keys = 3`; perhaps there have not been enough key rotations to reach `max_active_keys` yet? {{(pid=43555) load_keys /opt/stack/keystone/keystone/common/fernet_utils.py:286}}
Jul 31 14:34:32 user devstack@keystone.service[43553]: DEBUG keystone.server.flask.request_processing.middleware.auth_context [None req-ac72401a-8f0c-4e0c-94ec-dc53a9d8fcd2 None None] Authenticating user token {{(pid=43553) process_request /usr/local/lib/python3.10/dist-packages/keystonemiddleware/auth_token/__init__.py:406}}
Jul 31 14:34:32 user devstack@keystone.service[43555]: [pid: 43555|app: 0|req: 93/274] 10.0.0.210 () {58 vars in 1017 bytes} [Mon Jul 31 14:34:32 2023] POST /identity/v3/auth/tokens => generated 913 bytes in 28 msecs (HTTP/1.1 201) 6 headers in 384 bytes (1 switches on core 0)
Jul 31 14:34:32 user devstack@keystone.service[43554]: DEBUG keystone.server.flask.request_processing.middleware.auth_context [None req-a96c843c-ee33-4f5b-b99f-6cfc29e6b027 admin admin] Authenticating user token {{(pid=43554) process_request /usr/local/lib/python3.10/dist-packages/keystonemiddleware/auth_token/__init__.py:406}}
Jul 31 14:34:32 user devstack@keystone.service[43553]: DEBUG keystone.server.flask.request_processing.middleware.auth_context [None req-ac72401a-8f0c-4e0c-94ec-dc53a9d8fcd2 None None] Validating token access rules against request {{(pid=43553) validate_allowed_request /usr/local/lib/python3.10/dist-packages/keystonemiddleware/auth_token/__init__.py:544}}
Jul 31 14:34:32 user devstack@keystone.service[43554]: DEBUG keystone.server.flask.request_processing.middleware.auth_context [None req-a96c843c-ee33-4f5b-b99f-6cfc29e6b027 admin admin] Validating token access rules against request {{(pid=43554) validate_allowed_request /usr/local/lib/python3.10/dist-packages/keystonemiddleware/auth_token/__init__.py:544}}
Jul 31 14:34:32 user devstack@keystone.service[43553]: DEBUG keystone.server.flask.request_processing.middleware.auth_context [None req-c8a42ed7-cdd0-449a-9d6c-6fa85b0f10f4 admin admin] RBAC: auth_context: {'token': , 'domain_id': None, 'trust_id': None, 'trustor_id': None, 'trustee_id': None, 'domain_name': None, 'group_ids': [], 'user_id': '9b56cdb9d9484a8f8637fd851d2dafdf', 'user_domain_id': 'default', 'system_scope': None, 'project_id': 'be985e778f1041c8a2378f305504c462', 'project_domain_id': 'default', 'roles': ['admin', 'reader', 'member'], 'is_admin_project': True, 'service_user_id': None, 'service_user_domain_id': None, 'service_project_id': None, 'service_project_domain_id': None, 'service_roles': []} {{(pid=43553) fill_context /opt/stack/keystone/keystone/server/flask/request_processing/middleware/auth_context.py:480}}
Jul 31 14:34:32 user devstack@keystone.service[43553]: DEBUG keystone.server.flask.request_processing.req_logging [None req-c8a42ed7-cdd0-449a-9d6c-6fa85b0f10f4 admin admin] REQUEST_METHOD: `PUT` {{(pid=43553) log_request_info /opt/stack/keystone/keystone/server/flask/request_processing/req_logging.py:27}}
Jul 31 14:34:32 user devstack@keystone.service[43553]: DEBUG keystone.server.flask.request_processing.req_logging [None req-c8a42ed7-cdd0-449a-9d6c-6fa85b0f10f4 admin admin] SCRIPT_NAME: `/identity` {{(pid=43553) log_request_info /opt/stack/keystone/keystone/server/flask/request_processing/req_logging.py:28}}
Jul 31 14:34:32 user devstack@keystone.service[43553]: DEBUG keystone.server.flask.request_processing.req_logging [None req-c8a42ed7-cdd0-449a-9d6c-6fa85b0f10f4 admin admin] PATH_INFO: `/v3/projects/398f73d8309c4398988ec608e1d56f9e/groups/4a2833343d4a4f779166f9d51092b44e/roles/a92bb3f133584feda54ef8839542f6c9` {{(pid=43553) log_request_info /opt/stack/keystone/keystone/server/flask/request_processing/req_logging.py:29}}
Jul 31 14:34:32 user devstack@keystone.service[43554]: DEBUG keystone.server.flask.request_processing.middleware.auth_context [None req-9d651b10-b563-4deb-adf6-6e70b4c7d10b admin admin] RBAC: auth_context: {'token': , 'domain_id': None, 'trust_id': None, 'trustor_id': None, 'trustee_id': None, 'domain_name': None, 'group_ids': [], 'user_id': '9b56cdb9d9484a8f8637fd851d2dafdf', 'user_domain_id': 'default', 'system_scope': None, 'project_id': 'be985e778f1041c8a2378f305504c462', 'project_domain_id': 'default', 'roles': ['admin', 'reader', 'member'], 'is_admin_project': True, 'service_user_id': None, 'service_user_domain_id': None, 'service_project_id': None, 'service_project_domain_id': None, 'service_roles': []} {{(pid=43554) fill_context /opt/stack/keystone/keystone/server/flask/request_processing/middleware/auth_context.py:480}}
Jul 31 14:34:32 user devstack@keystone.service[43553]: DEBUG keystone.common.rbac_enforcer.enforcer [None req-c8a42ed7-cdd0-449a-9d6c-6fa85b0f10f4 admin admin] RBAC: Authorizing `identity:create_grant(project_id=398f73d8309c4398988ec608e1d56f9e, group_id=4a2833343d4a4f779166f9d51092b44e, role_id=a92bb3f133584feda54ef8839542f6c9)` {{(pid=43553) enforce_call /opt/stack/keystone/keystone/common/rbac_enforcer/enforcer.py:449}}
Jul 31 14:34:32 user devstack@keystone.service[43554]: DEBUG keystone.server.flask.request_processing.req_logging [None req-9d651b10-b563-4deb-adf6-6e70b4c7d10b admin admin] REQUEST_METHOD: `GET` {{(pid=43554) log_request_info /opt/stack/keystone/keystone/server/flask/request_processing/req_logging.py:27}}
Jul 31 14:34:32 user devstack@keystone.service[43554]: DEBUG keystone.server.flask.request_processing.req_logging [None req-9d651b10-b563-4deb-adf6-6e70b4c7d10b admin admin] SCRIPT_NAME: `/identity` {{(pid=43554) log_request_info /opt/stack/keystone/keystone/server/flask/request_processing/req_logging.py:28}}
Jul 31 14:34:32 user devstack@keystone.service[43554]: DEBUG keystone.server.flask.request_processing.req_logging [None req-9d651b10-b563-4deb-adf6-6e70b4c7d10b admin admin] PATH_INFO: `/v3/roles/member` {{(pid=43554) log_request_info /opt/stack/keystone/keystone/server/flask/request_processing/req_logging.py:29}}
Jul 31 14:34:32 user devstack@keystone.service[43553]: WARNING py.warnings [None req-c8a42ed7-cdd0-449a-9d6c-6fa85b0f10f4 admin admin] /usr/local/lib/python3.10/dist-packages/oslo_policy/policy.py:1130: UserWarning: Policy "identity:create_grant": "(role:admin and system_scope:all) or ((role:admin and domain_id:%(target.user.domain_id)s and domain_id:%(target.project.domain_id)s) or (role:admin and domain_id:%(target.user.domain_id)s and domain_id:%(target.domain.id)s) or (role:admin and domain_id:%(target.group.domain_id)s and domain_id:%(target.project.domain_id)s) or (role:admin and domain_id:%(target.group.domain_id)s and domain_id:%(target.domain.id)s)) and (domain_id:%(target.role.domain_id)s or None:%(target.role.domain_id)s)" failed scope check. The token used to make the request was project scoped but the policy requires ['system', 'domain'] scope. This behavior may change in the future where using the intended scope is required
Jul 31 14:34:32 user devstack@keystone.service[43553]: warnings.warn(msg)
Jul 31 14:34:32 user devstack@keystone.service[43553]:
Jul 31 14:34:32 user devstack@keystone.service[43553]: DEBUG keystone.common.rbac_enforcer.enforcer [None req-c8a42ed7-cdd0-449a-9d6c-6fa85b0f10f4 admin admin] RBAC: Authorization granted {{(pid=43553) enforce_call /opt/stack/keystone/keystone/common/rbac_enforcer/enforcer.py:457}}
Jul 31 14:34:32 user devstack@keystone.service[43554]: DEBUG keystone.common.rbac_enforcer.enforcer [None req-9d651b10-b563-4deb-adf6-6e70b4c7d10b admin admin] Extracting inferred target data resulted in "NOT FOUND (404)". {{(pid=43554) enforce_call /opt/stack/keystone/keystone/common/rbac_enforcer/enforcer.py:409}}
Jul 31 14:34:32 user devstack@keystone.service[43553]: [pid: 43553|app: 0|req: 87/275] 10.0.0.210 () {58 vars in 1458 bytes} [Mon Jul 31 14:34:32 2023] PUT /identity/v3/projects/398f73d8309c4398988ec608e1d56f9e/groups/4a2833343d4a4f779166f9d51092b44e/roles/a92bb3f133584feda54ef8839542f6c9 => generated 0 bytes in 37 msecs (HTTP/1.1 204) 3 headers in 132 bytes (0 switches on core 0)
Jul 31 14:34:32 user devstack@keystone.service[43554]: ERROR keystone.server.flask.application [None req-9d651b10-b563-4deb-adf6-6e70b4c7d10b admin admin] Could not find role: member.: keystone.exception.RoleNotFound: Could not find role: member.
Jul 31 14:34:32 user devstack@keystone.service[43554]: ERROR keystone.server.flask.application
Traceback (most recent call last):
Jul 31 14:34:32 user devstack@keystone.service[43554]: ERROR keystone.server.flask.application
File "/usr/local/lib/python3.10/dist-packages/flask/app.py", line 1823, in full_dispatch_request
Jul 31 14:34:32 user devstack@keystone.service[43554]: ERROR keystone.server.flask.application rv = self.dispatch_request()
Jul 31 14:34:32 user devstack@keystone.service[43554]: ERROR keystone.server.flask.application
File "/usr/local/lib/python3.10/dist-packages/flask/app.py", line 1799, in dispatch_request
Jul 31 14:34:32 user devstack@keystone.service[43554]: ERROR keystone.server.flask.application return self.ensure_sync(self.view_functions[rule.endpoint])(**view_args)
Jul 31 14:34:32 user devstack@keystone.service[43554]: ERROR keystone.server.flask.application
File "/usr/local/lib/python3.10/dist-packages/flask_restful/__init__.py", line 467, in wrapper
Jul 31 14:34:32 user devstack@keystone.service[43554]: ERROR keystone.server.flask.application resp = resource(*args, **kwargs)
Jul 31 14:34:32 user devstack@keystone.service[43554]: ERROR keystone.server.flask.application
File "/usr/local/lib/python3.10/dist-packages/flask/views.py", line 107, in view
Jul 31 14:34:32 user devstack@keystone.service[43554]: ERROR keystone.server.flask.application return current_app.ensure_sync(self.dispatch_request)(**kwargs)
Jul 31 14:34:32 user devstack@keystone.service[43554]: ERROR keystone.server.flask.application
File "/usr/local/lib/python3.10/dist-packages/flask_restful/__init__.py", line 582, in dispatch_request
Jul 31 14:34:32 user devstack@keystone.service[43554]: ERROR keystone.server.flask.application resp = meth(*args, **kwargs)
Jul 31 14:34:32 user devstack@keystone.service[43554]: ERROR keystone.server.flask.application
File "/opt/stack/keystone/keystone/api/roles.py", line 50, in get
Jul 31 14:34:32 user devstack@keystone.service[43554]: ERROR keystone.server.flask.application return self._get_role(role_id)
Jul 31 14:34:32 user devstack@keystone.service[43554]: ERROR keystone.server.flask.application
File "/opt/stack/keystone/keystone/api/roles.py", line 70, in _get_role
Jul 31 14:34:32 user devstack@keystone.service[43554]: ERROR keystone.server.flask.application ENFORCER.enforce_call(action='identity:get_role')
Jul 31 14:34:32 user devstack@keystone.service[43554]: ERROR keystone.server.flask.application
File "/opt/stack/keystone/keystone/common/rbac_enforcer/enforcer.py", line 402, in enforce_call
Jul 31 14:34:32 user devstack@keystone.service[43554]: ERROR keystone.server.flask.application policy_dict.update(cls._extract_member_target_data(
Jul 31 14:34:32 user devstack@keystone.service[43554]: ERROR keystone.server.flask.application
File "/opt/stack/keystone/keystone/common/rbac_enforcer/enforcer.py", line 234, in _extract_member_target_data
Jul 31 14:34:32 user devstack@keystone.service[43554]: ERROR keystone.server.flask.application member_name: func(flask.request.view_args[key])
Jul 31 14:34:32 user devstack@keystone.service[43554]: ERROR keystone.server.flask.application
File "/opt/stack/keystone/keystone/common/manager.py", line 115, in wrapped
Jul 31 14:34:32 user devstack@keystone.service[43554]: ERROR keystone.server.flask.application __ret_val = __f(*args, **kwargs)
Jul 31 14:34:32 user devstack@keystone.service[43554]: ERROR keystone.server.flask.application
File "/usr/local/lib/python3.10/dist-packages/decorator.py", line 232, in fun
Jul 31 14:34:32 user devstack@keystone.service[43554]: ERROR keystone.server.flask.application return caller(func, *(extras + args), **kw)
Jul 31 14:34:32 user devstack@keystone.service[43554]: ERROR keystone.server.flask.application
File "/usr/local/lib/python3.10/dist-packages/dogpile/cache/region.py", line 1577, in get_or_create_for_user_func
Jul 31 14:34:32 user devstack@keystone.service[43554]: ERROR keystone.server.flask.application return self.get_or_create(
Jul 31 14:34:32 user devstack@keystone.service[43554]: ERROR keystone.server.flask.application
File "/usr/local/lib/python3.10/dist-packages/dogpile/cache/region.py", line 1042, in get_or_create
Jul 31 14:34:32 user devstack@keystone.service[43554]: ERROR keystone.server.flask.application with Lock(
Jul 31 14:34:32 user devstack@keystone.service[43554]: ERROR keystone.server.flask.application
File "/usr/local/lib/python3.10/dist-packages/dogpile/lock.py", line 185, in __enter__
Jul 31 14:34:32 user devstack@keystone.service[43554]: ERROR keystone.server.flask.application return self._enter()
Jul 31 14:34:32 user devstack@keystone.service[43554]: ERROR keystone.server.flask.application
File "/usr/local/lib/python3.10/dist-packages/dogpile/lock.py", line 94, in _enter
Jul 31 14:34:32 user devstack@keystone.service[43554]: ERROR keystone.server.flask.application generated = self._enter_create(value, createdtime)
Jul 31 14:34:32 user devstack@keystone.service[43554]: ERROR keystone.server.flask.application
File "/usr/local/lib/python3.10/dist-packages/dogpile/lock.py", line 178, in _enter_create
Jul 31 14:34:32 user devstack@keystone.service[43554]: ERROR keystone.server.flask.application return self.creator()
Jul 31 14:34:32 user devstack@keystone.service[43554]: ERROR keystone.server.flask.application
File "/usr/local/lib/python3.10/dist-packages/dogpile/cache/region.py", line 995, in gen_value
Jul 31 14:34:32 user devstack@keystone.service[43554]: ERROR keystone.server.flask.application created_value = creator(
Jul 31 14:34:32 user devstack@keystone.service[43554]: ERROR keystone.server.flask.application
File "/opt/stack/keystone/keystone/assignment/core.py", line 1276, in get_role
Jul 31 14:34:32 user devstack@keystone.service[43554]: ERROR keystone.server.flask.application return self.driver.get_role(role_id)
Jul 31 14:34:32 user devstack@keystone.service[43554]: ERROR keystone.server.flask.application
File "/opt/stack/keystone/keystone/assignment/role_backends/sql.py", line 70, in get_role
Jul 31 14:34:32 user devstack@keystone.service[43554]: ERROR keystone.server.flask.application return self._get_role(session, role_id).to_dict()
Jul 31 14:34:32 user devstack@keystone.service[43554]: ERROR keystone.server.flask.application
File "/opt/stack/keystone/keystone/assignment/role_backends/sql.py", line 65, in _get_role
Jul 31 14:34:32 user devstack@keystone.service[43554]: ERROR keystone.server.flask.application raise exception.RoleNotFound(role_id=role_id)
Jul 31 14:34:32 user devstack@keystone.service[43554]: ERROR keystone.server.flask.application keystone.exception.RoleNotFound: Could not find role: member.
Jul 31 14:34:32 user devstack@keystone.service[43554]: ERROR keystone.server.flask.application
Jul 31 14:34:32 user devstack@keystone.service[43554]: [pid: 43554|app: 0|req: 96/276] 10.0.0.210 () {56 vars in 1115 bytes} [Mon Jul 31 14:34:32 2023] GET /identity/v3/roles/member => generated 84 bytes in 30 msecs (HTTP/1.1 404) 5 headers in 183 bytes (1 switches on core 0)
Jul 31 14:34:32 user devstack@keystone.service[43555]: DEBUG keystone.server.flask.request_processing.middleware.auth_context [None req-6a34f2b0-1101-4347-a8b5-185583c01dc7 None None] Authenticating user token {{(pid=43555) process_request /usr/local/lib/python3.10/dist-packages/keystonemiddleware/auth_token/__init__.py:406}}
Jul 31 14:34:32 user devstack@keystone.service[43555]: DEBUG keystone.server.flask.request_processing.middleware.auth_context [None req-6a34f2b0-1101-4347-a8b5-185583c01dc7 None None] Validating token access rules against request {{(pid=43555) validate_allowed_request /usr/local/lib/python3.10/dist-packages/keystonemiddleware/auth_token/__init__.py:544}}
Jul 31 14:34:32 user devstack@keystone.service[43553]: DEBUG keystone.server.flask.request_processing.middleware.auth_context [None req-c8a42ed7-cdd0-449a-9d6c-6fa85b0f10f4 admin admin] Authenticating user token {{(pid=43553) process_request /usr/local/lib/python3.10/dist-packages/keystonemiddleware/auth_token/__init__.py:406}}
Jul 31 14:34:32 user devstack@keystone.service[43553]: DEBUG dbcounter [-] [43553] Writing DB stats keystone:SELECT=99,keystone:INSERT=1 {{(pid=43553) stat_writer /usr/local/lib/python3.10/dist-packages/dbcounter.py:117}}
Jul 31 14:34:32 user devstack@keystone.service[43555]: DEBUG keystone.server.flask.request_processing.middleware.auth_context [None req-6379f388-fda3-4d45-a158-d64f2b7f8ae6 admin admin] RBAC: auth_context: {'token': , 'domain_id': None, 'trust_id': None, 'trustor_id': None, 'trustee_id': None, 'domain_name': None, 'group_ids': [], 'user_id': '9b56cdb9d9484a8f8637fd851d2dafdf', 'user_domain_id': 'default', 'system_scope': None, 'project_id': 'be985e778f1041c8a2378f305504c462', 'project_domain_id': 'default', 'roles': ['admin', 'reader', 'member'], 'is_admin_project': True, 'service_user_id': None, 'service_user_domain_id': None, 'service_project_id': None, 'service_project_domain_id': None, 'service_roles': []} {{(pid=43555) fill_context /opt/stack/keystone/keystone/server/flask/request_processing/middleware/auth_context.py:480}}
Jul 31 14:34:32 user devstack@keystone.service[43555]: DEBUG keystone.server.flask.request_processing.req_logging [None req-6379f388-fda3-4d45-a158-d64f2b7f8ae6 admin admin] REQUEST_METHOD: `GET` {{(pid=43555) log_request_info /opt/stack/keystone/keystone/server/flask/request_processing/req_logging.py:27}}
Jul 31 14:34:32 user devstack@keystone.service[43555]: DEBUG keystone.server.flask.request_processing.req_logging [None req-6379f388-fda3-4d45-a158-d64f2b7f8ae6 admin admin] SCRIPT_NAME: `/identity` {{(pid=43555) log_request_info /opt/stack/keystone/keystone/server/flask/request_processing/req_logging.py:28}}
Jul 31 14:34:32 user devstack@keystone.service[43555]: DEBUG keystone.server.flask.request_processing.req_logging [None req-6379f388-fda3-4d45-a158-d64f2b7f8ae6 admin admin] PATH_INFO: `/v3/roles` {{(pid=43555) log_request_info /opt/stack/keystone/keystone/server/flask/request_processing/req_logging.py:29}}
Jul 31 14:34:32 user devstack@keystone.service[43555]: DEBUG keystone.common.rbac_enforcer.enforcer [None req-6379f388-fda3-4d45-a158-d64f2b7f8ae6 admin admin] RBAC: Adding query filter params (name=member) {{(pid=43555) _extract_filter_values /opt/stack/keystone/keystone/common/rbac_enforcer/enforcer.py:167}}
Jul 31 14:34:32 user devstack@keystone.service[43555]: DEBUG keystone.common.rbac_enforcer.enforcer [None req-6379f388-fda3-4d45-a158-d64f2b7f8ae6 admin admin] RBAC: Authorizing `identity:list_roles()` {{(pid=43555) enforce_call /opt/stack/keystone/keystone/common/rbac_enforcer/enforcer.py:449}}
Jul 31 14:34:32 user devstack@keystone.service[43555]: WARNING py.warnings [None req-6379f388-fda3-4d45-a158-d64f2b7f8ae6 admin admin] /usr/local/lib/python3.10/dist-packages/oslo_policy/policy.py:1130: UserWarning: Policy "identity:list_roles": "role:reader and system_scope:all" failed scope check. The token used to make the request was project scoped but the policy requires ['system'] scope. This behavior may change in the future where using the intended scope is required
Jul 31 14:34:32 user devstack@keystone.service[43555]: warnings.warn(msg)
Jul 31 14:34:32 user devstack@keystone.service[43555]:
Jul 31 14:34:32 user devstack@keystone.service[43555]: DEBUG keystone.common.rbac_enforcer.enforcer [None req-6379f388-fda3-4d45-a158-d64f2b7f8ae6 admin admin] RBAC: Authorization granted {{(pid=43555) enforce_call /opt/stack/keystone/keystone/common/rbac_enforcer/enforcer.py:457}}
Jul 31 14:34:32 user devstack@keystone.service[43555]: [pid: 43555|app: 0|req: 94/277] 10.0.0.210 () {56 vars in 1117 bytes} [Mon Jul 31 14:34:32 2023] GET /identity/v3/roles?name=member => generated 339 bytes in 72 msecs (HTTP/1.1 200) 5 headers in 177 bytes (1 switches on core 0)
Jul 31 14:34:32 user devstack@keystone.service[43554]: DEBUG keystone.server.flask.request_processing.middleware.auth_context [None req-9d651b10-b563-4deb-adf6-6e70b4c7d10b admin admin] Authenticating user token {{(pid=43554) process_request /usr/local/lib/python3.10/dist-packages/keystonemiddleware/auth_token/__init__.py:406}}
Jul 31 14:34:32 user devstack@keystone.service[43554]: DEBUG keystone.server.flask.request_processing.middleware.auth_context [None req-9d651b10-b563-4deb-adf6-6e70b4c7d10b admin admin] Validating token access rules against request {{(pid=43554) validate_allowed_request /usr/local/lib/python3.10/dist-packages/keystonemiddleware/auth_token/__init__.py:544}}
Jul 31 14:34:32 user devstack@keystone.service[43554]: DEBUG keystone.server.flask.request_processing.middleware.auth_context [None req-39fcc2f0-dfb4-4a58-be7e-20bed9123a5d admin admin] RBAC: auth_context: {'token': , 'domain_id': None, 'trust_id': None, 'trustor_id': None, 'trustee_id': None, 'domain_name': None, 'group_ids': [], 'user_id': '9b56cdb9d9484a8f8637fd851d2dafdf', 'user_domain_id': 'default', 'system_scope': None, 'project_id': 'be985e778f1041c8a2378f305504c462', 'project_domain_id': 'default', 'roles': ['admin', 'reader', 'member'], 'is_admin_project': True, 'service_user_id': None, 'service_user_domain_id': None, 'service_project_id': None, 'service_project_domain_id': None, 'service_roles': []} {{(pid=43554) fill_context /opt/stack/keystone/keystone/server/flask/request_processing/middleware/auth_context.py:480}}
Jul 31 14:34:32 user devstack@keystone.service[43554]: DEBUG keystone.server.flask.request_processing.req_logging [None req-39fcc2f0-dfb4-4a58-be7e-20bed9123a5d admin admin] REQUEST_METHOD: `GET` {{(pid=43554) log_request_info /opt/stack/keystone/keystone/server/flask/request_processing/req_logging.py:27}}
Jul 31 14:34:32 user devstack@keystone.service[43554]: DEBUG keystone.server.flask.request_processing.req_logging [None req-39fcc2f0-dfb4-4a58-be7e-20bed9123a5d admin admin] SCRIPT_NAME: `/identity` {{(pid=43554) log_request_info /opt/stack/keystone/keystone/server/flask/request_processing/req_logging.py:28}}
Jul 31 14:34:32 user devstack@keystone.service[43554]: DEBUG keystone.server.flask.request_processing.req_logging [None req-39fcc2f0-dfb4-4a58-be7e-20bed9123a5d admin admin] PATH_INFO: `/v3/groups/4a2833343d4a4f779166f9d51092b44e` {{(pid=43554) log_request_info /opt/stack/keystone/keystone/server/flask/request_processing/req_logging.py:29}}
Jul 31 14:34:33 user devstack@keystone.service[43554]: DEBUG keystone.common.rbac_enforcer.enforcer [None req-39fcc2f0-dfb4-4a58-be7e-20bed9123a5d admin admin] RBAC: Authorizing `identity:get_group(group_id=4a2833343d4a4f779166f9d51092b44e)` {{(pid=43554) enforce_call /opt/stack/keystone/keystone/common/rbac_enforcer/enforcer.py:449}}
Jul 31 14:34:33 user devstack@keystone.service[43554]: WARNING py.warnings [None req-39fcc2f0-dfb4-4a58-be7e-20bed9123a5d admin admin] /usr/local/lib/python3.10/dist-packages/oslo_policy/policy.py:1130: UserWarning: Policy "identity:get_group": "(role:reader and system_scope:all) or (role:reader and domain_id:%(target.group.domain_id)s)" failed scope check. The token used to make the request was project scoped but the policy requires ['system', 'domain'] scope. This behavior may change in the future where using the intended scope is required
Jul 31 14:34:33 user devstack@keystone.service[43554]: warnings.warn(msg)
Jul 31 14:34:33 user devstack@keystone.service[43554]:
Jul 31 14:34:33 user devstack@keystone.service[43554]: DEBUG keystone.common.rbac_enforcer.enforcer [None req-39fcc2f0-dfb4-4a58-be7e-20bed9123a5d admin admin] RBAC: Authorization granted {{(pid=43554) enforce_call /opt/stack/keystone/keystone/common/rbac_enforcer/enforcer.py:457}}
Jul 31 14:34:33 user devstack@keystone.service[43554]: [pid: 43554|app: 0|req: 97/278] 10.0.0.210 () {56 vars in 1196 bytes} [Mon Jul 31 14:34:32 2023] GET /identity/v3/groups/4a2833343d4a4f779166f9d51092b44e => generated 225 bytes in 19 msecs (HTTP/1.1 200) 5 headers in 177 bytes (1 switches on core 0)
Jul 31 14:34:33 user devstack@keystone.service[43555]: DEBUG keystone.server.flask.request_processing.middleware.auth_context [None req-6379f388-fda3-4d45-a158-d64f2b7f8ae6 admin admin] Authenticating user token {{(pid=43555) process_request /usr/local/lib/python3.10/dist-packages/keystonemiddleware/auth_token/__init__.py:406}}
Jul 31 14:34:33 user devstack@keystone.service[43555]: DEBUG keystone.server.flask.request_processing.middleware.auth_context [None req-6379f388-fda3-4d45-a158-d64f2b7f8ae6 admin admin] Validating token access rules against request {{(pid=43555) validate_allowed_request /usr/local/lib/python3.10/dist-packages/keystonemiddleware/auth_token/__init__.py:544}}
Jul 31 14:34:33 user devstack@keystone.service[43555]: DEBUG keystone.server.flask.request_processing.middleware.auth_context [None req-5578fa24-a7c8-46b7-ae15-343d571e6d61 admin admin] RBAC: auth_context: {'token': , 'domain_id': None, 'trust_id': None, 'trustor_id': None, 'trustee_id': None, 'domain_name': None, 'group_ids': [], 'user_id': '9b56cdb9d9484a8f8637fd851d2dafdf', 'user_domain_id': 'default', 'system_scope': None, 'project_id': 'be985e778f1041c8a2378f305504c462', 'project_domain_id': 'default', 'roles': ['admin', 'reader', 'member'], 'is_admin_project': True, 'service_user_id': None, 'service_user_domain_id': None, 'service_project_id': None, 'service_project_domain_id': None, 'service_roles': []} {{(pid=43555) fill_context /opt/stack/keystone/keystone/server/flask/request_processing/middleware/auth_context.py:480}}
Jul 31 14:34:33 user devstack@keystone.service[43555]: DEBUG keystone.server.flask.request_processing.req_logging [None req-5578fa24-a7c8-46b7-ae15-343d571e6d61 admin admin] REQUEST_METHOD: `GET` {{(pid=43555) log_request_info /opt/stack/keystone/keystone/server/flask/request_processing/req_logging.py:27}}
Jul 31 14:34:33 user devstack@keystone.service[43555]: DEBUG keystone.server.flask.request_processing.req_logging [None req-5578fa24-a7c8-46b7-ae15-343d571e6d61 admin admin] SCRIPT_NAME: `/identity` {{(pid=43555) log_request_info /opt/stack/keystone/keystone/server/flask/request_processing/req_logging.py:28}}
Jul 31 14:34:33 user devstack@keystone.service[43555]: DEBUG keystone.server.flask.request_processing.req_logging [None req-5578fa24-a7c8-46b7-ae15-343d571e6d61 admin admin] PATH_INFO: `/v3/projects/8c3857124fec4c1e8411c33b6d62c5a6` {{(pid=43555) log_request_info /opt/stack/keystone/keystone/server/flask/request_processing/req_logging.py:29}}
Jul 31 14:34:33 user devstack@keystone.service[43555]: DEBUG keystone.common.rbac_enforcer.enforcer [None req-5578fa24-a7c8-46b7-ae15-343d571e6d61 admin admin] RBAC: Authorizing `identity:get_project(project_id=8c3857124fec4c1e8411c33b6d62c5a6)` {{(pid=43555) enforce_call /opt/stack/keystone/keystone/common/rbac_enforcer/enforcer.py:449}}
Jul 31 14:34:33 user devstack@keystone.service[43553]: DEBUG keystone.server.flask.request_processing.middleware.auth_context [None req-c8a42ed7-cdd0-449a-9d6c-6fa85b0f10f4 admin admin] Validating token access rules against request {{(pid=43553) validate_allowed_request /usr/local/lib/python3.10/dist-packages/keystonemiddleware/auth_token/__init__.py:544}}
Jul 31 14:34:33 user devstack@keystone.service[43555]: DEBUG keystone.common.rbac_enforcer.enforcer [None req-5578fa24-a7c8-46b7-ae15-343d571e6d61 admin admin] RBAC: Authorization granted {{(pid=43555) enforce_call /opt/stack/keystone/keystone/common/rbac_enforcer/enforcer.py:457}}
Jul 31 14:34:33 user devstack@keystone.service[43555]: [pid: 43555|app: 0|req: 95/279] 10.0.0.210 () {56 vars in 1202 bytes} [Mon Jul 31 14:34:33 2023] GET /identity/v3/projects/8c3857124fec4c1e8411c33b6d62c5a6 => generated 301 bytes in 19 msecs (HTTP/1.1 200) 5 headers in 177 bytes (1 switches on core 0)
Jul 31 14:34:33 user devstack@keystone.service[43554]: DEBUG keystone.server.flask.request_processing.middleware.auth_context [None req-39fcc2f0-dfb4-4a58-be7e-20bed9123a5d admin admin] Authenticating user token {{(pid=43554) process_request /usr/local/lib/python3.10/dist-packages/keystonemiddleware/auth_token/__init__.py:406}}
Jul 31 14:34:33 user devstack@keystone.service[43554]: DEBUG keystone.server.flask.request_processing.middleware.auth_context [None req-39fcc2f0-dfb4-4a58-be7e-20bed9123a5d admin admin] Validating token access rules against request {{(pid=43554) validate_allowed_request /usr/local/lib/python3.10/dist-packages/keystonemiddleware/auth_token/__init__.py:544}}
Jul 31 14:34:33 user devstack@keystone.service[43554]: DEBUG keystone.server.flask.request_processing.middleware.auth_context [None req-7867bd3a-9400-433b-9e2d-15d2b3075e95 admin admin] RBAC: auth_context: {'token': , 'domain_id': None, 'trust_id': None, 'trustor_id': None, 'trustee_id': None, 'domain_name': None, 'group_ids': [], 'user_id': '9b56cdb9d9484a8f8637fd851d2dafdf', 'user_domain_id': 'default', 'system_scope': None, 'project_id': 'be985e778f1041c8a2378f305504c462', 'project_domain_id': 'default', 'roles': ['admin', 'reader', 'member'], 'is_admin_project': True, 'service_user_id': None, 'service_user_domain_id': None, 'service_project_id': None, 'service_project_domain_id': None, 'service_roles': []} {{(pid=43554) fill_context /opt/stack/keystone/keystone/server/flask/request_processing/middleware/auth_context.py:480}}
Jul 31 14:34:33 user devstack@keystone.service[43554]: DEBUG keystone.server.flask.request_processing.req_logging [None req-7867bd3a-9400-433b-9e2d-15d2b3075e95 admin admin] REQUEST_METHOD: `PUT` {{(pid=43554) log_request_info /opt/stack/keystone/keystone/server/flask/request_processing/req_logging.py:27}}
Jul 31 14:34:33 user devstack@keystone.service[43554]: DEBUG keystone.server.flask.request_processing.req_logging [None req-7867bd3a-9400-433b-9e2d-15d2b3075e95 admin admin] SCRIPT_NAME: `/identity` {{(pid=43554) log_request_info /opt/stack/keystone/keystone/server/flask/request_processing/req_logging.py:28}}
Jul 31 14:34:33 user devstack@keystone.service[43554]: DEBUG keystone.server.flask.request_processing.req_logging [None req-7867bd3a-9400-433b-9e2d-15d2b3075e95 admin admin] PATH_INFO: `/v3/projects/8c3857124fec4c1e8411c33b6d62c5a6/groups/4a2833343d4a4f779166f9d51092b44e/roles/4605b2142c884028b886daf1e8d21d15` {{(pid=43554) log_request_info /opt/stack/keystone/keystone/server/flask/request_processing/req_logging.py:29}}
Jul 31 14:34:33 user devstack@keystone.service[43554]: DEBUG keystone.common.rbac_enforcer.enforcer [None req-7867bd3a-9400-433b-9e2d-15d2b3075e95 admin admin] RBAC: Authorizing `identity:create_grant(project_id=8c3857124fec4c1e8411c33b6d62c5a6, group_id=4a2833343d4a4f779166f9d51092b44e, role_id=4605b2142c884028b886daf1e8d21d15)` {{(pid=43554) enforce_call /opt/stack/keystone/keystone/common/rbac_enforcer/enforcer.py:449}}
Jul 31 14:34:33 user devstack@keystone.service[43554]: DEBUG keystone.common.rbac_enforcer.enforcer [None req-7867bd3a-9400-433b-9e2d-15d2b3075e95 admin admin] RBAC: Authorization granted {{(pid=43554) enforce_call /opt/stack/keystone/keystone/common/rbac_enforcer/enforcer.py:457}}
Jul 31 14:34:33 user devstack@keystone.service[43555]: DEBUG keystone.server.flask.request_processing.req_logging [None req-a704a2fb-9aa4-4414-860d-04ef281c25e7 None None] REQUEST_METHOD: `GET` {{(pid=43555) log_request_info /opt/stack/keystone/keystone/server/flask/request_processing/req_logging.py:27}}
Jul 31 14:34:33 user devstack@keystone.service[43555]: DEBUG keystone.server.flask.request_processing.req_logging [None req-a704a2fb-9aa4-4414-860d-04ef281c25e7 None None] SCRIPT_NAME: `/identity` {{(pid=43555) log_request_info /opt/stack/keystone/keystone/server/flask/request_processing/req_logging.py:28}}
Jul 31 14:34:33 user devstack@keystone.service[43555]: DEBUG keystone.server.flask.request_processing.req_logging [None req-a704a2fb-9aa4-4414-860d-04ef281c25e7 None None] PATH_INFO: `/` {{(pid=43555) log_request_info /opt/stack/keystone/keystone/server/flask/request_processing/req_logging.py:29}}
Jul 31 14:34:33 user devstack@keystone.service[43553]: DEBUG keystone.server.flask.request_processing.middleware.auth_context [None req-72b3f8eb-0bbd-42a0-bb5a-bd2ffd5588dc None admin] RBAC: auth_context: {'token': , 'domain_id': None, 'trust_id': None, 'trustor_id': None, 'trustee_id': None, 'domain_name': None, 'group_ids': [], 'user_id': '9b56cdb9d9484a8f8637fd851d2dafdf', 'user_domain_id': 'default', 'system_scope': 'all', 'project_id': None, 'project_domain_id': None, 'roles': ['admin', 'member', 'reader'], 'is_admin_project': True, 'service_user_id': None, 'service_user_domain_id': None, 'service_project_id': None, 'service_project_domain_id': None, 'service_roles': []} {{(pid=43553) fill_context /opt/stack/keystone/keystone/server/flask/request_processing/middleware/auth_context.py:480}}
Jul 31 14:34:33 user devstack@keystone.service[43553]: DEBUG keystone.server.flask.request_processing.req_logging [None req-72b3f8eb-0bbd-42a0-bb5a-bd2ffd5588dc None admin] REQUEST_METHOD: `GET` {{(pid=43553) log_request_info /opt/stack/keystone/keystone/server/flask/request_processing/req_logging.py:27}}
Jul 31 14:34:33 user devstack@keystone.service[43553]: DEBUG keystone.server.flask.request_processing.req_logging [None req-72b3f8eb-0bbd-42a0-bb5a-bd2ffd5588dc None admin] SCRIPT_NAME: `/identity` {{(pid=43553) log_request_info /opt/stack/keystone/keystone/server/flask/request_processing/req_logging.py:28}}
Jul 31 14:34:33 user devstack@keystone.service[43553]: DEBUG keystone.server.flask.request_processing.req_logging [None req-72b3f8eb-0bbd-42a0-bb5a-bd2ffd5588dc None admin] PATH_INFO: `/v3/roles/reader` {{(pid=43553) log_request_info /opt/stack/keystone/keystone/server/flask/request_processing/req_logging.py:29}}
