Apr 19 07:59:44 user devstack@c-api.service[71930]: DEBUG cinder.api.openstack.wsgi [None req-7d96a82b-875d-4f05-af73-be97156bcbd8 tempest-ExtraSpecsNegativeTest-2116743213 tempest-ExtraSpecsNegativeTest-2116743213-project-admin] Calling method 'index' {{(pid=71930) _process_stack /opt/stack/cinder/cinder/api/openstack/wsgi.py:868}}
Apr 19 07:59:44 user devstack@c-api.service[71931]: DEBUG cinder.quota [None req-2fd820b7-f274-40e6-955b-934b0b1e0b68 tempest-VolumesDeleteCascade-1170080562 tempest-VolumesDeleteCascade-1170080562-project-member] Created reservations ['354ec91b-dbff-4ec5-ae80-32f408e36e58', '3bfe31ac-927e-4708-8f37-ac0ed669da3e', '19d05531-84d0-45c9-a6ea-1e235b8484d6', '10989430-3b0b-4a1e-89ff-2fca2c3b4af0'] {{(pid=71931) reserve /opt/stack/cinder/cinder/quota.py:755}}
Apr 19 07:59:44 user devstack@c-api.service[71930]: INFO cinder.api.openstack.wsgi [None req-7d96a82b-875d-4f05-af73-be97156bcbd8 tempest-ExtraSpecsNegativeTest-2116743213 tempest-ExtraSpecsNegativeTest-2116743213-project-admin] http://10.0.0.210/volume/v3/3c492c21202c4d5b8ceaa6f2031226c3/types/18474418-4016-4268-b764-f24ffa6d8190/extra_specs returned with HTTP 404
Apr 19 07:59:44 user devstack@c-api.service[71930]: [pid: 71930|app: 0|req: 66/177] 10.0.0.210 () {62 vars in 1432 bytes} [Wed Apr 19 07:59:44 2023] GET /volume/v3/3c492c21202c4d5b8ceaa6f2031226c3/types/18474418-4016-4268-b764-f24ffa6d8190/extra_specs => generated 114 bytes in 16 msecs (HTTP/1.1 404) 7 headers in 292 bytes (1 switches on core 0)
Apr 19 07:59:44 user devstack@c-api.service[71929]: DEBUG cinder.api.middleware.request_id [None req-dac004cf-961b-4e05-a772-921b126c349b None None] RequestId filter calling following filter/app {{(pid=71929) _context_setter /opt/stack/cinder/cinder/api/middleware/request_id.py:62}}
Apr 19 07:59:44 user devstack@c-api.service[71929]: INFO cinder.api.openstack.wsgi [None req-dac004cf-961b-4e05-a772-921b126c349b tempest-ExtraSpecsNegativeTest-2116743213 tempest-ExtraSpecsNegativeTest-2116743213-project-admin] PUT http://10.0.0.210/volume/v3/3c492c21202c4d5b8ceaa6f2031226c3/types/17fb3e1d-b92d-4fc2-a6ec-0d773eee8b2e/extra_specs/spec1
Apr 19 07:59:44 user devstack@c-api.service[71929]: DEBUG cinder.api.openstack.wsgi [None req-dac004cf-961b-4e05-a772-921b126c349b tempest-ExtraSpecsNegativeTest-2116743213 tempest-ExtraSpecsNegativeTest-2116743213-project-admin] Action: 'update', calling method: update, body: {"spec1": "val2", "spec2": "val1"} {{(pid=71929) _process_stack /opt/stack/cinder/cinder/api/openstack/wsgi.py:866}}
Apr 19 07:59:44 user devstack@c-api.service[71929]: INFO cinder.api.openstack.wsgi [None req-dac004cf-961b-4e05-a772-921b126c349b tempest-ExtraSpecsNegativeTest-2116743213 tempest-ExtraSpecsNegativeTest-2116743213-project-admin] http://10.0.0.210/volume/v3/3c492c21202c4d5b8ceaa6f2031226c3/types/17fb3e1d-b92d-4fc2-a6ec-0d773eee8b2e/extra_specs/spec1 returned with HTTP 400
Apr 19 07:59:44 user devstack@c-api.service[71929]: [pid: 71929|app: 0|req: 50/178] 10.0.0.210 () {64 vars in 1470 bytes} [Wed Apr 19 07:59:44 2023] PUT /volume/v3/3c492c21202c4d5b8ceaa6f2031226c3/types/17fb3e1d-b92d-4fc2-a6ec-0d773eee8b2e/extra_specs/spec1 => generated 102 bytes in 10 msecs (HTTP/1.1 400) 7 headers in 294 bytes (1 switches on core 0)
Apr 19 07:59:44 user devstack@c-api.service[71930]: DEBUG cinder.api.middleware.request_id [None req-a12b039f-f26b-4333-a3f6-9fa21f1649aa None None] RequestId filter calling following filter/app {{(pid=71930) _context_setter /opt/stack/cinder/cinder/api/middleware/request_id.py:62}}
Apr 19 07:59:44 user devstack@c-api.service[71930]: INFO cinder.api.openstack.wsgi [None req-a12b039f-f26b-4333-a3f6-9fa21f1649aa tempest-ExtraSpecsNegativeTest-2116743213 tempest-ExtraSpecsNegativeTest-2116743213-project-admin] PUT http://10.0.0.210/volume/v3/3c492c21202c4d5b8ceaa6f2031226c3/types/17fb3e1d-b92d-4fc2-a6ec-0d773eee8b2e/extra_specs/spec1
Apr 19 07:59:44 user devstack@c-api.service[71930]: DEBUG cinder.api.openstack.wsgi [None req-a12b039f-f26b-4333-a3f6-9fa21f1649aa tempest-ExtraSpecsNegativeTest-2116743213 tempest-ExtraSpecsNegativeTest-2116743213-project-admin] Action: 'update', calling method: update, body: null {{(pid=71930) _process_stack /opt/stack/cinder/cinder/api/openstack/wsgi.py:866}}
Apr 19 07:59:44 user devstack@c-api.service[71930]: INFO cinder.api.openstack.wsgi [None req-a12b039f-f26b-4333-a3f6-9fa21f1649aa tempest-ExtraSpecsNegativeTest-2116743213 tempest-ExtraSpecsNegativeTest-2116743213-project-admin] http://10.0.0.210/volume/v3/3c492c21202c4d5b8ceaa6f2031226c3/types/17fb3e1d-b92d-4fc2-a6ec-0d773eee8b2e/extra_specs/spec1 returned with HTTP 400
Apr 19 07:59:44 user devstack@c-api.service[71930]: [pid: 71930|app: 0|req: 67/179] 10.0.0.210 () {64 vars in 1469 bytes} [Wed Apr 19 07:59:44 2023] PUT /volume/v3/3c492c21202c4d5b8ceaa6f2031226c3/types/17fb3e1d-b92d-4fc2-a6ec-0d773eee8b2e/extra_specs/spec1 => generated 72 bytes in 9 msecs (HTTP/1.1 400) 7 headers in 293 bytes (1 switches on core 0)
Apr 19 07:59:44 user devstack@c-api.service[71929]: DEBUG cinder.api.middleware.request_id [None req-f59c265c-18ad-48cd-8880-4a4a1c6a0120 None None] RequestId filter calling following filter/app {{(pid=71929) _context_setter /opt/stack/cinder/cinder/api/middleware/request_id.py:62}}
Apr 19 07:59:44 user devstack@c-api.service[71929]: INFO cinder.api.openstack.wsgi [None req-f59c265c-18ad-48cd-8880-4a4a1c6a0120 tempest-ExtraSpecsNegativeTest-2116743213 tempest-ExtraSpecsNegativeTest-2116743213-project-admin] PUT http://10.0.0.210/volume/v3/3c492c21202c4d5b8ceaa6f2031226c3/types/17fb3e1d-b92d-4fc2-a6ec-0d773eee8b2e/extra_specs/None
Apr 19 07:59:44 user devstack@c-api.service[71929]: DEBUG cinder.api.openstack.wsgi [None req-f59c265c-18ad-48cd-8880-4a4a1c6a0120 tempest-ExtraSpecsNegativeTest-2116743213 tempest-ExtraSpecsNegativeTest-2116743213-project-admin] Action: 'update', calling method: update, body: {"spec1": "val2"} {{(pid=71929) _process_stack /opt/stack/cinder/cinder/api/openstack/wsgi.py:866}}
Apr 19 07:59:44 user devstack@c-api.service[71931]: INFO cinder.volume.api [None req-2fd820b7-f274-40e6-955b-934b0b1e0b68 tempest-VolumesDeleteCascade-1170080562 tempest-VolumesDeleteCascade-1170080562-project-member] Delete volume request issued successfully.
Apr 19 07:59:44 user devstack@c-api.service[71931]: INFO cinder.api.openstack.wsgi [None req-2fd820b7-f274-40e6-955b-934b0b1e0b68 tempest-VolumesDeleteCascade-1170080562 tempest-VolumesDeleteCascade-1170080562-project-member] http://10.0.0.210/volume/v3/59b2df8f8f1c4f59be9274a5135171c6/volumes/6c865a3d-71cf-40a8-862c-4b1c03602908 returned with HTTP 202
Apr 19 07:59:44 user devstack@c-api.service[71931]: [pid: 71931|app: 0|req: 63/180] 10.0.0.210 () {62 vars in 1405 bytes} [Wed Apr 19 07:59:44 2023] DELETE /volume/v3/59b2df8f8f1c4f59be9274a5135171c6/volumes/6c865a3d-71cf-40a8-862c-4b1c03602908 => generated 0 bytes in 119 msecs (HTTP/1.1 202) 6 headers in 233 bytes (1 switches on core 0)
Apr 19 07:59:44 user devstack@c-api.service[71930]: DEBUG cinder.api.middleware.request_id [None req-f01a10e6-9e7a-4e2e-962c-e719e028b08f None None] RequestId filter calling following filter/app {{(pid=71930) _context_setter /opt/stack/cinder/cinder/api/middleware/request_id.py:62}}
Apr 19 07:59:44 user devstack@c-api.service[71930]: INFO cinder.api.openstack.wsgi [None req-f01a10e6-9e7a-4e2e-962c-e719e028b08f tempest-VolumesDeleteCascade-1170080562 tempest-VolumesDeleteCascade-1170080562-project-member] GET http://10.0.0.210/volume/v3/59b2df8f8f1c4f59be9274a5135171c6/volumes/6c865a3d-71cf-40a8-862c-4b1c03602908
Apr 19 07:59:44 user devstack@c-api.service[71930]: DEBUG cinder.api.openstack.wsgi [None req-f01a10e6-9e7a-4e2e-962c-e719e028b08f tempest-VolumesDeleteCascade-1170080562 tempest-VolumesDeleteCascade-1170080562-project-member] Empty body provided in request {{(pid=71930) get_body /opt/stack/cinder/cinder/api/openstack/wsgi.py:715}}
Apr 19 07:59:44 user devstack@c-api.service[71930]: DEBUG cinder.api.openstack.wsgi [None req-f01a10e6-9e7a-4e2e-962c-e719e028b08f tempest-VolumesDeleteCascade-1170080562 tempest-VolumesDeleteCascade-1170080562-project-member] Calling method 'show' {{(pid=71930) _process_stack /opt/stack/cinder/cinder/api/openstack/wsgi.py:868}}
Apr 19 07:59:44 user devstack@c-api.service[71930]: INFO cinder.api.openstack.wsgi [None req-f01a10e6-9e7a-4e2e-962c-e719e028b08f tempest-VolumesDeleteCascade-1170080562 tempest-VolumesDeleteCascade-1170080562-project-member] http://10.0.0.210/volume/v3/59b2df8f8f1c4f59be9274a5135171c6/volumes/6c865a3d-71cf-40a8-862c-4b1c03602908 returned with HTTP 404
Apr 19 07:59:44 user devstack@c-api.service[71930]: [pid: 71930|app: 0|req: 68/181] 10.0.0.210 () {62 vars in 1402 bytes} [Wed Apr 19 07:59:44 2023] GET /volume/v3/59b2df8f8f1c4f59be9274a5135171c6/volumes/6c865a3d-71cf-40a8-862c-4b1c03602908 => generated 109 bytes in 17 msecs (HTTP/1.1 404) 7 headers in 292 bytes (1 switches on core 0)
Apr 19 07:59:44 user devstack@c-api.service[71931]: DEBUG cinder.api.middleware.request_id [None req-06cca535-b66d-48be-9f45-fb2637d4e15d None None] RequestId filter calling following filter/app {{(pid=71931) _context_setter /opt/stack/cinder/cinder/api/middleware/request_id.py:62}}
Apr 19 07:59:44 user devstack@c-api.service[71931]: INFO cinder.api.openstack.wsgi [None req-06cca535-b66d-48be-9f45-fb2637d4e15d tempest-VolumesDeleteCascade-1170080562 tempest-VolumesDeleteCascade-1170080562-project-member] POST http://10.0.0.210/volume/v3/59b2df8f8f1c4f59be9274a5135171c6/volumes
Apr 19 07:59:44 user devstack@c-api.service[71931]: DEBUG cinder.api.openstack.wsgi [None req-06cca535-b66d-48be-9f45-fb2637d4e15d tempest-VolumesDeleteCascade-1170080562 tempest-VolumesDeleteCascade-1170080562-project-member] Action: 'create', calling method: create, body: {"volume": {"size": 1, "name": "tempest-VolumesDeleteCascade-Volume-336772644"}} {{(pid=71931) _process_stack /opt/stack/cinder/cinder/api/openstack/wsgi.py:866}}
Apr 19 07:59:44 user devstack@c-api.service[71931]: DEBUG cinder.api.v3.volumes [None req-06cca535-b66d-48be-9f45-fb2637d4e15d tempest-VolumesDeleteCascade-1170080562 tempest-VolumesDeleteCascade-1170080562-project-member] Create volume request body: {'volume': {'size': 1, 'name': 'tempest-VolumesDeleteCascade-Volume-336772644'}} {{(pid=71931) create /opt/stack/cinder/cinder/api/v3/volumes.py:297}}
Apr 19 07:59:44 user devstack@c-api.service[71931]: INFO cinder.api.v3.volumes [None req-06cca535-b66d-48be-9f45-fb2637d4e15d tempest-VolumesDeleteCascade-1170080562 tempest-VolumesDeleteCascade-1170080562-project-member] Create volume of 1 GB
Apr 19 07:59:44 user devstack@c-api.service[71929]: INFO cinder.api.openstack.wsgi [None req-f59c265c-18ad-48cd-8880-4a4a1c6a0120 tempest-ExtraSpecsNegativeTest-2116743213 tempest-ExtraSpecsNegativeTest-2116743213-project-admin] HTTP exception thrown: Request body and URI mismatch
Apr 19 07:59:44 user devstack@c-api.service[71929]: INFO cinder.api.openstack.wsgi [None req-f59c265c-18ad-48cd-8880-4a4a1c6a0120 tempest-ExtraSpecsNegativeTest-2116743213 tempest-ExtraSpecsNegativeTest-2116743213-project-admin] http://10.0.0.210/volume/v3/3c492c21202c4d5b8ceaa6f2031226c3/types/17fb3e1d-b92d-4fc2-a6ec-0d773eee8b2e/extra_specs/None returned with HTTP 400
Apr 19 07:59:44 user devstack@c-api.service[71929]: [pid: 71929|app: 0|req: 51/182] 10.0.0.210 () {64 vars in 1467 bytes} [Wed Apr 19 07:59:44 2023] PUT /volume/v3/3c492c21202c4d5b8ceaa6f2031226c3/types/17fb3e1d-b92d-4fc2-a6ec-0d773eee8b2e/extra_specs/None => generated 73 bytes in 60 msecs (HTTP/1.1 400) 7 headers in 293 bytes (1 switches on core 0)
Apr 19 07:59:44 user devstack@c-api.service[71931]: INFO cinder.volume.api [None req-06cca535-b66d-48be-9f45-fb2637d4e15d tempest-VolumesDeleteCascade-1170080562 tempest-VolumesDeleteCascade-1170080562-project-member] Availability Zones retrieved successfully.
Apr 19 07:59:44 user devstack@c-api.service[71930]: DEBUG cinder.api.middleware.request_id [None req-4c70baf9-e840-487f-b37d-ca4a96c3b010 None None] RequestId filter calling following filter/app {{(pid=71930) _context_setter /opt/stack/cinder/cinder/api/middleware/request_id.py:62}}
Apr 19 07:59:44 user devstack@c-api.service[71930]: INFO cinder.api.openstack.wsgi [None req-4c70baf9-e840-487f-b37d-ca4a96c3b010 tempest-ExtraSpecsNegativeTest-2116743213 tempest-ExtraSpecsNegativeTest-2116743213-project-admin] PUT http://10.0.0.210/volume/v3/3c492c21202c4d5b8ceaa6f2031226c3/types/17fb3e1d-b92d-4fc2-a6ec-0d773eee8b2e/extra_specs/474242fc-234e-4593-bced-af2c9947a9f0
Apr 19 07:59:44 user devstack@c-api.service[71930]: DEBUG cinder.api.openstack.wsgi [None req-4c70baf9-e840-487f-b37d-ca4a96c3b010 tempest-ExtraSpecsNegativeTest-2116743213 tempest-ExtraSpecsNegativeTest-2116743213-project-admin] Action: 'update', calling method: update, body: {"spec1": "val2"} {{(pid=71930) _process_stack /opt/stack/cinder/cinder/api/openstack/wsgi.py:866}}
Apr 19 07:59:44 user devstack@c-api.service[71931]: DEBUG cinder.volume.api [None req-06cca535-b66d-48be-9f45-fb2637d4e15d tempest-VolumesDeleteCascade-1170080562 tempest-VolumesDeleteCascade-1170080562-project-member] Flow 'volume_create_api' (eb8b9ae4-8afd-44c9-85be-2dbc0d0d16b5) transitioned into state 'RUNNING' from state 'PENDING' {{(pid=71931) _flow_receiver /usr/local/lib/python3.10/dist-packages/taskflow/listeners/logging.py:141}}
Apr 19 07:59:44 user devstack@c-api.service[71931]: DEBUG cinder.volume.api [None req-06cca535-b66d-48be-9f45-fb2637d4e15d tempest-VolumesDeleteCascade-1170080562 tempest-VolumesDeleteCascade-1170080562-project-member] Task 'cinder.volume.flows.api.create_volume.ExtractVolumeRequestTask;volume:create' (ce0b300a-b28f-4dee-8bbb-941f6c8f285d) transitioned into state 'RUNNING' from state 'PENDING' {{(pid=71931) _task_receiver /usr/local/lib/python3.10/dist-packages/taskflow/listeners/logging.py:190}}
Apr 19 07:59:44 user devstack@c-api.service[71931]: DEBUG cinder.volume.flows.api.create_volume [None req-06cca535-b66d-48be-9f45-fb2637d4e15d tempest-VolumesDeleteCascade-1170080562 tempest-VolumesDeleteCascade-1170080562-project-member] Validating volume size '1' using validate_int {{(pid=71931) _extract_size /opt/stack/cinder/cinder/volume/flows/api/create_volume.py:228}}
Apr 19 07:59:44 user devstack@c-api.service[71930]: INFO cinder.api.openstack.wsgi [None req-4c70baf9-e840-487f-b37d-ca4a96c3b010 tempest-ExtraSpecsNegativeTest-2116743213 tempest-ExtraSpecsNegativeTest-2116743213-project-admin] HTTP exception thrown: Request body and URI mismatch
Apr 19 07:59:44 user devstack@c-api.service[71930]: INFO cinder.api.openstack.wsgi [None req-4c70baf9-e840-487f-b37d-ca4a96c3b010 tempest-ExtraSpecsNegativeTest-2116743213 tempest-ExtraSpecsNegativeTest-2116743213-project-admin] http://10.0.0.210/volume/v3/3c492c21202c4d5b8ceaa6f2031226c3/types/17fb3e1d-b92d-4fc2-a6ec-0d773eee8b2e/extra_specs/474242fc-234e-4593-bced-af2c9947a9f0 returned with HTTP 400
Apr 19 07:59:44 user devstack@c-api.service[71930]: [pid: 71930|app: 0|req: 69/183] 10.0.0.210 () {64 vars in 1563 bytes} [Wed Apr 19 07:59:44 2023] PUT /volume/v3/3c492c21202c4d5b8ceaa6f2031226c3/types/17fb3e1d-b92d-4fc2-a6ec-0d773eee8b2e/extra_specs/474242fc-234e-4593-bced-af2c9947a9f0 => generated 73 bytes in 27 msecs (HTTP/1.1 400) 7 headers in 293 bytes (1 switches on core 0)
Apr 19 07:59:44 user devstack@c-api.service[71929]: DEBUG cinder.api.middleware.request_id [None req-8ac6510d-86b9-4d3f-9d0f-b8f262e2fc97 None None] RequestId filter calling following filter/app {{(pid=71929) _context_setter /opt/stack/cinder/cinder/api/middleware/request_id.py:62}}
Apr 19 07:59:44 user devstack@c-api.service[71929]: INFO cinder.api.openstack.wsgi [None req-8ac6510d-86b9-4d3f-9d0f-b8f262e2fc97 tempest-ExtraSpecsNegativeTest-2116743213 tempest-ExtraSpecsNegativeTest-2116743213-project-admin] PUT http://10.0.0.210/volume/v3/3c492c21202c4d5b8ceaa6f2031226c3/types/9bb1b4cc-5bf9-42c6-9254-701315bb56c7/extra_specs/spec1
Apr 19 07:59:44 user devstack@c-api.service[71929]: DEBUG cinder.api.openstack.wsgi [None req-8ac6510d-86b9-4d3f-9d0f-b8f262e2fc97 tempest-ExtraSpecsNegativeTest-2116743213 tempest-ExtraSpecsNegativeTest-2116743213-project-admin] Action: 'update', calling method: update, body: {"spec1": "val5"} {{(pid=71929) _process_stack /opt/stack/cinder/cinder/api/openstack/wsgi.py:866}}
Apr 19 07:59:44 user devstack@c-api.service[71929]: INFO cinder.api.openstack.wsgi [None req-8ac6510d-86b9-4d3f-9d0f-b8f262e2fc97 tempest-ExtraSpecsNegativeTest-2116743213 tempest-ExtraSpecsNegativeTest-2116743213-project-admin] http://10.0.0.210/volume/v3/3c492c21202c4d5b8ceaa6f2031226c3/types/9bb1b4cc-5bf9-42c6-9254-701315bb56c7/extra_specs/spec1 returned with HTTP 404
Apr 19 07:59:44 user devstack@c-api.service[71929]: [pid: 71929|app: 0|req: 52/184] 10.0.0.210 () {64 vars in 1470 bytes} [Wed Apr 19 07:59:44 2023] PUT /volume/v3/3c492c21202c4d5b8ceaa6f2031226c3/types/9bb1b4cc-5bf9-42c6-9254-701315bb56c7/extra_specs/spec1 => generated 114 bytes in 23 msecs (HTTP/1.1 404) 7 headers in 292 bytes (1 switches on core 0)
Apr 19 07:59:44 user devstack@c-api.service[71930]: DEBUG cinder.api.middleware.request_id [None req-a8c3f2a2-7067-425f-800e-b6421fe95c9b None None] RequestId filter calling following filter/app {{(pid=71930) _context_setter /opt/stack/cinder/cinder/api/middleware/request_id.py:62}}
Apr 19 07:59:44 user devstack@c-api.service[71930]: INFO cinder.api.openstack.wsgi [None req-a8c3f2a2-7067-425f-800e-b6421fe95c9b tempest-ExtraSpecsNegativeTest-2116743213 tempest-ExtraSpecsNegativeTest-2116743213-project-admin] DELETE http://10.0.0.210/volume/v3/3c492c21202c4d5b8ceaa6f2031226c3/types/17fb3e1d-b92d-4fc2-a6ec-0d773eee8b2e
Apr 19 07:59:44 user devstack@c-api.service[71930]: DEBUG cinder.api.openstack.wsgi [None req-a8c3f2a2-7067-425f-800e-b6421fe95c9b tempest-ExtraSpecsNegativeTest-2116743213 tempest-ExtraSpecsNegativeTest-2116743213-project-admin] Empty body provided in request {{(pid=71930) get_body /opt/stack/cinder/cinder/api/openstack/wsgi.py:715}}
Apr 19 07:59:44 user devstack@c-api.service[71931]: DEBUG cinder.volume.api [None req-06cca535-b66d-48be-9f45-fb2637d4e15d tempest-VolumesDeleteCascade-1170080562 tempest-VolumesDeleteCascade-1170080562-project-member] Task 'cinder.volume.flows.api.create_volume.ExtractVolumeRequestTask;volume:create' (ce0b300a-b28f-4dee-8bbb-941f6c8f285d) transitioned into state 'SUCCESS' from state 'RUNNING' with result '{'size': 1, 'snapshot_id': None, 'source_volid': None, 'volume_type': VolumeType(created_at=2023-04-19T07:55:49Z,deleted=False,deleted_at=None,description=None,extra_specs={volume_backend_name='joviandss-2'},id=183b8f36-f453-49f0-a0c1-d077509ca5a3,is_public=True,name='joviandss-2',projects=[],qos_specs=,qos_specs_id=None,updated_at=None), 'volume_type_id': '183b8f36-f453-49f0-a0c1-d077509ca5a3', 'encryption_key_id': None, 'qos_specs': None, 'consistencygroup_id': None, 'cgsnapshot_id': None, 'group_id': None, 'replication_status': 'disabled', 'refresh_az': False, 'backup_id': None, 'multiattach': False, 'availability_zones': ['nova']}' {{(pid=71931) _task_receiver /usr/local/lib/python3.10/dist-packages/taskflow/listeners/logging.py:178}}
Apr 19 07:59:44 user devstack@c-api.service[71930]: DEBUG cinder.api.openstack.wsgi [None req-a8c3f2a2-7067-425f-800e-b6421fe95c9b tempest-ExtraSpecsNegativeTest-2116743213 tempest-ExtraSpecsNegativeTest-2116743213-project-admin] Calling method '_delete' {{(pid=71930) _process_stack /opt/stack/cinder/cinder/api/openstack/wsgi.py:868}}
Apr 19 07:59:44 user devstack@c-api.service[71931]: DEBUG cinder.volume.api [None req-06cca535-b66d-48be-9f45-fb2637d4e15d tempest-VolumesDeleteCascade-1170080562 tempest-VolumesDeleteCascade-1170080562-project-member] Task 'cinder.volume.flows.api.create_volume.QuotaReserveTask;volume:create' (7dca0c96-d51d-40e2-9f66-555aa62ace36) transitioned into state 'RUNNING' from state 'PENDING' {{(pid=71931) _task_receiver /usr/local/lib/python3.10/dist-packages/taskflow/listeners/logging.py:190}}
Apr 19 07:59:44 user devstack@c-api.service[71930]: DEBUG dbcounter [-] [71930] Writing DB stats cinder:INSERT=5,cinder:SELECT=86,cinder:UPDATE=9 {{(pid=71930) stat_writer /usr/local/lib/python3.10/dist-packages/dbcounter.py:117}}
Apr 19 07:59:44 user devstack@c-api.service[71930]: INFO cinder.api.openstack.wsgi [None req-a8c3f2a2-7067-425f-800e-b6421fe95c9b tempest-ExtraSpecsNegativeTest-2116743213 tempest-ExtraSpecsNegativeTest-2116743213-project-admin] http://10.0.0.210/volume/v3/3c492c21202c4d5b8ceaa6f2031226c3/types/17fb3e1d-b92d-4fc2-a6ec-0d773eee8b2e returned with HTTP 202
Apr 19 07:59:44 user devstack@c-api.service[71930]: [pid: 71930|app: 0|req: 70/185] 10.0.0.210 () {62 vars in 1399 bytes} [Wed Apr 19 07:59:44 2023] DELETE /volume/v3/3c492c21202c4d5b8ceaa6f2031226c3/types/17fb3e1d-b92d-4fc2-a6ec-0d773eee8b2e => generated 0 bytes in 48 msecs (HTTP/1.1 202) 6 headers in 233 bytes (1 switches on core 0)
Apr 19 07:59:44 user devstack@c-api.service[71929]: DEBUG cinder.api.middleware.request_id [None req-514b8a0f-5014-4d9b-b775-8b3705b2cc0d None None] RequestId filter calling following filter/app {{(pid=71929) _context_setter /opt/stack/cinder/cinder/api/middleware/request_id.py:62}}
Apr 19 07:59:44 user devstack@c-api.service[71929]: INFO cinder.api.openstack.wsgi [None req-514b8a0f-5014-4d9b-b775-8b3705b2cc0d tempest-ExtraSpecsNegativeTest-2116743213 tempest-ExtraSpecsNegativeTest-2116743213-project-admin] GET http://10.0.0.210/volume/v3/3c492c21202c4d5b8ceaa6f2031226c3/types/17fb3e1d-b92d-4fc2-a6ec-0d773eee8b2e
Apr 19 07:59:44 user devstack@c-api.service[71929]: DEBUG cinder.api.openstack.wsgi [None req-514b8a0f-5014-4d9b-b775-8b3705b2cc0d tempest-ExtraSpecsNegativeTest-2116743213 tempest-ExtraSpecsNegativeTest-2116743213-project-admin] Empty body provided in request {{(pid=71929) get_body /opt/stack/cinder/cinder/api/openstack/wsgi.py:715}}
Apr 19 07:59:44 user devstack@c-api.service[71929]: DEBUG cinder.api.openstack.wsgi [None req-514b8a0f-5014-4d9b-b775-8b3705b2cc0d tempest-ExtraSpecsNegativeTest-2116743213 tempest-ExtraSpecsNegativeTest-2116743213-project-admin] Calling method 'show' {{(pid=71929) _process_stack /opt/stack/cinder/cinder/api/openstack/wsgi.py:868}}
Apr 19 07:59:44 user devstack@c-api.service[71929]: INFO cinder.api.openstack.wsgi [None req-514b8a0f-5014-4d9b-b775-8b3705b2cc0d tempest-ExtraSpecsNegativeTest-2116743213 tempest-ExtraSpecsNegativeTest-2116743213-project-admin] http://10.0.0.210/volume/v3/3c492c21202c4d5b8ceaa6f2031226c3/types/17fb3e1d-b92d-4fc2-a6ec-0d773eee8b2e returned with HTTP 404
Apr 19 07:59:44 user devstack@c-api.service[71931]: DEBUG cinder.quota [None req-06cca535-b66d-48be-9f45-fb2637d4e15d tempest-VolumesDeleteCascade-1170080562 tempest-VolumesDeleteCascade-1170080562-project-member] Created reservations ['5d9e2b7e-1ed4-4dc3-819b-4e0c6631cba6', 'c4801fa0-361b-4f22-bb56-9b5b084d28c3', 'e8404ff2-739a-444e-b88e-08f9674074b6', 'b283cd34-2e8f-4888-ac36-36bb27521725'] {{(pid=71931) reserve /opt/stack/cinder/cinder/quota.py:755}}
Apr 19 07:59:44 user devstack@c-api.service[71929]: [pid: 71929|app: 0|req: 53/186] 10.0.0.210 () {62 vars in 1396 bytes} [Wed Apr 19 07:59:44 2023] GET /volume/v3/3c492c21202c4d5b8ceaa6f2031226c3/types/17fb3e1d-b92d-4fc2-a6ec-0d773eee8b2e => generated 114 bytes in 11 msecs (HTTP/1.1 404) 7 headers in 292 bytes (1 switches on core 0)
Apr 19 07:59:44 user devstack@c-api.service[71931]: DEBUG cinder.volume.api [None req-06cca535-b66d-48be-9f45-fb2637d4e15d tempest-VolumesDeleteCascade-1170080562 tempest-VolumesDeleteCascade-1170080562-project-member] Task 'cinder.volume.flows.api.create_volume.QuotaReserveTask;volume:create' (7dca0c96-d51d-40e2-9f66-555aa62ace36) transitioned into state 'SUCCESS' from state 'RUNNING' with result '{'reservations': ['5d9e2b7e-1ed4-4dc3-819b-4e0c6631cba6', 'c4801fa0-361b-4f22-bb56-9b5b084d28c3', 'e8404ff2-739a-444e-b88e-08f9674074b6', 'b283cd34-2e8f-4888-ac36-36bb27521725']}' {{(pid=71931) _task_receiver /usr/local/lib/python3.10/dist-packages/taskflow/listeners/logging.py:178}}
Apr 19 07:59:44 user devstack@c-api.service[71931]: DEBUG cinder.volume.api [None req-06cca535-b66d-48be-9f45-fb2637d4e15d tempest-VolumesDeleteCascade-1170080562 tempest-VolumesDeleteCascade-1170080562-project-member] Task 'cinder.volume.flows.api.create_volume.EntryCreateTask;volume:create' (6c4bfa8c-3266-4ab9-bfd6-404f7a140c9a) transitioned into state 'RUNNING' from state 'PENDING' {{(pid=71931) _task_receiver /usr/local/lib/python3.10/dist-packages/taskflow/listeners/logging.py:190}}
Apr 19 07:59:44 user devstack@c-api.service[71931]: DEBUG cinder.volume.api [None req-06cca535-b66d-48be-9f45-fb2637d4e15d tempest-VolumesDeleteCascade-1170080562 tempest-VolumesDeleteCascade-1170080562-project-member] Task 'cinder.volume.flows.api.create_volume.EntryCreateTask;volume:create' (6c4bfa8c-3266-4ab9-bfd6-404f7a140c9a) transitioned into state 'SUCCESS' from state 'RUNNING' with result '{'volume_id': 'aa504d54-3923-45ef-ad17-1edeee7df164', 'volume_properties': VolumeProperties(attach_status='detached',availability_zone='nova',cgsnapshot_id=None,consistencygroup_id=None,display_description=None,display_name='tempest-VolumesDeleteCascade-Volume-336772644',encryption_key_id=None,group_id=None,group_type_id=,metadata={},multiattach=False,project_id='59b2df8f8f1c4f59be9274a5135171c6',qos_specs=None,replication_status=,reservations=['5d9e2b7e-1ed4-4dc3-819b-4e0c6631cba6','c4801fa0-361b-4f22-bb56-9b5b084d28c3','e8404ff2-739a-444e-b88e-08f9674074b6','b283cd34-2e8f-4888-ac36-36bb27521725'],size=1,snapshot_id=None,source_replicaid=,source_volid=None,status='creating',user_id='2b1a7ccb023b4534a72586dfda8435ee',volume_type_id=183b8f36-f453-49f0-a0c1-d077509ca5a3), 'volume': Volume(_name_id=None,admin_metadata=,attach_status='detached',availability_zone='nova',bootable=False,cluster=,cluster_name=None,consistencygroup=,consistencygroup_id=None,created_at=2023-04-19T07:59:44Z,deleted=False,deleted_at=None,display_description=None,display_name='tempest-VolumesDeleteCascade-Volume-336772644',ec2_id=None,encryption_key_id=None,glance_metadata=,group=,group_id=None,host=None,id=aa504d54-3923-45ef-ad17-1edeee7df164,launched_at=None,metadata={},migration_status=None,multiattach=False,previous_status=None,project_id='59b2df8f8f1c4f59be9274a5135171c6',provider_auth=None,provider_geometry=None,provider_id=None,provider_location=None,replication_driver_data=None,replication_extended_status=None,replication_status=None,scheduled_at=None,service_uuid=None,shared_targets=True,size=1,snapshot_id=None,snapshots=,source_volid=None,status='creating',terminated_at=None,updated_at=None,use_quota=True,user_id='2b1a7ccb023b4534a72586dfda8435ee',volume_attachment=VolumeAttachmentList,volume_type=VolumeType(183b8f36-f453-49f0-a0c1-d077509ca5a3),volume_type_id=183b8f36-f453-49f0-a0c1-d077509ca5a3)}' {{(pid=71931) _task_receiver /usr/local/lib/python3.10/dist-packages/taskflow/listeners/logging.py:178}}
Apr 19 07:59:44 user devstack@c-api.service[71931]: DEBUG cinder.volume.api [None req-06cca535-b66d-48be-9f45-fb2637d4e15d tempest-VolumesDeleteCascade-1170080562 tempest-VolumesDeleteCascade-1170080562-project-member] Task 'cinder.volume.flows.api.create_volume.QuotaCommitTask;volume:create' (a83137b6-71e0-451c-9c59-d6a6ebedefed) transitioned into state 'RUNNING' from state 'PENDING' {{(pid=71931) _task_receiver /usr/local/lib/python3.10/dist-packages/taskflow/listeners/logging.py:190}}
Apr 19 07:59:44 user devstack@c-api.service[71931]: DEBUG cinder.volume.api [None req-06cca535-b66d-48be-9f45-fb2637d4e15d tempest-VolumesDeleteCascade-1170080562 tempest-VolumesDeleteCascade-1170080562-project-member] Task 'cinder.volume.flows.api.create_volume.QuotaCommitTask;volume:create' (a83137b6-71e0-451c-9c59-d6a6ebedefed) transitioned into state 'SUCCESS' from state 'RUNNING' with result '{'volume_properties': VolumeProperties(attach_status='detached',availability_zone='nova',cgsnapshot_id=None,consistencygroup_id=None,display_description=None,display_name='tempest-VolumesDeleteCascade-Volume-336772644',encryption_key_id=None,group_id=None,group_type_id=,metadata={},multiattach=False,project_id='59b2df8f8f1c4f59be9274a5135171c6',qos_specs=None,replication_status=,reservations=['5d9e2b7e-1ed4-4dc3-819b-4e0c6631cba6','c4801fa0-361b-4f22-bb56-9b5b084d28c3','e8404ff2-739a-444e-b88e-08f9674074b6','b283cd34-2e8f-4888-ac36-36bb27521725'],size=1,snapshot_id=None,source_replicaid=,source_volid=None,status='creating',user_id='2b1a7ccb023b4534a72586dfda8435ee',volume_type_id=183b8f36-f453-49f0-a0c1-d077509ca5a3)}' {{(pid=71931) _task_receiver /usr/local/lib/python3.10/dist-packages/taskflow/listeners/logging.py:178}}
Apr 19 07:59:44 user devstack@c-api.service[71931]: DEBUG cinder.volume.api [None req-06cca535-b66d-48be-9f45-fb2637d4e15d tempest-VolumesDeleteCascade-1170080562 tempest-VolumesDeleteCascade-1170080562-project-member] Task 'cinder.volume.flows.api.create_volume.VolumeCastTask;volume:create' (32ba7762-2446-4f34-bbdd-2fe3c2d19fee) transitioned into state 'RUNNING' from state 'PENDING' {{(pid=71931) _task_receiver /usr/local/lib/python3.10/dist-packages/taskflow/listeners/logging.py:190}}
Apr 19 07:59:44 user devstack@c-api.service[71931]: DEBUG cinder.volume.api [None req-06cca535-b66d-48be-9f45-fb2637d4e15d tempest-VolumesDeleteCascade-1170080562 tempest-VolumesDeleteCascade-1170080562-project-member] Task 'cinder.volume.flows.api.create_volume.VolumeCastTask;volume:create' (32ba7762-2446-4f34-bbdd-2fe3c2d19fee) transitioned into state 'SUCCESS' from state 'RUNNING' with result 'None' {{(pid=71931) _task_receiver /usr/local/lib/python3.10/dist-packages/taskflow/listeners/logging.py:178}}
Apr 19 07:59:44 user devstack@c-api.service[71931]: DEBUG cinder.volume.api [None req-06cca535-b66d-48be-9f45-fb2637d4e15d tempest-VolumesDeleteCascade-1170080562 tempest-VolumesDeleteCascade-1170080562-project-member] Flow 'volume_create_api' (eb8b9ae4-8afd-44c9-85be-2dbc0d0d16b5) transitioned into state 'SUCCESS' from state 'RUNNING' {{(pid=71931) _flow_receiver /usr/local/lib/python3.10/dist-packages/taskflow/listeners/logging.py:141}}
Apr 19 07:59:44 user devstack@c-api.service[71931]: INFO cinder.volume.api [None req-06cca535-b66d-48be-9f45-fb2637d4e15d tempest-VolumesDeleteCascade-1170080562 tempest-VolumesDeleteCascade-1170080562-project-member] Create volume request issued successfully.
Apr 19 07:59:44 user devstack@c-api.service[71931]: INFO cinder.api.openstack.wsgi [None req-06cca535-b66d-48be-9f45-fb2637d4e15d tempest-VolumesDeleteCascade-1170080562 tempest-VolumesDeleteCascade-1170080562-project-member] http://10.0.0.210/volume/v3/59b2df8f8f1c4f59be9274a5135171c6/volumes returned with HTTP 202
Apr 19 07:59:44 user devstack@c-api.service[71931]: [pid: 71931|app: 0|req: 64/187] 10.0.0.210 () {64 vars in 1312 bytes} [Wed Apr 19 07:59:44 2023] POST /volume/v3/59b2df8f8f1c4f59be9274a5135171c6/volumes => generated 817 bytes in 218 msecs (HTTP/1.1 202) 7 headers in 291 bytes (1 switches on core 0)
Apr 19 07:59:44 user devstack@c-api.service[71930]: DEBUG cinder.api.middleware.request_id [None req-15c19b3d-1463-41d3-888a-4d614c3c98c2 None None] RequestId filter calling following filter/app {{(pid=71930) _context_setter /opt/stack/cinder/cinder/api/middleware/request_id.py:62}}
Apr 19 07:59:44 user devstack@c-api.service[71930]: INFO cinder.api.openstack.wsgi [None req-15c19b3d-1463-41d3-888a-4d614c3c98c2 tempest-VolumesDeleteCascade-1170080562 tempest-VolumesDeleteCascade-1170080562-project-member] GET http://10.0.0.210/volume/v3/59b2df8f8f1c4f59be9274a5135171c6/volumes/aa504d54-3923-45ef-ad17-1edeee7df164
Apr 19 07:59:44 user devstack@c-api.service[71930]: DEBUG cinder.api.openstack.wsgi [None req-15c19b3d-1463-41d3-888a-4d614c3c98c2 tempest-VolumesDeleteCascade-1170080562 tempest-VolumesDeleteCascade-1170080562-project-member] Empty body provided in request {{(pid=71930) get_body /opt/stack/cinder/cinder/api/openstack/wsgi.py:715}}
Apr 19 07:59:44 user devstack@c-api.service[71930]: DEBUG cinder.api.openstack.wsgi [None req-15c19b3d-1463-41d3-888a-4d614c3c98c2 tempest-VolumesDeleteCascade-1170080562 tempest-VolumesDeleteCascade-1170080562-project-member] Calling method 'show' {{(pid=71930) _process_stack /opt/stack/cinder/cinder/api/openstack/wsgi.py:868}}
Apr 19 07:59:44 user devstack@c-api.service[71930]: /usr/local/lib/python3.10/dist-packages/oslo_context/context.py:100: DeprecationWarning: Policy enforcement is depending on the value of is_admin. This key is deprecated. Please update your policy file to use the standard policy values.
Apr 19 07:59:44 user devstack@c-api.service[71930]: warnings.warn('Policy enforcement is depending on the value of '
Apr 19 07:59:44 user devstack@c-api.service[71930]: INFO cinder.volume.api [None req-15c19b3d-1463-41d3-888a-4d614c3c98c2 tempest-VolumesDeleteCascade-1170080562 tempest-VolumesDeleteCascade-1170080562-project-member] Volume info retrieved successfully.
Apr 19 07:59:44 user devstack@c-api.service[71930]: INFO cinder.api.openstack.wsgi [None req-15c19b3d-1463-41d3-888a-4d614c3c98c2 tempest-VolumesDeleteCascade-1170080562 tempest-VolumesDeleteCascade-1170080562-project-member] http://10.0.0.210/volume/v3/59b2df8f8f1c4f59be9274a5135171c6/volumes/aa504d54-3923-45ef-ad17-1edeee7df164 returned with HTTP 200
Apr 19 07:59:44 user devstack@c-api.service[71930]: [pid: 71930|app: 0|req: 71/188] 10.0.0.210 () {62 vars in 1402 bytes} [Wed Apr 19 07:59:44 2023] GET /volume/v3/59b2df8f8f1c4f59be9274a5135171c6/volumes/aa504d54-3923-45ef-ad17-1edeee7df164 => generated 885 bytes in 50 msecs (HTTP/1.1 200) 7 headers in 285 bytes (1 switches on core 0)
Apr 19 07:59:45 user devstack@c-api.service[71929]: DEBUG cinder.api.middleware.request_id [None req-6ffdaf4b-6a5b-4bc2-8942-aee47ad1244b None None] RequestId filter calling following filter/app {{(pid=71929) _context_setter /opt/stack/cinder/cinder/api/middleware/request_id.py:62}}
Apr 19 07:59:45 user devstack@c-api.service[71929]: INFO cinder.api.openstack.wsgi [None req-6ffdaf4b-6a5b-4bc2-8942-aee47ad1244b tempest-VolumesTransfersV355Test-1703221050 tempest-VolumesTransfersV355Test-1703221050-project-member] GET http://10.0.0.210/volume/v3/6688077532bf4d209fe5faebcad922b0/volumes/b882cab6-0902-4f1a-b43e-af33f105a27b
Apr 19 07:59:45 user devstack@c-api.service[71929]: DEBUG cinder.api.openstack.wsgi [None req-6ffdaf4b-6a5b-4bc2-8942-aee47ad1244b tempest-VolumesTransfersV355Test-1703221050 tempest-VolumesTransfersV355Test-1703221050-project-member] Empty body provided in request {{(pid=71929) get_body /opt/stack/cinder/cinder/api/openstack/wsgi.py:715}}
Apr 19 07:59:45 user devstack@c-api.service[71929]: DEBUG cinder.api.openstack.wsgi [None req-6ffdaf4b-6a5b-4bc2-8942-aee47ad1244b tempest-VolumesTransfersV355Test-1703221050 tempest-VolumesTransfersV355Test-1703221050-project-member] Calling method 'show' {{(pid=71929) _process_stack /opt/stack/cinder/cinder/api/openstack/wsgi.py:868}}
Apr 19 07:59:45 user devstack@c-api.service[71929]: /usr/local/lib/python3.10/dist-packages/oslo_context/context.py:100: DeprecationWarning: Policy enforcement is depending on the value of is_admin. This key is deprecated. Please update your policy file to use the standard policy values.
Apr 19 07:59:45 user devstack@c-api.service[71929]: warnings.warn('Policy enforcement is depending on the value of '
Apr 19 07:59:45 user devstack@c-api.service[71929]: INFO cinder.volume.api [None req-6ffdaf4b-6a5b-4bc2-8942-aee47ad1244b tempest-VolumesTransfersV355Test-1703221050 tempest-VolumesTransfersV355Test-1703221050-project-member] Volume info retrieved successfully.
Apr 19 07:59:45 user devstack@c-api.service[71929]: DEBUG dbcounter [-] [71929] Writing DB stats cinder:SELECT=72,cinder:INSERT=10,cinder:UPDATE=18 {{(pid=71929) stat_writer /usr/local/lib/python3.10/dist-packages/dbcounter.py:117}}
Apr 19 07:59:45 user devstack@c-api.service[71929]: INFO cinder.api.openstack.wsgi [None req-6ffdaf4b-6a5b-4bc2-8942-aee47ad1244b tempest-VolumesTransfersV355Test-1703221050 tempest-VolumesTransfersV355Test-1703221050-project-member] http://10.0.0.210/volume/v3/6688077532bf4d209fe5faebcad922b0/volumes/b882cab6-0902-4f1a-b43e-af33f105a27b returned with HTTP 200
Apr 19 07:59:45 user devstack@c-api.service[71929]: [pid: 71929|app: 0|req: 54/189] 10.0.0.210 () {64 vars in 1443 bytes} [Wed Apr 19 07:59:45 2023] GET /volume/v3/6688077532bf4d209fe5faebcad922b0/volumes/b882cab6-0902-4f1a-b43e-af33f105a27b => generated 975 bytes in 53 msecs (HTTP/1.1 200) 7 headers in 286 bytes (1 switches on core 0)
Apr 19 07:59:45 user devstack@c-api.service[71931]: DEBUG cinder.api.middleware.request_id [None req-8b269cad-568e-4862-8db6-e11541409ece None None] RequestId filter calling following filter/app {{(pid=71931) _context_setter /opt/stack/cinder/cinder/api/middleware/request_id.py:62}}
Apr 19 07:59:45 user devstack@c-api.service[71931]: INFO cinder.api.openstack.wsgi [None req-8b269cad-568e-4862-8db6-e11541409ece tempest-VolumesTransfersV355Test-1703221050 tempest-VolumesTransfersV355Test-1703221050-project-member] GET http://10.0.0.210/volume/v3/6688077532bf4d209fe5faebcad922b0/volumes/b882cab6-0902-4f1a-b43e-af33f105a27b
Apr 19 07:59:45 user devstack@c-api.service[71931]: DEBUG cinder.api.openstack.wsgi [None req-8b269cad-568e-4862-8db6-e11541409ece tempest-VolumesTransfersV355Test-1703221050 tempest-VolumesTransfersV355Test-1703221050-project-member] Empty body provided in request {{(pid=71931) get_body /opt/stack/cinder/cinder/api/openstack/wsgi.py:715}}
Apr 19 07:59:45 user devstack@c-api.service[71931]: DEBUG cinder.api.openstack.wsgi [None req-8b269cad-568e-4862-8db6-e11541409ece tempest-VolumesTransfersV355Test-1703221050 tempest-VolumesTransfersV355Test-1703221050-project-member] Calling method 'show' {{(pid=71931) _process_stack /opt/stack/cinder/cinder/api/openstack/wsgi.py:868}}
Apr 19 07:59:45 user devstack@c-api.service[71931]: /usr/local/lib/python3.10/dist-packages/oslo_context/context.py:100: DeprecationWarning: Policy enforcement is depending on the value of is_admin. This key is deprecated. Please update your policy file to use the standard policy values.
Apr 19 07:59:45 user devstack@c-api.service[71931]: warnings.warn('Policy enforcement is depending on the value of '
Apr 19 07:59:45 user devstack@c-api.service[71931]: INFO cinder.volume.api [None req-8b269cad-568e-4862-8db6-e11541409ece tempest-VolumesTransfersV355Test-1703221050 tempest-VolumesTransfersV355Test-1703221050-project-member] Volume info retrieved successfully.
Apr 19 07:59:45 user devstack@c-api.service[71931]: INFO cinder.api.openstack.wsgi [None req-8b269cad-568e-4862-8db6-e11541409ece tempest-VolumesTransfersV355Test-1703221050 tempest-VolumesTransfersV355Test-1703221050-project-member] http://10.0.0.210/volume/v3/6688077532bf4d209fe5faebcad922b0/volumes/b882cab6-0902-4f1a-b43e-af33f105a27b returned with HTTP 200
Apr 19 07:59:45 user devstack@c-api.service[71931]: [pid: 71931|app: 0|req: 65/190] 10.0.0.210 () {64 vars in 1443 bytes} [Wed Apr 19 07:59:45 2023] GET /volume/v3/6688077532bf4d209fe5faebcad922b0/volumes/b882cab6-0902-4f1a-b43e-af33f105a27b => generated 975 bytes in 45 msecs (HTTP/1.1 200) 7 headers in 286 bytes (1 switches on core 0)
Apr 19 07:59:45 user devstack@c-api.service[71930]: DEBUG cinder.api.middleware.request_id [None req-58616a47-3636-460c-84d4-5508fe127aea None None] RequestId filter calling following filter/app {{(pid=71930) _context_setter /opt/stack/cinder/cinder/api/middleware/request_id.py:62}}
Apr 19 07:59:45 user devstack@c-api.service[71930]: INFO cinder.api.openstack.wsgi [None req-58616a47-3636-460c-84d4-5508fe127aea tempest-VolumesTransfersV355Test-1703221050 tempest-VolumesTransfersV355Test-1703221050-project-member] DELETE http://10.0.0.210/volume/v3/6688077532bf4d209fe5faebcad922b0/volumes/b882cab6-0902-4f1a-b43e-af33f105a27b
Apr 19 07:59:45 user devstack@c-api.service[71930]: DEBUG cinder.api.openstack.wsgi [None req-58616a47-3636-460c-84d4-5508fe127aea tempest-VolumesTransfersV355Test-1703221050 tempest-VolumesTransfersV355Test-1703221050-project-member] Empty body provided in request {{(pid=71930) get_body /opt/stack/cinder/cinder/api/openstack/wsgi.py:715}}
Apr 19 07:59:45 user devstack@c-api.service[71930]: DEBUG cinder.api.openstack.wsgi [None req-58616a47-3636-460c-84d4-5508fe127aea tempest-VolumesTransfersV355Test-1703221050 tempest-VolumesTransfersV355Test-1703221050-project-member] Calling method 'delete' {{(pid=71930) _process_stack /opt/stack/cinder/cinder/api/openstack/wsgi.py:868}}
Apr 19 07:59:45 user devstack@c-api.service[71930]: INFO cinder.api.v3.volumes [None req-58616a47-3636-460c-84d4-5508fe127aea tempest-VolumesTransfersV355Test-1703221050 tempest-VolumesTransfersV355Test-1703221050-project-member] Delete volume with id: b882cab6-0902-4f1a-b43e-af33f105a27b
Apr 19 07:59:45 user devstack@c-api.service[71930]: /usr/local/lib/python3.10/dist-packages/oslo_context/context.py:100: DeprecationWarning: Policy enforcement is depending on the value of is_admin. This key is deprecated. Please update your policy file to use the standard policy values.
Apr 19 07:59:45 user devstack@c-api.service[71930]: warnings.warn('Policy enforcement is depending on the value of '
Apr 19 07:59:45 user devstack@c-api.service[71930]: INFO cinder.volume.api [None req-58616a47-3636-460c-84d4-5508fe127aea tempest-VolumesTransfersV355Test-1703221050 tempest-VolumesTransfersV355Test-1703221050-project-member] Volume info retrieved successfully.
Apr 19 07:59:45 user devstack@c-api.service[71930]: DEBUG cinder.volume.api [None req-58616a47-3636-460c-84d4-5508fe127aea tempest-VolumesTransfersV355Test-1703221050 tempest-VolumesTransfersV355Test-1703221050-project-member] Decrease volume quotas for non temporary volume in non error_managing status. {{(pid=71930) delete /opt/stack/cinder/cinder/volume/api.py:433}}
Apr 19 07:59:45 user devstack@c-api.service[71929]: DEBUG cinder.api.middleware.request_id [None req-397c1ba7-bea3-4381-bda7-f60661598914 None None] RequestId filter calling following filter/app {{(pid=71929) _context_setter /opt/stack/cinder/cinder/api/middleware/request_id.py:62}}
Apr 19 07:59:45 user devstack@c-api.service[71929]: INFO cinder.api.openstack.wsgi [None req-397c1ba7-bea3-4381-bda7-f60661598914 tempest-GroupSnapshotsTest-270142862 tempest-GroupSnapshotsTest-270142862-project-member] GET http://10.0.0.210/volume/v3/05f36d0e75b24298803c273f30dbc0a2/groups/eac6cf12-4aa4-48e4-bfe1-0038ba9b4f64
Apr 19 07:59:45 user devstack@c-api.service[71929]: DEBUG cinder.api.openstack.wsgi [None req-397c1ba7-bea3-4381-bda7-f60661598914 tempest-GroupSnapshotsTest-270142862 tempest-GroupSnapshotsTest-270142862-project-member] Empty body provided in request {{(pid=71929) get_body /opt/stack/cinder/cinder/api/openstack/wsgi.py:715}}
Apr 19 07:59:45 user devstack@c-api.service[71929]: DEBUG cinder.api.openstack.wsgi [None req-397c1ba7-bea3-4381-bda7-f60661598914 tempest-GroupSnapshotsTest-270142862 tempest-GroupSnapshotsTest-270142862-project-member] Calling method 'version_select' {{(pid=71929) _process_stack /opt/stack/cinder/cinder/api/openstack/wsgi.py:868}}
Apr 19 07:59:45 user devstack@c-api.service[71929]: DEBUG cinder.api.v3.groups [None req-397c1ba7-bea3-4381-bda7-f60661598914 tempest-GroupSnapshotsTest-270142862 tempest-GroupSnapshotsTest-270142862-project-member] show called for member eac6cf12-4aa4-48e4-bfe1-0038ba9b4f64 {{(pid=71929) show /opt/stack/cinder/cinder/api/v3/groups.py:58}}
Apr 19 07:59:45 user devstack@c-api.service[71929]: /usr/local/lib/python3.10/dist-packages/oslo_context/context.py:100: DeprecationWarning: Policy enforcement is depending on the value of is_admin. This key is deprecated. Please update your policy file to use the standard policy values.
Apr 19 07:59:45 user devstack@c-api.service[71929]: warnings.warn('Policy enforcement is depending on the value of '
Apr 19 07:59:45 user devstack@c-api.service[71929]: INFO cinder.api.openstack.wsgi [None req-397c1ba7-bea3-4381-bda7-f60661598914 tempest-GroupSnapshotsTest-270142862 tempest-GroupSnapshotsTest-270142862-project-member] http://10.0.0.210/volume/v3/05f36d0e75b24298803c273f30dbc0a2/groups/eac6cf12-4aa4-48e4-bfe1-0038ba9b4f64 returned with HTTP 200
Apr 19 07:59:45 user devstack@c-api.service[71929]: [pid: 71929|app: 0|req: 55/191] 10.0.0.210 () {64 vars in 1440 bytes} [Wed Apr 19 07:59:45 2023] GET /volume/v3/05f36d0e75b24298803c273f30dbc0a2/groups/eac6cf12-4aa4-48e4-bfe1-0038ba9b4f64 => generated 389 bytes in 37 msecs (HTTP/1.1 200) 7 headers in 286 bytes (1 switches on core 0)
Apr 19 07:59:45 user devstack@c-api.service[71930]: DEBUG cinder.quota [None req-58616a47-3636-460c-84d4-5508fe127aea tempest-VolumesTransfersV355Test-1703221050 tempest-VolumesTransfersV355Test-1703221050-project-member] Created reservations ['b80367dd-7ee5-409a-940b-aab3419fd173', '4113a57a-88c1-4680-83d8-f8017b55cd31', '6d8deef6-4307-4c56-9ebc-c60ff9764676', '854f2146-f36e-47bd-85c6-27e95c8174dc'] {{(pid=71930) reserve /opt/stack/cinder/cinder/quota.py:755}}
Apr 19 07:59:45 user devstack@c-api.service[71931]: DEBUG cinder.api.middleware.request_id [None req-3114dc65-28de-404c-9b86-69d26571eddb None None] RequestId filter calling following filter/app {{(pid=71931) _context_setter /opt/stack/cinder/cinder/api/middleware/request_id.py:62}}
Apr 19 07:59:45 user devstack@c-api.service[71931]: INFO cinder.api.openstack.wsgi [None req-3114dc65-28de-404c-9b86-69d26571eddb tempest-GroupSnapshotsTest-270142862 tempest-GroupSnapshotsTest-270142862-project-member] GET http://10.0.0.210/volume/v3/05f36d0e75b24298803c273f30dbc0a2/volumes/detail
Apr 19 07:59:45 user devstack@c-api.service[71931]: DEBUG cinder.api.openstack.wsgi [None req-3114dc65-28de-404c-9b86-69d26571eddb tempest-GroupSnapshotsTest-270142862 tempest-GroupSnapshotsTest-270142862-project-member] Empty body provided in request {{(pid=71931) get_body /opt/stack/cinder/cinder/api/openstack/wsgi.py:715}}
Apr 19 07:59:45 user devstack@c-api.service[71931]: DEBUG cinder.api.openstack.wsgi [None req-3114dc65-28de-404c-9b86-69d26571eddb tempest-GroupSnapshotsTest-270142862 tempest-GroupSnapshotsTest-270142862-project-member] Calling method 'detail' {{(pid=71931) _process_stack /opt/stack/cinder/cinder/api/openstack/wsgi.py:868}}
Apr 19 07:59:45 user devstack@c-api.service[71931]: DEBUG cinder.api.api_utils [None req-3114dc65-28de-404c-9b86-69d26571eddb tempest-GroupSnapshotsTest-270142862 tempest-GroupSnapshotsTest-270142862-project-member] Removing options '' from query. {{(pid=71931) remove_invalid_filter_options /opt/stack/cinder/cinder/api/api_utils.py:83}}
Apr 19 07:59:45 user devstack@c-api.service[71931]: DEBUG cinder.volume.api [None req-3114dc65-28de-404c-9b86-69d26571eddb tempest-GroupSnapshotsTest-270142862 tempest-GroupSnapshotsTest-270142862-project-member] Searching by: MultiDict([('no_migration_targets', True)]). {{(pid=71931) get_all /opt/stack/cinder/cinder/volume/api.py:663}}
Apr 19 07:59:45 user devstack@c-api.service[71930]: INFO cinder.volume.api [None req-58616a47-3636-460c-84d4-5508fe127aea tempest-VolumesTransfersV355Test-1703221050 tempest-VolumesTransfersV355Test-1703221050-project-member] Delete volume request issued successfully.
Apr 19 07:59:45 user devstack@c-api.service[71930]: INFO cinder.api.openstack.wsgi [None req-58616a47-3636-460c-84d4-5508fe127aea tempest-VolumesTransfersV355Test-1703221050 tempest-VolumesTransfersV355Test-1703221050-project-member] http://10.0.0.210/volume/v3/6688077532bf4d209fe5faebcad922b0/volumes/b882cab6-0902-4f1a-b43e-af33f105a27b returned with HTTP 202
Apr 19 07:59:45 user devstack@c-api.service[71930]: [pid: 71930|app: 0|req: 72/192] 10.0.0.210 () {64 vars in 1446 bytes} [Wed Apr 19 07:59:45 2023] DELETE /volume/v3/6688077532bf4d209fe5faebcad922b0/volumes/b882cab6-0902-4f1a-b43e-af33f105a27b => generated 0 bytes in 115 msecs (HTTP/1.1 202) 6 headers in 234 bytes (1 switches on core 0)
Apr 19 07:59:45 user devstack@c-api.service[71929]: DEBUG cinder.api.middleware.request_id [None req-bf934dc1-4809-46e1-8d4c-96c20cdfcebd None None] RequestId filter calling following filter/app {{(pid=71929) _context_setter /opt/stack/cinder/cinder/api/middleware/request_id.py:62}}
Apr 19 07:59:45 user devstack@c-api.service[71929]: INFO cinder.api.openstack.wsgi [None req-bf934dc1-4809-46e1-8d4c-96c20cdfcebd tempest-VolumesTransfersV355Test-1703221050 tempest-VolumesTransfersV355Test-1703221050-project-member] GET http://10.0.0.210/volume/v3/6688077532bf4d209fe5faebcad922b0/volumes/b882cab6-0902-4f1a-b43e-af33f105a27b
Apr 19 07:59:45 user devstack@c-api.service[71929]: DEBUG cinder.api.openstack.wsgi [None req-bf934dc1-4809-46e1-8d4c-96c20cdfcebd tempest-VolumesTransfersV355Test-1703221050 tempest-VolumesTransfersV355Test-1703221050-project-member] Empty body provided in request {{(pid=71929) get_body /opt/stack/cinder/cinder/api/openstack/wsgi.py:715}}
Apr 19 07:59:45 user devstack@c-api.service[71929]: DEBUG cinder.api.openstack.wsgi [None req-bf934dc1-4809-46e1-8d4c-96c20cdfcebd tempest-VolumesTransfersV355Test-1703221050 tempest-VolumesTransfersV355Test-1703221050-project-member] Calling method 'show' {{(pid=71929) _process_stack /opt/stack/cinder/cinder/api/openstack/wsgi.py:868}}
Apr 19 07:59:45 user devstack@c-api.service[71929]: INFO cinder.api.openstack.wsgi [None req-bf934dc1-4809-46e1-8d4c-96c20cdfcebd tempest-VolumesTransfersV355Test-1703221050 tempest-VolumesTransfersV355Test-1703221050-project-member] http://10.0.0.210/volume/v3/6688077532bf4d209fe5faebcad922b0/volumes/b882cab6-0902-4f1a-b43e-af33f105a27b returned with HTTP 404
Apr 19 07:59:45 user devstack@c-api.service[71929]: [pid: 71929|app: 0|req: 56/193] 10.0.0.210 () {64 vars in 1443 bytes} [Wed Apr 19 07:59:45 2023] GET /volume/v3/6688077532bf4d209fe5faebcad922b0/volumes/b882cab6-0902-4f1a-b43e-af33f105a27b => generated 109 bytes in 18 msecs (HTTP/1.1 404) 7 headers in 293 bytes (1 switches on core 0)
