Apr 19 07:49:57 user devstack@keystone.service[42612]: DEBUG keystone.server.flask.request_processing.middleware.auth_context [None req-110a40c4-f79d-4522-ab58-6dacda6c2142 None admin] RBAC: auth_context: {'token': , 'domain_id': None, 'trust_id': None, 'trustor_id': None, 'trustee_id': None, 'domain_name': None, 'group_ids': [], 'user_id': '1064f13190af4ad39448c48c09d93721', 'user_domain_id': 'default', 'system_scope': 'all', 'project_id': None, 'project_domain_id': None, 'roles': ['admin', 'member', 'reader'], 'is_admin_project': True, 'service_user_id': None, 'service_user_domain_id': None, 'service_project_id': None, 'service_project_domain_id': None, 'service_roles': []} {{(pid=42612) fill_context /opt/stack/keystone/keystone/server/flask/request_processing/middleware/auth_context.py:478}}
Apr 19 07:49:57 user devstack@keystone.service[42612]: DEBUG keystone.server.flask.request_processing.req_logging [None req-110a40c4-f79d-4522-ab58-6dacda6c2142 None admin] REQUEST_METHOD: `GET` {{(pid=42612) log_request_info /opt/stack/keystone/keystone/server/flask/request_processing/req_logging.py:27}}
Apr 19 07:49:57 user devstack@keystone.service[42612]: DEBUG keystone.server.flask.request_processing.req_logging [None req-110a40c4-f79d-4522-ab58-6dacda6c2142 None admin] SCRIPT_NAME: `/identity` {{(pid=42612) log_request_info /opt/stack/keystone/keystone/server/flask/request_processing/req_logging.py:28}}
Apr 19 07:49:57 user devstack@keystone.service[42612]: DEBUG keystone.server.flask.request_processing.req_logging [None req-110a40c4-f79d-4522-ab58-6dacda6c2142 None admin] PATH_INFO: `/v3/users/1064f13190af4ad39448c48c09d93721` {{(pid=42612) log_request_info /opt/stack/keystone/keystone/server/flask/request_processing/req_logging.py:29}}
Apr 19 07:49:57 user devstack@keystone.service[42612]: DEBUG keystone.common.rbac_enforcer.enforcer [None req-110a40c4-f79d-4522-ab58-6dacda6c2142 None admin] RBAC: Authorizing `identity:get_user(user_id=1064f13190af4ad39448c48c09d93721)` {{(pid=42612) enforce_call /opt/stack/keystone/keystone/common/rbac_enforcer/enforcer.py:449}}
Apr 19 07:49:57 user devstack@keystone.service[42612]: DEBUG keystone.common.rbac_enforcer.enforcer [None req-110a40c4-f79d-4522-ab58-6dacda6c2142 None admin] RBAC: Authorization granted {{(pid=42612) enforce_call /opt/stack/keystone/keystone/common/rbac_enforcer/enforcer.py:457}}
Apr 19 07:49:57 user devstack@keystone.service[42612]: [pid: 42612|app: 0|req: 25/71] 10.0.0.210 () {56 vars in 1172 bytes} [Wed Apr 19 07:49:57 2023] GET /identity/v3/users/1064f13190af4ad39448c48c09d93721 => generated 246 bytes in 135 msecs (HTTP/1.1 200) 5 headers in 177 bytes (1 switches on core 0)
Apr 19 07:49:57 user devstack@keystone.service[42612]: DEBUG keystone.server.flask.request_processing.middleware.auth_context [None req-110a40c4-f79d-4522-ab58-6dacda6c2142 None admin] Authenticating user token {{(pid=42612) process_request /usr/local/lib/python3.10/dist-packages/keystonemiddleware/auth_token/__init__.py:406}}
Apr 19 07:49:57 user devstack@keystone.service[42613]: DEBUG keystone.server.flask.request_processing.middleware.auth_context [None req-f0d4c52e-0029-40d6-a5b7-d14aa2e365a8 None admin] Validating token access rules against request {{(pid=42613) validate_allowed_request /usr/local/lib/python3.10/dist-packages/keystonemiddleware/auth_token/__init__.py:544}}
Apr 19 07:49:57 user devstack@keystone.service[42613]: DEBUG keystone.server.flask.request_processing.middleware.auth_context [None req-d072805c-c540-4a5c-bfd5-af081e06b709 None admin] RBAC: auth_context: {'token': , 'domain_id': None, 'trust_id': None, 'trustor_id': None, 'trustee_id': None, 'domain_name': None, 'group_ids': [], 'user_id': '1064f13190af4ad39448c48c09d93721', 'user_domain_id': 'default', 'system_scope': 'all', 'project_id': None, 'project_domain_id': None, 'roles': ['admin', 'member', 'reader'], 'is_admin_project': True, 'service_user_id': None, 'service_user_domain_id': None, 'service_project_id': None, 'service_project_domain_id': None, 'service_roles': []} {{(pid=42613) fill_context /opt/stack/keystone/keystone/server/flask/request_processing/middleware/auth_context.py:478}}
Apr 19 07:49:57 user devstack@keystone.service[42613]: DEBUG keystone.server.flask.request_processing.req_logging [None req-d072805c-c540-4a5c-bfd5-af081e06b709 None admin] REQUEST_METHOD: `GET` {{(pid=42613) log_request_info /opt/stack/keystone/keystone/server/flask/request_processing/req_logging.py:27}}
Apr 19 07:49:57 user devstack@keystone.service[42613]: DEBUG keystone.server.flask.request_processing.req_logging [None req-d072805c-c540-4a5c-bfd5-af081e06b709 None admin] SCRIPT_NAME: `/identity` {{(pid=42613) log_request_info /opt/stack/keystone/keystone/server/flask/request_processing/req_logging.py:28}}
Apr 19 07:49:57 user devstack@keystone.service[42613]: DEBUG keystone.server.flask.request_processing.req_logging [None req-d072805c-c540-4a5c-bfd5-af081e06b709 None admin] PATH_INFO: `/v3/projects/27c8c0302fcb4357aaac2cb98bb3f9f4` {{(pid=42613) log_request_info /opt/stack/keystone/keystone/server/flask/request_processing/req_logging.py:29}}
Apr 19 07:49:57 user devstack@keystone.service[42613]: DEBUG keystone.common.rbac_enforcer.enforcer [None req-d072805c-c540-4a5c-bfd5-af081e06b709 None admin] RBAC: Authorizing `identity:get_project(project_id=27c8c0302fcb4357aaac2cb98bb3f9f4)` {{(pid=42613) enforce_call /opt/stack/keystone/keystone/common/rbac_enforcer/enforcer.py:449}}
Apr 19 07:49:57 user devstack@keystone.service[42613]: DEBUG keystone.common.rbac_enforcer.enforcer [None req-d072805c-c540-4a5c-bfd5-af081e06b709 None admin] RBAC: Authorization granted {{(pid=42613) enforce_call /opt/stack/keystone/keystone/common/rbac_enforcer/enforcer.py:457}}
Apr 19 07:49:57 user devstack@keystone.service[42614]: DEBUG dbcounter [-] [42614] Writing DB stats keystone:SELECT=100 {{(pid=42614) stat_writer /usr/local/lib/python3.10/dist-packages/dbcounter.py:117}}
Apr 19 07:49:57 user devstack@keystone.service[42613]: [pid: 42613|app: 0|req: 22/72] 10.0.0.210 () {56 vars in 1181 bytes} [Wed Apr 19 07:49:57 2023] GET /identity/v3/projects/27c8c0302fcb4357aaac2cb98bb3f9f4 => generated 297 bytes in 150 msecs (HTTP/1.1 200) 5 headers in 177 bytes (2 switches on core 0)
Apr 19 07:49:57 user devstack@keystone.service[42613]: DEBUG keystone.server.flask.request_processing.middleware.auth_context [None req-d072805c-c540-4a5c-bfd5-af081e06b709 None admin] Authenticating user token {{(pid=42613) process_request /usr/local/lib/python3.10/dist-packages/keystonemiddleware/auth_token/__init__.py:406}}
Apr 19 07:49:57 user devstack@keystone.service[42614]: DEBUG keystone.server.flask.request_processing.middleware.auth_context [None req-84fa9fcc-5df8-4174-bb02-723572f9721e None admin] Validating token access rules against request {{(pid=42614) validate_allowed_request /usr/local/lib/python3.10/dist-packages/keystonemiddleware/auth_token/__init__.py:544}}
Apr 19 07:49:57 user devstack@keystone.service[42612]: DEBUG keystone.server.flask.request_processing.middleware.auth_context [None req-110a40c4-f79d-4522-ab58-6dacda6c2142 None admin] Validating token access rules against request {{(pid=42612) validate_allowed_request /usr/local/lib/python3.10/dist-packages/keystonemiddleware/auth_token/__init__.py:544}}
Apr 19 07:49:57 user devstack@keystone.service[42613]: DEBUG dbcounter [-] [42613] Writing DB stats keystone:SELECT=100 {{(pid=42613) stat_writer /usr/local/lib/python3.10/dist-packages/dbcounter.py:117}}
Apr 19 07:49:57 user devstack@keystone.service[42614]: DEBUG keystone.server.flask.request_processing.middleware.auth_context [None req-536bd85b-6126-423b-99ec-b6509fcc980d None admin] RBAC: auth_context: {'token': , 'domain_id': None, 'trust_id': None, 'trustor_id': None, 'trustee_id': None, 'domain_name': None, 'group_ids': [], 'user_id': '1064f13190af4ad39448c48c09d93721', 'user_domain_id': 'default', 'system_scope': 'all', 'project_id': None, 'project_domain_id': None, 'roles': ['admin', 'member', 'reader'], 'is_admin_project': True, 'service_user_id': None, 'service_user_domain_id': None, 'service_project_id': None, 'service_project_domain_id': None, 'service_roles': []} {{(pid=42614) fill_context /opt/stack/keystone/keystone/server/flask/request_processing/middleware/auth_context.py:478}}
Apr 19 07:49:57 user devstack@keystone.service[42614]: DEBUG keystone.server.flask.request_processing.req_logging [None req-536bd85b-6126-423b-99ec-b6509fcc980d None admin] REQUEST_METHOD: `GET` {{(pid=42614) log_request_info /opt/stack/keystone/keystone/server/flask/request_processing/req_logging.py:27}}
Apr 19 07:49:57 user devstack@keystone.service[42614]: DEBUG keystone.server.flask.request_processing.req_logging [None req-536bd85b-6126-423b-99ec-b6509fcc980d None admin] SCRIPT_NAME: `/identity` {{(pid=42614) log_request_info /opt/stack/keystone/keystone/server/flask/request_processing/req_logging.py:28}}
Apr 19 07:49:57 user devstack@keystone.service[42614]: DEBUG keystone.server.flask.request_processing.req_logging [None req-536bd85b-6126-423b-99ec-b6509fcc980d None admin] PATH_INFO: `/v3/roles` {{(pid=42614) log_request_info /opt/stack/keystone/keystone/server/flask/request_processing/req_logging.py:29}}
Apr 19 07:49:57 user devstack@keystone.service[42614]: DEBUG keystone.common.rbac_enforcer.enforcer [None req-536bd85b-6126-423b-99ec-b6509fcc980d None admin] RBAC: Adding query filter params (name=anotherrole) {{(pid=42614) _extract_filter_values /opt/stack/keystone/keystone/common/rbac_enforcer/enforcer.py:167}}
Apr 19 07:49:57 user devstack@keystone.service[42612]: DEBUG dbcounter [-] [42612] Writing DB stats keystone:SELECT=100 {{(pid=42612) stat_writer /usr/local/lib/python3.10/dist-packages/dbcounter.py:117}}
Apr 19 07:49:57 user devstack@keystone.service[42614]: DEBUG keystone.common.rbac_enforcer.enforcer [None req-536bd85b-6126-423b-99ec-b6509fcc980d None admin] RBAC: Authorizing `identity:list_roles()` {{(pid=42614) enforce_call /opt/stack/keystone/keystone/common/rbac_enforcer/enforcer.py:449}}
Apr 19 07:49:57 user devstack@keystone.service[42614]: DEBUG keystone.common.rbac_enforcer.enforcer [None req-536bd85b-6126-423b-99ec-b6509fcc980d None admin] RBAC: Authorization granted {{(pid=42614) enforce_call /opt/stack/keystone/keystone/common/rbac_enforcer/enforcer.py:457}}
Apr 19 07:49:57 user devstack@keystone.service[42614]: [pid: 42614|app: 0|req: 26/73] 10.0.0.210 () {56 vars in 1106 bytes} [Wed Apr 19 07:49:57 2023] GET /identity/v3/roles?name=anotherrole => generated 332 bytes in 131 msecs (HTTP/1.1 200) 5 headers in 177 bytes (1 switches on core 0)
Apr 19 07:49:57 user devstack@keystone.service[42614]: DEBUG keystone.server.flask.request_processing.middleware.auth_context [None req-536bd85b-6126-423b-99ec-b6509fcc980d None admin] Authenticating user token {{(pid=42614) process_request /usr/local/lib/python3.10/dist-packages/keystonemiddleware/auth_token/__init__.py:406}}
Apr 19 07:49:57 user devstack@keystone.service[42612]: DEBUG keystone.server.flask.request_processing.middleware.auth_context [None req-236ead9e-10f3-41c2-b8b8-d08f580a844a None admin] RBAC: auth_context: {'token': , 'domain_id': None, 'trust_id': None, 'trustor_id': None, 'trustee_id': None, 'domain_name': None, 'group_ids': [], 'user_id': '1064f13190af4ad39448c48c09d93721', 'user_domain_id': 'default', 'system_scope': 'all', 'project_id': None, 'project_domain_id': None, 'roles': ['admin', 'member', 'reader'], 'is_admin_project': True, 'service_user_id': None, 'service_user_domain_id': None, 'service_project_id': None, 'service_project_domain_id': None, 'service_roles': []} {{(pid=42612) fill_context /opt/stack/keystone/keystone/server/flask/request_processing/middleware/auth_context.py:478}}
Apr 19 07:49:57 user devstack@keystone.service[42612]: DEBUG keystone.server.flask.request_processing.req_logging [None req-236ead9e-10f3-41c2-b8b8-d08f580a844a None admin] REQUEST_METHOD: `GET` {{(pid=42612) log_request_info /opt/stack/keystone/keystone/server/flask/request_processing/req_logging.py:27}}
Apr 19 07:49:57 user devstack@keystone.service[42612]: DEBUG keystone.server.flask.request_processing.req_logging [None req-236ead9e-10f3-41c2-b8b8-d08f580a844a None admin] SCRIPT_NAME: `/identity` {{(pid=42612) log_request_info /opt/stack/keystone/keystone/server/flask/request_processing/req_logging.py:28}}
Apr 19 07:49:57 user devstack@keystone.service[42612]: DEBUG keystone.server.flask.request_processing.req_logging [None req-236ead9e-10f3-41c2-b8b8-d08f580a844a None admin] PATH_INFO: `/v3/roles/member` {{(pid=42612) log_request_info /opt/stack/keystone/keystone/server/flask/request_processing/req_logging.py:29}}
Apr 19 07:49:57 user devstack@keystone.service[42612]: DEBUG keystone.common.rbac_enforcer.enforcer [None req-236ead9e-10f3-41c2-b8b8-d08f580a844a None admin] Extracting inferred target data resulted in "NOT FOUND (404)". {{(pid=42612) enforce_call /opt/stack/keystone/keystone/common/rbac_enforcer/enforcer.py:409}}
Apr 19 07:49:57 user devstack@keystone.service[42613]: DEBUG keystone.server.flask.request_processing.middleware.auth_context [None req-d072805c-c540-4a5c-bfd5-af081e06b709 None admin] Validating token access rules against request {{(pid=42613) validate_allowed_request /usr/local/lib/python3.10/dist-packages/keystonemiddleware/auth_token/__init__.py:544}}
Apr 19 07:49:57 user devstack@keystone.service[42612]: ERROR keystone.server.flask.application [None req-236ead9e-10f3-41c2-b8b8-d08f580a844a None admin] Could not find role: member.: keystone.exception.RoleNotFound: Could not find role: member.
Apr 19 07:49:57 user devstack@keystone.service[42612]: ERROR keystone.server.flask.application
Traceback (most recent call last):
Apr 19 07:49:57 user devstack@keystone.service[42612]: ERROR keystone.server.flask.application
File "/usr/local/lib/python3.10/dist-packages/flask/app.py", line 1823, in full_dispatch_request
Apr 19 07:49:57 user devstack@keystone.service[42612]: ERROR keystone.server.flask.application rv = self.dispatch_request()
Apr 19 07:49:57 user devstack@keystone.service[42612]: ERROR keystone.server.flask.application
File "/usr/local/lib/python3.10/dist-packages/flask/app.py", line 1799, in dispatch_request
Apr 19 07:49:57 user devstack@keystone.service[42612]: ERROR keystone.server.flask.application return self.ensure_sync(self.view_functions[rule.endpoint])(**view_args)
Apr 19 07:49:57 user devstack@keystone.service[42612]: ERROR keystone.server.flask.application
File "/usr/local/lib/python3.10/dist-packages/flask_restful/__init__.py", line 467, in wrapper
Apr 19 07:49:57 user devstack@keystone.service[42612]: ERROR keystone.server.flask.application resp = resource(*args, **kwargs)
Apr 19 07:49:57 user devstack@keystone.service[42612]: ERROR keystone.server.flask.application
File "/usr/local/lib/python3.10/dist-packages/flask/views.py", line 107, in view
Apr 19 07:49:57 user devstack@keystone.service[42612]: ERROR keystone.server.flask.application return current_app.ensure_sync(self.dispatch_request)(**kwargs)
Apr 19 07:49:57 user devstack@keystone.service[42612]: ERROR keystone.server.flask.application
File "/usr/local/lib/python3.10/dist-packages/flask_restful/__init__.py", line 582, in dispatch_request
Apr 19 07:49:57 user devstack@keystone.service[42612]: ERROR keystone.server.flask.application resp = meth(*args, **kwargs)
Apr 19 07:49:57 user devstack@keystone.service[42612]: ERROR keystone.server.flask.application
File "/opt/stack/keystone/keystone/api/roles.py", line 50, in get
Apr 19 07:49:57 user devstack@keystone.service[42612]: ERROR keystone.server.flask.application return self._get_role(role_id)
Apr 19 07:49:57 user devstack@keystone.service[42612]: ERROR keystone.server.flask.application
File "/opt/stack/keystone/keystone/api/roles.py", line 70, in _get_role
Apr 19 07:49:57 user devstack@keystone.service[42612]: ERROR keystone.server.flask.application ENFORCER.enforce_call(action='identity:get_role')
Apr 19 07:49:57 user devstack@keystone.service[42612]: ERROR keystone.server.flask.application
File "/opt/stack/keystone/keystone/common/rbac_enforcer/enforcer.py", line 402, in enforce_call
Apr 19 07:49:57 user devstack@keystone.service[42612]: ERROR keystone.server.flask.application policy_dict.update(cls._extract_member_target_data(
Apr 19 07:49:57 user devstack@keystone.service[42612]: ERROR keystone.server.flask.application
File "/opt/stack/keystone/keystone/common/rbac_enforcer/enforcer.py", line 234, in _extract_member_target_data
Apr 19 07:49:57 user devstack@keystone.service[42612]: ERROR keystone.server.flask.application member_name: func(flask.request.view_args[key])
Apr 19 07:49:57 user devstack@keystone.service[42612]: ERROR keystone.server.flask.application
File "/opt/stack/keystone/keystone/common/manager.py", line 115, in wrapped
Apr 19 07:49:57 user devstack@keystone.service[42612]: ERROR keystone.server.flask.application __ret_val = __f(*args, **kwargs)
Apr 19 07:49:57 user devstack@keystone.service[42612]: ERROR keystone.server.flask.application
File "/usr/local/lib/python3.10/dist-packages/decorator.py", line 232, in fun
Apr 19 07:49:57 user devstack@keystone.service[42612]: ERROR keystone.server.flask.application return caller(func, *(extras + args), **kw)
Apr 19 07:49:57 user devstack@keystone.service[42612]: ERROR keystone.server.flask.application
File "/usr/local/lib/python3.10/dist-packages/dogpile/cache/region.py", line 1577, in get_or_create_for_user_func
Apr 19 07:49:57 user devstack@keystone.service[42612]: ERROR keystone.server.flask.application return self.get_or_create(
Apr 19 07:49:57 user devstack@keystone.service[42612]: ERROR keystone.server.flask.application
File "/usr/local/lib/python3.10/dist-packages/dogpile/cache/region.py", line 1042, in get_or_create
Apr 19 07:49:57 user devstack@keystone.service[42612]: ERROR keystone.server.flask.application with Lock(
Apr 19 07:49:57 user devstack@keystone.service[42612]: ERROR keystone.server.flask.application
File "/usr/local/lib/python3.10/dist-packages/dogpile/lock.py", line 185, in __enter__
Apr 19 07:49:57 user devstack@keystone.service[42612]: ERROR keystone.server.flask.application return self._enter()
Apr 19 07:49:57 user devstack@keystone.service[42612]: ERROR keystone.server.flask.application
File "/usr/local/lib/python3.10/dist-packages/dogpile/lock.py", line 94, in _enter
Apr 19 07:49:57 user devstack@keystone.service[42612]: ERROR keystone.server.flask.application generated = self._enter_create(value, createdtime)
Apr 19 07:49:57 user devstack@keystone.service[42612]: ERROR keystone.server.flask.application
File "/usr/local/lib/python3.10/dist-packages/dogpile/lock.py", line 178, in _enter_create
Apr 19 07:49:57 user devstack@keystone.service[42612]: ERROR keystone.server.flask.application return self.creator()
Apr 19 07:49:57 user devstack@keystone.service[42612]: ERROR keystone.server.flask.application
File "/usr/local/lib/python3.10/dist-packages/dogpile/cache/region.py", line 995, in gen_value
Apr 19 07:49:57 user devstack@keystone.service[42612]: ERROR keystone.server.flask.application created_value = creator(
Apr 19 07:49:57 user devstack@keystone.service[42612]: ERROR keystone.server.flask.application
File "/opt/stack/keystone/keystone/assignment/core.py", line 1276, in get_role
Apr 19 07:49:57 user devstack@keystone.service[42612]: ERROR keystone.server.flask.application return self.driver.get_role(role_id)
Apr 19 07:49:57 user devstack@keystone.service[42612]: ERROR keystone.server.flask.application
File "/opt/stack/keystone/keystone/assignment/role_backends/sql.py", line 70, in get_role
Apr 19 07:49:57 user devstack@keystone.service[42612]: ERROR keystone.server.flask.application return self._get_role(session, role_id).to_dict()
Apr 19 07:49:57 user devstack@keystone.service[42612]: ERROR keystone.server.flask.application
File "/opt/stack/keystone/keystone/assignment/role_backends/sql.py", line 65, in _get_role
Apr 19 07:49:57 user devstack@keystone.service[42612]: ERROR keystone.server.flask.application raise exception.RoleNotFound(role_id=role_id)
Apr 19 07:49:57 user devstack@keystone.service[42612]: ERROR keystone.server.flask.application keystone.exception.RoleNotFound: Could not find role: member.
Apr 19 07:49:57 user devstack@keystone.service[42612]: ERROR keystone.server.flask.application
Apr 19 07:49:57 user devstack@keystone.service[42612]: [pid: 42612|app: 0|req: 26/74] 10.0.0.210 () {56 vars in 1094 bytes} [Wed Apr 19 07:49:57 2023] GET /identity/v3/roles/member => generated 84 bytes in 153 msecs (HTTP/1.1 404) 5 headers in 183 bytes (1 switches on core 0)
Apr 19 07:49:57 user devstack@keystone.service[42612]: DEBUG keystone.server.flask.request_processing.middleware.auth_context [None req-236ead9e-10f3-41c2-b8b8-d08f580a844a None admin] Authenticating user token {{(pid=42612) process_request /usr/local/lib/python3.10/dist-packages/keystonemiddleware/auth_token/__init__.py:406}}
Apr 19 07:49:57 user devstack@keystone.service[42613]: DEBUG keystone.server.flask.request_processing.middleware.auth_context [None req-3ff0dbdb-b30f-44aa-942d-c0818da3889c None admin] RBAC: auth_context: {'token': , 'domain_id': None, 'trust_id': None, 'trustor_id': None, 'trustee_id': None, 'domain_name': None, 'group_ids': [], 'user_id': '1064f13190af4ad39448c48c09d93721', 'user_domain_id': 'default', 'system_scope': 'all', 'project_id': None, 'project_domain_id': None, 'roles': ['admin', 'member', 'reader'], 'is_admin_project': True, 'service_user_id': None, 'service_user_domain_id': None, 'service_project_id': None, 'service_project_domain_id': None, 'service_roles': []} {{(pid=42613) fill_context /opt/stack/keystone/keystone/server/flask/request_processing/middleware/auth_context.py:478}}
Apr 19 07:49:57 user devstack@keystone.service[42613]: DEBUG keystone.server.flask.request_processing.req_logging [None req-3ff0dbdb-b30f-44aa-942d-c0818da3889c None admin] REQUEST_METHOD: `GET` {{(pid=42613) log_request_info /opt/stack/keystone/keystone/server/flask/request_processing/req_logging.py:27}}
Apr 19 07:49:57 user devstack@keystone.service[42613]: DEBUG keystone.server.flask.request_processing.req_logging [None req-3ff0dbdb-b30f-44aa-942d-c0818da3889c None admin] SCRIPT_NAME: `/identity` {{(pid=42613) log_request_info /opt/stack/keystone/keystone/server/flask/request_processing/req_logging.py:28}}
Apr 19 07:49:57 user devstack@keystone.service[42613]: DEBUG keystone.server.flask.request_processing.req_logging [None req-3ff0dbdb-b30f-44aa-942d-c0818da3889c None admin] PATH_INFO: `/v3/projects/27c8c0302fcb4357aaac2cb98bb3f9f4` {{(pid=42613) log_request_info /opt/stack/keystone/keystone/server/flask/request_processing/req_logging.py:29}}
Apr 19 07:49:57 user devstack@keystone.service[42613]: DEBUG keystone.common.rbac_enforcer.enforcer [None req-3ff0dbdb-b30f-44aa-942d-c0818da3889c None admin] RBAC: Authorizing `identity:get_project(project_id=27c8c0302fcb4357aaac2cb98bb3f9f4)` {{(pid=42613) enforce_call /opt/stack/keystone/keystone/common/rbac_enforcer/enforcer.py:449}}
Apr 19 07:49:57 user devstack@keystone.service[42613]: DEBUG keystone.common.rbac_enforcer.enforcer [None req-3ff0dbdb-b30f-44aa-942d-c0818da3889c None admin] RBAC: Authorization granted {{(pid=42613) enforce_call /opt/stack/keystone/keystone/common/rbac_enforcer/enforcer.py:457}}
Apr 19 07:49:57 user devstack@keystone.service[42613]: [pid: 42613|app: 0|req: 23/75] 10.0.0.210 () {56 vars in 1181 bytes} [Wed Apr 19 07:49:57 2023] GET /identity/v3/projects/27c8c0302fcb4357aaac2cb98bb3f9f4 => generated 297 bytes in 136 msecs (HTTP/1.1 200) 5 headers in 177 bytes (1 switches on core 0)
Apr 19 07:49:57 user devstack@keystone.service[42613]: DEBUG keystone.server.flask.request_processing.middleware.auth_context [None req-3ff0dbdb-b30f-44aa-942d-c0818da3889c None admin] Authenticating user token {{(pid=42613) process_request /usr/local/lib/python3.10/dist-packages/keystonemiddleware/auth_token/__init__.py:406}}
Apr 19 07:49:57 user devstack@keystone.service[42614]: DEBUG keystone.server.flask.request_processing.middleware.auth_context [None req-536bd85b-6126-423b-99ec-b6509fcc980d None admin] Validating token access rules against request {{(pid=42614) validate_allowed_request /usr/local/lib/python3.10/dist-packages/keystonemiddleware/auth_token/__init__.py:544}}
Apr 19 07:49:57 user devstack@keystone.service[42614]: DEBUG dbcounter [-] [42614] Writing DB stats keystone:SELECT=100 {{(pid=42614) stat_writer /usr/local/lib/python3.10/dist-packages/dbcounter.py:117}}
Apr 19 07:49:57 user devstack@keystone.service[42614]: DEBUG keystone.server.flask.request_processing.middleware.auth_context [None req-8f38a5bf-76a3-4fc3-bed2-1df79fc7dfc2 None admin] RBAC: auth_context: {'token': , 'domain_id': None, 'trust_id': None, 'trustor_id': None, 'trustee_id': None, 'domain_name': None, 'group_ids': [], 'user_id': '1064f13190af4ad39448c48c09d93721', 'user_domain_id': 'default', 'system_scope': 'all', 'project_id': None, 'project_domain_id': None, 'roles': ['admin', 'member', 'reader'], 'is_admin_project': True, 'service_user_id': None, 'service_user_domain_id': None, 'service_project_id': None, 'service_project_domain_id': None, 'service_roles': []} {{(pid=42614) fill_context /opt/stack/keystone/keystone/server/flask/request_processing/middleware/auth_context.py:478}}
Apr 19 07:49:57 user devstack@keystone.service[42614]: DEBUG keystone.server.flask.request_processing.req_logging [None req-8f38a5bf-76a3-4fc3-bed2-1df79fc7dfc2 None admin] REQUEST_METHOD: `PUT` {{(pid=42614) log_request_info /opt/stack/keystone/keystone/server/flask/request_processing/req_logging.py:27}}
Apr 19 07:49:57 user devstack@keystone.service[42614]: DEBUG keystone.server.flask.request_processing.req_logging [None req-8f38a5bf-76a3-4fc3-bed2-1df79fc7dfc2 None admin] SCRIPT_NAME: `/identity` {{(pid=42614) log_request_info /opt/stack/keystone/keystone/server/flask/request_processing/req_logging.py:28}}
Apr 19 07:49:57 user devstack@keystone.service[42614]: DEBUG keystone.server.flask.request_processing.req_logging [None req-8f38a5bf-76a3-4fc3-bed2-1df79fc7dfc2 None admin] PATH_INFO: `/v3/projects/27c8c0302fcb4357aaac2cb98bb3f9f4/users/c0418880e893474ba9be63b33dbb0e49/roles/cc27317391e842198410c1f9c03bca80` {{(pid=42614) log_request_info /opt/stack/keystone/keystone/server/flask/request_processing/req_logging.py:29}}
Apr 19 07:49:57 user devstack@keystone.service[42612]: DEBUG keystone.server.flask.request_processing.middleware.auth_context [None req-236ead9e-10f3-41c2-b8b8-d08f580a844a None admin] Validating token access rules against request {{(pid=42612) validate_allowed_request /usr/local/lib/python3.10/dist-packages/keystonemiddleware/auth_token/__init__.py:544}}
Apr 19 07:49:57 user devstack@keystone.service[42614]: DEBUG keystone.common.rbac_enforcer.enforcer [None req-8f38a5bf-76a3-4fc3-bed2-1df79fc7dfc2 None admin] RBAC: Authorizing `identity:create_grant(project_id=27c8c0302fcb4357aaac2cb98bb3f9f4, user_id=c0418880e893474ba9be63b33dbb0e49, role_id=cc27317391e842198410c1f9c03bca80)` {{(pid=42614) enforce_call /opt/stack/keystone/keystone/common/rbac_enforcer/enforcer.py:449}}
Apr 19 07:49:57 user devstack@keystone.service[42614]: DEBUG keystone.common.rbac_enforcer.enforcer [None req-8f38a5bf-76a3-4fc3-bed2-1df79fc7dfc2 None admin] RBAC: Authorization granted {{(pid=42614) enforce_call /opt/stack/keystone/keystone/common/rbac_enforcer/enforcer.py:457}}
Apr 19 07:49:57 user devstack@keystone.service[42614]: [pid: 42614|app: 0|req: 27/76] 10.0.0.210 () {58 vars in 1434 bytes} [Wed Apr 19 07:49:57 2023] PUT /identity/v3/projects/27c8c0302fcb4357aaac2cb98bb3f9f4/users/c0418880e893474ba9be63b33dbb0e49/roles/cc27317391e842198410c1f9c03bca80 => generated 0 bytes in 133 msecs (HTTP/1.1 204) 3 headers in 132 bytes (0 switches on core 0)
Apr 19 07:49:57 user devstack@keystone.service[42614]: DEBUG keystone.server.flask.request_processing.middleware.auth_context [None req-8f38a5bf-76a3-4fc3-bed2-1df79fc7dfc2 None admin] Authenticating user token {{(pid=42614) process_request /usr/local/lib/python3.10/dist-packages/keystonemiddleware/auth_token/__init__.py:406}}
Apr 19 07:49:57 user devstack@keystone.service[42612]: DEBUG keystone.server.flask.request_processing.middleware.auth_context [None req-6d3fd72b-fb5d-4c52-b22c-6a53b27e2f71 None admin] RBAC: auth_context: {'token': , 'domain_id': None, 'trust_id': None, 'trustor_id': None, 'trustee_id': None, 'domain_name': None, 'group_ids': [], 'user_id': '1064f13190af4ad39448c48c09d93721', 'user_domain_id': 'default', 'system_scope': 'all', 'project_id': None, 'project_domain_id': None, 'roles': ['admin', 'member', 'reader'], 'is_admin_project': True, 'service_user_id': None, 'service_user_domain_id': None, 'service_project_id': None, 'service_project_domain_id': None, 'service_roles': []} {{(pid=42612) fill_context /opt/stack/keystone/keystone/server/flask/request_processing/middleware/auth_context.py:478}}
Apr 19 07:49:57 user devstack@keystone.service[42612]: DEBUG keystone.server.flask.request_processing.req_logging [None req-6d3fd72b-fb5d-4c52-b22c-6a53b27e2f71 None admin] REQUEST_METHOD: `GET` {{(pid=42612) log_request_info /opt/stack/keystone/keystone/server/flask/request_processing/req_logging.py:27}}
Apr 19 07:49:57 user devstack@keystone.service[42612]: DEBUG keystone.server.flask.request_processing.req_logging [None req-6d3fd72b-fb5d-4c52-b22c-6a53b27e2f71 None admin] SCRIPT_NAME: `/identity` {{(pid=42612) log_request_info /opt/stack/keystone/keystone/server/flask/request_processing/req_logging.py:28}}
Apr 19 07:49:57 user devstack@keystone.service[42612]: DEBUG keystone.server.flask.request_processing.req_logging [None req-6d3fd72b-fb5d-4c52-b22c-6a53b27e2f71 None admin] PATH_INFO: `/v3/domains/default` {{(pid=42612) log_request_info /opt/stack/keystone/keystone/server/flask/request_processing/req_logging.py:29}}
Apr 19 07:49:57 user devstack@keystone.service[42612]: DEBUG keystone.common.rbac_enforcer.enforcer [None req-6d3fd72b-fb5d-4c52-b22c-6a53b27e2f71 None admin] RBAC: Authorizing `identity:get_domain(domain_id=default)` {{(pid=42612) enforce_call /opt/stack/keystone/keystone/common/rbac_enforcer/enforcer.py:449}}
Apr 19 07:49:57 user devstack@keystone.service[42612]: DEBUG keystone.common.rbac_enforcer.enforcer [None req-6d3fd72b-fb5d-4c52-b22c-6a53b27e2f71 None admin] RBAC: Authorization granted {{(pid=42612) enforce_call /opt/stack/keystone/keystone/common/rbac_enforcer/enforcer.py:457}}
Apr 19 07:49:57 user devstack@keystone.service[42612]: [pid: 42612|app: 0|req: 27/77] 10.0.0.210 () {56 vars in 1103 bytes} [Wed Apr 19 07:49:57 2023] GET /identity/v3/domains/default => generated 198 bytes in 124 msecs (HTTP/1.1 200) 5 headers in 177 bytes (1 switches on core 0)
Apr 19 07:49:57 user devstack@keystone.service[42612]: DEBUG keystone.server.flask.request_processing.middleware.auth_context [None req-6d3fd72b-fb5d-4c52-b22c-6a53b27e2f71 None admin] Authenticating user token {{(pid=42612) process_request /usr/local/lib/python3.10/dist-packages/keystonemiddleware/auth_token/__init__.py:406}}
Apr 19 07:49:57 user devstack@keystone.service[42613]: DEBUG keystone.server.flask.request_processing.middleware.auth_context [None req-3ff0dbdb-b30f-44aa-942d-c0818da3889c None admin] Validating token access rules against request {{(pid=42613) validate_allowed_request /usr/local/lib/python3.10/dist-packages/keystonemiddleware/auth_token/__init__.py:544}}
Apr 19 07:49:57 user devstack@keystone.service[42613]: DEBUG dbcounter [-] [42613] Writing DB stats keystone:SELECT=100 {{(pid=42613) stat_writer /usr/local/lib/python3.10/dist-packages/dbcounter.py:117}}
Apr 19 07:49:57 user devstack@keystone.service[42613]: DEBUG keystone.server.flask.request_processing.middleware.auth_context [None req-78674e9e-6f1c-48fe-8233-4cb48ecbba1d None admin] RBAC: auth_context: {'token': , 'domain_id': None, 'trust_id': None, 'trustor_id': None, 'trustee_id': None, 'domain_name': None, 'group_ids': [], 'user_id': '1064f13190af4ad39448c48c09d93721', 'user_domain_id': 'default', 'system_scope': 'all', 'project_id': None, 'project_domain_id': None, 'roles': ['admin', 'member', 'reader'], 'is_admin_project': True, 'service_user_id': None, 'service_user_domain_id': None, 'service_project_id': None, 'service_project_domain_id': None, 'service_roles': []} {{(pid=42613) fill_context /opt/stack/keystone/keystone/server/flask/request_processing/middleware/auth_context.py:478}}
Apr 19 07:49:57 user devstack@keystone.service[42613]: DEBUG keystone.server.flask.request_processing.req_logging [None req-78674e9e-6f1c-48fe-8233-4cb48ecbba1d None admin] REQUEST_METHOD: `GET` {{(pid=42613) log_request_info /opt/stack/keystone/keystone/server/flask/request_processing/req_logging.py:27}}
Apr 19 07:49:57 user devstack@keystone.service[42613]: DEBUG keystone.server.flask.request_processing.req_logging [None req-78674e9e-6f1c-48fe-8233-4cb48ecbba1d None admin] SCRIPT_NAME: `/identity` {{(pid=42613) log_request_info /opt/stack/keystone/keystone/server/flask/request_processing/req_logging.py:28}}
Apr 19 07:49:57 user devstack@keystone.service[42613]: DEBUG keystone.server.flask.request_processing.req_logging [None req-78674e9e-6f1c-48fe-8233-4cb48ecbba1d None admin] PATH_INFO: `/v3/users/c0418880e893474ba9be63b33dbb0e49` {{(pid=42613) log_request_info /opt/stack/keystone/keystone/server/flask/request_processing/req_logging.py:29}}
Apr 19 07:49:57 user devstack@keystone.service[42613]: DEBUG keystone.common.rbac_enforcer.enforcer [None req-78674e9e-6f1c-48fe-8233-4cb48ecbba1d None admin] RBAC: Authorizing `identity:get_user(user_id=c0418880e893474ba9be63b33dbb0e49)` {{(pid=42613) enforce_call /opt/stack/keystone/keystone/common/rbac_enforcer/enforcer.py:449}}
Apr 19 07:49:57 user devstack@keystone.service[42612]: DEBUG dbcounter [-] [42612] Writing DB stats keystone:SELECT=100 {{(pid=42612) stat_writer /usr/local/lib/python3.10/dist-packages/dbcounter.py:117}}
Apr 19 07:49:57 user devstack@keystone.service[42613]: DEBUG keystone.common.rbac_enforcer.enforcer [None req-78674e9e-6f1c-48fe-8233-4cb48ecbba1d None admin] RBAC: Authorization granted {{(pid=42613) enforce_call /opt/stack/keystone/keystone/common/rbac_enforcer/enforcer.py:457}}
Apr 19 07:49:57 user devstack@keystone.service[42613]: [pid: 42613|app: 0|req: 24/78] 10.0.0.210 () {56 vars in 1172 bytes} [Wed Apr 19 07:49:57 2023] GET /identity/v3/users/c0418880e893474ba9be63b33dbb0e49 => generated 274 bytes in 142 msecs (HTTP/1.1 200) 5 headers in 177 bytes (1 switches on core 0)
Apr 19 07:49:57 user devstack@keystone.service[42613]: DEBUG keystone.server.flask.request_processing.middleware.auth_context [None req-78674e9e-6f1c-48fe-8233-4cb48ecbba1d None admin] Authenticating user token {{(pid=42613) process_request /usr/local/lib/python3.10/dist-packages/keystonemiddleware/auth_token/__init__.py:406}}
Apr 19 07:49:57 user devstack@keystone.service[42612]: DEBUG keystone.server.flask.request_processing.middleware.auth_context [None req-6d3fd72b-fb5d-4c52-b22c-6a53b27e2f71 None admin] Validating token access rules against request {{(pid=42612) validate_allowed_request /usr/local/lib/python3.10/dist-packages/keystonemiddleware/auth_token/__init__.py:544}}
Apr 19 07:49:57 user devstack@keystone.service[42614]: DEBUG keystone.server.flask.request_processing.middleware.auth_context [None req-8f38a5bf-76a3-4fc3-bed2-1df79fc7dfc2 None admin] Validating token access rules against request {{(pid=42614) validate_allowed_request /usr/local/lib/python3.10/dist-packages/keystonemiddleware/auth_token/__init__.py:544}}
Apr 19 07:49:57 user devstack@keystone.service[42612]: DEBUG keystone.server.flask.request_processing.middleware.auth_context [None req-f6a6d20f-8531-41ea-b25d-baa9a64630be None admin] RBAC: auth_context: {'token': , 'domain_id': None, 'trust_id': None, 'trustor_id': None, 'trustee_id': None, 'domain_name': None, 'group_ids': [], 'user_id': '1064f13190af4ad39448c48c09d93721', 'user_domain_id': 'default', 'system_scope': 'all', 'project_id': None, 'project_domain_id': None, 'roles': ['admin', 'member', 'reader'], 'is_admin_project': True, 'service_user_id': None, 'service_user_domain_id': None, 'service_project_id': None, 'service_project_domain_id': None, 'service_roles': []} {{(pid=42612) fill_context /opt/stack/keystone/keystone/server/flask/request_processing/middleware/auth_context.py:478}}
Apr 19 07:49:57 user devstack@keystone.service[42612]: DEBUG keystone.server.flask.request_processing.req_logging [None req-f6a6d20f-8531-41ea-b25d-baa9a64630be None admin] REQUEST_METHOD: `PUT` {{(pid=42612) log_request_info /opt/stack/keystone/keystone/server/flask/request_processing/req_logging.py:27}}
Apr 19 07:49:57 user devstack@keystone.service[42612]: DEBUG keystone.server.flask.request_processing.req_logging [None req-f6a6d20f-8531-41ea-b25d-baa9a64630be None admin] SCRIPT_NAME: `/identity` {{(pid=42612) log_request_info /opt/stack/keystone/keystone/server/flask/request_processing/req_logging.py:28}}
Apr 19 07:49:57 user devstack@keystone.service[42612]: DEBUG keystone.server.flask.request_processing.req_logging [None req-f6a6d20f-8531-41ea-b25d-baa9a64630be None admin] PATH_INFO: `/v3/projects/27c8c0302fcb4357aaac2cb98bb3f9f4/users/1064f13190af4ad39448c48c09d93721/roles/2bd7801a28b14fddb1d79c544effe8aa` {{(pid=42612) log_request_info /opt/stack/keystone/keystone/server/flask/request_processing/req_logging.py:29}}
Apr 19 07:49:57 user devstack@keystone.service[42612]: DEBUG keystone.common.rbac_enforcer.enforcer [None req-f6a6d20f-8531-41ea-b25d-baa9a64630be None admin] RBAC: Authorizing `identity:create_grant(project_id=27c8c0302fcb4357aaac2cb98bb3f9f4, user_id=1064f13190af4ad39448c48c09d93721, role_id=2bd7801a28b14fddb1d79c544effe8aa)` {{(pid=42612) enforce_call /opt/stack/keystone/keystone/common/rbac_enforcer/enforcer.py:449}}
Apr 19 07:49:57 user devstack@keystone.service[42612]: DEBUG keystone.common.rbac_enforcer.enforcer [None req-f6a6d20f-8531-41ea-b25d-baa9a64630be None admin] RBAC: Authorization granted {{(pid=42612) enforce_call /opt/stack/keystone/keystone/common/rbac_enforcer/enforcer.py:457}}
Apr 19 07:49:57 user devstack@keystone.service[42613]: DEBUG keystone.server.flask.request_processing.middleware.auth_context [None req-78674e9e-6f1c-48fe-8233-4cb48ecbba1d None admin] Validating token access rules against request {{(pid=42613) validate_allowed_request /usr/local/lib/python3.10/dist-packages/keystonemiddleware/auth_token/__init__.py:544}}
Apr 19 07:49:57 user devstack@keystone.service[42614]: DEBUG keystone.server.flask.request_processing.middleware.auth_context [None req-da27678c-5b01-4b79-9aad-2e7e98bc88e4 None admin] RBAC: auth_context: {'token': , 'domain_id': None, 'trust_id': None, 'trustor_id': None, 'trustee_id': None, 'domain_name': None, 'group_ids': [], 'user_id': '1064f13190af4ad39448c48c09d93721', 'user_domain_id': 'default', 'system_scope': 'all', 'project_id': None, 'project_domain_id': None, 'roles': ['admin', 'member', 'reader'], 'is_admin_project': True, 'service_user_id': None, 'service_user_domain_id': None, 'service_project_id': None, 'service_project_domain_id': None, 'service_roles': []} {{(pid=42614) fill_context /opt/stack/keystone/keystone/server/flask/request_processing/middleware/auth_context.py:478}}
Apr 19 07:49:57 user devstack@keystone.service[42614]: DEBUG keystone.server.flask.request_processing.req_logging [None req-da27678c-5b01-4b79-9aad-2e7e98bc88e4 None admin] REQUEST_METHOD: `GET` {{(pid=42614) log_request_info /opt/stack/keystone/keystone/server/flask/request_processing/req_logging.py:27}}
Apr 19 07:49:57 user devstack@keystone.service[42614]: DEBUG keystone.server.flask.request_processing.req_logging [None req-da27678c-5b01-4b79-9aad-2e7e98bc88e4 None admin] SCRIPT_NAME: `/identity` {{(pid=42614) log_request_info /opt/stack/keystone/keystone/server/flask/request_processing/req_logging.py:28}}
Apr 19 07:49:57 user devstack@keystone.service[42614]: DEBUG keystone.server.flask.request_processing.req_logging [None req-da27678c-5b01-4b79-9aad-2e7e98bc88e4 None admin] PATH_INFO: `/v3/roles` {{(pid=42614) log_request_info /opt/stack/keystone/keystone/server/flask/request_processing/req_logging.py:29}}
Apr 19 07:49:57 user devstack@keystone.service[42614]: DEBUG keystone.common.rbac_enforcer.enforcer [None req-da27678c-5b01-4b79-9aad-2e7e98bc88e4 None admin] RBAC: Adding query filter params (name=member) {{(pid=42614) _extract_filter_values /opt/stack/keystone/keystone/common/rbac_enforcer/enforcer.py:167}}
Apr 19 07:49:57 user devstack@keystone.service[42614]: DEBUG keystone.common.rbac_enforcer.enforcer [None req-da27678c-5b01-4b79-9aad-2e7e98bc88e4 None admin] RBAC: Authorizing `identity:list_roles()` {{(pid=42614) enforce_call /opt/stack/keystone/keystone/common/rbac_enforcer/enforcer.py:449}}
Apr 19 07:49:57 user devstack@keystone.service[42614]: DEBUG keystone.common.rbac_enforcer.enforcer [None req-da27678c-5b01-4b79-9aad-2e7e98bc88e4 None admin] RBAC: Authorization granted {{(pid=42614) enforce_call /opt/stack/keystone/keystone/common/rbac_enforcer/enforcer.py:457}}
Apr 19 07:49:57 user devstack@keystone.service[42614]: [pid: 42614|app: 0|req: 28/79] 10.0.0.210 () {56 vars in 1096 bytes} [Wed Apr 19 07:49:57 2023] GET /identity/v3/roles?name=member => generated 339 bytes in 204 msecs (HTTP/1.1 200) 5 headers in 177 bytes (1 switches on core 0)
Apr 19 07:49:57 user devstack@keystone.service[42614]: DEBUG keystone.server.flask.request_processing.middleware.auth_context [None req-da27678c-5b01-4b79-9aad-2e7e98bc88e4 None admin] Authenticating user token {{(pid=42614) process_request /usr/local/lib/python3.10/dist-packages/keystonemiddleware/auth_token/__init__.py:406}}
Apr 19 07:49:57 user devstack@keystone.service[42612]: [pid: 42612|app: 0|req: 28/80] 10.0.0.210 () {58 vars in 1434 bytes} [Wed Apr 19 07:49:57 2023] PUT /identity/v3/projects/27c8c0302fcb4357aaac2cb98bb3f9f4/users/1064f13190af4ad39448c48c09d93721/roles/2bd7801a28b14fddb1d79c544effe8aa => generated 0 bytes in 187 msecs (HTTP/1.1 204) 3 headers in 132 bytes (0 switches on core 0)
Apr 19 07:49:57 user devstack@keystone.service[42612]: DEBUG keystone.server.flask.request_processing.middleware.auth_context [None req-f6a6d20f-8531-41ea-b25d-baa9a64630be None admin] Authenticating user token {{(pid=42612) process_request /usr/local/lib/python3.10/dist-packages/keystonemiddleware/auth_token/__init__.py:406}}
Apr 19 07:49:57 user devstack@keystone.service[42613]: DEBUG keystone.server.flask.request_processing.middleware.auth_context [None req-a7843e7f-3f2c-42aa-aad3-028d053b1f1e None admin] RBAC: auth_context: {'token': , 'domain_id': None, 'trust_id': None, 'trustor_id': None, 'trustee_id': None, 'domain_name': None, 'group_ids': [], 'user_id': '1064f13190af4ad39448c48c09d93721', 'user_domain_id': 'default', 'system_scope': 'all', 'project_id': None, 'project_domain_id': None, 'roles': ['admin', 'member', 'reader'], 'is_admin_project': True, 'service_user_id': None, 'service_user_domain_id': None, 'service_project_id': None, 'service_project_domain_id': None, 'service_roles': []} {{(pid=42613) fill_context /opt/stack/keystone/keystone/server/flask/request_processing/middleware/auth_context.py:478}}
Apr 19 07:49:57 user devstack@keystone.service[42613]: DEBUG keystone.server.flask.request_processing.req_logging [None req-a7843e7f-3f2c-42aa-aad3-028d053b1f1e None admin] REQUEST_METHOD: `POST` {{(pid=42613) log_request_info /opt/stack/keystone/keystone/server/flask/request_processing/req_logging.py:27}}
Apr 19 07:49:57 user devstack@keystone.service[42613]: DEBUG keystone.server.flask.request_processing.req_logging [None req-a7843e7f-3f2c-42aa-aad3-028d053b1f1e None admin] SCRIPT_NAME: `/identity` {{(pid=42613) log_request_info /opt/stack/keystone/keystone/server/flask/request_processing/req_logging.py:28}}
Apr 19 07:49:57 user devstack@keystone.service[42613]: DEBUG keystone.server.flask.request_processing.req_logging [None req-a7843e7f-3f2c-42aa-aad3-028d053b1f1e None admin] PATH_INFO: `/v3/users` {{(pid=42613) log_request_info /opt/stack/keystone/keystone/server/flask/request_processing/req_logging.py:29}}
Apr 19 07:49:57 user devstack@keystone.service[42613]: DEBUG keystone.common.rbac_enforcer.enforcer [None req-a7843e7f-3f2c-42aa-aad3-028d053b1f1e None admin] RBAC: Authorizing `identity:create_user()` {{(pid=42613) enforce_call /opt/stack/keystone/keystone/common/rbac_enforcer/enforcer.py:449}}
Apr 19 07:49:57 user devstack@keystone.service[42613]: DEBUG keystone.common.rbac_enforcer.enforcer [None req-a7843e7f-3f2c-42aa-aad3-028d053b1f1e None admin] RBAC: Authorization granted {{(pid=42613) enforce_call /opt/stack/keystone/keystone/common/rbac_enforcer/enforcer.py:457}}
Apr 19 07:49:57 user devstack@keystone.service[42613]: WARNING keystone.common.password_hashing [None req-a7843e7f-3f2c-42aa-aad3-028d053b1f1e None admin] Truncating password to algorithm specific maximum length 54 characters.
Apr 19 07:49:57 user devstack@keystone.service[42613]: [pid: 42613|app: 0|req: 25/81] 10.0.0.210 () {60 vars in 1127 bytes} [Wed Apr 19 07:49:57 2023] POST /identity/v3/users => generated 288 bytes in 176 msecs (HTTP/1.1 201) 5 headers in 182 bytes (1 switches on core 0)
Apr 19 07:49:57 user devstack@keystone.service[42614]: DEBUG dbcounter [-] [42614] Writing DB stats keystone:SELECT=99,keystone:INSERT=1 {{(pid=42614) stat_writer /usr/local/lib/python3.10/dist-packages/dbcounter.py:117}}
Apr 19 07:49:58 user devstack@keystone.service[42614]: DEBUG keystone.server.flask.request_processing.middleware.auth_context [None req-da27678c-5b01-4b79-9aad-2e7e98bc88e4 None admin] Validating token access rules against request {{(pid=42614) validate_allowed_request /usr/local/lib/python3.10/dist-packages/keystonemiddleware/auth_token/__init__.py:544}}
Apr 19 07:49:58 user devstack@keystone.service[42612]: DEBUG keystone.server.flask.request_processing.middleware.auth_context [None req-f6a6d20f-8531-41ea-b25d-baa9a64630be None admin] Validating token access rules against request {{(pid=42612) validate_allowed_request /usr/local/lib/python3.10/dist-packages/keystonemiddleware/auth_token/__init__.py:544}}
Apr 19 07:49:58 user devstack@keystone.service[42612]: DEBUG dbcounter [-] [42612] Writing DB stats keystone:SELECT=99,keystone:INSERT=1 {{(pid=42612) stat_writer /usr/local/lib/python3.10/dist-packages/dbcounter.py:117}}
Apr 19 07:49:58 user devstack@keystone.service[42614]: DEBUG keystone.server.flask.request_processing.middleware.auth_context [None req-2fac4cbc-24d6-4d37-afde-6c1d62085ff9 None admin] RBAC: auth_context: {'token': , 'domain_id': None, 'trust_id': None, 'trustor_id': None, 'trustee_id': None, 'domain_name': None, 'group_ids': [], 'user_id': '1064f13190af4ad39448c48c09d93721', 'user_domain_id': 'default', 'system_scope': 'all', 'project_id': None, 'project_domain_id': None, 'roles': ['admin', 'member', 'reader'], 'is_admin_project': True, 'service_user_id': None, 'service_user_domain_id': None, 'service_project_id': None, 'service_project_domain_id': None, 'service_roles': []} {{(pid=42614) fill_context /opt/stack/keystone/keystone/server/flask/request_processing/middleware/auth_context.py:478}}
Apr 19 07:49:58 user devstack@keystone.service[42614]: DEBUG keystone.server.flask.request_processing.req_logging [None req-2fac4cbc-24d6-4d37-afde-6c1d62085ff9 None admin] REQUEST_METHOD: `GET` {{(pid=42614) log_request_info /opt/stack/keystone/keystone/server/flask/request_processing/req_logging.py:27}}
Apr 19 07:49:58 user devstack@keystone.service[42614]: DEBUG keystone.server.flask.request_processing.req_logging [None req-2fac4cbc-24d6-4d37-afde-6c1d62085ff9 None admin] SCRIPT_NAME: `/identity` {{(pid=42614) log_request_info /opt/stack/keystone/keystone/server/flask/request_processing/req_logging.py:28}}
Apr 19 07:49:58 user devstack@keystone.service[42614]: DEBUG keystone.server.flask.request_processing.req_logging [None req-2fac4cbc-24d6-4d37-afde-6c1d62085ff9 None admin] PATH_INFO: `/v3/projects/27c8c0302fcb4357aaac2cb98bb3f9f4` {{(pid=42614) log_request_info /opt/stack/keystone/keystone/server/flask/request_processing/req_logging.py:29}}
Apr 19 07:49:58 user devstack@keystone.service[42614]: DEBUG keystone.common.rbac_enforcer.enforcer [None req-2fac4cbc-24d6-4d37-afde-6c1d62085ff9 None admin] RBAC: Authorizing `identity:get_project(project_id=27c8c0302fcb4357aaac2cb98bb3f9f4)` {{(pid=42614) enforce_call /opt/stack/keystone/keystone/common/rbac_enforcer/enforcer.py:449}}
Apr 19 07:49:58 user devstack@keystone.service[42614]: DEBUG keystone.common.rbac_enforcer.enforcer [None req-2fac4cbc-24d6-4d37-afde-6c1d62085ff9 None admin] RBAC: Authorization granted {{(pid=42614) enforce_call /opt/stack/keystone/keystone/common/rbac_enforcer/enforcer.py:457}}
Apr 19 07:49:58 user devstack@keystone.service[42614]: [pid: 42614|app: 0|req: 29/82] 10.0.0.210 () {56 vars in 1181 bytes} [Wed Apr 19 07:49:57 2023] GET /identity/v3/projects/27c8c0302fcb4357aaac2cb98bb3f9f4 => generated 297 bytes in 153 msecs (HTTP/1.1 200) 5 headers in 177 bytes (1 switches on core 0)
Apr 19 07:49:58 user devstack@keystone.service[42613]: DEBUG keystone.server.flask.request_processing.middleware.auth_context [None req-a7843e7f-3f2c-42aa-aad3-028d053b1f1e None admin] Authenticating user token {{(pid=42613) process_request /usr/local/lib/python3.10/dist-packages/keystonemiddleware/auth_token/__init__.py:406}}
