Apr 19 07:49:58 user devstack@keystone.service[42612]: DEBUG keystone.server.flask.request_processing.middleware.auth_context [None req-304d8101-2b3c-441e-acd3-6b3e5293740a None admin] RBAC: auth_context: {'token': , 'domain_id': None, 'trust_id': None, 'trustor_id': None, 'trustee_id': None, 'domain_name': None, 'group_ids': [], 'user_id': '1064f13190af4ad39448c48c09d93721', 'user_domain_id': 'default', 'system_scope': 'all', 'project_id': None, 'project_domain_id': None, 'roles': ['admin', 'member', 'reader'], 'is_admin_project': True, 'service_user_id': None, 'service_user_domain_id': None, 'service_project_id': None, 'service_project_domain_id': None, 'service_roles': []} {{(pid=42612) fill_context /opt/stack/keystone/keystone/server/flask/request_processing/middleware/auth_context.py:478}}
Apr 19 07:49:58 user devstack@keystone.service[42612]: DEBUG keystone.server.flask.request_processing.req_logging [None req-304d8101-2b3c-441e-acd3-6b3e5293740a None admin] REQUEST_METHOD: `GET` {{(pid=42612) log_request_info /opt/stack/keystone/keystone/server/flask/request_processing/req_logging.py:27}}
Apr 19 07:49:58 user devstack@keystone.service[42612]: DEBUG keystone.server.flask.request_processing.req_logging [None req-304d8101-2b3c-441e-acd3-6b3e5293740a None admin] SCRIPT_NAME: `/identity` {{(pid=42612) log_request_info /opt/stack/keystone/keystone/server/flask/request_processing/req_logging.py:28}}
Apr 19 07:49:58 user devstack@keystone.service[42612]: DEBUG keystone.server.flask.request_processing.req_logging [None req-304d8101-2b3c-441e-acd3-6b3e5293740a None admin] PATH_INFO: `/v3/users/c0418880e893474ba9be63b33dbb0e49` {{(pid=42612) log_request_info /opt/stack/keystone/keystone/server/flask/request_processing/req_logging.py:29}}
Apr 19 07:49:58 user devstack@keystone.service[42612]: DEBUG keystone.common.rbac_enforcer.enforcer [None req-304d8101-2b3c-441e-acd3-6b3e5293740a None admin] RBAC: Authorizing `identity:get_user(user_id=c0418880e893474ba9be63b33dbb0e49)` {{(pid=42612) enforce_call /opt/stack/keystone/keystone/common/rbac_enforcer/enforcer.py:449}}
Apr 19 07:49:58 user devstack@keystone.service[42612]: DEBUG keystone.common.rbac_enforcer.enforcer [None req-304d8101-2b3c-441e-acd3-6b3e5293740a None admin] RBAC: Authorization granted {{(pid=42612) enforce_call /opt/stack/keystone/keystone/common/rbac_enforcer/enforcer.py:457}}
Apr 19 07:49:58 user devstack@keystone.service[42612]: [pid: 42612|app: 0|req: 29/83] 10.0.0.210 () {56 vars in 1172 bytes} [Wed Apr 19 07:49:57 2023] GET /identity/v3/users/c0418880e893474ba9be63b33dbb0e49 => generated 274 bytes in 181 msecs (HTTP/1.1 200) 5 headers in 177 bytes (1 switches on core 0)
Apr 19 07:49:58 user devstack@keystone.service[42614]: DEBUG keystone.server.flask.request_processing.middleware.auth_context [None req-2fac4cbc-24d6-4d37-afde-6c1d62085ff9 None admin] Authenticating user token {{(pid=42614) process_request /usr/local/lib/python3.10/dist-packages/keystonemiddleware/auth_token/__init__.py:406}}
Apr 19 07:49:58 user devstack@keystone.service[42613]: DEBUG dbcounter [-] [42613] Writing DB stats keystone:SELECT=97,keystone:INSERT=3 {{(pid=42613) stat_writer /usr/local/lib/python3.10/dist-packages/dbcounter.py:117}}
Apr 19 07:49:58 user devstack@keystone.service[42613]: DEBUG keystone.server.flask.request_processing.middleware.auth_context [None req-a7843e7f-3f2c-42aa-aad3-028d053b1f1e None admin] Validating token access rules against request {{(pid=42613) validate_allowed_request /usr/local/lib/python3.10/dist-packages/keystonemiddleware/auth_token/__init__.py:544}}
Apr 19 07:49:58 user devstack@keystone.service[42614]: DEBUG keystone.server.flask.request_processing.middleware.auth_context [None req-2fac4cbc-24d6-4d37-afde-6c1d62085ff9 None admin] Validating token access rules against request {{(pid=42614) validate_allowed_request /usr/local/lib/python3.10/dist-packages/keystonemiddleware/auth_token/__init__.py:544}}
Apr 19 07:49:58 user devstack@keystone.service[42614]: DEBUG dbcounter [-] [42614] Writing DB stats keystone:SELECT=100 {{(pid=42614) stat_writer /usr/local/lib/python3.10/dist-packages/dbcounter.py:117}}
Apr 19 07:49:58 user devstack@keystone.service[42613]: DEBUG keystone.server.flask.request_processing.middleware.auth_context [None req-00312cc6-0a81-42fd-ada1-e33741e3264e None admin] RBAC: auth_context: {'token': , 'domain_id': None, 'trust_id': None, 'trustor_id': None, 'trustee_id': None, 'domain_name': None, 'group_ids': [], 'user_id': '1064f13190af4ad39448c48c09d93721', 'user_domain_id': 'default', 'system_scope': 'all', 'project_id': None, 'project_domain_id': None, 'roles': ['admin', 'member', 'reader'], 'is_admin_project': True, 'service_user_id': None, 'service_user_domain_id': None, 'service_project_id': None, 'service_project_domain_id': None, 'service_roles': []} {{(pid=42613) fill_context /opt/stack/keystone/keystone/server/flask/request_processing/middleware/auth_context.py:478}}
Apr 19 07:49:58 user devstack@keystone.service[42613]: DEBUG keystone.server.flask.request_processing.req_logging [None req-00312cc6-0a81-42fd-ada1-e33741e3264e None admin] REQUEST_METHOD: `PUT` {{(pid=42613) log_request_info /opt/stack/keystone/keystone/server/flask/request_processing/req_logging.py:27}}
Apr 19 07:49:58 user devstack@keystone.service[42613]: DEBUG keystone.server.flask.request_processing.req_logging [None req-00312cc6-0a81-42fd-ada1-e33741e3264e None admin] SCRIPT_NAME: `/identity` {{(pid=42613) log_request_info /opt/stack/keystone/keystone/server/flask/request_processing/req_logging.py:28}}
Apr 19 07:49:58 user devstack@keystone.service[42613]: DEBUG keystone.server.flask.request_processing.req_logging [None req-00312cc6-0a81-42fd-ada1-e33741e3264e None admin] PATH_INFO: `/v3/projects/27c8c0302fcb4357aaac2cb98bb3f9f4/users/c0418880e893474ba9be63b33dbb0e49/roles/68a318418cec4047ad1776002727b722` {{(pid=42613) log_request_info /opt/stack/keystone/keystone/server/flask/request_processing/req_logging.py:29}}
Apr 19 07:49:58 user devstack@keystone.service[42613]: DEBUG keystone.common.rbac_enforcer.enforcer [None req-00312cc6-0a81-42fd-ada1-e33741e3264e None admin] RBAC: Authorizing `identity:create_grant(project_id=27c8c0302fcb4357aaac2cb98bb3f9f4, user_id=c0418880e893474ba9be63b33dbb0e49, role_id=68a318418cec4047ad1776002727b722)` {{(pid=42613) enforce_call /opt/stack/keystone/keystone/common/rbac_enforcer/enforcer.py:449}}
Apr 19 07:49:58 user devstack@keystone.service[42614]: DEBUG keystone.server.flask.request_processing.middleware.auth_context [None req-b7be72b8-893f-4199-bc3c-fb6ec876bfc1 None admin] RBAC: auth_context: {'token': , 'domain_id': None, 'trust_id': None, 'trustor_id': None, 'trustee_id': None, 'domain_name': None, 'group_ids': [], 'user_id': '1064f13190af4ad39448c48c09d93721', 'user_domain_id': 'default', 'system_scope': 'all', 'project_id': None, 'project_domain_id': None, 'roles': ['admin', 'member', 'reader'], 'is_admin_project': True, 'service_user_id': None, 'service_user_domain_id': None, 'service_project_id': None, 'service_project_domain_id': None, 'service_roles': []} {{(pid=42614) fill_context /opt/stack/keystone/keystone/server/flask/request_processing/middleware/auth_context.py:478}}
Apr 19 07:49:58 user devstack@keystone.service[42614]: DEBUG keystone.server.flask.request_processing.req_logging [None req-b7be72b8-893f-4199-bc3c-fb6ec876bfc1 None admin] REQUEST_METHOD: `GET` {{(pid=42614) log_request_info /opt/stack/keystone/keystone/server/flask/request_processing/req_logging.py:27}}
Apr 19 07:49:58 user devstack@keystone.service[42613]: DEBUG keystone.common.rbac_enforcer.enforcer [None req-00312cc6-0a81-42fd-ada1-e33741e3264e None admin] RBAC: Authorization granted {{(pid=42613) enforce_call /opt/stack/keystone/keystone/common/rbac_enforcer/enforcer.py:457}}
Apr 19 07:49:58 user devstack@keystone.service[42614]: DEBUG keystone.server.flask.request_processing.req_logging [None req-b7be72b8-893f-4199-bc3c-fb6ec876bfc1 None admin] SCRIPT_NAME: `/identity` {{(pid=42614) log_request_info /opt/stack/keystone/keystone/server/flask/request_processing/req_logging.py:28}}
Apr 19 07:49:58 user devstack@keystone.service[42614]: DEBUG keystone.server.flask.request_processing.req_logging [None req-b7be72b8-893f-4199-bc3c-fb6ec876bfc1 None admin] PATH_INFO: `/v3/projects/b8f58baaa22c47f1961f06d1888e8739` {{(pid=42614) log_request_info /opt/stack/keystone/keystone/server/flask/request_processing/req_logging.py:29}}
Apr 19 07:49:58 user devstack@keystone.service[42614]: DEBUG keystone.common.rbac_enforcer.enforcer [None req-b7be72b8-893f-4199-bc3c-fb6ec876bfc1 None admin] RBAC: Authorizing `identity:get_project(project_id=b8f58baaa22c47f1961f06d1888e8739)` {{(pid=42614) enforce_call /opt/stack/keystone/keystone/common/rbac_enforcer/enforcer.py:449}}
Apr 19 07:49:58 user devstack@keystone.service[42614]: DEBUG keystone.common.rbac_enforcer.enforcer [None req-b7be72b8-893f-4199-bc3c-fb6ec876bfc1 None admin] RBAC: Authorization granted {{(pid=42614) enforce_call /opt/stack/keystone/keystone/common/rbac_enforcer/enforcer.py:457}}
Apr 19 07:49:58 user devstack@keystone.service[42614]: [pid: 42614|app: 0|req: 30/84] 10.0.0.210 () {56 vars in 1181 bytes} [Wed Apr 19 07:49:58 2023] GET /identity/v3/projects/b8f58baaa22c47f1961f06d1888e8739 => generated 311 bytes in 135 msecs (HTTP/1.1 200) 5 headers in 177 bytes (1 switches on core 0)
Apr 19 07:49:58 user devstack@keystone.service[42612]: DEBUG keystone.server.flask.request_processing.middleware.auth_context [None req-304d8101-2b3c-441e-acd3-6b3e5293740a None admin] Authenticating user token {{(pid=42612) process_request /usr/local/lib/python3.10/dist-packages/keystonemiddleware/auth_token/__init__.py:406}}
Apr 19 07:49:58 user devstack@keystone.service[42613]: [pid: 42613|app: 0|req: 26/85] 10.0.0.210 () {58 vars in 1434 bytes} [Wed Apr 19 07:49:58 2023] PUT /identity/v3/projects/27c8c0302fcb4357aaac2cb98bb3f9f4/users/c0418880e893474ba9be63b33dbb0e49/roles/68a318418cec4047ad1776002727b722 => generated 0 bytes in 180 msecs (HTTP/1.1 204) 3 headers in 132 bytes (0 switches on core 0)
Apr 19 07:49:58 user devstack@keystone.service[42612]: DEBUG keystone.server.flask.request_processing.middleware.auth_context [None req-304d8101-2b3c-441e-acd3-6b3e5293740a None admin] Validating token access rules against request {{(pid=42612) validate_allowed_request /usr/local/lib/python3.10/dist-packages/keystonemiddleware/auth_token/__init__.py:544}}
Apr 19 07:49:58 user devstack@keystone.service[42612]: DEBUG keystone.server.flask.request_processing.middleware.auth_context [None req-c7c072b0-4179-4985-bb31-eefc0be3f294 None admin] RBAC: auth_context: {'token': , 'domain_id': None, 'trust_id': None, 'trustor_id': None, 'trustee_id': None, 'domain_name': None, 'group_ids': [], 'user_id': '1064f13190af4ad39448c48c09d93721', 'user_domain_id': 'default', 'system_scope': 'all', 'project_id': None, 'project_domain_id': None, 'roles': ['admin', 'member', 'reader'], 'is_admin_project': True, 'service_user_id': None, 'service_user_domain_id': None, 'service_project_id': None, 'service_project_domain_id': None, 'service_roles': []} {{(pid=42612) fill_context /opt/stack/keystone/keystone/server/flask/request_processing/middleware/auth_context.py:478}}
Apr 19 07:49:58 user devstack@keystone.service[42612]: DEBUG keystone.server.flask.request_processing.req_logging [None req-c7c072b0-4179-4985-bb31-eefc0be3f294 None admin] REQUEST_METHOD: `PUT` {{(pid=42612) log_request_info /opt/stack/keystone/keystone/server/flask/request_processing/req_logging.py:27}}
Apr 19 07:49:58 user devstack@keystone.service[42612]: DEBUG keystone.server.flask.request_processing.req_logging [None req-c7c072b0-4179-4985-bb31-eefc0be3f294 None admin] SCRIPT_NAME: `/identity` {{(pid=42612) log_request_info /opt/stack/keystone/keystone/server/flask/request_processing/req_logging.py:28}}
Apr 19 07:49:58 user devstack@keystone.service[42612]: DEBUG keystone.server.flask.request_processing.req_logging [None req-c7c072b0-4179-4985-bb31-eefc0be3f294 None admin] PATH_INFO: `/v3/projects/b8f58baaa22c47f1961f06d1888e8739/users/c0418880e893474ba9be63b33dbb0e49/roles/cc27317391e842198410c1f9c03bca80` {{(pid=42612) log_request_info /opt/stack/keystone/keystone/server/flask/request_processing/req_logging.py:29}}
Apr 19 07:49:58 user devstack@keystone.service[42612]: DEBUG keystone.common.rbac_enforcer.enforcer [None req-c7c072b0-4179-4985-bb31-eefc0be3f294 None admin] RBAC: Authorizing `identity:create_grant(project_id=b8f58baaa22c47f1961f06d1888e8739, user_id=c0418880e893474ba9be63b33dbb0e49, role_id=cc27317391e842198410c1f9c03bca80)` {{(pid=42612) enforce_call /opt/stack/keystone/keystone/common/rbac_enforcer/enforcer.py:449}}
Apr 19 07:49:58 user devstack@keystone.service[42612]: DEBUG keystone.common.rbac_enforcer.enforcer [None req-c7c072b0-4179-4985-bb31-eefc0be3f294 None admin] RBAC: Authorization granted {{(pid=42612) enforce_call /opt/stack/keystone/keystone/common/rbac_enforcer/enforcer.py:457}}
Apr 19 07:49:58 user devstack@keystone.service[42612]: [pid: 42612|app: 0|req: 30/86] 10.0.0.210 () {58 vars in 1434 bytes} [Wed Apr 19 07:49:58 2023] PUT /identity/v3/projects/b8f58baaa22c47f1961f06d1888e8739/users/c0418880e893474ba9be63b33dbb0e49/roles/cc27317391e842198410c1f9c03bca80 => generated 0 bytes in 155 msecs (HTTP/1.1 204) 3 headers in 132 bytes (0 switches on core 0)
Apr 19 07:49:59 user devstack@keystone.service[42614]: DEBUG keystone.server.flask.request_processing.req_logging [None req-d3acdbd8-63da-4862-be3c-bb8380fec02d None None] REQUEST_METHOD: `GET` {{(pid=42614) log_request_info /opt/stack/keystone/keystone/server/flask/request_processing/req_logging.py:27}}
Apr 19 07:49:59 user devstack@keystone.service[42614]: DEBUG keystone.server.flask.request_processing.req_logging [None req-d3acdbd8-63da-4862-be3c-bb8380fec02d None None] SCRIPT_NAME: `/identity` {{(pid=42614) log_request_info /opt/stack/keystone/keystone/server/flask/request_processing/req_logging.py:28}}
Apr 19 07:49:59 user devstack@keystone.service[42614]: DEBUG keystone.server.flask.request_processing.req_logging [None req-d3acdbd8-63da-4862-be3c-bb8380fec02d None None] PATH_INFO: `/` {{(pid=42614) log_request_info /opt/stack/keystone/keystone/server/flask/request_processing/req_logging.py:29}}
Apr 19 07:49:59 user devstack@keystone.service[42614]: [pid: 42614|app: 0|req: 31/87] 10.0.0.210 () {54 vars in 920 bytes} [Wed Apr 19 07:49:59 2023] GET /identity => generated 269 bytes in 6 msecs (HTTP/1.1 300) 6 headers in 233 bytes (1 switches on core 0)
Apr 19 07:49:59 user devstack@keystone.service[42613]: DEBUG keystone.server.flask.request_processing.req_logging [None req-c627165e-b7f9-49d7-853c-9b0f71d9e426 None None] REQUEST_METHOD: `POST` {{(pid=42613) log_request_info /opt/stack/keystone/keystone/server/flask/request_processing/req_logging.py:27}}
Apr 19 07:49:59 user devstack@keystone.service[42613]: DEBUG keystone.server.flask.request_processing.req_logging [None req-c627165e-b7f9-49d7-853c-9b0f71d9e426 None None] SCRIPT_NAME: `/identity` {{(pid=42613) log_request_info /opt/stack/keystone/keystone/server/flask/request_processing/req_logging.py:28}}
Apr 19 07:49:59 user devstack@keystone.service[42613]: DEBUG keystone.server.flask.request_processing.req_logging [None req-c627165e-b7f9-49d7-853c-9b0f71d9e426 None None] PATH_INFO: `/v3/auth/tokens` {{(pid=42613) log_request_info /opt/stack/keystone/keystone/server/flask/request_processing/req_logging.py:29}}
Apr 19 07:49:59 user devstack@keystone.service[42613]: WARNING keystone.common.password_hashing [None req-c627165e-b7f9-49d7-853c-9b0f71d9e426 None None] Truncating password to algorithm specific maximum length 54 characters.
Apr 19 07:49:59 user devstack@keystone.service[42613]: DEBUG keystone.auth.core [None req-c627165e-b7f9-49d7-853c-9b0f71d9e426 None None] MFA Rules not processed for user `1064f13190af4ad39448c48c09d93721`. Rule list: `[]` (Enabled: `True`). {{(pid=42613) check_auth_methods_against_rules /opt/stack/keystone/keystone/auth/core.py:438}}
Apr 19 07:49:59 user devstack@keystone.service[42613]: DEBUG keystone.common.fernet_utils [None req-c627165e-b7f9-49d7-853c-9b0f71d9e426 None None] Loaded 2 Fernet keys from /etc/keystone/fernet-keys/, but `[fernet_tokens] max_active_keys = 3`; perhaps there have not been enough key rotations to reach `max_active_keys` yet? {{(pid=42613) load_keys /opt/stack/keystone/keystone/common/fernet_utils.py:286}}
Apr 19 07:49:59 user devstack@keystone.service[42613]: [pid: 42613|app: 0|req: 27/88] 10.0.0.210 () {58 vars in 1017 bytes} [Wed Apr 19 07:49:59 2023] POST /identity/v3/auth/tokens => generated 798 bytes in 84 msecs (HTTP/1.1 201) 6 headers in 363 bytes (1 switches on core 0)
Apr 19 07:49:59 user devstack@keystone.service[42612]: DEBUG keystone.server.flask.request_processing.req_logging [None req-74a771e8-21ab-46ce-8927-0634c08fb249 None None] REQUEST_METHOD: `GET` {{(pid=42612) log_request_info /opt/stack/keystone/keystone/server/flask/request_processing/req_logging.py:27}}
Apr 19 07:49:59 user devstack@keystone.service[42612]: DEBUG keystone.server.flask.request_processing.req_logging [None req-74a771e8-21ab-46ce-8927-0634c08fb249 None None] SCRIPT_NAME: `/identity` {{(pid=42612) log_request_info /opt/stack/keystone/keystone/server/flask/request_processing/req_logging.py:28}}
Apr 19 07:49:59 user devstack@keystone.service[42612]: DEBUG keystone.server.flask.request_processing.req_logging [None req-74a771e8-21ab-46ce-8927-0634c08fb249 None None] PATH_INFO: `/` {{(pid=42612) log_request_info /opt/stack/keystone/keystone/server/flask/request_processing/req_logging.py:29}}
Apr 19 07:49:59 user devstack@keystone.service[42612]: [pid: 42612|app: 0|req: 31/89] 10.0.0.210 () {54 vars in 920 bytes} [Wed Apr 19 07:49:59 2023] GET /identity => generated 269 bytes in 3 msecs (HTTP/1.1 300) 6 headers in 233 bytes (1 switches on core 0)
Apr 19 07:49:59 user devstack@keystone.service[42614]: DEBUG keystone.server.flask.request_processing.req_logging [None req-647e8742-cc48-431e-bc16-8a6d8d74da8f None None] REQUEST_METHOD: `POST` {{(pid=42614) log_request_info /opt/stack/keystone/keystone/server/flask/request_processing/req_logging.py:27}}
Apr 19 07:49:59 user devstack@keystone.service[42614]: DEBUG keystone.server.flask.request_processing.req_logging [None req-647e8742-cc48-431e-bc16-8a6d8d74da8f None None] SCRIPT_NAME: `/identity` {{(pid=42614) log_request_info /opt/stack/keystone/keystone/server/flask/request_processing/req_logging.py:28}}
Apr 19 07:49:59 user devstack@keystone.service[42614]: DEBUG keystone.server.flask.request_processing.req_logging [None req-647e8742-cc48-431e-bc16-8a6d8d74da8f None None] PATH_INFO: `/v3/auth/tokens` {{(pid=42614) log_request_info /opt/stack/keystone/keystone/server/flask/request_processing/req_logging.py:29}}
Apr 19 07:49:59 user devstack@keystone.service[42614]: WARNING keystone.common.password_hashing [None req-647e8742-cc48-431e-bc16-8a6d8d74da8f None None] Truncating password to algorithm specific maximum length 54 characters.
Apr 19 07:49:59 user devstack@keystone.service[42614]: DEBUG keystone.auth.core [None req-647e8742-cc48-431e-bc16-8a6d8d74da8f None None] MFA Rules not processed for user `1064f13190af4ad39448c48c09d93721`. Rule list: `[]` (Enabled: `True`). {{(pid=42614) check_auth_methods_against_rules /opt/stack/keystone/keystone/auth/core.py:438}}
Apr 19 07:49:59 user devstack@keystone.service[42614]: DEBUG keystone.common.fernet_utils [None req-647e8742-cc48-431e-bc16-8a6d8d74da8f None None] Loaded 2 Fernet keys from /etc/keystone/fernet-keys/, but `[fernet_tokens] max_active_keys = 3`; perhaps there have not been enough key rotations to reach `max_active_keys` yet? {{(pid=42614) load_keys /opt/stack/keystone/keystone/common/fernet_utils.py:286}}
Apr 19 07:49:59 user devstack@keystone.service[42614]: [pid: 42614|app: 0|req: 32/90] 10.0.0.210 () {58 vars in 1017 bytes} [Wed Apr 19 07:49:59 2023] POST /identity/v3/auth/tokens => generated 798 bytes in 90 msecs (HTTP/1.1 201) 6 headers in 363 bytes (1 switches on core 0)
Apr 19 07:49:59 user devstack@keystone.service[42613]: DEBUG keystone.server.flask.request_processing.middleware.auth_context [None req-c627165e-b7f9-49d7-853c-9b0f71d9e426 None None] Authenticating user token {{(pid=42613) process_request /usr/local/lib/python3.10/dist-packages/keystonemiddleware/auth_token/__init__.py:406}}
Apr 19 07:49:59 user devstack@keystone.service[42612]: DEBUG keystone.server.flask.request_processing.req_logging [None req-2d7970c5-1681-449b-b8ae-9340450731e4 None None] REQUEST_METHOD: `GET` {{(pid=42612) log_request_info /opt/stack/keystone/keystone/server/flask/request_processing/req_logging.py:27}}
Apr 19 07:49:59 user devstack@keystone.service[42612]: DEBUG keystone.server.flask.request_processing.req_logging [None req-2d7970c5-1681-449b-b8ae-9340450731e4 None None] SCRIPT_NAME: `/identity` {{(pid=42612) log_request_info /opt/stack/keystone/keystone/server/flask/request_processing/req_logging.py:28}}
Apr 19 07:49:59 user devstack@keystone.service[42612]: DEBUG keystone.server.flask.request_processing.req_logging [None req-2d7970c5-1681-449b-b8ae-9340450731e4 None None] PATH_INFO: `/` {{(pid=42612) log_request_info /opt/stack/keystone/keystone/server/flask/request_processing/req_logging.py:29}}
Apr 19 07:49:59 user devstack@keystone.service[42612]: [pid: 42612|app: 0|req: 32/91] 10.0.0.210 () {54 vars in 920 bytes} [Wed Apr 19 07:49:59 2023] GET /identity => generated 269 bytes in 3 msecs (HTTP/1.1 300) 6 headers in 233 bytes (1 switches on core 0)
Apr 19 07:49:59 user devstack@keystone.service[42614]: DEBUG keystone.server.flask.request_processing.req_logging [None req-14239f30-3fcf-48ee-91df-b601e7d5bff5 None None] REQUEST_METHOD: `POST` {{(pid=42614) log_request_info /opt/stack/keystone/keystone/server/flask/request_processing/req_logging.py:27}}
Apr 19 07:49:59 user devstack@keystone.service[42614]: DEBUG keystone.server.flask.request_processing.req_logging [None req-14239f30-3fcf-48ee-91df-b601e7d5bff5 None None] SCRIPT_NAME: `/identity` {{(pid=42614) log_request_info /opt/stack/keystone/keystone/server/flask/request_processing/req_logging.py:28}}
Apr 19 07:49:59 user devstack@keystone.service[42614]: DEBUG keystone.server.flask.request_processing.req_logging [None req-14239f30-3fcf-48ee-91df-b601e7d5bff5 None None] PATH_INFO: `/v3/auth/tokens` {{(pid=42614) log_request_info /opt/stack/keystone/keystone/server/flask/request_processing/req_logging.py:29}}
Apr 19 07:49:59 user devstack@keystone.service[42613]: DEBUG dbcounter [-] [42613] Writing DB stats keystone:SELECT=99,keystone:INSERT=1 {{(pid=42613) stat_writer /usr/local/lib/python3.10/dist-packages/dbcounter.py:117}}
Apr 19 07:49:59 user devstack@keystone.service[42614]: WARNING keystone.common.password_hashing [None req-14239f30-3fcf-48ee-91df-b601e7d5bff5 None None] Truncating password to algorithm specific maximum length 54 characters.
Apr 19 07:49:59 user devstack@keystone.service[42614]: DEBUG keystone.auth.core [None req-14239f30-3fcf-48ee-91df-b601e7d5bff5 None None] MFA Rules not processed for user `1064f13190af4ad39448c48c09d93721`. Rule list: `[]` (Enabled: `True`). {{(pid=42614) check_auth_methods_against_rules /opt/stack/keystone/keystone/auth/core.py:438}}
Apr 19 07:49:59 user devstack@keystone.service[42614]: DEBUG keystone.common.fernet_utils [None req-14239f30-3fcf-48ee-91df-b601e7d5bff5 None None] Loaded 2 Fernet keys from /etc/keystone/fernet-keys/, but `[fernet_tokens] max_active_keys = 3`; perhaps there have not been enough key rotations to reach `max_active_keys` yet? {{(pid=42614) load_keys /opt/stack/keystone/keystone/common/fernet_utils.py:286}}
Apr 19 07:49:59 user devstack@keystone.service[42613]: DEBUG keystone.server.flask.request_processing.middleware.auth_context [None req-c627165e-b7f9-49d7-853c-9b0f71d9e426 None None] Validating token access rules against request {{(pid=42613) validate_allowed_request /usr/local/lib/python3.10/dist-packages/keystonemiddleware/auth_token/__init__.py:544}}
Apr 19 07:49:59 user devstack@keystone.service[42614]: [pid: 42614|app: 0|req: 33/92] 10.0.0.210 () {58 vars in 1017 bytes} [Wed Apr 19 07:49:59 2023] POST /identity/v3/auth/tokens => generated 798 bytes in 82 msecs (HTTP/1.1 201) 6 headers in 363 bytes (1 switches on core 0)
Apr 19 07:49:59 user devstack@keystone.service[42612]: DEBUG keystone.server.flask.request_processing.req_logging [None req-2c1653b2-2711-4673-95df-93baab55400a None None] REQUEST_METHOD: `GET` {{(pid=42612) log_request_info /opt/stack/keystone/keystone/server/flask/request_processing/req_logging.py:27}}
Apr 19 07:49:59 user devstack@keystone.service[42612]: DEBUG keystone.server.flask.request_processing.req_logging [None req-2c1653b2-2711-4673-95df-93baab55400a None None] SCRIPT_NAME: `/identity` {{(pid=42612) log_request_info /opt/stack/keystone/keystone/server/flask/request_processing/req_logging.py:28}}
Apr 19 07:49:59 user devstack@keystone.service[42612]: DEBUG keystone.server.flask.request_processing.req_logging [None req-2c1653b2-2711-4673-95df-93baab55400a None None] PATH_INFO: `/` {{(pid=42612) log_request_info /opt/stack/keystone/keystone/server/flask/request_processing/req_logging.py:29}}
Apr 19 07:49:59 user devstack@keystone.service[42612]: [pid: 42612|app: 0|req: 33/93] 10.0.0.210 () {54 vars in 920 bytes} [Wed Apr 19 07:49:59 2023] GET /identity => generated 269 bytes in 4 msecs (HTTP/1.1 300) 6 headers in 233 bytes (1 switches on core 0)
Apr 19 07:49:59 user devstack@keystone.service[42613]: DEBUG keystone.server.flask.request_processing.middleware.auth_context [None req-1848ad63-1f1c-42b1-9610-0b5565ad62c2 None admin] RBAC: auth_context: {'token': , 'domain_id': None, 'trust_id': None, 'trustor_id': None, 'trustee_id': None, 'domain_name': None, 'group_ids': [], 'user_id': '1064f13190af4ad39448c48c09d93721', 'user_domain_id': 'default', 'system_scope': 'all', 'project_id': None, 'project_domain_id': None, 'roles': ['admin', 'member', 'reader'], 'is_admin_project': True, 'service_user_id': None, 'service_user_domain_id': None, 'service_project_id': None, 'service_project_domain_id': None, 'service_roles': []} {{(pid=42613) fill_context /opt/stack/keystone/keystone/server/flask/request_processing/middleware/auth_context.py:478}}
Apr 19 07:49:59 user devstack@keystone.service[42613]: DEBUG keystone.server.flask.request_processing.req_logging [None req-1848ad63-1f1c-42b1-9610-0b5565ad62c2 None admin] REQUEST_METHOD: `GET` {{(pid=42613) log_request_info /opt/stack/keystone/keystone/server/flask/request_processing/req_logging.py:27}}
Apr 19 07:49:59 user devstack@keystone.service[42613]: DEBUG keystone.server.flask.request_processing.req_logging [None req-1848ad63-1f1c-42b1-9610-0b5565ad62c2 None admin] SCRIPT_NAME: `/identity` {{(pid=42613) log_request_info /opt/stack/keystone/keystone/server/flask/request_processing/req_logging.py:28}}
Apr 19 07:49:59 user devstack@keystone.service[42613]: DEBUG keystone.server.flask.request_processing.req_logging [None req-1848ad63-1f1c-42b1-9610-0b5565ad62c2 None admin] PATH_INFO: `/v3/roles/member` {{(pid=42613) log_request_info /opt/stack/keystone/keystone/server/flask/request_processing/req_logging.py:29}}
Apr 19 07:49:59 user devstack@keystone.service[42614]: DEBUG keystone.server.flask.request_processing.req_logging [None req-a95a4bfc-a4c8-4976-9788-f579c8f4a5f4 None None] REQUEST_METHOD: `POST` {{(pid=42614) log_request_info /opt/stack/keystone/keystone/server/flask/request_processing/req_logging.py:27}}
Apr 19 07:49:59 user devstack@keystone.service[42614]: DEBUG keystone.server.flask.request_processing.req_logging [None req-a95a4bfc-a4c8-4976-9788-f579c8f4a5f4 None None] SCRIPT_NAME: `/identity` {{(pid=42614) log_request_info /opt/stack/keystone/keystone/server/flask/request_processing/req_logging.py:28}}
Apr 19 07:49:59 user devstack@keystone.service[42614]: DEBUG keystone.server.flask.request_processing.req_logging [None req-a95a4bfc-a4c8-4976-9788-f579c8f4a5f4 None None] PATH_INFO: `/v3/auth/tokens` {{(pid=42614) log_request_info /opt/stack/keystone/keystone/server/flask/request_processing/req_logging.py:29}}
Apr 19 07:49:59 user devstack@keystone.service[42613]: DEBUG keystone.common.rbac_enforcer.enforcer [None req-1848ad63-1f1c-42b1-9610-0b5565ad62c2 None admin] Extracting inferred target data resulted in "NOT FOUND (404)". {{(pid=42613) enforce_call /opt/stack/keystone/keystone/common/rbac_enforcer/enforcer.py:409}}
Apr 19 07:49:59 user devstack@keystone.service[42614]: WARNING keystone.common.password_hashing [None req-a95a4bfc-a4c8-4976-9788-f579c8f4a5f4 None None] Truncating password to algorithm specific maximum length 54 characters.
Apr 19 07:49:59 user devstack@keystone.service[42613]: ERROR keystone.server.flask.application [None req-1848ad63-1f1c-42b1-9610-0b5565ad62c2 None admin] Could not find role: member.: keystone.exception.RoleNotFound: Could not find role: member.
Apr 19 07:49:59 user devstack@keystone.service[42613]: ERROR keystone.server.flask.application
Traceback (most recent call last):
Apr 19 07:49:59 user devstack@keystone.service[42613]: ERROR keystone.server.flask.application
File "/usr/local/lib/python3.10/dist-packages/flask/app.py", line 1823, in full_dispatch_request
Apr 19 07:49:59 user devstack@keystone.service[42613]: ERROR keystone.server.flask.application rv = self.dispatch_request()
Apr 19 07:49:59 user devstack@keystone.service[42613]: ERROR keystone.server.flask.application
File "/usr/local/lib/python3.10/dist-packages/flask/app.py", line 1799, in dispatch_request
Apr 19 07:49:59 user devstack@keystone.service[42613]: ERROR keystone.server.flask.application return self.ensure_sync(self.view_functions[rule.endpoint])(**view_args)
Apr 19 07:49:59 user devstack@keystone.service[42613]: ERROR keystone.server.flask.application
File "/usr/local/lib/python3.10/dist-packages/flask_restful/__init__.py", line 467, in wrapper
Apr 19 07:49:59 user devstack@keystone.service[42613]: ERROR keystone.server.flask.application resp = resource(*args, **kwargs)
Apr 19 07:49:59 user devstack@keystone.service[42613]: ERROR keystone.server.flask.application
File "/usr/local/lib/python3.10/dist-packages/flask/views.py", line 107, in view
Apr 19 07:49:59 user devstack@keystone.service[42613]: ERROR keystone.server.flask.application return current_app.ensure_sync(self.dispatch_request)(**kwargs)
Apr 19 07:49:59 user devstack@keystone.service[42613]: ERROR keystone.server.flask.application
File "/usr/local/lib/python3.10/dist-packages/flask_restful/__init__.py", line 582, in dispatch_request
Apr 19 07:49:59 user devstack@keystone.service[42613]: ERROR keystone.server.flask.application resp = meth(*args, **kwargs)
Apr 19 07:49:59 user devstack@keystone.service[42613]: ERROR keystone.server.flask.application
File "/opt/stack/keystone/keystone/api/roles.py", line 50, in get
Apr 19 07:49:59 user devstack@keystone.service[42613]: ERROR keystone.server.flask.application return self._get_role(role_id)
Apr 19 07:49:59 user devstack@keystone.service[42613]: ERROR keystone.server.flask.application
File "/opt/stack/keystone/keystone/api/roles.py", line 70, in _get_role
Apr 19 07:49:59 user devstack@keystone.service[42613]: ERROR keystone.server.flask.application ENFORCER.enforce_call(action='identity:get_role')
Apr 19 07:49:59 user devstack@keystone.service[42613]: ERROR keystone.server.flask.application
File "/opt/stack/keystone/keystone/common/rbac_enforcer/enforcer.py", line 402, in enforce_call
Apr 19 07:49:59 user devstack@keystone.service[42613]: ERROR keystone.server.flask.application policy_dict.update(cls._extract_member_target_data(
Apr 19 07:49:59 user devstack@keystone.service[42613]: ERROR keystone.server.flask.application
File "/opt/stack/keystone/keystone/common/rbac_enforcer/enforcer.py", line 234, in _extract_member_target_data
Apr 19 07:49:59 user devstack@keystone.service[42613]: ERROR keystone.server.flask.application member_name: func(flask.request.view_args[key])
Apr 19 07:49:59 user devstack@keystone.service[42613]: ERROR keystone.server.flask.application
File "/opt/stack/keystone/keystone/common/manager.py", line 115, in wrapped
Apr 19 07:49:59 user devstack@keystone.service[42613]: ERROR keystone.server.flask.application __ret_val = __f(*args, **kwargs)
Apr 19 07:49:59 user devstack@keystone.service[42613]: ERROR keystone.server.flask.application
File "/usr/local/lib/python3.10/dist-packages/decorator.py", line 232, in fun
Apr 19 07:49:59 user devstack@keystone.service[42613]: ERROR keystone.server.flask.application return caller(func, *(extras + args), **kw)
Apr 19 07:49:59 user devstack@keystone.service[42613]: ERROR keystone.server.flask.application
File "/usr/local/lib/python3.10/dist-packages/dogpile/cache/region.py", line 1577, in get_or_create_for_user_func
Apr 19 07:49:59 user devstack@keystone.service[42613]: ERROR keystone.server.flask.application return self.get_or_create(
Apr 19 07:49:59 user devstack@keystone.service[42613]: ERROR keystone.server.flask.application
File "/usr/local/lib/python3.10/dist-packages/dogpile/cache/region.py", line 1042, in get_or_create
Apr 19 07:49:59 user devstack@keystone.service[42613]: ERROR keystone.server.flask.application with Lock(
Apr 19 07:49:59 user devstack@keystone.service[42613]: ERROR keystone.server.flask.application
File "/usr/local/lib/python3.10/dist-packages/dogpile/lock.py", line 185, in __enter__
Apr 19 07:49:59 user devstack@keystone.service[42613]: ERROR keystone.server.flask.application return self._enter()
Apr 19 07:49:59 user devstack@keystone.service[42613]: ERROR keystone.server.flask.application
File "/usr/local/lib/python3.10/dist-packages/dogpile/lock.py", line 94, in _enter
Apr 19 07:49:59 user devstack@keystone.service[42613]: ERROR keystone.server.flask.application generated = self._enter_create(value, createdtime)
Apr 19 07:49:59 user devstack@keystone.service[42613]: ERROR keystone.server.flask.application
File "/usr/local/lib/python3.10/dist-packages/dogpile/lock.py", line 178, in _enter_create
Apr 19 07:49:59 user devstack@keystone.service[42613]: ERROR keystone.server.flask.application return self.creator()
Apr 19 07:49:59 user devstack@keystone.service[42613]: ERROR keystone.server.flask.application
File "/usr/local/lib/python3.10/dist-packages/dogpile/cache/region.py", line 995, in gen_value
Apr 19 07:49:59 user devstack@keystone.service[42613]: ERROR keystone.server.flask.application created_value = creator(
Apr 19 07:49:59 user devstack@keystone.service[42613]: ERROR keystone.server.flask.application
File "/opt/stack/keystone/keystone/assignment/core.py", line 1276, in get_role
Apr 19 07:49:59 user devstack@keystone.service[42613]: ERROR keystone.server.flask.application return self.driver.get_role(role_id)
Apr 19 07:49:59 user devstack@keystone.service[42613]: ERROR keystone.server.flask.application
File "/opt/stack/keystone/keystone/assignment/role_backends/sql.py", line 70, in get_role
Apr 19 07:49:59 user devstack@keystone.service[42613]: ERROR keystone.server.flask.application return self._get_role(session, role_id).to_dict()
Apr 19 07:49:59 user devstack@keystone.service[42613]: ERROR keystone.server.flask.application
File "/opt/stack/keystone/keystone/assignment/role_backends/sql.py", line 65, in _get_role
Apr 19 07:49:59 user devstack@keystone.service[42613]: ERROR keystone.server.flask.application raise exception.RoleNotFound(role_id=role_id)
Apr 19 07:49:59 user devstack@keystone.service[42613]: ERROR keystone.server.flask.application keystone.exception.RoleNotFound: Could not find role: member.
Apr 19 07:49:59 user devstack@keystone.service[42613]: ERROR keystone.server.flask.application
Apr 19 07:49:59 user devstack@keystone.service[42613]: [pid: 42613|app: 0|req: 28/94] 10.0.0.210 () {56 vars in 1094 bytes} [Wed Apr 19 07:49:59 2023] GET /identity/v3/roles/member => generated 84 bytes in 175 msecs (HTTP/1.1 404) 5 headers in 183 bytes (1 switches on core 0)
Apr 19 07:49:59 user devstack@keystone.service[42614]: DEBUG keystone.auth.core [None req-a95a4bfc-a4c8-4976-9788-f579c8f4a5f4 None None] MFA Rules not processed for user `1064f13190af4ad39448c48c09d93721`. Rule list: `[]` (Enabled: `True`). {{(pid=42614) check_auth_methods_against_rules /opt/stack/keystone/keystone/auth/core.py:438}}
Apr 19 07:49:59 user devstack@keystone.service[42614]: DEBUG keystone.common.fernet_utils [None req-a95a4bfc-a4c8-4976-9788-f579c8f4a5f4 None None] Loaded 2 Fernet keys from /etc/keystone/fernet-keys/, but `[fernet_tokens] max_active_keys = 3`; perhaps there have not been enough key rotations to reach `max_active_keys` yet? {{(pid=42614) load_keys /opt/stack/keystone/keystone/common/fernet_utils.py:286}}
Apr 19 07:49:59 user devstack@keystone.service[42612]: DEBUG keystone.server.flask.request_processing.middleware.auth_context [None req-2c1653b2-2711-4673-95df-93baab55400a None None] Authenticating user token {{(pid=42612) process_request /usr/local/lib/python3.10/dist-packages/keystonemiddleware/auth_token/__init__.py:406}}
Apr 19 07:49:59 user devstack@keystone.service[42613]: DEBUG keystone.server.flask.request_processing.middleware.auth_context [None req-1848ad63-1f1c-42b1-9610-0b5565ad62c2 None admin] Authenticating user token {{(pid=42613) process_request /usr/local/lib/python3.10/dist-packages/keystonemiddleware/auth_token/__init__.py:406}}
Apr 19 07:49:59 user devstack@keystone.service[42614]: DEBUG dbcounter [-] [42614] Writing DB stats keystone:SELECT=100 {{(pid=42614) stat_writer /usr/local/lib/python3.10/dist-packages/dbcounter.py:117}}
Apr 19 07:49:59 user devstack@keystone.service[42612]: DEBUG dbcounter [-] [42612] Writing DB stats keystone:SELECT=99,keystone:INSERT=1 {{(pid=42612) stat_writer /usr/local/lib/python3.10/dist-packages/dbcounter.py:117}}
Apr 19 07:49:59 user devstack@keystone.service[42614]: [pid: 42614|app: 0|req: 34/95] 10.0.0.210 () {58 vars in 1017 bytes} [Wed Apr 19 07:49:59 2023] POST /identity/v3/auth/tokens => generated 798 bytes in 82 msecs (HTTP/1.1 201) 6 headers in 363 bytes (1 switches on core 0)
Apr 19 07:49:59 user devstack@keystone.service[42614]: DEBUG keystone.server.flask.request_processing.req_logging [None req-c4cc20c1-579b-4a91-b217-3936fc67f1f1 None None] REQUEST_METHOD: `GET` {{(pid=42614) log_request_info /opt/stack/keystone/keystone/server/flask/request_processing/req_logging.py:27}}
Apr 19 07:49:59 user devstack@keystone.service[42614]: DEBUG keystone.server.flask.request_processing.req_logging [None req-c4cc20c1-579b-4a91-b217-3936fc67f1f1 None None] SCRIPT_NAME: `/identity` {{(pid=42614) log_request_info /opt/stack/keystone/keystone/server/flask/request_processing/req_logging.py:28}}
Apr 19 07:49:59 user devstack@keystone.service[42614]: DEBUG keystone.server.flask.request_processing.req_logging [None req-c4cc20c1-579b-4a91-b217-3936fc67f1f1 None None] PATH_INFO: `/` {{(pid=42614) log_request_info /opt/stack/keystone/keystone/server/flask/request_processing/req_logging.py:29}}
Apr 19 07:49:59 user devstack@keystone.service[42614]: [pid: 42614|app: 0|req: 35/96] 10.0.0.210 () {54 vars in 920 bytes} [Wed Apr 19 07:49:59 2023] GET /identity => generated 269 bytes in 4 msecs (HTTP/1.1 300) 6 headers in 233 bytes (1 switches on core 0)
Apr 19 07:49:59 user devstack@keystone.service[42614]: DEBUG keystone.server.flask.request_processing.req_logging [None req-ec00bece-4546-4a26-84ae-dac91371ac98 None None] REQUEST_METHOD: `POST` {{(pid=42614) log_request_info /opt/stack/keystone/keystone/server/flask/request_processing/req_logging.py:27}}
Apr 19 07:49:59 user devstack@keystone.service[42614]: DEBUG keystone.server.flask.request_processing.req_logging [None req-ec00bece-4546-4a26-84ae-dac91371ac98 None None] SCRIPT_NAME: `/identity` {{(pid=42614) log_request_info /opt/stack/keystone/keystone/server/flask/request_processing/req_logging.py:28}}
Apr 19 07:49:59 user devstack@keystone.service[42614]: DEBUG keystone.server.flask.request_processing.req_logging [None req-ec00bece-4546-4a26-84ae-dac91371ac98 None None] PATH_INFO: `/v3/auth/tokens` {{(pid=42614) log_request_info /opt/stack/keystone/keystone/server/flask/request_processing/req_logging.py:29}}
Apr 19 07:49:59 user devstack@keystone.service[42614]: WARNING keystone.common.password_hashing [None req-ec00bece-4546-4a26-84ae-dac91371ac98 None None] Truncating password to algorithm specific maximum length 54 characters.
Apr 19 07:49:59 user devstack@keystone.service[42614]: DEBUG keystone.auth.core [None req-ec00bece-4546-4a26-84ae-dac91371ac98 None None] MFA Rules not processed for user `1064f13190af4ad39448c48c09d93721`. Rule list: `[]` (Enabled: `True`). {{(pid=42614) check_auth_methods_against_rules /opt/stack/keystone/keystone/auth/core.py:438}}
Apr 19 07:49:59 user devstack@keystone.service[42614]: DEBUG keystone.common.fernet_utils [None req-ec00bece-4546-4a26-84ae-dac91371ac98 None None] Loaded 2 Fernet keys from /etc/keystone/fernet-keys/, but `[fernet_tokens] max_active_keys = 3`; perhaps there have not been enough key rotations to reach `max_active_keys` yet? {{(pid=42614) load_keys /opt/stack/keystone/keystone/common/fernet_utils.py:286}}
Apr 19 07:50:00 user devstack@keystone.service[42612]: DEBUG keystone.server.flask.request_processing.middleware.auth_context [None req-2c1653b2-2711-4673-95df-93baab55400a None None] Validating token access rules against request {{(pid=42612) validate_allowed_request /usr/local/lib/python3.10/dist-packages/keystonemiddleware/auth_token/__init__.py:544}}
Apr 19 07:50:00 user devstack@keystone.service[42613]: DEBUG dbcounter [-] [42613] Writing DB stats keystone:SELECT=100 {{(pid=42613) stat_writer /usr/local/lib/python3.10/dist-packages/dbcounter.py:117}}
Apr 19 07:50:00 user devstack@keystone.service[42613]: DEBUG keystone.server.flask.request_processing.middleware.auth_context [None req-1848ad63-1f1c-42b1-9610-0b5565ad62c2 None admin] Validating token access rules against request {{(pid=42613) validate_allowed_request /usr/local/lib/python3.10/dist-packages/keystonemiddleware/auth_token/__init__.py:544}}
Apr 19 07:50:00 user devstack@keystone.service[42612]: DEBUG keystone.server.flask.request_processing.middleware.auth_context [None req-08741bdb-3bb8-4610-bb4c-8763012296ad None admin] RBAC: auth_context: {'token': , 'domain_id': None, 'trust_id': None, 'trustor_id': None, 'trustee_id': None, 'domain_name': None, 'group_ids': [], 'user_id': '1064f13190af4ad39448c48c09d93721', 'user_domain_id': 'default', 'system_scope': 'all', 'project_id': None, 'project_domain_id': None, 'roles': ['admin', 'member', 'reader'], 'is_admin_project': True, 'service_user_id': None, 'service_user_domain_id': None, 'service_project_id': None, 'service_project_domain_id': None, 'service_roles': []} {{(pid=42612) fill_context /opt/stack/keystone/keystone/server/flask/request_processing/middleware/auth_context.py:478}}
Apr 19 07:50:00 user devstack@keystone.service[42612]: DEBUG keystone.server.flask.request_processing.req_logging [None req-08741bdb-3bb8-4610-bb4c-8763012296ad None admin] REQUEST_METHOD: `GET` {{(pid=42612) log_request_info /opt/stack/keystone/keystone/server/flask/request_processing/req_logging.py:27}}
Apr 19 07:50:00 user devstack@keystone.service[42612]: DEBUG keystone.server.flask.request_processing.req_logging [None req-08741bdb-3bb8-4610-bb4c-8763012296ad None admin] SCRIPT_NAME: `/identity` {{(pid=42612) log_request_info /opt/stack/keystone/keystone/server/flask/request_processing/req_logging.py:28}}
Apr 19 07:50:00 user devstack@keystone.service[42612]: DEBUG keystone.server.flask.request_processing.req_logging [None req-08741bdb-3bb8-4610-bb4c-8763012296ad None admin] PATH_INFO: `/v3/roles` {{(pid=42612) log_request_info /opt/stack/keystone/keystone/server/flask/request_processing/req_logging.py:29}}
Apr 19 07:50:00 user devstack@keystone.service[42612]: DEBUG keystone.common.rbac_enforcer.enforcer [None req-08741bdb-3bb8-4610-bb4c-8763012296ad None admin] RBAC: Adding query filter params (name=member) {{(pid=42612) _extract_filter_values /opt/stack/keystone/keystone/common/rbac_enforcer/enforcer.py:167}}
Apr 19 07:50:00 user devstack@keystone.service[42612]: DEBUG keystone.common.rbac_enforcer.enforcer [None req-08741bdb-3bb8-4610-bb4c-8763012296ad None admin] RBAC: Authorizing `identity:list_roles()` {{(pid=42612) enforce_call /opt/stack/keystone/keystone/common/rbac_enforcer/enforcer.py:449}}
Apr 19 07:50:00 user devstack@keystone.service[42612]: DEBUG keystone.common.rbac_enforcer.enforcer [None req-08741bdb-3bb8-4610-bb4c-8763012296ad None admin] RBAC: Authorization granted {{(pid=42612) enforce_call /opt/stack/keystone/keystone/common/rbac_enforcer/enforcer.py:457}}
Apr 19 07:50:00 user devstack@keystone.service[42613]: DEBUG keystone.server.flask.request_processing.middleware.auth_context [None req-1fdd9d73-785a-4faa-848d-3ed1def9ee2a None admin] RBAC: auth_context: {'token': , 'domain_id': None, 'trust_id': None, 'trustor_id': None, 'trustee_id': None, 'domain_name': None, 'group_ids': [], 'user_id': '1064f13190af4ad39448c48c09d93721', 'user_domain_id': 'default', 'system_scope': 'all', 'project_id': None, 'project_domain_id': None, 'roles': ['admin', 'member', 'reader'], 'is_admin_project': True, 'service_user_id': None, 'service_user_domain_id': None, 'service_project_id': None, 'service_project_domain_id': None, 'service_roles': []} {{(pid=42613) fill_context /opt/stack/keystone/keystone/server/flask/request_processing/middleware/auth_context.py:478}}
Apr 19 07:50:00 user devstack@keystone.service[42613]: DEBUG keystone.server.flask.request_processing.req_logging [None req-1fdd9d73-785a-4faa-848d-3ed1def9ee2a None admin] REQUEST_METHOD: `GET` {{(pid=42613) log_request_info /opt/stack/keystone/keystone/server/flask/request_processing/req_logging.py:27}}
Apr 19 07:50:00 user devstack@keystone.service[42613]: DEBUG keystone.server.flask.request_processing.req_logging [None req-1fdd9d73-785a-4faa-848d-3ed1def9ee2a None admin] SCRIPT_NAME: `/identity` {{(pid=42613) log_request_info /opt/stack/keystone/keystone/server/flask/request_processing/req_logging.py:28}}
Apr 19 07:50:00 user devstack@keystone.service[42612]: [pid: 42612|app: 0|req: 34/97] 10.0.0.210 () {56 vars in 1096 bytes} [Wed Apr 19 07:49:59 2023] GET /identity/v3/roles?name=member => generated 339 bytes in 168 msecs (HTTP/1.1 200) 5 headers in 177 bytes (1 switches on core 0)
Apr 19 07:50:00 user devstack@keystone.service[42613]: DEBUG keystone.server.flask.request_processing.req_logging [None req-1fdd9d73-785a-4faa-848d-3ed1def9ee2a None admin] PATH_INFO: `/v3/roles/admin` {{(pid=42613) log_request_info /opt/stack/keystone/keystone/server/flask/request_processing/req_logging.py:29}}
Apr 19 07:50:00 user devstack@keystone.service[42612]: DEBUG keystone.server.flask.request_processing.middleware.auth_context [None req-08741bdb-3bb8-4610-bb4c-8763012296ad None admin] Authenticating user token {{(pid=42612) process_request /usr/local/lib/python3.10/dist-packages/keystonemiddleware/auth_token/__init__.py:406}}
Apr 19 07:50:00 user devstack@keystone.service[42613]: DEBUG keystone.common.rbac_enforcer.enforcer [None req-1fdd9d73-785a-4faa-848d-3ed1def9ee2a None admin] Extracting inferred target data resulted in "NOT FOUND (404)". {{(pid=42613) enforce_call /opt/stack/keystone/keystone/common/rbac_enforcer/enforcer.py:409}}
Apr 19 07:50:00 user devstack@keystone.service[42614]: [pid: 42614|app: 0|req: 36/98] 10.0.0.210 () {58 vars in 1017 bytes} [Wed Apr 19 07:49:59 2023] POST /identity/v3/auth/tokens => generated 798 bytes in 109 msecs (HTTP/1.1 201) 6 headers in 363 bytes (1 switches on core 0)
Apr 19 07:50:00 user devstack@keystone.service[42614]: DEBUG keystone.server.flask.request_processing.req_logging [None req-fd2d7779-02f5-4623-8de8-cbe30be3ca85 None None] REQUEST_METHOD: `GET` {{(pid=42614) log_request_info /opt/stack/keystone/keystone/server/flask/request_processing/req_logging.py:27}}
Apr 19 07:50:00 user devstack@keystone.service[42614]: DEBUG keystone.server.flask.request_processing.req_logging [None req-fd2d7779-02f5-4623-8de8-cbe30be3ca85 None None] SCRIPT_NAME: `/identity` {{(pid=42614) log_request_info /opt/stack/keystone/keystone/server/flask/request_processing/req_logging.py:28}}
Apr 19 07:50:00 user devstack@keystone.service[42614]: DEBUG keystone.server.flask.request_processing.req_logging [None req-fd2d7779-02f5-4623-8de8-cbe30be3ca85 None None] PATH_INFO: `/` {{(pid=42614) log_request_info /opt/stack/keystone/keystone/server/flask/request_processing/req_logging.py:29}}
Apr 19 07:50:00 user devstack@keystone.service[42614]: [pid: 42614|app: 0|req: 37/99] 10.0.0.210 () {54 vars in 920 bytes} [Wed Apr 19 07:50:00 2023] GET /identity => generated 269 bytes in 2 msecs (HTTP/1.1 300) 6 headers in 233 bytes (1 switches on core 0)
Apr 19 07:50:00 user devstack@keystone.service[42614]: DEBUG keystone.server.flask.request_processing.middleware.auth_context [None req-fd2d7779-02f5-4623-8de8-cbe30be3ca85 None None] Authenticating user token {{(pid=42614) process_request /usr/local/lib/python3.10/dist-packages/keystonemiddleware/auth_token/__init__.py:406}}
Apr 19 07:50:00 user devstack@keystone.service[42613]: ERROR keystone.server.flask.application [None req-1fdd9d73-785a-4faa-848d-3ed1def9ee2a None admin] Could not find role: admin.: keystone.exception.RoleNotFound: Could not find role: admin.
Apr 19 07:50:00 user devstack@keystone.service[42613]: ERROR keystone.server.flask.application
Traceback (most recent call last):
Apr 19 07:50:00 user devstack@keystone.service[42613]: ERROR keystone.server.flask.application
File "/usr/local/lib/python3.10/dist-packages/flask/app.py", line 1823, in full_dispatch_request
Apr 19 07:50:00 user devstack@keystone.service[42613]: ERROR keystone.server.flask.application rv = self.dispatch_request()
Apr 19 07:50:00 user devstack@keystone.service[42613]: ERROR keystone.server.flask.application
