Apr 20 05:19:00 user devstack@keystone.service[53953]: DEBUG keystone.server.flask.request_processing.middleware.auth_context [None req-f87be61f-1cae-4927-aa76-c6c5d9943fce admin admin] RBAC: auth_context: {'token': , 'domain_id': None, 'trust_id': None, 'trustor_id': None, 'trustee_id': None, 'domain_name': None, 'group_ids': [], 'user_id': '4d956e5021354dbcb6566706d00c3ff5', 'user_domain_id': 'default', 'system_scope': None, 'project_id': '924dcf40a8a14a0583d40bef5af172b8', 'project_domain_id': 'default', 'roles': ['reader', 'member', 'admin'], 'is_admin_project': True, 'service_user_id': None, 'service_user_domain_id': None, 'service_project_id': None, 'service_project_domain_id': None, 'service_roles': []} {{(pid=53953) fill_context /opt/stack/keystone/keystone/server/flask/request_processing/middleware/auth_context.py:478}}
Apr 20 05:19:00 user devstack@keystone.service[53953]: DEBUG keystone.server.flask.request_processing.req_logging [None req-f87be61f-1cae-4927-aa76-c6c5d9943fce admin admin] REQUEST_METHOD: `GET` {{(pid=53953) log_request_info /opt/stack/keystone/keystone/server/flask/request_processing/req_logging.py:27}}
Apr 20 05:19:00 user devstack@keystone.service[53953]: DEBUG keystone.server.flask.request_processing.req_logging [None req-f87be61f-1cae-4927-aa76-c6c5d9943fce admin admin] SCRIPT_NAME: `/identity` {{(pid=53953) log_request_info /opt/stack/keystone/keystone/server/flask/request_processing/req_logging.py:28}}
Apr 20 05:19:00 user devstack@keystone.service[53953]: DEBUG keystone.server.flask.request_processing.req_logging [None req-f87be61f-1cae-4927-aa76-c6c5d9943fce admin admin] PATH_INFO: `/v3/roles` {{(pid=53953) log_request_info /opt/stack/keystone/keystone/server/flask/request_processing/req_logging.py:29}}
Apr 20 05:19:00 user devstack@keystone.service[53953]: DEBUG keystone.common.rbac_enforcer.enforcer [None req-f87be61f-1cae-4927-aa76-c6c5d9943fce admin admin] RBAC: Adding query filter params (name=anotherrole) {{(pid=53953) _extract_filter_values /opt/stack/keystone/keystone/common/rbac_enforcer/enforcer.py:167}}
Apr 20 05:19:00 user devstack@keystone.service[53953]: DEBUG keystone.common.rbac_enforcer.enforcer [None req-f87be61f-1cae-4927-aa76-c6c5d9943fce admin admin] RBAC: Authorizing `identity:list_roles()` {{(pid=53953) enforce_call /opt/stack/keystone/keystone/common/rbac_enforcer/enforcer.py:449}}
Apr 20 05:19:00 user devstack@keystone.service[53951]: DEBUG keystone.server.flask.request_processing.middleware.auth_context [None req-fe375b74-64a1-41cd-82e0-b070a3ae9c58 admin admin] Validating token access rules against request {{(pid=53951) validate_allowed_request /usr/local/lib/python3.10/dist-packages/keystonemiddleware/auth_token/__init__.py:544}}
Apr 20 05:19:00 user devstack@keystone.service[53953]: WARNING py.warnings [None req-f87be61f-1cae-4927-aa76-c6c5d9943fce admin admin] /usr/local/lib/python3.10/dist-packages/oslo_policy/policy.py:1129: UserWarning: Policy "identity:list_roles": "role:reader and system_scope:all" failed scope check. The token used to make the request was project scoped but the policy requires ['system'] scope. This behavior may change in the future where using the intended scope is required
Apr 20 05:19:00 user devstack@keystone.service[53953]: warnings.warn(msg)
Apr 20 05:19:00 user devstack@keystone.service[53953]:
Apr 20 05:19:00 user devstack@keystone.service[53953]: DEBUG keystone.common.rbac_enforcer.enforcer [None req-f87be61f-1cae-4927-aa76-c6c5d9943fce admin admin] RBAC: Authorization granted {{(pid=53953) enforce_call /opt/stack/keystone/keystone/common/rbac_enforcer/enforcer.py:457}}
Apr 20 05:19:00 user devstack@keystone.service[53951]: DEBUG keystone.server.flask.request_processing.middleware.auth_context [None req-a6b0c5de-c814-4307-8c9e-108c9d3da6ec admin admin] RBAC: auth_context: {'token': , 'domain_id': None, 'trust_id': None, 'trustor_id': None, 'trustee_id': None, 'domain_name': None, 'group_ids': [], 'user_id': '4d956e5021354dbcb6566706d00c3ff5', 'user_domain_id': 'default', 'system_scope': None, 'project_id': '924dcf40a8a14a0583d40bef5af172b8', 'project_domain_id': 'default', 'roles': ['reader', 'member', 'admin'], 'is_admin_project': True, 'service_user_id': None, 'service_user_domain_id': None, 'service_project_id': None, 'service_project_domain_id': None, 'service_roles': []} {{(pid=53951) fill_context /opt/stack/keystone/keystone/server/flask/request_processing/middleware/auth_context.py:478}}
Apr 20 05:19:00 user devstack@keystone.service[53951]: DEBUG keystone.server.flask.request_processing.req_logging [None req-a6b0c5de-c814-4307-8c9e-108c9d3da6ec admin admin] REQUEST_METHOD: `GET` {{(pid=53951) log_request_info /opt/stack/keystone/keystone/server/flask/request_processing/req_logging.py:27}}
Apr 20 05:19:00 user devstack@keystone.service[53951]: DEBUG keystone.server.flask.request_processing.req_logging [None req-a6b0c5de-c814-4307-8c9e-108c9d3da6ec admin admin] SCRIPT_NAME: `/identity` {{(pid=53951) log_request_info /opt/stack/keystone/keystone/server/flask/request_processing/req_logging.py:28}}
Apr 20 05:19:00 user devstack@keystone.service[53951]: DEBUG keystone.server.flask.request_processing.req_logging [None req-a6b0c5de-c814-4307-8c9e-108c9d3da6ec admin admin] PATH_INFO: `/v3/roles/member` {{(pid=53951) log_request_info /opt/stack/keystone/keystone/server/flask/request_processing/req_logging.py:29}}
Apr 20 05:19:00 user devstack@keystone.service[53953]: [pid: 53953|app: 0|req: 84/270] 10.0.0.210 () {56 vars in 1127 bytes} [Thu Apr 20 05:19:00 2023] GET /identity/v3/roles?name=anotherrole => generated 332 bytes in 98 msecs (HTTP/1.1 200) 5 headers in 177 bytes (1 switches on core 0)
Apr 20 05:19:00 user devstack@keystone.service[53952]: DEBUG keystone.server.flask.request_processing.req_logging [None req-024dc476-b10e-44e3-bd5f-d0188496d1ff None None] REQUEST_METHOD: `GET` {{(pid=53952) log_request_info /opt/stack/keystone/keystone/server/flask/request_processing/req_logging.py:27}}
Apr 20 05:19:00 user devstack@keystone.service[53952]: DEBUG keystone.server.flask.request_processing.req_logging [None req-024dc476-b10e-44e3-bd5f-d0188496d1ff None None] SCRIPT_NAME: `/identity` {{(pid=53952) log_request_info /opt/stack/keystone/keystone/server/flask/request_processing/req_logging.py:28}}
Apr 20 05:19:00 user devstack@keystone.service[53952]: DEBUG keystone.server.flask.request_processing.req_logging [None req-024dc476-b10e-44e3-bd5f-d0188496d1ff None None] PATH_INFO: `/` {{(pid=53952) log_request_info /opt/stack/keystone/keystone/server/flask/request_processing/req_logging.py:29}}
Apr 20 05:19:00 user devstack@keystone.service[53952]: [pid: 53952|app: 0|req: 96/271] 10.0.0.210 () {54 vars in 920 bytes} [Thu Apr 20 05:19:00 2023] GET /identity => generated 269 bytes in 3 msecs (HTTP/1.1 300) 6 headers in 233 bytes (1 switches on core 0)
Apr 20 05:19:00 user devstack@keystone.service[53953]: DEBUG keystone.server.flask.request_processing.middleware.auth_context [None req-f87be61f-1cae-4927-aa76-c6c5d9943fce admin admin] Authenticating user token {{(pid=53953) process_request /usr/local/lib/python3.10/dist-packages/keystonemiddleware/auth_token/__init__.py:406}}
Apr 20 05:19:00 user devstack@keystone.service[53951]: DEBUG keystone.common.rbac_enforcer.enforcer [None req-a6b0c5de-c814-4307-8c9e-108c9d3da6ec admin admin] Extracting inferred target data resulted in "NOT FOUND (404)". {{(pid=53951) enforce_call /opt/stack/keystone/keystone/common/rbac_enforcer/enforcer.py:409}}
Apr 20 05:19:00 user devstack@keystone.service[53952]: DEBUG keystone.server.flask.request_processing.req_logging [None req-4f4b5dff-fd54-4207-aa97-b67791369f20 None None] REQUEST_METHOD: `POST` {{(pid=53952) log_request_info /opt/stack/keystone/keystone/server/flask/request_processing/req_logging.py:27}}
Apr 20 05:19:00 user devstack@keystone.service[53952]: DEBUG keystone.server.flask.request_processing.req_logging [None req-4f4b5dff-fd54-4207-aa97-b67791369f20 None None] SCRIPT_NAME: `/identity` {{(pid=53952) log_request_info /opt/stack/keystone/keystone/server/flask/request_processing/req_logging.py:28}}
Apr 20 05:19:00 user devstack@keystone.service[53952]: DEBUG keystone.server.flask.request_processing.req_logging [None req-4f4b5dff-fd54-4207-aa97-b67791369f20 None None] PATH_INFO: `/v3/auth/tokens` {{(pid=53952) log_request_info /opt/stack/keystone/keystone/server/flask/request_processing/req_logging.py:29}}
Apr 20 05:19:00 user devstack@keystone.service[53951]: ERROR keystone.server.flask.application [None req-a6b0c5de-c814-4307-8c9e-108c9d3da6ec admin admin] Could not find role: member.: keystone.exception.RoleNotFound: Could not find role: member.
Apr 20 05:19:00 user devstack@keystone.service[53951]: ERROR keystone.server.flask.application
Traceback (most recent call last):
Apr 20 05:19:00 user devstack@keystone.service[53951]: ERROR keystone.server.flask.application
File "/usr/local/lib/python3.10/dist-packages/flask/app.py", line 1823, in full_dispatch_request
Apr 20 05:19:00 user devstack@keystone.service[53951]: ERROR keystone.server.flask.application rv = self.dispatch_request()
Apr 20 05:19:00 user devstack@keystone.service[53951]: ERROR keystone.server.flask.application
File "/usr/local/lib/python3.10/dist-packages/flask/app.py", line 1799, in dispatch_request
Apr 20 05:19:00 user devstack@keystone.service[53951]: ERROR keystone.server.flask.application return self.ensure_sync(self.view_functions[rule.endpoint])(**view_args)
Apr 20 05:19:00 user devstack@keystone.service[53951]: ERROR keystone.server.flask.application
File "/usr/local/lib/python3.10/dist-packages/flask_restful/__init__.py", line 467, in wrapper
Apr 20 05:19:00 user devstack@keystone.service[53951]: ERROR keystone.server.flask.application resp = resource(*args, **kwargs)
Apr 20 05:19:00 user devstack@keystone.service[53951]: ERROR keystone.server.flask.application
File "/usr/local/lib/python3.10/dist-packages/flask/views.py", line 107, in view
Apr 20 05:19:00 user devstack@keystone.service[53951]: ERROR keystone.server.flask.application return current_app.ensure_sync(self.dispatch_request)(**kwargs)
Apr 20 05:19:00 user devstack@keystone.service[53951]: ERROR keystone.server.flask.application
File "/usr/local/lib/python3.10/dist-packages/flask_restful/__init__.py", line 582, in dispatch_request
Apr 20 05:19:00 user devstack@keystone.service[53951]: ERROR keystone.server.flask.application resp = meth(*args, **kwargs)
Apr 20 05:19:00 user devstack@keystone.service[53951]: ERROR keystone.server.flask.application
File "/opt/stack/keystone/keystone/api/roles.py", line 50, in get
Apr 20 05:19:00 user devstack@keystone.service[53951]: ERROR keystone.server.flask.application return self._get_role(role_id)
Apr 20 05:19:00 user devstack@keystone.service[53951]: ERROR keystone.server.flask.application
File "/opt/stack/keystone/keystone/api/roles.py", line 70, in _get_role
Apr 20 05:19:00 user devstack@keystone.service[53951]: ERROR keystone.server.flask.application ENFORCER.enforce_call(action='identity:get_role')
Apr 20 05:19:00 user devstack@keystone.service[53951]: ERROR keystone.server.flask.application
File "/opt/stack/keystone/keystone/common/rbac_enforcer/enforcer.py", line 402, in enforce_call
Apr 20 05:19:00 user devstack@keystone.service[53951]: ERROR keystone.server.flask.application policy_dict.update(cls._extract_member_target_data(
Apr 20 05:19:00 user devstack@keystone.service[53951]: ERROR keystone.server.flask.application
File "/opt/stack/keystone/keystone/common/rbac_enforcer/enforcer.py", line 234, in _extract_member_target_data
Apr 20 05:19:00 user devstack@keystone.service[53951]: ERROR keystone.server.flask.application member_name: func(flask.request.view_args[key])
Apr 20 05:19:00 user devstack@keystone.service[53951]: ERROR keystone.server.flask.application
File "/opt/stack/keystone/keystone/common/manager.py", line 115, in wrapped
Apr 20 05:19:00 user devstack@keystone.service[53951]: ERROR keystone.server.flask.application __ret_val = __f(*args, **kwargs)
Apr 20 05:19:00 user devstack@keystone.service[53951]: ERROR keystone.server.flask.application
File "/usr/local/lib/python3.10/dist-packages/decorator.py", line 232, in fun
Apr 20 05:19:00 user devstack@keystone.service[53951]: ERROR keystone.server.flask.application return caller(func, *(extras + args), **kw)
Apr 20 05:19:00 user devstack@keystone.service[53951]: ERROR keystone.server.flask.application
File "/usr/local/lib/python3.10/dist-packages/dogpile/cache/region.py", line 1577, in get_or_create_for_user_func
Apr 20 05:19:00 user devstack@keystone.service[53951]: ERROR keystone.server.flask.application return self.get_or_create(
Apr 20 05:19:00 user devstack@keystone.service[53951]: ERROR keystone.server.flask.application
File "/usr/local/lib/python3.10/dist-packages/dogpile/cache/region.py", line 1042, in get_or_create
Apr 20 05:19:00 user devstack@keystone.service[53951]: ERROR keystone.server.flask.application with Lock(
Apr 20 05:19:00 user devstack@keystone.service[53951]: ERROR keystone.server.flask.application
File "/usr/local/lib/python3.10/dist-packages/dogpile/lock.py", line 185, in __enter__
Apr 20 05:19:00 user devstack@keystone.service[53951]: ERROR keystone.server.flask.application return self._enter()
Apr 20 05:19:00 user devstack@keystone.service[53951]: ERROR keystone.server.flask.application
File "/usr/local/lib/python3.10/dist-packages/dogpile/lock.py", line 94, in _enter
Apr 20 05:19:00 user devstack@keystone.service[53951]: ERROR keystone.server.flask.application generated = self._enter_create(value, createdtime)
Apr 20 05:19:00 user devstack@keystone.service[53951]: ERROR keystone.server.flask.application
File "/usr/local/lib/python3.10/dist-packages/dogpile/lock.py", line 178, in _enter_create
Apr 20 05:19:00 user devstack@keystone.service[53951]: ERROR keystone.server.flask.application return self.creator()
Apr 20 05:19:00 user devstack@keystone.service[53951]: ERROR keystone.server.flask.application
File "/usr/local/lib/python3.10/dist-packages/dogpile/cache/region.py", line 995, in gen_value
Apr 20 05:19:00 user devstack@keystone.service[53951]: ERROR keystone.server.flask.application created_value = creator(
Apr 20 05:19:00 user devstack@keystone.service[53951]: ERROR keystone.server.flask.application
File "/opt/stack/keystone/keystone/assignment/core.py", line 1276, in get_role
Apr 20 05:19:00 user devstack@keystone.service[53951]: ERROR keystone.server.flask.application return self.driver.get_role(role_id)
Apr 20 05:19:00 user devstack@keystone.service[53951]: ERROR keystone.server.flask.application
File "/opt/stack/keystone/keystone/assignment/role_backends/sql.py", line 70, in get_role
Apr 20 05:19:00 user devstack@keystone.service[53951]: ERROR keystone.server.flask.application return self._get_role(session, role_id).to_dict()
Apr 20 05:19:00 user devstack@keystone.service[53951]: ERROR keystone.server.flask.application
File "/opt/stack/keystone/keystone/assignment/role_backends/sql.py", line 65, in _get_role
Apr 20 05:19:00 user devstack@keystone.service[53951]: ERROR keystone.server.flask.application raise exception.RoleNotFound(role_id=role_id)
Apr 20 05:19:00 user devstack@keystone.service[53951]: ERROR keystone.server.flask.application keystone.exception.RoleNotFound: Could not find role: member.
Apr 20 05:19:00 user devstack@keystone.service[53951]: ERROR keystone.server.flask.application
Apr 20 05:19:00 user devstack@keystone.service[53951]: [pid: 53951|app: 0|req: 92/272] 10.0.0.210 () {56 vars in 1115 bytes} [Thu Apr 20 05:19:00 2023] GET /identity/v3/roles/member => generated 84 bytes in 44 msecs (HTTP/1.1 404) 5 headers in 183 bytes (1 switches on core 0)
Apr 20 05:19:00 user devstack@keystone.service[53953]: DEBUG keystone.server.flask.request_processing.middleware.auth_context [None req-f87be61f-1cae-4927-aa76-c6c5d9943fce admin admin] Validating token access rules against request {{(pid=53953) validate_allowed_request /usr/local/lib/python3.10/dist-packages/keystonemiddleware/auth_token/__init__.py:544}}
Apr 20 05:19:00 user devstack@keystone.service[53951]: DEBUG keystone.server.flask.request_processing.middleware.auth_context [None req-a6b0c5de-c814-4307-8c9e-108c9d3da6ec admin admin] Authenticating user token {{(pid=53951) process_request /usr/local/lib/python3.10/dist-packages/keystonemiddleware/auth_token/__init__.py:406}}
Apr 20 05:19:00 user devstack@keystone.service[53952]: WARNING keystone.common.password_hashing [None req-4f4b5dff-fd54-4207-aa97-b67791369f20 None None] Truncating password to algorithm specific maximum length 54 characters.
Apr 20 05:19:00 user devstack@keystone.service[53953]: DEBUG keystone.server.flask.request_processing.middleware.auth_context [None req-facc136f-c163-4b41-9dd1-dd2b50ef7376 admin admin] RBAC: auth_context: {'token': , 'domain_id': None, 'trust_id': None, 'trustor_id': None, 'trustee_id': None, 'domain_name': None, 'group_ids': [], 'user_id': '4d956e5021354dbcb6566706d00c3ff5', 'user_domain_id': 'default', 'system_scope': None, 'project_id': '924dcf40a8a14a0583d40bef5af172b8', 'project_domain_id': 'default', 'roles': ['reader', 'member', 'admin'], 'is_admin_project': True, 'service_user_id': None, 'service_user_domain_id': None, 'service_project_id': None, 'service_project_domain_id': None, 'service_roles': []} {{(pid=53953) fill_context /opt/stack/keystone/keystone/server/flask/request_processing/middleware/auth_context.py:478}}
Apr 20 05:19:00 user devstack@keystone.service[53953]: DEBUG keystone.server.flask.request_processing.req_logging [None req-facc136f-c163-4b41-9dd1-dd2b50ef7376 admin admin] REQUEST_METHOD: `GET` {{(pid=53953) log_request_info /opt/stack/keystone/keystone/server/flask/request_processing/req_logging.py:27}}
Apr 20 05:19:00 user devstack@keystone.service[53953]: DEBUG keystone.server.flask.request_processing.req_logging [None req-facc136f-c163-4b41-9dd1-dd2b50ef7376 admin admin] SCRIPT_NAME: `/identity` {{(pid=53953) log_request_info /opt/stack/keystone/keystone/server/flask/request_processing/req_logging.py:28}}
Apr 20 05:19:00 user devstack@keystone.service[53953]: DEBUG keystone.server.flask.request_processing.req_logging [None req-facc136f-c163-4b41-9dd1-dd2b50ef7376 admin admin] PATH_INFO: `/v3/groups/08216e4788a24a648e303e3f0f4400fd` {{(pid=53953) log_request_info /opt/stack/keystone/keystone/server/flask/request_processing/req_logging.py:29}}
Apr 20 05:19:00 user devstack@keystone.service[53952]: DEBUG keystone.auth.core [None req-4f4b5dff-fd54-4207-aa97-b67791369f20 None None] MFA Rules not processed for user `4d956e5021354dbcb6566706d00c3ff5`. Rule list: `[]` (Enabled: `True`). {{(pid=53952) check_auth_methods_against_rules /opt/stack/keystone/keystone/auth/core.py:438}}
Apr 20 05:19:00 user devstack@keystone.service[53952]: DEBUG keystone.common.fernet_utils [None req-4f4b5dff-fd54-4207-aa97-b67791369f20 None None] Loaded 2 Fernet keys from /etc/keystone/fernet-keys/, but `[fernet_tokens] max_active_keys = 3`; perhaps there have not been enough key rotations to reach `max_active_keys` yet? {{(pid=53952) load_keys /opt/stack/keystone/keystone/common/fernet_utils.py:286}}
Apr 20 05:19:00 user devstack@keystone.service[53953]: DEBUG keystone.common.rbac_enforcer.enforcer [None req-facc136f-c163-4b41-9dd1-dd2b50ef7376 admin admin] RBAC: Authorizing `identity:get_group(group_id=08216e4788a24a648e303e3f0f4400fd)` {{(pid=53953) enforce_call /opt/stack/keystone/keystone/common/rbac_enforcer/enforcer.py:449}}
Apr 20 05:19:00 user devstack@keystone.service[53953]: WARNING py.warnings [None req-facc136f-c163-4b41-9dd1-dd2b50ef7376 admin admin] /usr/local/lib/python3.10/dist-packages/oslo_policy/policy.py:1129: UserWarning: Policy "identity:get_group": "(role:reader and system_scope:all) or (role:reader and domain_id:%(target.group.domain_id)s)" failed scope check. The token used to make the request was project scoped but the policy requires ['system', 'domain'] scope. This behavior may change in the future where using the intended scope is required
Apr 20 05:19:00 user devstack@keystone.service[53953]: warnings.warn(msg)
Apr 20 05:19:00 user devstack@keystone.service[53953]:
Apr 20 05:19:00 user devstack@keystone.service[53953]: DEBUG keystone.common.rbac_enforcer.enforcer [None req-facc136f-c163-4b41-9dd1-dd2b50ef7376 admin admin] RBAC: Authorization granted {{(pid=53953) enforce_call /opt/stack/keystone/keystone/common/rbac_enforcer/enforcer.py:457}}
Apr 20 05:19:00 user devstack@keystone.service[53953]: [pid: 53953|app: 0|req: 85/273] 10.0.0.210 () {56 vars in 1196 bytes} [Thu Apr 20 05:19:00 2023] GET /identity/v3/groups/08216e4788a24a648e303e3f0f4400fd => generated 225 bytes in 31 msecs (HTTP/1.1 200) 5 headers in 177 bytes (2 switches on core 0)
Apr 20 05:19:00 user devstack@keystone.service[53952]: [pid: 53952|app: 0|req: 97/274] 10.0.0.210 () {58 vars in 1017 bytes} [Thu Apr 20 05:19:00 2023] POST /identity/v3/auth/tokens => generated 913 bytes in 28 msecs (HTTP/1.1 201) 6 headers in 384 bytes (2 switches on core 0)
Apr 20 05:19:00 user devstack@keystone.service[53951]: DEBUG keystone.server.flask.request_processing.middleware.auth_context [None req-a6b0c5de-c814-4307-8c9e-108c9d3da6ec admin admin] Validating token access rules against request {{(pid=53951) validate_allowed_request /usr/local/lib/python3.10/dist-packages/keystonemiddleware/auth_token/__init__.py:544}}
Apr 20 05:19:00 user devstack@keystone.service[53953]: DEBUG keystone.server.flask.request_processing.middleware.auth_context [None req-facc136f-c163-4b41-9dd1-dd2b50ef7376 admin admin] Authenticating user token {{(pid=53953) process_request /usr/local/lib/python3.10/dist-packages/keystonemiddleware/auth_token/__init__.py:406}}
Apr 20 05:19:00 user devstack@keystone.service[53951]: DEBUG keystone.server.flask.request_processing.middleware.auth_context [None req-6690287a-8faa-4c8b-945e-a7d71fa528fc admin admin] RBAC: auth_context: {'token': , 'domain_id': None, 'trust_id': None, 'trustor_id': None, 'trustee_id': None, 'domain_name': None, 'group_ids': [], 'user_id': '4d956e5021354dbcb6566706d00c3ff5', 'user_domain_id': 'default', 'system_scope': None, 'project_id': '924dcf40a8a14a0583d40bef5af172b8', 'project_domain_id': 'default', 'roles': ['reader', 'member', 'admin'], 'is_admin_project': True, 'service_user_id': None, 'service_user_domain_id': None, 'service_project_id': None, 'service_project_domain_id': None, 'service_roles': []} {{(pid=53951) fill_context /opt/stack/keystone/keystone/server/flask/request_processing/middleware/auth_context.py:478}}
Apr 20 05:19:00 user devstack@keystone.service[53951]: DEBUG keystone.server.flask.request_processing.req_logging [None req-6690287a-8faa-4c8b-945e-a7d71fa528fc admin admin] REQUEST_METHOD: `GET` {{(pid=53951) log_request_info /opt/stack/keystone/keystone/server/flask/request_processing/req_logging.py:27}}
Apr 20 05:19:00 user devstack@keystone.service[53951]: DEBUG keystone.server.flask.request_processing.req_logging [None req-6690287a-8faa-4c8b-945e-a7d71fa528fc admin admin] SCRIPT_NAME: `/identity` {{(pid=53951) log_request_info /opt/stack/keystone/keystone/server/flask/request_processing/req_logging.py:28}}
Apr 20 05:19:00 user devstack@keystone.service[53951]: DEBUG keystone.server.flask.request_processing.req_logging [None req-6690287a-8faa-4c8b-945e-a7d71fa528fc admin admin] PATH_INFO: `/v3/roles` {{(pid=53951) log_request_info /opt/stack/keystone/keystone/server/flask/request_processing/req_logging.py:29}}
Apr 20 05:19:00 user devstack@keystone.service[53951]: DEBUG keystone.common.rbac_enforcer.enforcer [None req-6690287a-8faa-4c8b-945e-a7d71fa528fc admin admin] RBAC: Adding query filter params (name=member) {{(pid=53951) _extract_filter_values /opt/stack/keystone/keystone/common/rbac_enforcer/enforcer.py:167}}
Apr 20 05:19:00 user devstack@keystone.service[53951]: DEBUG keystone.common.rbac_enforcer.enforcer [None req-6690287a-8faa-4c8b-945e-a7d71fa528fc admin admin] RBAC: Authorizing `identity:list_roles()` {{(pid=53951) enforce_call /opt/stack/keystone/keystone/common/rbac_enforcer/enforcer.py:449}}
Apr 20 05:19:00 user devstack@keystone.service[53951]: DEBUG keystone.common.rbac_enforcer.enforcer [None req-6690287a-8faa-4c8b-945e-a7d71fa528fc admin admin] RBAC: Authorization granted {{(pid=53951) enforce_call /opt/stack/keystone/keystone/common/rbac_enforcer/enforcer.py:457}}
Apr 20 05:19:00 user devstack@keystone.service[53953]: DEBUG keystone.server.flask.request_processing.middleware.auth_context [None req-facc136f-c163-4b41-9dd1-dd2b50ef7376 admin admin] Validating token access rules against request {{(pid=53953) validate_allowed_request /usr/local/lib/python3.10/dist-packages/keystonemiddleware/auth_token/__init__.py:544}}
Apr 20 05:19:00 user devstack@keystone.service[53953]: DEBUG keystone.server.flask.request_processing.middleware.auth_context [None req-05148c0c-750c-4c82-a365-9b0729f0ffcc admin admin] RBAC: auth_context: {'token': , 'domain_id': None, 'trust_id': None, 'trustor_id': None, 'trustee_id': None, 'domain_name': None, 'group_ids': [], 'user_id': '4d956e5021354dbcb6566706d00c3ff5', 'user_domain_id': 'default', 'system_scope': None, 'project_id': '924dcf40a8a14a0583d40bef5af172b8', 'project_domain_id': 'default', 'roles': ['reader', 'member', 'admin'], 'is_admin_project': True, 'service_user_id': None, 'service_user_domain_id': None, 'service_project_id': None, 'service_project_domain_id': None, 'service_roles': []} {{(pid=53953) fill_context /opt/stack/keystone/keystone/server/flask/request_processing/middleware/auth_context.py:478}}
Apr 20 05:19:00 user devstack@keystone.service[53953]: DEBUG keystone.server.flask.request_processing.req_logging [None req-05148c0c-750c-4c82-a365-9b0729f0ffcc admin admin] REQUEST_METHOD: `GET` {{(pid=53953) log_request_info /opt/stack/keystone/keystone/server/flask/request_processing/req_logging.py:27}}
Apr 20 05:19:00 user devstack@keystone.service[53953]: DEBUG keystone.server.flask.request_processing.req_logging [None req-05148c0c-750c-4c82-a365-9b0729f0ffcc admin admin] SCRIPT_NAME: `/identity` {{(pid=53953) log_request_info /opt/stack/keystone/keystone/server/flask/request_processing/req_logging.py:28}}
Apr 20 05:19:00 user devstack@keystone.service[53953]: DEBUG keystone.server.flask.request_processing.req_logging [None req-05148c0c-750c-4c82-a365-9b0729f0ffcc admin admin] PATH_INFO: `/v3/projects/3c6d3eee9a6049398b2afc2092269a1a` {{(pid=53953) log_request_info /opt/stack/keystone/keystone/server/flask/request_processing/req_logging.py:29}}
Apr 20 05:19:00 user devstack@keystone.service[53953]: DEBUG keystone.common.rbac_enforcer.enforcer [None req-05148c0c-750c-4c82-a365-9b0729f0ffcc admin admin] RBAC: Authorizing `identity:get_project(project_id=3c6d3eee9a6049398b2afc2092269a1a)` {{(pid=53953) enforce_call /opt/stack/keystone/keystone/common/rbac_enforcer/enforcer.py:449}}
Apr 20 05:19:00 user devstack@keystone.service[53951]: [pid: 53951|app: 0|req: 93/275] 10.0.0.210 () {56 vars in 1117 bytes} [Thu Apr 20 05:19:00 2023] GET /identity/v3/roles?name=member => generated 339 bytes in 37 msecs (HTTP/1.1 200) 5 headers in 177 bytes (1 switches on core 0)
Apr 20 05:19:00 user devstack@keystone.service[53953]: DEBUG keystone.common.rbac_enforcer.enforcer [None req-05148c0c-750c-4c82-a365-9b0729f0ffcc admin admin] RBAC: Authorization granted {{(pid=53953) enforce_call /opt/stack/keystone/keystone/common/rbac_enforcer/enforcer.py:457}}
Apr 20 05:19:00 user devstack@keystone.service[53953]: [pid: 53953|app: 0|req: 86/276] 10.0.0.210 () {56 vars in 1202 bytes} [Thu Apr 20 05:19:00 2023] GET /identity/v3/projects/3c6d3eee9a6049398b2afc2092269a1a => generated 297 bytes in 21 msecs (HTTP/1.1 200) 5 headers in 177 bytes (1 switches on core 0)
Apr 20 05:19:00 user devstack@keystone.service[53952]: DEBUG keystone.server.flask.request_processing.middleware.auth_context [None req-4f4b5dff-fd54-4207-aa97-b67791369f20 None None] Authenticating user token {{(pid=53952) process_request /usr/local/lib/python3.10/dist-packages/keystonemiddleware/auth_token/__init__.py:406}}
Apr 20 05:19:00 user devstack@keystone.service[53951]: DEBUG keystone.server.flask.request_processing.middleware.auth_context [None req-6690287a-8faa-4c8b-945e-a7d71fa528fc admin admin] Authenticating user token {{(pid=53951) process_request /usr/local/lib/python3.10/dist-packages/keystonemiddleware/auth_token/__init__.py:406}}
Apr 20 05:19:00 user devstack@keystone.service[53952]: DEBUG keystone.server.flask.request_processing.middleware.auth_context [None req-4f4b5dff-fd54-4207-aa97-b67791369f20 None None] Validating token access rules against request {{(pid=53952) validate_allowed_request /usr/local/lib/python3.10/dist-packages/keystonemiddleware/auth_token/__init__.py:544}}
Apr 20 05:19:00 user devstack@keystone.service[53953]: DEBUG keystone.server.flask.request_processing.req_logging [None req-7a01449f-6468-40cd-9514-5214ab622e3d None None] REQUEST_METHOD: `GET` {{(pid=53953) log_request_info /opt/stack/keystone/keystone/server/flask/request_processing/req_logging.py:27}}
Apr 20 05:19:00 user devstack@keystone.service[53953]: DEBUG keystone.server.flask.request_processing.req_logging [None req-7a01449f-6468-40cd-9514-5214ab622e3d None None] SCRIPT_NAME: `/identity` {{(pid=53953) log_request_info /opt/stack/keystone/keystone/server/flask/request_processing/req_logging.py:28}}
Apr 20 05:19:00 user devstack@keystone.service[53953]: DEBUG keystone.server.flask.request_processing.req_logging [None req-7a01449f-6468-40cd-9514-5214ab622e3d None None] PATH_INFO: `/` {{(pid=53953) log_request_info /opt/stack/keystone/keystone/server/flask/request_processing/req_logging.py:29}}
Apr 20 05:19:00 user devstack@keystone.service[53952]: DEBUG keystone.server.flask.request_processing.middleware.auth_context [None req-339d60e9-99ec-4a51-9e1a-8780da8a064f admin admin] RBAC: auth_context: {'token': , 'domain_id': None, 'trust_id': None, 'trustor_id': None, 'trustee_id': None, 'domain_name': None, 'group_ids': [], 'user_id': '4d956e5021354dbcb6566706d00c3ff5', 'user_domain_id': 'default', 'system_scope': None, 'project_id': '924dcf40a8a14a0583d40bef5af172b8', 'project_domain_id': 'default', 'roles': ['reader', 'member', 'admin'], 'is_admin_project': True, 'service_user_id': None, 'service_user_domain_id': None, 'service_project_id': None, 'service_project_domain_id': None, 'service_roles': []} {{(pid=53952) fill_context /opt/stack/keystone/keystone/server/flask/request_processing/middleware/auth_context.py:478}}
Apr 20 05:19:00 user devstack@keystone.service[53952]: DEBUG keystone.server.flask.request_processing.req_logging [None req-339d60e9-99ec-4a51-9e1a-8780da8a064f admin admin] REQUEST_METHOD: `GET` {{(pid=53952) log_request_info /opt/stack/keystone/keystone/server/flask/request_processing/req_logging.py:27}}
Apr 20 05:19:00 user devstack@keystone.service[53952]: DEBUG keystone.server.flask.request_processing.req_logging [None req-339d60e9-99ec-4a51-9e1a-8780da8a064f admin admin] SCRIPT_NAME: `/identity` {{(pid=53952) log_request_info /opt/stack/keystone/keystone/server/flask/request_processing/req_logging.py:28}}
Apr 20 05:19:00 user devstack@keystone.service[53952]: DEBUG keystone.server.flask.request_processing.req_logging [None req-339d60e9-99ec-4a51-9e1a-8780da8a064f admin admin] PATH_INFO: `/v3/groups/08216e4788a24a648e303e3f0f4400fd` {{(pid=53952) log_request_info /opt/stack/keystone/keystone/server/flask/request_processing/req_logging.py:29}}
Apr 20 05:19:00 user devstack@keystone.service[53953]: [pid: 53953|app: 0|req: 87/277] 10.0.0.210 () {54 vars in 920 bytes} [Thu Apr 20 05:19:00 2023] GET /identity => generated 269 bytes in 4 msecs (HTTP/1.1 300) 6 headers in 233 bytes (1 switches on core 0)
Apr 20 05:19:00 user devstack@keystone.service[53952]: DEBUG keystone.common.rbac_enforcer.enforcer [None req-339d60e9-99ec-4a51-9e1a-8780da8a064f admin admin] RBAC: Authorizing `identity:get_group(group_id=08216e4788a24a648e303e3f0f4400fd)` {{(pid=53952) enforce_call /opt/stack/keystone/keystone/common/rbac_enforcer/enforcer.py:449}}
Apr 20 05:19:00 user devstack@keystone.service[53951]: DEBUG keystone.server.flask.request_processing.middleware.auth_context [None req-6690287a-8faa-4c8b-945e-a7d71fa528fc admin admin] Validating token access rules against request {{(pid=53951) validate_allowed_request /usr/local/lib/python3.10/dist-packages/keystonemiddleware/auth_token/__init__.py:544}}
Apr 20 05:19:00 user devstack@keystone.service[53953]: DEBUG keystone.server.flask.request_processing.middleware.auth_context [None req-7a01449f-6468-40cd-9514-5214ab622e3d None None] Authenticating user token {{(pid=53953) process_request /usr/local/lib/python3.10/dist-packages/keystonemiddleware/auth_token/__init__.py:406}}
Apr 20 05:19:00 user devstack@keystone.service[53952]: DEBUG keystone.common.rbac_enforcer.enforcer [None req-339d60e9-99ec-4a51-9e1a-8780da8a064f admin admin] RBAC: Authorization granted {{(pid=53952) enforce_call /opt/stack/keystone/keystone/common/rbac_enforcer/enforcer.py:457}}
Apr 20 05:19:00 user devstack@keystone.service[53952]: [pid: 53952|app: 0|req: 98/278] 10.0.0.210 () {56 vars in 1196 bytes} [Thu Apr 20 05:19:00 2023] GET /identity/v3/groups/08216e4788a24a648e303e3f0f4400fd => generated 225 bytes in 19 msecs (HTTP/1.1 200) 5 headers in 177 bytes (1 switches on core 0)
Apr 20 05:19:00 user devstack@keystone.service[53952]: DEBUG keystone.server.flask.request_processing.req_logging [None req-45584877-3ac2-4de6-8e5e-d55ac0305218 None None] REQUEST_METHOD: `POST` {{(pid=53952) log_request_info /opt/stack/keystone/keystone/server/flask/request_processing/req_logging.py:27}}
Apr 20 05:19:00 user devstack@keystone.service[53952]: DEBUG keystone.server.flask.request_processing.req_logging [None req-45584877-3ac2-4de6-8e5e-d55ac0305218 None None] SCRIPT_NAME: `/identity` {{(pid=53952) log_request_info /opt/stack/keystone/keystone/server/flask/request_processing/req_logging.py:28}}
Apr 20 05:19:00 user devstack@keystone.service[53952]: DEBUG keystone.server.flask.request_processing.req_logging [None req-45584877-3ac2-4de6-8e5e-d55ac0305218 None None] PATH_INFO: `/v3/auth/tokens` {{(pid=53952) log_request_info /opt/stack/keystone/keystone/server/flask/request_processing/req_logging.py:29}}
Apr 20 05:19:00 user devstack@keystone.service[53951]: DEBUG keystone.server.flask.request_processing.middleware.auth_context [None req-4d1599e5-f663-4b7a-b932-743b35dcd299 admin admin] RBAC: auth_context: {'token': , 'domain_id': None, 'trust_id': None, 'trustor_id': None, 'trustee_id': None, 'domain_name': None, 'group_ids': [], 'user_id': '4d956e5021354dbcb6566706d00c3ff5', 'user_domain_id': 'default', 'system_scope': None, 'project_id': '924dcf40a8a14a0583d40bef5af172b8', 'project_domain_id': 'default', 'roles': ['reader', 'member', 'admin'], 'is_admin_project': True, 'service_user_id': None, 'service_user_domain_id': None, 'service_project_id': None, 'service_project_domain_id': None, 'service_roles': []} {{(pid=53951) fill_context /opt/stack/keystone/keystone/server/flask/request_processing/middleware/auth_context.py:478}}
Apr 20 05:19:00 user devstack@keystone.service[53951]: DEBUG keystone.server.flask.request_processing.req_logging [None req-4d1599e5-f663-4b7a-b932-743b35dcd299 admin admin] REQUEST_METHOD: `PUT` {{(pid=53951) log_request_info /opt/stack/keystone/keystone/server/flask/request_processing/req_logging.py:27}}
Apr 20 05:19:00 user devstack@keystone.service[53951]: DEBUG keystone.server.flask.request_processing.req_logging [None req-4d1599e5-f663-4b7a-b932-743b35dcd299 admin admin] SCRIPT_NAME: `/identity` {{(pid=53951) log_request_info /opt/stack/keystone/keystone/server/flask/request_processing/req_logging.py:28}}
Apr 20 05:19:00 user devstack@keystone.service[53951]: DEBUG keystone.server.flask.request_processing.req_logging [None req-4d1599e5-f663-4b7a-b932-743b35dcd299 admin admin] PATH_INFO: `/v3/projects/3c6d3eee9a6049398b2afc2092269a1a/groups/08216e4788a24a648e303e3f0f4400fd/roles/dd658f2460bb44b9b49ebbb44f9d7201` {{(pid=53951) log_request_info /opt/stack/keystone/keystone/server/flask/request_processing/req_logging.py:29}}
Apr 20 05:19:00 user devstack@keystone.service[53953]: DEBUG dbcounter [-] [53953] Writing DB stats keystone:SELECT=100 {{(pid=53953) stat_writer /usr/local/lib/python3.10/dist-packages/dbcounter.py:117}}
Apr 20 05:19:00 user devstack@keystone.service[53951]: DEBUG keystone.common.rbac_enforcer.enforcer [None req-4d1599e5-f663-4b7a-b932-743b35dcd299 admin admin] RBAC: Authorizing `identity:create_grant(project_id=3c6d3eee9a6049398b2afc2092269a1a, group_id=08216e4788a24a648e303e3f0f4400fd, role_id=dd658f2460bb44b9b49ebbb44f9d7201)` {{(pid=53951) enforce_call /opt/stack/keystone/keystone/common/rbac_enforcer/enforcer.py:449}}
Apr 20 05:19:00 user devstack@keystone.service[53951]: WARNING py.warnings [None req-4d1599e5-f663-4b7a-b932-743b35dcd299 admin admin] /usr/local/lib/python3.10/dist-packages/oslo_policy/policy.py:1129: UserWarning: Policy "identity:create_grant": "(role:admin and system_scope:all) or ((role:admin and domain_id:%(target.user.domain_id)s and domain_id:%(target.project.domain_id)s) or (role:admin and domain_id:%(target.user.domain_id)s and domain_id:%(target.domain.id)s) or (role:admin and domain_id:%(target.group.domain_id)s and domain_id:%(target.project.domain_id)s) or (role:admin and domain_id:%(target.group.domain_id)s and domain_id:%(target.domain.id)s)) and (domain_id:%(target.role.domain_id)s or None:%(target.role.domain_id)s)" failed scope check. The token used to make the request was project scoped but the policy requires ['system', 'domain'] scope. This behavior may change in the future where using the intended scope is required
Apr 20 05:19:00 user devstack@keystone.service[53951]: warnings.warn(msg)
Apr 20 05:19:00 user devstack@keystone.service[53951]:
Apr 20 05:19:00 user devstack@keystone.service[53952]: WARNING keystone.common.password_hashing [None req-45584877-3ac2-4de6-8e5e-d55ac0305218 None None] Truncating password to algorithm specific maximum length 54 characters.
Apr 20 05:19:00 user devstack@keystone.service[53951]: DEBUG keystone.common.rbac_enforcer.enforcer [None req-4d1599e5-f663-4b7a-b932-743b35dcd299 admin admin] RBAC: Authorization granted {{(pid=53951) enforce_call /opt/stack/keystone/keystone/common/rbac_enforcer/enforcer.py:457}}
Apr 20 05:19:00 user devstack@keystone.service[53952]: DEBUG keystone.auth.core [None req-45584877-3ac2-4de6-8e5e-d55ac0305218 None None] MFA Rules not processed for user `4d956e5021354dbcb6566706d00c3ff5`. Rule list: `[]` (Enabled: `True`). {{(pid=53952) check_auth_methods_against_rules /opt/stack/keystone/keystone/auth/core.py:438}}
Apr 20 05:19:00 user devstack@keystone.service[53952]: DEBUG keystone.common.fernet_utils [None req-45584877-3ac2-4de6-8e5e-d55ac0305218 None None] Loaded 2 Fernet keys from /etc/keystone/fernet-keys/, but `[fernet_tokens] max_active_keys = 3`; perhaps there have not been enough key rotations to reach `max_active_keys` yet? {{(pid=53952) load_keys /opt/stack/keystone/keystone/common/fernet_utils.py:286}}
Apr 20 05:19:00 user devstack@keystone.service[53952]: [pid: 53952|app: 0|req: 99/279] 10.0.0.210 () {58 vars in 1017 bytes} [Thu Apr 20 05:19:00 2023] POST /identity/v3/auth/tokens => generated 913 bytes in 28 msecs (HTTP/1.1 201) 6 headers in 384 bytes (1 switches on core 0)
Apr 20 05:19:00 user devstack@keystone.service[53952]: DEBUG keystone.server.flask.request_processing.middleware.auth_context [None req-45584877-3ac2-4de6-8e5e-d55ac0305218 None None] Authenticating user token {{(pid=53952) process_request /usr/local/lib/python3.10/dist-packages/keystonemiddleware/auth_token/__init__.py:406}}
Apr 20 05:19:00 user devstack@keystone.service[53952]: DEBUG keystone.server.flask.request_processing.middleware.auth_context [None req-45584877-3ac2-4de6-8e5e-d55ac0305218 None None] Validating token access rules against request {{(pid=53952) validate_allowed_request /usr/local/lib/python3.10/dist-packages/keystonemiddleware/auth_token/__init__.py:544}}
Apr 20 05:19:00 user devstack@keystone.service[53951]: [pid: 53951|app: 0|req: 94/280] 10.0.0.210 () {58 vars in 1458 bytes} [Thu Apr 20 05:19:00 2023] PUT /identity/v3/projects/3c6d3eee9a6049398b2afc2092269a1a/groups/08216e4788a24a648e303e3f0f4400fd/roles/dd658f2460bb44b9b49ebbb44f9d7201 => generated 0 bytes in 58 msecs (HTTP/1.1 204) 3 headers in 132 bytes (0 switches on core 0)
Apr 20 05:19:00 user devstack@keystone.service[53952]: DEBUG keystone.server.flask.request_processing.middleware.auth_context [None req-58af90e4-dfc0-44d4-96ce-d20f7e131cbd admin admin] RBAC: auth_context: {'token': , 'domain_id': None, 'trust_id': None, 'trustor_id': None, 'trustee_id': None, 'domain_name': None, 'group_ids': [], 'user_id': '4d956e5021354dbcb6566706d00c3ff5', 'user_domain_id': 'default', 'system_scope': None, 'project_id': '924dcf40a8a14a0583d40bef5af172b8', 'project_domain_id': 'default', 'roles': ['reader', 'member', 'admin'], 'is_admin_project': True, 'service_user_id': None, 'service_user_domain_id': None, 'service_project_id': None, 'service_project_domain_id': None, 'service_roles': []} {{(pid=53952) fill_context /opt/stack/keystone/keystone/server/flask/request_processing/middleware/auth_context.py:478}}
Apr 20 05:19:00 user devstack@keystone.service[53952]: DEBUG keystone.server.flask.request_processing.req_logging [None req-58af90e4-dfc0-44d4-96ce-d20f7e131cbd admin admin] REQUEST_METHOD: `GET` {{(pid=53952) log_request_info /opt/stack/keystone/keystone/server/flask/request_processing/req_logging.py:27}}
Apr 20 05:19:00 user devstack@keystone.service[53952]: DEBUG keystone.server.flask.request_processing.req_logging [None req-58af90e4-dfc0-44d4-96ce-d20f7e131cbd admin admin] SCRIPT_NAME: `/identity` {{(pid=53952) log_request_info /opt/stack/keystone/keystone/server/flask/request_processing/req_logging.py:28}}
Apr 20 05:19:00 user devstack@keystone.service[53952]: DEBUG keystone.server.flask.request_processing.req_logging [None req-58af90e4-dfc0-44d4-96ce-d20f7e131cbd admin admin] PATH_INFO: `/v3/projects/3a640161b9694afebe7d8cf45ccaebd5` {{(pid=53952) log_request_info /opt/stack/keystone/keystone/server/flask/request_processing/req_logging.py:29}}
Apr 20 05:19:00 user devstack@keystone.service[53952]: DEBUG keystone.common.rbac_enforcer.enforcer [None req-58af90e4-dfc0-44d4-96ce-d20f7e131cbd admin admin] RBAC: Authorizing `identity:get_project(project_id=3a640161b9694afebe7d8cf45ccaebd5)` {{(pid=53952) enforce_call /opt/stack/keystone/keystone/common/rbac_enforcer/enforcer.py:449}}
Apr 20 05:19:00 user devstack@keystone.service[53952]: DEBUG keystone.common.rbac_enforcer.enforcer [None req-58af90e4-dfc0-44d4-96ce-d20f7e131cbd admin admin] RBAC: Authorization granted {{(pid=53952) enforce_call /opt/stack/keystone/keystone/common/rbac_enforcer/enforcer.py:457}}
Apr 20 05:19:00 user devstack@keystone.service[53952]: [pid: 53952|app: 0|req: 100/281] 10.0.0.210 () {56 vars in 1202 bytes} [Thu Apr 20 05:19:00 2023] GET /identity/v3/projects/3a640161b9694afebe7d8cf45ccaebd5 => generated 301 bytes in 81 msecs (HTTP/1.1 200) 5 headers in 177 bytes (1 switches on core 0)
Apr 20 05:19:00 user devstack@keystone.service[53953]: DEBUG keystone.server.flask.request_processing.middleware.auth_context [None req-7a01449f-6468-40cd-9514-5214ab622e3d None None] Validating token access rules against request {{(pid=53953) validate_allowed_request /usr/local/lib/python3.10/dist-packages/keystonemiddleware/auth_token/__init__.py:544}}
Apr 20 05:19:00 user devstack@keystone.service[53951]: DEBUG keystone.server.flask.request_processing.middleware.auth_context [None req-4d1599e5-f663-4b7a-b932-743b35dcd299 admin admin] Authenticating user token {{(pid=53951) process_request /usr/local/lib/python3.10/dist-packages/keystonemiddleware/auth_token/__init__.py:406}}
Apr 20 05:19:00 user devstack@keystone.service[53951]: DEBUG keystone.server.flask.request_processing.middleware.auth_context [None req-4d1599e5-f663-4b7a-b932-743b35dcd299 admin admin] Validating token access rules against request {{(pid=53951) validate_allowed_request /usr/local/lib/python3.10/dist-packages/keystonemiddleware/auth_token/__init__.py:544}}
Apr 20 05:19:00 user devstack@keystone.service[53951]: DEBUG keystone.server.flask.request_processing.middleware.auth_context [None req-38a86d13-e71b-413e-b5b3-adc2d8ada9fd admin admin] RBAC: auth_context: {'token': , 'domain_id': None, 'trust_id': None, 'trustor_id': None, 'trustee_id': None, 'domain_name': None, 'group_ids': [], 'user_id': '4d956e5021354dbcb6566706d00c3ff5', 'user_domain_id': 'default', 'system_scope': None, 'project_id': '924dcf40a8a14a0583d40bef5af172b8', 'project_domain_id': 'default', 'roles': ['reader', 'member', 'admin'], 'is_admin_project': True, 'service_user_id': None, 'service_user_domain_id': None, 'service_project_id': None, 'service_project_domain_id': None, 'service_roles': []} {{(pid=53951) fill_context /opt/stack/keystone/keystone/server/flask/request_processing/middleware/auth_context.py:478}}
Apr 20 05:19:00 user devstack@keystone.service[53951]: DEBUG keystone.server.flask.request_processing.req_logging [None req-38a86d13-e71b-413e-b5b3-adc2d8ada9fd admin admin] REQUEST_METHOD: `PUT` {{(pid=53951) log_request_info /opt/stack/keystone/keystone/server/flask/request_processing/req_logging.py:27}}
Apr 20 05:19:00 user devstack@keystone.service[53951]: DEBUG keystone.server.flask.request_processing.req_logging [None req-38a86d13-e71b-413e-b5b3-adc2d8ada9fd admin admin] SCRIPT_NAME: `/identity` {{(pid=53951) log_request_info /opt/stack/keystone/keystone/server/flask/request_processing/req_logging.py:28}}
Apr 20 05:19:00 user devstack@keystone.service[53951]: DEBUG keystone.server.flask.request_processing.req_logging [None req-38a86d13-e71b-413e-b5b3-adc2d8ada9fd admin admin] PATH_INFO: `/v3/projects/3a640161b9694afebe7d8cf45ccaebd5/groups/08216e4788a24a648e303e3f0f4400fd/roles/880650cdba164c35a9bd92974096562a` {{(pid=53951) log_request_info /opt/stack/keystone/keystone/server/flask/request_processing/req_logging.py:29}}
Apr 20 05:19:00 user devstack@keystone.service[53951]: DEBUG keystone.common.rbac_enforcer.enforcer [None req-38a86d13-e71b-413e-b5b3-adc2d8ada9fd admin admin] RBAC: Authorizing `identity:create_grant(project_id=3a640161b9694afebe7d8cf45ccaebd5, group_id=08216e4788a24a648e303e3f0f4400fd, role_id=880650cdba164c35a9bd92974096562a)` {{(pid=53951) enforce_call /opt/stack/keystone/keystone/common/rbac_enforcer/enforcer.py:449}}
Apr 20 05:19:00 user devstack@keystone.service[53951]: DEBUG keystone.common.rbac_enforcer.enforcer [None req-38a86d13-e71b-413e-b5b3-adc2d8ada9fd admin admin] RBAC: Authorization granted {{(pid=53951) enforce_call /opt/stack/keystone/keystone/common/rbac_enforcer/enforcer.py:457}}
Apr 20 05:19:00 user devstack@keystone.service[53953]: DEBUG keystone.server.flask.request_processing.middleware.auth_context [None req-bdb7970f-d717-465e-8bee-dbb88c3b7eff None admin] RBAC: auth_context: {'token': , 'domain_id': None, 'trust_id': None, 'trustor_id': None, 'trustee_id': None, 'domain_name': None, 'group_ids': [], 'user_id': '4d956e5021354dbcb6566706d00c3ff5', 'user_domain_id': 'default', 'system_scope': 'all', 'project_id': None, 'project_domain_id': None, 'roles': ['admin', 'member', 'reader'], 'is_admin_project': True, 'service_user_id': None, 'service_user_domain_id': None, 'service_project_id': None, 'service_project_domain_id': None, 'service_roles': []} {{(pid=53953) fill_context /opt/stack/keystone/keystone/server/flask/request_processing/middleware/auth_context.py:478}}
Apr 20 05:19:00 user devstack@keystone.service[53953]: DEBUG keystone.server.flask.request_processing.req_logging [None req-bdb7970f-d717-465e-8bee-dbb88c3b7eff None admin] REQUEST_METHOD: `GET` {{(pid=53953) log_request_info /opt/stack/keystone/keystone/server/flask/request_processing/req_logging.py:27}}
Apr 20 05:19:00 user devstack@keystone.service[53951]: [pid: 53951|app: 0|req: 95/282] 10.0.0.210 () {58 vars in 1458 bytes} [Thu Apr 20 05:19:00 2023] PUT /identity/v3/projects/3a640161b9694afebe7d8cf45ccaebd5/groups/08216e4788a24a648e303e3f0f4400fd/roles/880650cdba164c35a9bd92974096562a => generated 0 bytes in 40 msecs (HTTP/1.1 204) 3 headers in 132 bytes (0 switches on core 0)
Apr 20 05:19:00 user devstack@keystone.service[53953]: DEBUG keystone.server.flask.request_processing.req_logging [None req-bdb7970f-d717-465e-8bee-dbb88c3b7eff None admin] SCRIPT_NAME: `/identity` {{(pid=53953) log_request_info /opt/stack/keystone/keystone/server/flask/request_processing/req_logging.py:28}}
Apr 20 05:19:00 user devstack@keystone.service[53953]: DEBUG keystone.server.flask.request_processing.req_logging [None req-bdb7970f-d717-465e-8bee-dbb88c3b7eff None admin] PATH_INFO: `/v3/roles/reader` {{(pid=53953) log_request_info /opt/stack/keystone/keystone/server/flask/request_processing/req_logging.py:29}}
Apr 20 05:19:00 user devstack@keystone.service[53952]: DEBUG keystone.server.flask.request_processing.middleware.auth_context [None req-58af90e4-dfc0-44d4-96ce-d20f7e131cbd admin admin] Authenticating user token {{(pid=53952) process_request /usr/local/lib/python3.10/dist-packages/keystonemiddleware/auth_token/__init__.py:406}}
Apr 20 05:19:00 user devstack@keystone.service[53952]: DEBUG keystone.server.flask.request_processing.middleware.auth_context [None req-58af90e4-dfc0-44d4-96ce-d20f7e131cbd admin admin] Validating token access rules against request {{(pid=53952) validate_allowed_request /usr/local/lib/python3.10/dist-packages/keystonemiddleware/auth_token/__init__.py:544}}
