Oct 26 15:38:39 user devstack@keystone.service[46034]: DEBUG keystone.server.flask.request_processing.middleware.auth_context [None req-618924dd-6248-4644-af7a-fe169d3d9f0c None None] Validating token access rules against request {{(pid=46034) validate_allowed_request /opt/stack/data/venv/lib/python3.10/site-packages/keystonemiddleware/auth_token/__init__.py:544}}
Oct 26 15:38:39 user devstack@keystone.service[46035]: DEBUG keystone.server.flask.request_processing.middleware.auth_context [None req-666347cd-9dcc-43f7-aa89-c9ed99f0c71b None admin] RBAC: auth_context: {'token': , 'domain_id': None, 'trust_id': None, 'trustor_id': None, 'trustee_id': None, 'domain_name': None, 'group_ids': [], 'user_id': '8a00547c9c5f4418ba05a5ca70bcf9cd', 'user_domain_id': 'default', 'system_scope': 'all', 'project_id': None, 'project_domain_id': None, 'roles': ['admin', 'manager', 'member', 'reader'], 'is_admin_project': True, 'service_user_id': None, 'service_user_domain_id': None, 'service_project_id': None, 'service_project_domain_id': None, 'service_roles': []} {{(pid=46035) fill_context /opt/stack/keystone/keystone/server/flask/request_processing/middleware/auth_context.py:480}}
Oct 26 15:38:39 user devstack@keystone.service[46035]: DEBUG keystone.server.flask.request_processing.req_logging [None req-666347cd-9dcc-43f7-aa89-c9ed99f0c71b None admin] REQUEST_METHOD: `GET` {{(pid=46035) log_request_info /opt/stack/keystone/keystone/server/flask/request_processing/req_logging.py:27}}
Oct 26 15:38:39 user devstack@keystone.service[46035]: DEBUG keystone.server.flask.request_processing.req_logging [None req-666347cd-9dcc-43f7-aa89-c9ed99f0c71b None admin] SCRIPT_NAME: `/identity` {{(pid=46035) log_request_info /opt/stack/keystone/keystone/server/flask/request_processing/req_logging.py:28}}
Oct 26 15:38:39 user devstack@keystone.service[46035]: DEBUG keystone.server.flask.request_processing.req_logging [None req-666347cd-9dcc-43f7-aa89-c9ed99f0c71b None admin] PATH_INFO: `/v3/roles` {{(pid=46035) log_request_info /opt/stack/keystone/keystone/server/flask/request_processing/req_logging.py:29}}
Oct 26 15:38:39 user devstack@keystone.service[46035]: DEBUG keystone.common.rbac_enforcer.enforcer [None req-666347cd-9dcc-43f7-aa89-c9ed99f0c71b None admin] RBAC: Adding query filter params (name=reader) {{(pid=46035) _extract_filter_values /opt/stack/keystone/keystone/common/rbac_enforcer/enforcer.py:167}}
Oct 26 15:38:39 user devstack@keystone.service[46035]: DEBUG keystone.common.rbac_enforcer.enforcer [None req-666347cd-9dcc-43f7-aa89-c9ed99f0c71b None admin] RBAC: Authorizing `identity:list_roles()` {{(pid=46035) enforce_call /opt/stack/keystone/keystone/common/rbac_enforcer/enforcer.py:449}}
Oct 26 15:38:39 user devstack@keystone.service[46035]: DEBUG keystone.common.rbac_enforcer.enforcer [None req-666347cd-9dcc-43f7-aa89-c9ed99f0c71b None admin] RBAC: Authorization granted {{(pid=46035) enforce_call /opt/stack/keystone/keystone/common/rbac_enforcer/enforcer.py:457}}
Oct 26 15:38:39 user devstack@keystone.service[46034]: DEBUG keystone.server.flask.request_processing.middleware.auth_context [None req-007bdb02-ec4a-40f6-a8ae-7a8d7d833dc6 None admin] RBAC: auth_context: {'token': , 'domain_id': None, 'trust_id': None, 'trustor_id': None, 'trustee_id': None, 'domain_name': None, 'group_ids': [], 'user_id': '8a00547c9c5f4418ba05a5ca70bcf9cd', 'user_domain_id': 'default', 'system_scope': 'all', 'project_id': None, 'project_domain_id': None, 'roles': ['admin', 'manager', 'member', 'reader'], 'is_admin_project': True, 'service_user_id': None, 'service_user_domain_id': None, 'service_project_id': None, 'service_project_domain_id': None, 'service_roles': []} {{(pid=46034) fill_context /opt/stack/keystone/keystone/server/flask/request_processing/middleware/auth_context.py:480}}
Oct 26 15:38:39 user devstack@keystone.service[46034]: DEBUG keystone.server.flask.request_processing.req_logging [None req-007bdb02-ec4a-40f6-a8ae-7a8d7d833dc6 None admin] REQUEST_METHOD: `GET` {{(pid=46034) log_request_info /opt/stack/keystone/keystone/server/flask/request_processing/req_logging.py:27}}
Oct 26 15:38:39 user devstack@keystone.service[46034]: DEBUG keystone.server.flask.request_processing.req_logging [None req-007bdb02-ec4a-40f6-a8ae-7a8d7d833dc6 None admin] SCRIPT_NAME: `/identity` {{(pid=46034) log_request_info /opt/stack/keystone/keystone/server/flask/request_processing/req_logging.py:28}}
Oct 26 15:38:39 user devstack@keystone.service[46034]: DEBUG keystone.server.flask.request_processing.req_logging [None req-007bdb02-ec4a-40f6-a8ae-7a8d7d833dc6 None admin] PATH_INFO: `/v3/domains/default` {{(pid=46034) log_request_info /opt/stack/keystone/keystone/server/flask/request_processing/req_logging.py:29}}
Oct 26 15:38:39 user devstack@keystone.service[46035]: [pid: 46035|app: 0|req: 62/196] 10.0.0.210 () {56 vars in 1096 bytes} [Thu Oct 26 15:38:39 2023] GET /identity/v3/roles?name=reader => generated 339 bytes in 169 msecs (HTTP/1.1 200) 5 headers in 177 bytes (1 switches on core 0)
Oct 26 15:38:39 user devstack@keystone.service[46034]: DEBUG keystone.common.rbac_enforcer.enforcer [None req-007bdb02-ec4a-40f6-a8ae-7a8d7d833dc6 None admin] RBAC: Authorizing `identity:get_domain(domain_id=default)` {{(pid=46034) enforce_call /opt/stack/keystone/keystone/common/rbac_enforcer/enforcer.py:449}}
Oct 26 15:38:39 user devstack@keystone.service[46034]: DEBUG keystone.common.rbac_enforcer.enforcer [None req-007bdb02-ec4a-40f6-a8ae-7a8d7d833dc6 None admin] RBAC: Authorization granted {{(pid=46034) enforce_call /opt/stack/keystone/keystone/common/rbac_enforcer/enforcer.py:457}}
Oct 26 15:38:39 user devstack@keystone.service[46034]: [pid: 46034|app: 0|req: 70/197] 10.0.0.210 () {56 vars in 1103 bytes} [Thu Oct 26 15:38:39 2023] GET /identity/v3/domains/default => generated 198 bytes in 131 msecs (HTTP/1.1 200) 5 headers in 177 bytes (1 switches on core 0)
Oct 26 15:38:39 user devstack@keystone.service[46033]: DEBUG keystone.server.flask.request_processing.middleware.auth_context [None req-4932c4f4-2a03-4a02-be01-588c302e26e4 None admin] Authenticating user token {{(pid=46033) process_request /opt/stack/data/venv/lib/python3.10/site-packages/keystonemiddleware/auth_token/__init__.py:406}}
Oct 26 15:38:39 user devstack@keystone.service[46035]: DEBUG keystone.server.flask.request_processing.middleware.auth_context [None req-666347cd-9dcc-43f7-aa89-c9ed99f0c71b None admin] Authenticating user token {{(pid=46035) process_request /opt/stack/data/venv/lib/python3.10/site-packages/keystonemiddleware/auth_token/__init__.py:406}}
Oct 26 15:38:39 user devstack@keystone.service[46034]: DEBUG keystone.server.flask.request_processing.middleware.auth_context [None req-007bdb02-ec4a-40f6-a8ae-7a8d7d833dc6 None admin] Authenticating user token {{(pid=46034) process_request /opt/stack/data/venv/lib/python3.10/site-packages/keystonemiddleware/auth_token/__init__.py:406}}
Oct 26 15:38:39 user devstack@keystone.service[46035]: DEBUG keystone.server.flask.request_processing.middleware.auth_context [None req-666347cd-9dcc-43f7-aa89-c9ed99f0c71b None admin] Validating token access rules against request {{(pid=46035) validate_allowed_request /opt/stack/data/venv/lib/python3.10/site-packages/keystonemiddleware/auth_token/__init__.py:544}}
Oct 26 15:38:39 user devstack@keystone.service[46034]: DEBUG keystone.server.flask.request_processing.middleware.auth_context [None req-007bdb02-ec4a-40f6-a8ae-7a8d7d833dc6 None admin] Validating token access rules against request {{(pid=46034) validate_allowed_request /opt/stack/data/venv/lib/python3.10/site-packages/keystonemiddleware/auth_token/__init__.py:544}}
Oct 26 15:38:39 user devstack@keystone.service[46033]: DEBUG keystone.server.flask.request_processing.middleware.auth_context [None req-4932c4f4-2a03-4a02-be01-588c302e26e4 None admin] Validating token access rules against request {{(pid=46033) validate_allowed_request /opt/stack/data/venv/lib/python3.10/site-packages/keystonemiddleware/auth_token/__init__.py:544}}
Oct 26 15:38:39 user devstack@keystone.service[46033]: DEBUG keystone.server.flask.request_processing.middleware.auth_context [None req-70a5ef8a-3109-4e2e-9c79-2a3047e18870 None admin] RBAC: auth_context: {'token': , 'domain_id': None, 'trust_id': None, 'trustor_id': None, 'trustee_id': None, 'domain_name': None, 'group_ids': [], 'user_id': '8a00547c9c5f4418ba05a5ca70bcf9cd', 'user_domain_id': 'default', 'system_scope': 'all', 'project_id': None, 'project_domain_id': None, 'roles': ['admin', 'manager', 'member', 'reader'], 'is_admin_project': True, 'service_user_id': None, 'service_user_domain_id': None, 'service_project_id': None, 'service_project_domain_id': None, 'service_roles': []} {{(pid=46033) fill_context /opt/stack/keystone/keystone/server/flask/request_processing/middleware/auth_context.py:480}}
Oct 26 15:38:39 user devstack@keystone.service[46035]: DEBUG keystone.server.flask.request_processing.middleware.auth_context [None req-4cbec015-eb84-4b82-9781-99253ebe1511 None admin] RBAC: auth_context: {'token': , 'domain_id': None, 'trust_id': None, 'trustor_id': None, 'trustee_id': None, 'domain_name': None, 'group_ids': [], 'user_id': '8a00547c9c5f4418ba05a5ca70bcf9cd', 'user_domain_id': 'default', 'system_scope': 'all', 'project_id': None, 'project_domain_id': None, 'roles': ['admin', 'manager', 'member', 'reader'], 'is_admin_project': True, 'service_user_id': None, 'service_user_domain_id': None, 'service_project_id': None, 'service_project_domain_id': None, 'service_roles': []} {{(pid=46035) fill_context /opt/stack/keystone/keystone/server/flask/request_processing/middleware/auth_context.py:480}}
Oct 26 15:38:39 user devstack@keystone.service[46033]: DEBUG keystone.server.flask.request_processing.req_logging [None req-70a5ef8a-3109-4e2e-9c79-2a3047e18870 None admin] REQUEST_METHOD: `GET` {{(pid=46033) log_request_info /opt/stack/keystone/keystone/server/flask/request_processing/req_logging.py:27}}
Oct 26 15:38:39 user devstack@keystone.service[46033]: DEBUG keystone.server.flask.request_processing.req_logging [None req-70a5ef8a-3109-4e2e-9c79-2a3047e18870 None admin] SCRIPT_NAME: `/identity` {{(pid=46033) log_request_info /opt/stack/keystone/keystone/server/flask/request_processing/req_logging.py:28}}
Oct 26 15:38:39 user devstack@keystone.service[46033]: DEBUG keystone.server.flask.request_processing.req_logging [None req-70a5ef8a-3109-4e2e-9c79-2a3047e18870 None admin] PATH_INFO: `/v3/users/ef9b9ca69961411a9368bf00fbb9899b` {{(pid=46033) log_request_info /opt/stack/keystone/keystone/server/flask/request_processing/req_logging.py:29}}
Oct 26 15:38:39 user devstack@keystone.service[46034]: DEBUG keystone.server.flask.request_processing.middleware.auth_context [None req-1d6c7980-cefd-4f9b-95f7-dbaac237bbe0 None admin] RBAC: auth_context: {'token': , 'domain_id': None, 'trust_id': None, 'trustor_id': None, 'trustee_id': None, 'domain_name': None, 'group_ids': [], 'user_id': '8a00547c9c5f4418ba05a5ca70bcf9cd', 'user_domain_id': 'default', 'system_scope': 'all', 'project_id': None, 'project_domain_id': None, 'roles': ['admin', 'manager', 'member', 'reader'], 'is_admin_project': True, 'service_user_id': None, 'service_user_domain_id': None, 'service_project_id': None, 'service_project_domain_id': None, 'service_roles': []} {{(pid=46034) fill_context /opt/stack/keystone/keystone/server/flask/request_processing/middleware/auth_context.py:480}}
Oct 26 15:38:39 user devstack@keystone.service[46035]: DEBUG keystone.server.flask.request_processing.req_logging [None req-4cbec015-eb84-4b82-9781-99253ebe1511 None admin] REQUEST_METHOD: `POST` {{(pid=46035) log_request_info /opt/stack/keystone/keystone/server/flask/request_processing/req_logging.py:27}}
Oct 26 15:38:39 user devstack@keystone.service[46034]: DEBUG keystone.server.flask.request_processing.req_logging [None req-1d6c7980-cefd-4f9b-95f7-dbaac237bbe0 None admin] REQUEST_METHOD: `GET` {{(pid=46034) log_request_info /opt/stack/keystone/keystone/server/flask/request_processing/req_logging.py:27}}
Oct 26 15:38:39 user devstack@keystone.service[46034]: DEBUG keystone.server.flask.request_processing.req_logging [None req-1d6c7980-cefd-4f9b-95f7-dbaac237bbe0 None admin] SCRIPT_NAME: `/identity` {{(pid=46034) log_request_info /opt/stack/keystone/keystone/server/flask/request_processing/req_logging.py:28}}
Oct 26 15:38:39 user devstack@keystone.service[46035]: DEBUG keystone.server.flask.request_processing.req_logging [None req-4cbec015-eb84-4b82-9781-99253ebe1511 None admin] SCRIPT_NAME: `/identity` {{(pid=46035) log_request_info /opt/stack/keystone/keystone/server/flask/request_processing/req_logging.py:28}}
Oct 26 15:38:39 user devstack@keystone.service[46034]: DEBUG keystone.server.flask.request_processing.req_logging [None req-1d6c7980-cefd-4f9b-95f7-dbaac237bbe0 None admin] PATH_INFO: `/v3/roles/member` {{(pid=46034) log_request_info /opt/stack/keystone/keystone/server/flask/request_processing/req_logging.py:29}}
Oct 26 15:38:39 user devstack@keystone.service[46035]: DEBUG keystone.server.flask.request_processing.req_logging [None req-4cbec015-eb84-4b82-9781-99253ebe1511 None admin] PATH_INFO: `/v3/users` {{(pid=46035) log_request_info /opt/stack/keystone/keystone/server/flask/request_processing/req_logging.py:29}}
Oct 26 15:38:39 user devstack@keystone.service[46035]: DEBUG keystone.common.rbac_enforcer.enforcer [None req-4cbec015-eb84-4b82-9781-99253ebe1511 None admin] RBAC: Authorizing `identity:create_user()` {{(pid=46035) enforce_call /opt/stack/keystone/keystone/common/rbac_enforcer/enforcer.py:449}}
Oct 26 15:38:39 user devstack@keystone.service[46035]: DEBUG keystone.common.rbac_enforcer.enforcer [None req-4cbec015-eb84-4b82-9781-99253ebe1511 None admin] RBAC: Authorization granted {{(pid=46035) enforce_call /opt/stack/keystone/keystone/common/rbac_enforcer/enforcer.py:457}}
Oct 26 15:38:39 user devstack@keystone.service[46035]: WARNING keystone.common.password_hashing [None req-4cbec015-eb84-4b82-9781-99253ebe1511 None admin] Truncating password to algorithm specific maximum length 72 characters.
Oct 26 15:38:39 user devstack@keystone.service[46034]: DEBUG keystone.common.rbac_enforcer.enforcer [None req-1d6c7980-cefd-4f9b-95f7-dbaac237bbe0 None admin] Extracting inferred target data resulted in "NOT FOUND (404)". {{(pid=46034) enforce_call /opt/stack/keystone/keystone/common/rbac_enforcer/enforcer.py:409}}
Oct 26 15:38:39 user devstack@keystone.service[46033]: DEBUG keystone.common.rbac_enforcer.enforcer [None req-70a5ef8a-3109-4e2e-9c79-2a3047e18870 None admin] RBAC: Authorizing `identity:get_user(user_id=ef9b9ca69961411a9368bf00fbb9899b)` {{(pid=46033) enforce_call /opt/stack/keystone/keystone/common/rbac_enforcer/enforcer.py:449}}
Oct 26 15:38:39 user devstack@keystone.service[46033]: DEBUG keystone.common.rbac_enforcer.enforcer [None req-70a5ef8a-3109-4e2e-9c79-2a3047e18870 None admin] RBAC: Authorization granted {{(pid=46033) enforce_call /opt/stack/keystone/keystone/common/rbac_enforcer/enforcer.py:457}}
Oct 26 15:38:39 user devstack@keystone.service[46033]: [pid: 46033|app: 0|req: 66/198] 10.0.0.210 () {56 vars in 1172 bytes} [Thu Oct 26 15:38:39 2023] GET /identity/v3/users/ef9b9ca69961411a9368bf00fbb9899b => generated 296 bytes in 159 msecs (HTTP/1.1 200) 5 headers in 177 bytes (1 switches on core 0)
Oct 26 15:38:39 user devstack@keystone.service[46034]: ERROR keystone.server.flask.application [None req-1d6c7980-cefd-4f9b-95f7-dbaac237bbe0 None admin] Could not find role: member.: keystone.exception.RoleNotFound: Could not find role: member.
Oct 26 15:38:39 user devstack@keystone.service[46034]: ERROR keystone.server.flask.application
Traceback (most recent call last):
Oct 26 15:38:39 user devstack@keystone.service[46034]: ERROR keystone.server.flask.application
File "/opt/stack/data/venv/lib/python3.10/site-packages/flask/app.py", line 1823, in full_dispatch_request
Oct 26 15:38:39 user devstack@keystone.service[46034]: ERROR keystone.server.flask.application rv = self.dispatch_request()
Oct 26 15:38:39 user devstack@keystone.service[46034]: ERROR keystone.server.flask.application
File "/opt/stack/data/venv/lib/python3.10/site-packages/flask/app.py", line 1799, in dispatch_request
Oct 26 15:38:39 user devstack@keystone.service[46034]: ERROR keystone.server.flask.application return self.ensure_sync(self.view_functions[rule.endpoint])(**view_args)
Oct 26 15:38:39 user devstack@keystone.service[46034]: ERROR keystone.server.flask.application
File "/opt/stack/data/venv/lib/python3.10/site-packages/flask_restful/__init__.py", line 489, in wrapper
Oct 26 15:38:39 user devstack@keystone.service[46034]: ERROR keystone.server.flask.application resp = resource(*args, **kwargs)
Oct 26 15:38:39 user devstack@keystone.service[46034]: ERROR keystone.server.flask.application
File "/opt/stack/data/venv/lib/python3.10/site-packages/flask/views.py", line 107, in view
Oct 26 15:38:39 user devstack@keystone.service[46034]: ERROR keystone.server.flask.application return current_app.ensure_sync(self.dispatch_request)(**kwargs)
Oct 26 15:38:39 user devstack@keystone.service[46034]: ERROR keystone.server.flask.application
File "/opt/stack/data/venv/lib/python3.10/site-packages/flask_restful/__init__.py", line 604, in dispatch_request
Oct 26 15:38:39 user devstack@keystone.service[46034]: ERROR keystone.server.flask.application resp = meth(*args, **kwargs)
Oct 26 15:38:39 user devstack@keystone.service[46034]: ERROR keystone.server.flask.application
File "/opt/stack/keystone/keystone/api/roles.py", line 50, in get
Oct 26 15:38:39 user devstack@keystone.service[46034]: ERROR keystone.server.flask.application return self._get_role(role_id)
Oct 26 15:38:39 user devstack@keystone.service[46034]: ERROR keystone.server.flask.application
File "/opt/stack/keystone/keystone/api/roles.py", line 70, in _get_role
Oct 26 15:38:39 user devstack@keystone.service[46034]: ERROR keystone.server.flask.application ENFORCER.enforce_call(action='identity:get_role')
Oct 26 15:38:39 user devstack@keystone.service[46034]: ERROR keystone.server.flask.application
File "/opt/stack/keystone/keystone/common/rbac_enforcer/enforcer.py", line 402, in enforce_call
Oct 26 15:38:39 user devstack@keystone.service[46034]: ERROR keystone.server.flask.application policy_dict.update(cls._extract_member_target_data(
Oct 26 15:38:39 user devstack@keystone.service[46034]: ERROR keystone.server.flask.application
File "/opt/stack/keystone/keystone/common/rbac_enforcer/enforcer.py", line 234, in _extract_member_target_data
Oct 26 15:38:39 user devstack@keystone.service[46034]: ERROR keystone.server.flask.application member_name: func(flask.request.view_args[key])
Oct 26 15:38:39 user devstack@keystone.service[46034]: ERROR keystone.server.flask.application
File "/opt/stack/keystone/keystone/common/manager.py", line 115, in wrapped
Oct 26 15:38:39 user devstack@keystone.service[46034]: ERROR keystone.server.flask.application __ret_val = __f(*args, **kwargs)
Oct 26 15:38:39 user devstack@keystone.service[46034]: ERROR keystone.server.flask.application
File "/opt/stack/data/venv/lib/python3.10/site-packages/decorator.py", line 232, in fun
Oct 26 15:38:39 user devstack@keystone.service[46034]: ERROR keystone.server.flask.application return caller(func, *(extras + args), **kw)
Oct 26 15:38:39 user devstack@keystone.service[46034]: ERROR keystone.server.flask.application
File "/opt/stack/data/venv/lib/python3.10/site-packages/dogpile/cache/region.py", line 1594, in get_or_create_for_user_func
Oct 26 15:38:39 user devstack@keystone.service[46034]: ERROR keystone.server.flask.application return self.get_or_create(
Oct 26 15:38:39 user devstack@keystone.service[46034]: ERROR keystone.server.flask.application
File "/opt/stack/data/venv/lib/python3.10/site-packages/dogpile/cache/region.py", line 1054, in get_or_create
Oct 26 15:38:39 user devstack@keystone.service[46034]: ERROR keystone.server.flask.application with Lock(
Oct 26 15:38:39 user devstack@keystone.service[46034]: ERROR keystone.server.flask.application
File "/opt/stack/data/venv/lib/python3.10/site-packages/dogpile/lock.py", line 185, in __enter__
Oct 26 15:38:39 user devstack@keystone.service[46034]: ERROR keystone.server.flask.application return self._enter()
Oct 26 15:38:39 user devstack@keystone.service[46034]: ERROR keystone.server.flask.application
File "/opt/stack/data/venv/lib/python3.10/site-packages/dogpile/lock.py", line 94, in _enter
Oct 26 15:38:39 user devstack@keystone.service[46034]: ERROR keystone.server.flask.application generated = self._enter_create(value, createdtime)
Oct 26 15:38:39 user devstack@keystone.service[46034]: ERROR keystone.server.flask.application
File "/opt/stack/data/venv/lib/python3.10/site-packages/dogpile/lock.py", line 178, in _enter_create
Oct 26 15:38:39 user devstack@keystone.service[46034]: ERROR keystone.server.flask.application return self.creator()
Oct 26 15:38:39 user devstack@keystone.service[46034]: ERROR keystone.server.flask.application
File "/opt/stack/data/venv/lib/python3.10/site-packages/dogpile/cache/region.py", line 1007, in gen_value
Oct 26 15:38:39 user devstack@keystone.service[46034]: ERROR keystone.server.flask.application created_value = creator(
Oct 26 15:38:39 user devstack@keystone.service[46034]: ERROR keystone.server.flask.application
File "/opt/stack/keystone/keystone/assignment/core.py", line 1276, in get_role
Oct 26 15:38:39 user devstack@keystone.service[46034]: ERROR keystone.server.flask.application return self.driver.get_role(role_id)
Oct 26 15:38:39 user devstack@keystone.service[46034]: ERROR keystone.server.flask.application
File "/opt/stack/keystone/keystone/assignment/role_backends/sql.py", line 70, in get_role
Oct 26 15:38:39 user devstack@keystone.service[46034]: ERROR keystone.server.flask.application return self._get_role(session, role_id).to_dict()
Oct 26 15:38:39 user devstack@keystone.service[46034]: ERROR keystone.server.flask.application
File "/opt/stack/keystone/keystone/assignment/role_backends/sql.py", line 65, in _get_role
Oct 26 15:38:39 user devstack@keystone.service[46034]: ERROR keystone.server.flask.application raise exception.RoleNotFound(role_id=role_id)
Oct 26 15:38:39 user devstack@keystone.service[46034]: ERROR keystone.server.flask.application keystone.exception.RoleNotFound: Could not find role: member.
Oct 26 15:38:39 user devstack@keystone.service[46034]: ERROR keystone.server.flask.application
Oct 26 15:38:39 user devstack@keystone.service[46034]: [pid: 46034|app: 0|req: 71/199] 10.0.0.210 () {56 vars in 1094 bytes} [Thu Oct 26 15:38:39 2023] GET /identity/v3/roles/member => generated 84 bytes in 147 msecs (HTTP/1.1 404) 5 headers in 183 bytes (1 switches on core 0)
Oct 26 15:38:39 user devstack@keystone.service[46033]: DEBUG keystone.server.flask.request_processing.middleware.auth_context [None req-70a5ef8a-3109-4e2e-9c79-2a3047e18870 None admin] Authenticating user token {{(pid=46033) process_request /opt/stack/data/venv/lib/python3.10/site-packages/keystonemiddleware/auth_token/__init__.py:406}}
Oct 26 15:38:39 user devstack@keystone.service[46034]: DEBUG keystone.server.flask.request_processing.middleware.auth_context [None req-1d6c7980-cefd-4f9b-95f7-dbaac237bbe0 None admin] Authenticating user token {{(pid=46034) process_request /opt/stack/data/venv/lib/python3.10/site-packages/keystonemiddleware/auth_token/__init__.py:406}}
Oct 26 15:38:39 user devstack@keystone.service[46035]: [pid: 46035|app: 0|req: 63/200] 10.0.0.210 () {60 vars in 1127 bytes} [Thu Oct 26 15:38:39 2023] POST /identity/v3/users => generated 292 bytes in 168 msecs (HTTP/1.1 201) 5 headers in 182 bytes (1 switches on core 0)
Oct 26 15:38:39 user devstack@keystone.service[46033]: DEBUG keystone.server.flask.request_processing.middleware.auth_context [None req-70a5ef8a-3109-4e2e-9c79-2a3047e18870 None admin] Validating token access rules against request {{(pid=46033) validate_allowed_request /opt/stack/data/venv/lib/python3.10/site-packages/keystonemiddleware/auth_token/__init__.py:544}}
Oct 26 15:38:39 user devstack@keystone.service[46034]: DEBUG keystone.server.flask.request_processing.middleware.auth_context [None req-1d6c7980-cefd-4f9b-95f7-dbaac237bbe0 None admin] Validating token access rules against request {{(pid=46034) validate_allowed_request /opt/stack/data/venv/lib/python3.10/site-packages/keystonemiddleware/auth_token/__init__.py:544}}
Oct 26 15:38:39 user devstack@keystone.service[46033]: DEBUG keystone.server.flask.request_processing.middleware.auth_context [None req-797d3aff-b20a-4ac8-a437-2004b35aea36 None admin] RBAC: auth_context: {'token': , 'domain_id': None, 'trust_id': None, 'trustor_id': None, 'trustee_id': None, 'domain_name': None, 'group_ids': [], 'user_id': '8a00547c9c5f4418ba05a5ca70bcf9cd', 'user_domain_id': 'default', 'system_scope': 'all', 'project_id': None, 'project_domain_id': None, 'roles': ['admin', 'manager', 'member', 'reader'], 'is_admin_project': True, 'service_user_id': None, 'service_user_domain_id': None, 'service_project_id': None, 'service_project_domain_id': None, 'service_roles': []} {{(pid=46033) fill_context /opt/stack/keystone/keystone/server/flask/request_processing/middleware/auth_context.py:480}}
Oct 26 15:38:39 user devstack@keystone.service[46033]: DEBUG keystone.server.flask.request_processing.req_logging [None req-797d3aff-b20a-4ac8-a437-2004b35aea36 None admin] REQUEST_METHOD: `GET` {{(pid=46033) log_request_info /opt/stack/keystone/keystone/server/flask/request_processing/req_logging.py:27}}
Oct 26 15:38:39 user devstack@keystone.service[46033]: DEBUG keystone.server.flask.request_processing.req_logging [None req-797d3aff-b20a-4ac8-a437-2004b35aea36 None admin] SCRIPT_NAME: `/identity` {{(pid=46033) log_request_info /opt/stack/keystone/keystone/server/flask/request_processing/req_logging.py:28}}
Oct 26 15:38:39 user devstack@keystone.service[46033]: DEBUG keystone.server.flask.request_processing.req_logging [None req-797d3aff-b20a-4ac8-a437-2004b35aea36 None admin] PATH_INFO: `/v3/projects/31da6ba9fa744463ab9533628459220b` {{(pid=46033) log_request_info /opt/stack/keystone/keystone/server/flask/request_processing/req_logging.py:29}}
Oct 26 15:38:39 user devstack@keystone.service[46033]: DEBUG keystone.common.rbac_enforcer.enforcer [None req-797d3aff-b20a-4ac8-a437-2004b35aea36 None admin] RBAC: Authorizing `identity:get_project(project_id=31da6ba9fa744463ab9533628459220b)` {{(pid=46033) enforce_call /opt/stack/keystone/keystone/common/rbac_enforcer/enforcer.py:449}}
Oct 26 15:38:39 user devstack@keystone.service[46033]: DEBUG keystone.common.rbac_enforcer.enforcer [None req-797d3aff-b20a-4ac8-a437-2004b35aea36 None admin] RBAC: Authorization granted {{(pid=46033) enforce_call /opt/stack/keystone/keystone/common/rbac_enforcer/enforcer.py:457}}
Oct 26 15:38:39 user devstack@keystone.service[46033]: [pid: 46033|app: 0|req: 67/201] 10.0.0.210 () {56 vars in 1181 bytes} [Thu Oct 26 15:38:39 2023] GET /identity/v3/projects/31da6ba9fa744463ab9533628459220b => generated 301 bytes in 128 msecs (HTTP/1.1 200) 5 headers in 177 bytes (2 switches on core 0)
Oct 26 15:38:39 user devstack@keystone.service[46035]: DEBUG keystone.server.flask.request_processing.middleware.auth_context [None req-4cbec015-eb84-4b82-9781-99253ebe1511 None admin] Authenticating user token {{(pid=46035) process_request /opt/stack/data/venv/lib/python3.10/site-packages/keystonemiddleware/auth_token/__init__.py:406}}
Oct 26 15:38:39 user devstack@keystone.service[46034]: DEBUG keystone.server.flask.request_processing.middleware.auth_context [None req-a36b2403-45e9-47a6-8670-c48b115da09c None admin] RBAC: auth_context: {'token': , 'domain_id': None, 'trust_id': None, 'trustor_id': None, 'trustee_id': None, 'domain_name': None, 'group_ids': [], 'user_id': '8a00547c9c5f4418ba05a5ca70bcf9cd', 'user_domain_id': 'default', 'system_scope': 'all', 'project_id': None, 'project_domain_id': None, 'roles': ['admin', 'manager', 'member', 'reader'], 'is_admin_project': True, 'service_user_id': None, 'service_user_domain_id': None, 'service_project_id': None, 'service_project_domain_id': None, 'service_roles': []} {{(pid=46034) fill_context /opt/stack/keystone/keystone/server/flask/request_processing/middleware/auth_context.py:480}}
Oct 26 15:38:39 user devstack@keystone.service[46034]: DEBUG keystone.server.flask.request_processing.req_logging [None req-a36b2403-45e9-47a6-8670-c48b115da09c None admin] REQUEST_METHOD: `GET` {{(pid=46034) log_request_info /opt/stack/keystone/keystone/server/flask/request_processing/req_logging.py:27}}
Oct 26 15:38:39 user devstack@keystone.service[46034]: DEBUG keystone.server.flask.request_processing.req_logging [None req-a36b2403-45e9-47a6-8670-c48b115da09c None admin] SCRIPT_NAME: `/identity` {{(pid=46034) log_request_info /opt/stack/keystone/keystone/server/flask/request_processing/req_logging.py:28}}
Oct 26 15:38:39 user devstack@keystone.service[46034]: DEBUG keystone.server.flask.request_processing.req_logging [None req-a36b2403-45e9-47a6-8670-c48b115da09c None admin] PATH_INFO: `/v3/roles` {{(pid=46034) log_request_info /opt/stack/keystone/keystone/server/flask/request_processing/req_logging.py:29}}
Oct 26 15:38:39 user devstack@keystone.service[46034]: DEBUG keystone.common.rbac_enforcer.enforcer [None req-a36b2403-45e9-47a6-8670-c48b115da09c None admin] RBAC: Adding query filter params (name=member) {{(pid=46034) _extract_filter_values /opt/stack/keystone/keystone/common/rbac_enforcer/enforcer.py:167}}
Oct 26 15:38:39 user devstack@keystone.service[46034]: DEBUG keystone.common.rbac_enforcer.enforcer [None req-a36b2403-45e9-47a6-8670-c48b115da09c None admin] RBAC: Authorizing `identity:list_roles()` {{(pid=46034) enforce_call /opt/stack/keystone/keystone/common/rbac_enforcer/enforcer.py:449}}
Oct 26 15:38:39 user devstack@keystone.service[46034]: DEBUG keystone.common.rbac_enforcer.enforcer [None req-a36b2403-45e9-47a6-8670-c48b115da09c None admin] RBAC: Authorization granted {{(pid=46034) enforce_call /opt/stack/keystone/keystone/common/rbac_enforcer/enforcer.py:457}}
Oct 26 15:38:39 user devstack@keystone.service[46034]: [pid: 46034|app: 0|req: 72/202] 10.0.0.210 () {56 vars in 1096 bytes} [Thu Oct 26 15:38:39 2023] GET /identity/v3/roles?name=member => generated 339 bytes in 148 msecs (HTTP/1.1 200) 5 headers in 177 bytes (2 switches on core 0)
Oct 26 15:38:39 user devstack@keystone.service[46033]: DEBUG keystone.server.flask.request_processing.middleware.auth_context [None req-797d3aff-b20a-4ac8-a437-2004b35aea36 None admin] Authenticating user token {{(pid=46033) process_request /opt/stack/data/venv/lib/python3.10/site-packages/keystonemiddleware/auth_token/__init__.py:406}}
Oct 26 15:38:39 user devstack@keystone.service[46035]: DEBUG keystone.server.flask.request_processing.middleware.auth_context [None req-4cbec015-eb84-4b82-9781-99253ebe1511 None admin] Validating token access rules against request {{(pid=46035) validate_allowed_request /opt/stack/data/venv/lib/python3.10/site-packages/keystonemiddleware/auth_token/__init__.py:544}}
Oct 26 15:38:39 user devstack@keystone.service[46033]: DEBUG keystone.server.flask.request_processing.middleware.auth_context [None req-797d3aff-b20a-4ac8-a437-2004b35aea36 None admin] Validating token access rules against request {{(pid=46033) validate_allowed_request /opt/stack/data/venv/lib/python3.10/site-packages/keystonemiddleware/auth_token/__init__.py:544}}
Oct 26 15:38:40 user devstack@keystone.service[46035]: DEBUG keystone.server.flask.request_processing.middleware.auth_context [None req-408469a6-e8e7-4a1b-baf7-bc5e6c45122b None admin] RBAC: auth_context: {'token': , 'domain_id': None, 'trust_id': None, 'trustor_id': None, 'trustee_id': None, 'domain_name': None, 'group_ids': [], 'user_id': '8a00547c9c5f4418ba05a5ca70bcf9cd', 'user_domain_id': 'default', 'system_scope': 'all', 'project_id': None, 'project_domain_id': None, 'roles': ['admin', 'manager', 'member', 'reader'], 'is_admin_project': True, 'service_user_id': None, 'service_user_domain_id': None, 'service_project_id': None, 'service_project_domain_id': None, 'service_roles': []} {{(pid=46035) fill_context /opt/stack/keystone/keystone/server/flask/request_processing/middleware/auth_context.py:480}}
Oct 26 15:38:40 user devstack@keystone.service[46035]: DEBUG keystone.server.flask.request_processing.req_logging [None req-408469a6-e8e7-4a1b-baf7-bc5e6c45122b None admin] REQUEST_METHOD: `PUT` {{(pid=46035) log_request_info /opt/stack/keystone/keystone/server/flask/request_processing/req_logging.py:27}}
Oct 26 15:38:40 user devstack@keystone.service[46035]: DEBUG keystone.server.flask.request_processing.req_logging [None req-408469a6-e8e7-4a1b-baf7-bc5e6c45122b None admin] SCRIPT_NAME: `/identity` {{(pid=46035) log_request_info /opt/stack/keystone/keystone/server/flask/request_processing/req_logging.py:28}}
Oct 26 15:38:40 user devstack@keystone.service[46035]: DEBUG keystone.server.flask.request_processing.req_logging [None req-408469a6-e8e7-4a1b-baf7-bc5e6c45122b None admin] PATH_INFO: `/v3/projects/31da6ba9fa744463ab9533628459220b/users/ef9b9ca69961411a9368bf00fbb9899b/roles/6a9163d46676466885395ff62f08e4a8` {{(pid=46035) log_request_info /opt/stack/keystone/keystone/server/flask/request_processing/req_logging.py:29}}
Oct 26 15:38:40 user devstack@keystone.service[46035]: DEBUG keystone.common.rbac_enforcer.enforcer [None req-408469a6-e8e7-4a1b-baf7-bc5e6c45122b None admin] RBAC: Authorizing `identity:create_grant(project_id=31da6ba9fa744463ab9533628459220b, user_id=ef9b9ca69961411a9368bf00fbb9899b, role_id=6a9163d46676466885395ff62f08e4a8)` {{(pid=46035) enforce_call /opt/stack/keystone/keystone/common/rbac_enforcer/enforcer.py:449}}
Oct 26 15:38:40 user devstack@keystone.service[46035]: DEBUG keystone.common.rbac_enforcer.enforcer [None req-408469a6-e8e7-4a1b-baf7-bc5e6c45122b None admin] RBAC: Authorization granted {{(pid=46035) enforce_call /opt/stack/keystone/keystone/common/rbac_enforcer/enforcer.py:457}}
Oct 26 15:38:40 user devstack@keystone.service[46033]: DEBUG keystone.server.flask.request_processing.middleware.auth_context [None req-3434415e-a24f-4586-bbe3-aaebf85c43e1 None admin] RBAC: auth_context: {'token': , 'domain_id': None, 'trust_id': None, 'trustor_id': None, 'trustee_id': None, 'domain_name': None, 'group_ids': [], 'user_id': '8a00547c9c5f4418ba05a5ca70bcf9cd', 'user_domain_id': 'default', 'system_scope': 'all', 'project_id': None, 'project_domain_id': None, 'roles': ['admin', 'manager', 'member', 'reader'], 'is_admin_project': True, 'service_user_id': None, 'service_user_domain_id': None, 'service_project_id': None, 'service_project_domain_id': None, 'service_roles': []} {{(pid=46033) fill_context /opt/stack/keystone/keystone/server/flask/request_processing/middleware/auth_context.py:480}}
Oct 26 15:38:40 user devstack@keystone.service[46033]: DEBUG keystone.server.flask.request_processing.req_logging [None req-3434415e-a24f-4586-bbe3-aaebf85c43e1 None admin] REQUEST_METHOD: `GET` {{(pid=46033) log_request_info /opt/stack/keystone/keystone/server/flask/request_processing/req_logging.py:27}}
Oct 26 15:38:40 user devstack@keystone.service[46033]: DEBUG keystone.server.flask.request_processing.req_logging [None req-3434415e-a24f-4586-bbe3-aaebf85c43e1 None admin] SCRIPT_NAME: `/identity` {{(pid=46033) log_request_info /opt/stack/keystone/keystone/server/flask/request_processing/req_logging.py:28}}
Oct 26 15:38:40 user devstack@keystone.service[46033]: DEBUG keystone.server.flask.request_processing.req_logging [None req-3434415e-a24f-4586-bbe3-aaebf85c43e1 None admin] PATH_INFO: `/v3/users/3a7ebdefee7248b3a9033d2477668ff5` {{(pid=46033) log_request_info /opt/stack/keystone/keystone/server/flask/request_processing/req_logging.py:29}}
Oct 26 15:38:40 user devstack@keystone.service[46033]: DEBUG keystone.common.rbac_enforcer.enforcer [None req-3434415e-a24f-4586-bbe3-aaebf85c43e1 None admin] RBAC: Authorizing `identity:get_user(user_id=3a7ebdefee7248b3a9033d2477668ff5)` {{(pid=46033) enforce_call /opt/stack/keystone/keystone/common/rbac_enforcer/enforcer.py:449}}
Oct 26 15:38:40 user devstack@keystone.service[46035]: [pid: 46035|app: 0|req: 64/203] 10.0.0.210 () {58 vars in 1434 bytes} [Thu Oct 26 15:38:39 2023] PUT /identity/v3/projects/31da6ba9fa744463ab9533628459220b/users/ef9b9ca69961411a9368bf00fbb9899b/roles/6a9163d46676466885395ff62f08e4a8 => generated 0 bytes in 155 msecs (HTTP/1.1 204) 3 headers in 132 bytes (0 switches on core 0)
Oct 26 15:38:40 user devstack@keystone.service[46033]: DEBUG keystone.common.rbac_enforcer.enforcer [None req-3434415e-a24f-4586-bbe3-aaebf85c43e1 None admin] RBAC: Authorization granted {{(pid=46033) enforce_call /opt/stack/keystone/keystone/common/rbac_enforcer/enforcer.py:457}}
Oct 26 15:38:40 user devstack@keystone.service[46033]: [pid: 46033|app: 0|req: 68/204] 10.0.0.210 () {56 vars in 1172 bytes} [Thu Oct 26 15:38:39 2023] GET /identity/v3/users/3a7ebdefee7248b3a9033d2477668ff5 => generated 296 bytes in 134 msecs (HTTP/1.1 200) 5 headers in 177 bytes (1 switches on core 0)
Oct 26 15:38:40 user devstack@keystone.service[46034]: DEBUG keystone.server.flask.request_processing.middleware.auth_context [None req-a36b2403-45e9-47a6-8670-c48b115da09c None admin] Authenticating user token {{(pid=46034) process_request /opt/stack/data/venv/lib/python3.10/site-packages/keystonemiddleware/auth_token/__init__.py:406}}
Oct 26 15:38:40 user devstack@keystone.service[46034]: DEBUG keystone.server.flask.request_processing.middleware.auth_context [None req-a36b2403-45e9-47a6-8670-c48b115da09c None admin] Validating token access rules against request {{(pid=46034) validate_allowed_request /opt/stack/data/venv/lib/python3.10/site-packages/keystonemiddleware/auth_token/__init__.py:544}}
Oct 26 15:38:40 user devstack@keystone.service[46034]: DEBUG keystone.server.flask.request_processing.middleware.auth_context [None req-22eb4c3b-dbf6-4520-aa58-b845219032e8 None admin] RBAC: auth_context: {'token': , 'domain_id': None, 'trust_id': None, 'trustor_id': None, 'trustee_id': None, 'domain_name': None, 'group_ids': [], 'user_id': '8a00547c9c5f4418ba05a5ca70bcf9cd', 'user_domain_id': 'default', 'system_scope': 'all', 'project_id': None, 'project_domain_id': None, 'roles': ['admin', 'manager', 'member', 'reader'], 'is_admin_project': True, 'service_user_id': None, 'service_user_domain_id': None, 'service_project_id': None, 'service_project_domain_id': None, 'service_roles': []} {{(pid=46034) fill_context /opt/stack/keystone/keystone/server/flask/request_processing/middleware/auth_context.py:480}}
Oct 26 15:38:40 user devstack@keystone.service[46034]: DEBUG keystone.server.flask.request_processing.req_logging [None req-22eb4c3b-dbf6-4520-aa58-b845219032e8 None admin] REQUEST_METHOD: `GET` {{(pid=46034) log_request_info /opt/stack/keystone/keystone/server/flask/request_processing/req_logging.py:27}}
Oct 26 15:38:40 user devstack@keystone.service[46034]: DEBUG keystone.server.flask.request_processing.req_logging [None req-22eb4c3b-dbf6-4520-aa58-b845219032e8 None admin] SCRIPT_NAME: `/identity` {{(pid=46034) log_request_info /opt/stack/keystone/keystone/server/flask/request_processing/req_logging.py:28}}
Oct 26 15:38:40 user devstack@keystone.service[46034]: DEBUG keystone.server.flask.request_processing.req_logging [None req-22eb4c3b-dbf6-4520-aa58-b845219032e8 None admin] PATH_INFO: `/v3/auth/tokens` {{(pid=46034) log_request_info /opt/stack/keystone/keystone/server/flask/request_processing/req_logging.py:29}}
Oct 26 15:38:40 user devstack@keystone.service[46034]: DEBUG keystone.common.rbac_enforcer.enforcer [None req-22eb4c3b-dbf6-4520-aa58-b845219032e8 None admin] RBAC: Authorizing `identity:validate_token()` {{(pid=46034) enforce_call /opt/stack/keystone/keystone/common/rbac_enforcer/enforcer.py:449}}
Oct 26 15:38:40 user devstack@keystone.service[46034]: DEBUG keystone.common.rbac_enforcer.enforcer [None req-22eb4c3b-dbf6-4520-aa58-b845219032e8 None admin] RBAC: Authorization granted {{(pid=46034) enforce_call /opt/stack/keystone/keystone/common/rbac_enforcer/enforcer.py:457}}
Oct 26 15:38:40 user devstack@keystone.service[46034]: [pid: 46034|app: 0|req: 73/205] 10.0.0.210 () {58 vars in 1277 bytes} [Thu Oct 26 15:38:40 2023] GET /identity/v3/auth/tokens => generated 861 bytes in 319 msecs (HTTP/1.1 200) 6 headers in 358 bytes (1 switches on core 0)
Oct 26 15:38:40 user devstack@keystone.service[46035]: DEBUG keystone.server.flask.request_processing.middleware.auth_context [None req-408469a6-e8e7-4a1b-baf7-bc5e6c45122b None admin] Authenticating user token {{(pid=46035) process_request /opt/stack/data/venv/lib/python3.10/site-packages/keystonemiddleware/auth_token/__init__.py:406}}
Oct 26 15:38:40 user devstack@keystone.service[46035]: DEBUG keystone.server.flask.request_processing.middleware.auth_context [None req-408469a6-e8e7-4a1b-baf7-bc5e6c45122b None admin] Validating token access rules against request {{(pid=46035) validate_allowed_request /opt/stack/data/venv/lib/python3.10/site-packages/keystonemiddleware/auth_token/__init__.py:544}}
Oct 26 15:38:40 user devstack@keystone.service[46035]: DEBUG keystone.server.flask.request_processing.middleware.auth_context [None req-0d012e97-cce8-449e-b6e2-333e1e815be6 None admin] RBAC: auth_context: {'token': , 'domain_id': None, 'trust_id': None, 'trustor_id': None, 'trustee_id': None, 'domain_name': None, 'group_ids': [], 'user_id': '8a00547c9c5f4418ba05a5ca70bcf9cd', 'user_domain_id': 'default', 'system_scope': 'all', 'project_id': None, 'project_domain_id': None, 'roles': ['admin', 'manager', 'member', 'reader'], 'is_admin_project': True, 'service_user_id': None, 'service_user_domain_id': None, 'service_project_id': None, 'service_project_domain_id': None, 'service_roles': []} {{(pid=46035) fill_context /opt/stack/keystone/keystone/server/flask/request_processing/middleware/auth_context.py:480}}
Oct 26 15:38:40 user devstack@keystone.service[46035]: DEBUG keystone.server.flask.request_processing.req_logging [None req-0d012e97-cce8-449e-b6e2-333e1e815be6 None admin] REQUEST_METHOD: `GET` {{(pid=46035) log_request_info /opt/stack/keystone/keystone/server/flask/request_processing/req_logging.py:27}}
Oct 26 15:38:40 user devstack@keystone.service[46035]: DEBUG keystone.server.flask.request_processing.req_logging [None req-0d012e97-cce8-449e-b6e2-333e1e815be6 None admin] SCRIPT_NAME: `/identity` {{(pid=46035) log_request_info /opt/stack/keystone/keystone/server/flask/request_processing/req_logging.py:28}}
Oct 26 15:38:40 user devstack@keystone.service[46035]: DEBUG keystone.server.flask.request_processing.req_logging [None req-0d012e97-cce8-449e-b6e2-333e1e815be6 None admin] PATH_INFO: `/v3/projects/31da6ba9fa744463ab9533628459220b` {{(pid=46035) log_request_info /opt/stack/keystone/keystone/server/flask/request_processing/req_logging.py:29}}
Oct 26 15:38:40 user devstack@keystone.service[46035]: DEBUG keystone.common.rbac_enforcer.enforcer [None req-0d012e97-cce8-449e-b6e2-333e1e815be6 None admin] RBAC: Authorizing `identity:get_project(project_id=31da6ba9fa744463ab9533628459220b)` {{(pid=46035) enforce_call /opt/stack/keystone/keystone/common/rbac_enforcer/enforcer.py:449}}
Oct 26 15:38:40 user devstack@keystone.service[46035]: DEBUG keystone.common.rbac_enforcer.enforcer [None req-0d012e97-cce8-449e-b6e2-333e1e815be6 None admin] RBAC: Authorization granted {{(pid=46035) enforce_call /opt/stack/keystone/keystone/common/rbac_enforcer/enforcer.py:457}}
Oct 26 15:38:40 user devstack@keystone.service[46035]: [pid: 46035|app: 0|req: 65/206] 10.0.0.210 () {56 vars in 1181 bytes} [Thu Oct 26 15:38:40 2023] GET /identity/v3/projects/31da6ba9fa744463ab9533628459220b => generated 301 bytes in 147 msecs (HTTP/1.1 200) 5 headers in 177 bytes (1 switches on core 0)
Oct 26 15:38:40 user devstack@keystone.service[46033]: DEBUG keystone.server.flask.request_processing.middleware.auth_context [None req-3434415e-a24f-4586-bbe3-aaebf85c43e1 None admin] Authenticating user token {{(pid=46033) process_request /opt/stack/data/venv/lib/python3.10/site-packages/keystonemiddleware/auth_token/__init__.py:406}}
Oct 26 15:38:40 user devstack@keystone.service[46033]: DEBUG keystone.server.flask.request_processing.middleware.auth_context [None req-3434415e-a24f-4586-bbe3-aaebf85c43e1 None admin] Validating token access rules against request {{(pid=46033) validate_allowed_request /opt/stack/data/venv/lib/python3.10/site-packages/keystonemiddleware/auth_token/__init__.py:544}}
Oct 26 15:38:40 user devstack@keystone.service[46033]: DEBUG keystone.server.flask.request_processing.middleware.auth_context [None req-e058a671-d426-4411-b4a2-79d7d87523e1 None admin] RBAC: auth_context: {'token': , 'domain_id': None, 'trust_id': None, 'trustor_id': None, 'trustee_id': None, 'domain_name': None, 'group_ids': [], 'user_id': '8a00547c9c5f4418ba05a5ca70bcf9cd', 'user_domain_id': 'default', 'system_scope': 'all', 'project_id': None, 'project_domain_id': None, 'roles': ['admin', 'manager', 'member', 'reader'], 'is_admin_project': True, 'service_user_id': None, 'service_user_domain_id': None, 'service_project_id': None, 'service_project_domain_id': None, 'service_roles': []} {{(pid=46033) fill_context /opt/stack/keystone/keystone/server/flask/request_processing/middleware/auth_context.py:480}}
Oct 26 15:38:40 user devstack@keystone.service[46033]: DEBUG keystone.server.flask.request_processing.req_logging [None req-e058a671-d426-4411-b4a2-79d7d87523e1 None admin] REQUEST_METHOD: `GET` {{(pid=46033) log_request_info /opt/stack/keystone/keystone/server/flask/request_processing/req_logging.py:27}}
Oct 26 15:38:40 user devstack@keystone.service[46033]: DEBUG keystone.server.flask.request_processing.req_logging [None req-e058a671-d426-4411-b4a2-79d7d87523e1 None admin] SCRIPT_NAME: `/identity` {{(pid=46033) log_request_info /opt/stack/keystone/keystone/server/flask/request_processing/req_logging.py:28}}
Oct 26 15:38:40 user devstack@keystone.service[46033]: DEBUG keystone.server.flask.request_processing.req_logging [None req-e058a671-d426-4411-b4a2-79d7d87523e1 None admin] PATH_INFO: `/v3/role_assignments` {{(pid=46033) log_request_info /opt/stack/keystone/keystone/server/flask/request_processing/req_logging.py:29}}
Oct 26 15:38:40 user devstack@keystone.service[46033]: DEBUG keystone.common.rbac_enforcer.enforcer [None req-e058a671-d426-4411-b4a2-79d7d87523e1 None admin] RBAC: Adding query filter params (role.id=8d73055b88bc4a29866b3b8bc5d1a0e7, scope.project.id=31da6ba9fa744463ab9533628459220b, user.id=3a7ebdefee7248b3a9033d2477668ff5) {{(pid=46033) _extract_filter_values /opt/stack/keystone/keystone/common/rbac_enforcer/enforcer.py:167}}
Oct 26 15:38:40 user devstack@keystone.service[46033]: DEBUG keystone.common.rbac_enforcer.enforcer [None req-e058a671-d426-4411-b4a2-79d7d87523e1 None admin] RBAC: Authorizing `identity:list_role_assignments()` {{(pid=46033) enforce_call /opt/stack/keystone/keystone/common/rbac_enforcer/enforcer.py:449}}
Oct 26 15:38:40 user devstack@keystone.service[46033]: DEBUG keystone.common.rbac_enforcer.enforcer [None req-e058a671-d426-4411-b4a2-79d7d87523e1 None admin] RBAC: Authorization granted {{(pid=46033) enforce_call /opt/stack/keystone/keystone/common/rbac_enforcer/enforcer.py:457}}
Oct 26 15:38:40 user devstack@keystone.service[46033]: [pid: 46033|app: 0|req: 69/207] 10.0.0.210 () {56 vars in 1369 bytes} [Thu Oct 26 15:38:40 2023] GET /identity/v3/role_assignments?user.id=3a7ebdefee7248b3a9033d2477668ff5&scope.project.id=31da6ba9fa744463ab9533628459220b&role.id=8d73055b88bc4a29866b3b8bc5d1a0e7 => generated 606 bytes in 164 msecs (HTTP/1.1 200) 5 headers in 177 bytes (1 switches on core 0)
Oct 26 15:38:41 user devstack@keystone.service[46034]: DEBUG keystone.server.flask.request_processing.req_logging [None req-80c690b5-351d-410d-bc72-8c2cc59de46d None None] REQUEST_METHOD: `GET` {{(pid=46034) log_request_info /opt/stack/keystone/keystone/server/flask/request_processing/req_logging.py:27}}
Oct 26 15:38:41 user devstack@keystone.service[46034]: DEBUG keystone.server.flask.request_processing.req_logging [None req-80c690b5-351d-410d-bc72-8c2cc59de46d None None] SCRIPT_NAME: `/identity` {{(pid=46034) log_request_info /opt/stack/keystone/keystone/server/flask/request_processing/req_logging.py:28}}
Oct 26 15:38:41 user devstack@keystone.service[46034]: DEBUG keystone.server.flask.request_processing.req_logging [None req-80c690b5-351d-410d-bc72-8c2cc59de46d None None] PATH_INFO: `/` {{(pid=46034) log_request_info /opt/stack/keystone/keystone/server/flask/request_processing/req_logging.py:29}}
Oct 26 15:38:41 user devstack@keystone.service[46034]: [pid: 46034|app: 0|req: 74/208] 10.0.0.210 () {54 vars in 921 bytes} [Thu Oct 26 15:38:41 2023] GET /identity => generated 269 bytes in 3 msecs (HTTP/1.1 300) 6 headers in 233 bytes (1 switches on core 0)
Oct 26 15:38:41 user devstack@keystone.service[46035]: DEBUG keystone.server.flask.request_processing.req_logging [None req-da0e050d-5394-4128-99ca-22f88ff5d062 None None] REQUEST_METHOD: `POST` {{(pid=46035) log_request_info /opt/stack/keystone/keystone/server/flask/request_processing/req_logging.py:27}}
Oct 26 15:38:41 user devstack@keystone.service[46035]: DEBUG keystone.server.flask.request_processing.req_logging [None req-da0e050d-5394-4128-99ca-22f88ff5d062 None None] SCRIPT_NAME: `/identity` {{(pid=46035) log_request_info /opt/stack/keystone/keystone/server/flask/request_processing/req_logging.py:28}}
Oct 26 15:38:41 user devstack@keystone.service[46035]: DEBUG keystone.server.flask.request_processing.req_logging [None req-da0e050d-5394-4128-99ca-22f88ff5d062 None None] PATH_INFO: `/v3/auth/tokens` {{(pid=46035) log_request_info /opt/stack/keystone/keystone/server/flask/request_processing/req_logging.py:29}}
