Oct 26 16:54:15 user devstack@c-api.service[75936]: [pid: 75936|app: 0|req: 40/110] 10.0.0.210 () {64 vars in 1655 bytes} [Thu Oct 26 16:54:15 2023] GET /volume/v3/9db4b195c93841d796eb32a716dcf2b3/volumes/2547d752-80e6-43ae-bdaf-966bac51ac04 => generated 109 bytes in 27 msecs (HTTP/1.1 404) 7 headers in 292 bytes (1 switches on core 0)
Oct 26 16:54:15 user devstack@c-api.service[75938]: INFO cinder.api.openstack.wsgi [None req-30b6b32f-e152-4ab5-9462-233add834783 tempest-TestVolumeSwap-576420899 tempest-TestVolumeSwap-576420899-project-member] POST http://10.0.0.210/volume/v3/3ee6a73f02e54d7fa20bbe92d986f577/volumes
Oct 26 16:54:15 user devstack@c-api.service[75938]: DEBUG cinder.api.openstack.wsgi [None req-30b6b32f-e152-4ab5-9462-233add834783 tempest-TestVolumeSwap-576420899 tempest-TestVolumeSwap-576420899-project-member] Action: 'create', calling method: create, body: {"volume": {"size": 1, "display_name": "tempest-TestVolumeSwap-volume-1384806112"}} {{(pid=75938) _process_stack /opt/stack/cinder/cinder/api/openstack/wsgi.py:866}}
Oct 26 16:54:15 user devstack@c-api.service[75938]: DEBUG cinder.api.v3.volumes [None req-30b6b32f-e152-4ab5-9462-233add834783 tempest-TestVolumeSwap-576420899 tempest-TestVolumeSwap-576420899-project-member] Create volume request body: {'volume': {'size': 1, 'display_name': 'tempest-TestVolumeSwap-volume-1384806112'}} {{(pid=75938) create /opt/stack/cinder/cinder/api/v3/volumes.py:297}}
Oct 26 16:54:15 user devstack@c-api.service[75938]: INFO cinder.api.v3.volumes [None req-30b6b32f-e152-4ab5-9462-233add834783 tempest-TestVolumeSwap-576420899 tempest-TestVolumeSwap-576420899-project-member] Create volume of 1 GB
Oct 26 16:54:15 user devstack@c-api.service[75938]: INFO cinder.volume.api [None req-30b6b32f-e152-4ab5-9462-233add834783 tempest-TestVolumeSwap-576420899 tempest-TestVolumeSwap-576420899-project-member] Availability Zones retrieved successfully.
Oct 26 16:54:15 user devstack@c-api.service[75937]: DEBUG cinder.api.middleware.request_id [None req-e76e34c7-0cdd-4560-9405-9f959562f112 None None] RequestId filter calling following filter/app {{(pid=75937) _context_setter /opt/stack/cinder/cinder/api/middleware/request_id.py:62}}
Oct 26 16:54:15 user devstack@c-api.service[75937]: INFO cinder.api.openstack.wsgi [None req-e76e34c7-0cdd-4560-9405-9f959562f112 tempest-VolumesListTestJSON-371394211 tempest-VolumesListTestJSON-371394211-project-member] GET http://10.0.0.210/volume/v3/27a8430787b74a7dbb61280b40e2d4f8/volumes/aeeab2cd-7458-41ec-bb09-4771bf73ced3
Oct 26 16:54:15 user devstack@c-api.service[75937]: DEBUG cinder.api.openstack.wsgi [None req-e76e34c7-0cdd-4560-9405-9f959562f112 tempest-VolumesListTestJSON-371394211 tempest-VolumesListTestJSON-371394211-project-member] Empty body provided in request {{(pid=75937) get_body /opt/stack/cinder/cinder/api/openstack/wsgi.py:715}}
Oct 26 16:54:15 user devstack@c-api.service[75937]: DEBUG cinder.api.openstack.wsgi [None req-e76e34c7-0cdd-4560-9405-9f959562f112 tempest-VolumesListTestJSON-371394211 tempest-VolumesListTestJSON-371394211-project-member] Calling method 'show' {{(pid=75937) _process_stack /opt/stack/cinder/cinder/api/openstack/wsgi.py:868}}
Oct 26 16:54:15 user devstack@c-api.service[75938]: DEBUG cinder.volume.api [None req-30b6b32f-e152-4ab5-9462-233add834783 tempest-TestVolumeSwap-576420899 tempest-TestVolumeSwap-576420899-project-member] Flow 'volume_create_api' (e602b154-c715-4b4a-8d1b-03ea13fb073d) transitioned into state 'RUNNING' from state 'PENDING' {{(pid=75938) _flow_receiver /opt/stack/data/venv/lib/python3.10/site-packages/taskflow/listeners/logging.py:141}}
Oct 26 16:54:15 user devstack@c-api.service[75938]: DEBUG cinder.volume.api [None req-30b6b32f-e152-4ab5-9462-233add834783 tempest-TestVolumeSwap-576420899 tempest-TestVolumeSwap-576420899-project-member] Task 'cinder.volume.flows.api.create_volume.ExtractVolumeRequestTask;volume:create' (713e589c-e7a2-47d0-a5a4-533091cb8005) transitioned into state 'RUNNING' from state 'PENDING' {{(pid=75938) _task_receiver /opt/stack/data/venv/lib/python3.10/site-packages/taskflow/listeners/logging.py:190}}
Oct 26 16:54:15 user devstack@c-api.service[75938]: DEBUG cinder.volume.flows.api.create_volume [None req-30b6b32f-e152-4ab5-9462-233add834783 tempest-TestVolumeSwap-576420899 tempest-TestVolumeSwap-576420899-project-member] Validating volume size '1' using validate_int {{(pid=75938) _extract_size /opt/stack/cinder/cinder/volume/flows/api/create_volume.py:228}}
Oct 26 16:54:15 user devstack@c-api.service[75937]: /opt/stack/data/venv/lib/python3.10/site-packages/oslo_context/context.py:100: DeprecationWarning: Policy enforcement is depending on the value of is_admin. This key is deprecated. Please update your policy file to use the standard policy values.
Oct 26 16:54:15 user devstack@c-api.service[75937]: warnings.warn('Policy enforcement is depending on the value of '
Oct 26 16:54:15 user devstack@c-api.service[75937]: INFO cinder.volume.api [None req-e76e34c7-0cdd-4560-9405-9f959562f112 tempest-VolumesListTestJSON-371394211 tempest-VolumesListTestJSON-371394211-project-member] Volume info retrieved successfully.
Oct 26 16:54:15 user devstack@c-api.service[75937]: INFO cinder.api.openstack.wsgi [None req-e76e34c7-0cdd-4560-9405-9f959562f112 tempest-VolumesListTestJSON-371394211 tempest-VolumesListTestJSON-371394211-project-member] http://10.0.0.210/volume/v3/27a8430787b74a7dbb61280b40e2d4f8/volumes/aeeab2cd-7458-41ec-bb09-4771bf73ced3 returned with HTTP 200
Oct 26 16:54:15 user devstack@c-api.service[75938]: DEBUG cinder.volume.api [None req-30b6b32f-e152-4ab5-9462-233add834783 tempest-TestVolumeSwap-576420899 tempest-TestVolumeSwap-576420899-project-member] Task 'cinder.volume.flows.api.create_volume.ExtractVolumeRequestTask;volume:create' (713e589c-e7a2-47d0-a5a4-533091cb8005) transitioned into state 'SUCCESS' from state 'RUNNING' with result '{'size': 1, 'snapshot_id': None, 'source_volid': None, 'volume_type': VolumeType(created_at=2023-10-26T16:50:06Z,deleted=False,deleted_at=None,description=None,extra_specs={volume_backend_name='joviandss-2'},id=694ac8c1-a5f1-4851-a46b-a48ca4787be8,is_public=True,name='joviandss-2',projects=[],qos_specs=,qos_specs_id=None,updated_at=None), 'volume_type_id': '694ac8c1-a5f1-4851-a46b-a48ca4787be8', 'encryption_key_id': None, 'qos_specs': None, 'consistencygroup_id': None, 'cgsnapshot_id': None, 'group_id': None, 'replication_status': 'disabled', 'refresh_az': False, 'backup_id': None, 'multiattach': False, 'availability_zones': ['nova']}' {{(pid=75938) _task_receiver /opt/stack/data/venv/lib/python3.10/site-packages/taskflow/listeners/logging.py:178}}
Oct 26 16:54:15 user devstack@c-api.service[75938]: DEBUG cinder.volume.api [None req-30b6b32f-e152-4ab5-9462-233add834783 tempest-TestVolumeSwap-576420899 tempest-TestVolumeSwap-576420899-project-member] Task 'cinder.volume.flows.api.create_volume.QuotaReserveTask;volume:create' (766ee114-58d8-4767-b83c-5f4d753e770a) transitioned into state 'RUNNING' from state 'PENDING' {{(pid=75938) _task_receiver /opt/stack/data/venv/lib/python3.10/site-packages/taskflow/listeners/logging.py:190}}
Oct 26 16:54:15 user devstack@c-api.service[75937]: [pid: 75937|app: 0|req: 37/111] 10.0.0.210 () {62 vars in 1402 bytes} [Thu Oct 26 16:54:15 2023] GET /volume/v3/27a8430787b74a7dbb61280b40e2d4f8/volumes/aeeab2cd-7458-41ec-bb09-4771bf73ced3 => generated 923 bytes in 54 msecs (HTTP/1.1 200) 7 headers in 285 bytes (1 switches on core 0)
Oct 26 16:54:15 user devstack@c-api.service[75936]: DEBUG cinder.api.middleware.request_id [None req-4f7c0fd7-8fae-4305-aceb-26ef27d6eadf None None] RequestId filter calling following filter/app {{(pid=75936) _context_setter /opt/stack/cinder/cinder/api/middleware/request_id.py:62}}
Oct 26 16:54:15 user devstack@c-api.service[75936]: INFO cinder.api.openstack.wsgi [None req-4f7c0fd7-8fae-4305-aceb-26ef27d6eadf tempest-VolumesTestJSON-242699129 tempest-VolumesTestJSON-242699129-project-member] GET http://10.0.0.210/volume/v3/ebc5f48192dd4ec3af00aae46ca1eea2/volumes/f0d22377-8df0-4df5-901a-5f85a0bea4c0
Oct 26 16:54:15 user devstack@c-api.service[75936]: DEBUG cinder.api.openstack.wsgi [None req-4f7c0fd7-8fae-4305-aceb-26ef27d6eadf tempest-VolumesTestJSON-242699129 tempest-VolumesTestJSON-242699129-project-member] Empty body provided in request {{(pid=75936) get_body /opt/stack/cinder/cinder/api/openstack/wsgi.py:715}}
Oct 26 16:54:15 user devstack@c-api.service[75936]: DEBUG cinder.api.openstack.wsgi [None req-4f7c0fd7-8fae-4305-aceb-26ef27d6eadf tempest-VolumesTestJSON-242699129 tempest-VolumesTestJSON-242699129-project-member] Calling method 'show' {{(pid=75936) _process_stack /opt/stack/cinder/cinder/api/openstack/wsgi.py:868}}
Oct 26 16:54:15 user devstack@c-api.service[75938]: DEBUG cinder.quota [None req-30b6b32f-e152-4ab5-9462-233add834783 tempest-TestVolumeSwap-576420899 tempest-TestVolumeSwap-576420899-project-member] Created reservations ['00ffeb3c-043a-48ee-a4d3-d6cc313846a4', '244f4226-b1fe-4212-bbf6-ed466c1659c8', '3e6edbb7-576b-45e3-af69-6e0d78e3f596', 'c82e45fe-ea10-4a02-8e0b-5c917428bd2e'] {{(pid=75938) reserve /opt/stack/cinder/cinder/quota.py:755}}
Oct 26 16:54:15 user devstack@c-api.service[75938]: DEBUG cinder.volume.api [None req-30b6b32f-e152-4ab5-9462-233add834783 tempest-TestVolumeSwap-576420899 tempest-TestVolumeSwap-576420899-project-member] Task 'cinder.volume.flows.api.create_volume.QuotaReserveTask;volume:create' (766ee114-58d8-4767-b83c-5f4d753e770a) transitioned into state 'SUCCESS' from state 'RUNNING' with result '{'reservations': ['00ffeb3c-043a-48ee-a4d3-d6cc313846a4', '244f4226-b1fe-4212-bbf6-ed466c1659c8', '3e6edbb7-576b-45e3-af69-6e0d78e3f596', 'c82e45fe-ea10-4a02-8e0b-5c917428bd2e']}' {{(pid=75938) _task_receiver /opt/stack/data/venv/lib/python3.10/site-packages/taskflow/listeners/logging.py:178}}
Oct 26 16:54:15 user devstack@c-api.service[75938]: DEBUG cinder.volume.api [None req-30b6b32f-e152-4ab5-9462-233add834783 tempest-TestVolumeSwap-576420899 tempest-TestVolumeSwap-576420899-project-member] Task 'cinder.volume.flows.api.create_volume.EntryCreateTask;volume:create' (7a5fdc71-73d2-420c-81db-4d68a3c61585) transitioned into state 'RUNNING' from state 'PENDING' {{(pid=75938) _task_receiver /opt/stack/data/venv/lib/python3.10/site-packages/taskflow/listeners/logging.py:190}}
Oct 26 16:54:15 user devstack@c-api.service[75936]: /opt/stack/data/venv/lib/python3.10/site-packages/oslo_context/context.py:100: DeprecationWarning: Policy enforcement is depending on the value of is_admin. This key is deprecated. Please update your policy file to use the standard policy values.
Oct 26 16:54:15 user devstack@c-api.service[75936]: warnings.warn('Policy enforcement is depending on the value of '
Oct 26 16:54:15 user devstack@c-api.service[75936]: INFO cinder.volume.api [None req-4f7c0fd7-8fae-4305-aceb-26ef27d6eadf tempest-VolumesTestJSON-242699129 tempest-VolumesTestJSON-242699129-project-member] Volume info retrieved successfully.
Oct 26 16:54:15 user devstack@c-api.service[75938]: DEBUG cinder.volume.api [None req-30b6b32f-e152-4ab5-9462-233add834783 tempest-TestVolumeSwap-576420899 tempest-TestVolumeSwap-576420899-project-member] Task 'cinder.volume.flows.api.create_volume.EntryCreateTask;volume:create' (7a5fdc71-73d2-420c-81db-4d68a3c61585) transitioned into state 'SUCCESS' from state 'RUNNING' with result '{'volume_id': '92367020-5467-406a-bff3-0089938acf08', 'volume_properties': VolumeProperties(attach_status='detached',availability_zone='nova',cgsnapshot_id=None,consistencygroup_id=None,display_description=None,display_name='tempest-TestVolumeSwap-volume-1384806112',encryption_key_id=None,group_id=None,group_type_id=,metadata={},multiattach=False,project_id='3ee6a73f02e54d7fa20bbe92d986f577',qos_specs=None,replication_status=,reservations=['00ffeb3c-043a-48ee-a4d3-d6cc313846a4','244f4226-b1fe-4212-bbf6-ed466c1659c8','3e6edbb7-576b-45e3-af69-6e0d78e3f596','c82e45fe-ea10-4a02-8e0b-5c917428bd2e'],size=1,snapshot_id=None,source_replicaid=,source_volid=None,status='creating',user_id='e7cbd5018fe6453095388366e914a5d1',volume_type_id=694ac8c1-a5f1-4851-a46b-a48ca4787be8), 'volume': Volume(_name_id=None,admin_metadata=,attach_status='detached',availability_zone='nova',bootable=False,cluster=,cluster_name=None,consistencygroup=,consistencygroup_id=None,created_at=2023-10-26T16:54:15Z,deleted=False,deleted_at=None,display_description=None,display_name='tempest-TestVolumeSwap-volume-1384806112',ec2_id=None,encryption_key_id=None,glance_metadata=,group=,group_id=None,host=None,id=92367020-5467-406a-bff3-0089938acf08,launched_at=None,metadata={},migration_status=None,multiattach=False,previous_status=None,project_id='3ee6a73f02e54d7fa20bbe92d986f577',provider_auth=None,provider_geometry=None,provider_id=None,provider_location=None,replication_driver_data=None,replication_extended_status=None,replication_status=None,scheduled_at=None,service_uuid=None,shared_targets=True,size=1,snapshot_id=None,snapshots=,source_volid=None,status='creating',terminated_at=None,updated_at=None,use_quota=True,user_id='e7cbd5018fe6453095388366e914a5d1',volume_attachment=VolumeAttachmentList,volume_type=VolumeType(694ac8c1-a5f1-4851-a46b-a48ca4787be8),volume_type_id=694ac8c1-a5f1-4851-a46b-a48ca4787be8)}' {{(pid=75938) _task_receiver /opt/stack/data/venv/lib/python3.10/site-packages/taskflow/listeners/logging.py:178}}
Oct 26 16:54:15 user devstack@c-api.service[75936]: INFO cinder.api.openstack.wsgi [None req-4f7c0fd7-8fae-4305-aceb-26ef27d6eadf tempest-VolumesTestJSON-242699129 tempest-VolumesTestJSON-242699129-project-member] http://10.0.0.210/volume/v3/ebc5f48192dd4ec3af00aae46ca1eea2/volumes/f0d22377-8df0-4df5-901a-5f85a0bea4c0 returned with HTTP 200
Oct 26 16:54:15 user devstack@c-api.service[75936]: [pid: 75936|app: 0|req: 41/112] 10.0.0.210 () {62 vars in 1402 bytes} [Thu Oct 26 16:54:15 2023] GET /volume/v3/ebc5f48192dd4ec3af00aae46ca1eea2/volumes/f0d22377-8df0-4df5-901a-5f85a0bea4c0 => generated 919 bytes in 77 msecs (HTTP/1.1 200) 7 headers in 285 bytes (1 switches on core 0)
Oct 26 16:54:15 user devstack@c-api.service[75938]: DEBUG cinder.volume.api [None req-30b6b32f-e152-4ab5-9462-233add834783 tempest-TestVolumeSwap-576420899 tempest-TestVolumeSwap-576420899-project-member] Task 'cinder.volume.flows.api.create_volume.QuotaCommitTask;volume:create' (dfcdffcb-fd93-4043-988a-1662cabadcdd) transitioned into state 'RUNNING' from state 'PENDING' {{(pid=75938) _task_receiver /opt/stack/data/venv/lib/python3.10/site-packages/taskflow/listeners/logging.py:190}}
Oct 26 16:54:15 user devstack@c-api.service[75938]: DEBUG cinder.volume.api [None req-30b6b32f-e152-4ab5-9462-233add834783 tempest-TestVolumeSwap-576420899 tempest-TestVolumeSwap-576420899-project-member] Task 'cinder.volume.flows.api.create_volume.QuotaCommitTask;volume:create' (dfcdffcb-fd93-4043-988a-1662cabadcdd) transitioned into state 'SUCCESS' from state 'RUNNING' with result '{'volume_properties': VolumeProperties(attach_status='detached',availability_zone='nova',cgsnapshot_id=None,consistencygroup_id=None,display_description=None,display_name='tempest-TestVolumeSwap-volume-1384806112',encryption_key_id=None,group_id=None,group_type_id=,metadata={},multiattach=False,project_id='3ee6a73f02e54d7fa20bbe92d986f577',qos_specs=None,replication_status=,reservations=['00ffeb3c-043a-48ee-a4d3-d6cc313846a4','244f4226-b1fe-4212-bbf6-ed466c1659c8','3e6edbb7-576b-45e3-af69-6e0d78e3f596','c82e45fe-ea10-4a02-8e0b-5c917428bd2e'],size=1,snapshot_id=None,source_replicaid=,source_volid=None,status='creating',user_id='e7cbd5018fe6453095388366e914a5d1',volume_type_id=694ac8c1-a5f1-4851-a46b-a48ca4787be8)}' {{(pid=75938) _task_receiver /opt/stack/data/venv/lib/python3.10/site-packages/taskflow/listeners/logging.py:178}}
Oct 26 16:54:15 user devstack@c-api.service[75938]: DEBUG cinder.volume.api [None req-30b6b32f-e152-4ab5-9462-233add834783 tempest-TestVolumeSwap-576420899 tempest-TestVolumeSwap-576420899-project-member] Task 'cinder.volume.flows.api.create_volume.VolumeCastTask;volume:create' (8966d3d4-1d09-403a-afa8-28485d78d1ba) transitioned into state 'RUNNING' from state 'PENDING' {{(pid=75938) _task_receiver /opt/stack/data/venv/lib/python3.10/site-packages/taskflow/listeners/logging.py:190}}
Oct 26 16:54:15 user devstack@c-api.service[75938]: DEBUG cinder.volume.api [None req-30b6b32f-e152-4ab5-9462-233add834783 tempest-TestVolumeSwap-576420899 tempest-TestVolumeSwap-576420899-project-member] Task 'cinder.volume.flows.api.create_volume.VolumeCastTask;volume:create' (8966d3d4-1d09-403a-afa8-28485d78d1ba) transitioned into state 'SUCCESS' from state 'RUNNING' with result 'None' {{(pid=75938) _task_receiver /opt/stack/data/venv/lib/python3.10/site-packages/taskflow/listeners/logging.py:178}}
Oct 26 16:54:15 user devstack@c-api.service[75938]: DEBUG cinder.volume.api [None req-30b6b32f-e152-4ab5-9462-233add834783 tempest-TestVolumeSwap-576420899 tempest-TestVolumeSwap-576420899-project-member] Flow 'volume_create_api' (e602b154-c715-4b4a-8d1b-03ea13fb073d) transitioned into state 'SUCCESS' from state 'RUNNING' {{(pid=75938) _flow_receiver /opt/stack/data/venv/lib/python3.10/site-packages/taskflow/listeners/logging.py:141}}
Oct 26 16:54:15 user devstack@c-api.service[75938]: INFO cinder.volume.api [None req-30b6b32f-e152-4ab5-9462-233add834783 tempest-TestVolumeSwap-576420899 tempest-TestVolumeSwap-576420899-project-member] Create volume request issued successfully.
Oct 26 16:54:15 user devstack@c-api.service[75938]: INFO cinder.api.openstack.wsgi [None req-30b6b32f-e152-4ab5-9462-233add834783 tempest-TestVolumeSwap-576420899 tempest-TestVolumeSwap-576420899-project-member] http://10.0.0.210/volume/v3/3ee6a73f02e54d7fa20bbe92d986f577/volumes returned with HTTP 202
Oct 26 16:54:15 user devstack@c-api.service[75938]: [pid: 75938|app: 0|req: 35/113] 10.0.0.210 () {64 vars in 1312 bytes} [Thu Oct 26 16:54:14 2023] POST /volume/v3/3ee6a73f02e54d7fa20bbe92d986f577/volumes => generated 812 bytes in 550 msecs (HTTP/1.1 202) 7 headers in 291 bytes (1 switches on core 0)
Oct 26 16:54:15 user devstack@c-api.service[75937]: DEBUG cinder.api.middleware.request_id [None req-1cf25f0d-a7c5-4e61-a204-6bfd0c734faa None None] RequestId filter calling following filter/app {{(pid=75937) _context_setter /opt/stack/cinder/cinder/api/middleware/request_id.py:62}}
Oct 26 16:54:15 user devstack@c-api.service[75937]: INFO cinder.api.openstack.wsgi [None req-1cf25f0d-a7c5-4e61-a204-6bfd0c734faa tempest-TestVolumeSwap-576420899 tempest-TestVolumeSwap-576420899-project-member] GET http://10.0.0.210/volume/v3/3ee6a73f02e54d7fa20bbe92d986f577/volumes/92367020-5467-406a-bff3-0089938acf08
Oct 26 16:54:15 user devstack@c-api.service[75937]: DEBUG cinder.api.openstack.wsgi [None req-1cf25f0d-a7c5-4e61-a204-6bfd0c734faa tempest-TestVolumeSwap-576420899 tempest-TestVolumeSwap-576420899-project-member] Empty body provided in request {{(pid=75937) get_body /opt/stack/cinder/cinder/api/openstack/wsgi.py:715}}
Oct 26 16:54:15 user devstack@c-api.service[75937]: DEBUG cinder.api.openstack.wsgi [None req-1cf25f0d-a7c5-4e61-a204-6bfd0c734faa tempest-TestVolumeSwap-576420899 tempest-TestVolumeSwap-576420899-project-member] Calling method 'show' {{(pid=75937) _process_stack /opt/stack/cinder/cinder/api/openstack/wsgi.py:868}}
Oct 26 16:54:15 user devstack@c-api.service[75937]: /opt/stack/data/venv/lib/python3.10/site-packages/oslo_context/context.py:100: DeprecationWarning: Policy enforcement is depending on the value of is_admin. This key is deprecated. Please update your policy file to use the standard policy values.
Oct 26 16:54:15 user devstack@c-api.service[75937]: warnings.warn('Policy enforcement is depending on the value of '
Oct 26 16:54:15 user devstack@c-api.service[75937]: INFO cinder.volume.api [None req-1cf25f0d-a7c5-4e61-a204-6bfd0c734faa tempest-TestVolumeSwap-576420899 tempest-TestVolumeSwap-576420899-project-member] Volume info retrieved successfully.
Oct 26 16:54:15 user devstack@c-api.service[75937]: INFO cinder.api.openstack.wsgi [None req-1cf25f0d-a7c5-4e61-a204-6bfd0c734faa tempest-TestVolumeSwap-576420899 tempest-TestVolumeSwap-576420899-project-member] http://10.0.0.210/volume/v3/3ee6a73f02e54d7fa20bbe92d986f577/volumes/92367020-5467-406a-bff3-0089938acf08 returned with HTTP 200
Oct 26 16:54:15 user devstack@c-api.service[75937]: [pid: 75937|app: 0|req: 38/114] 10.0.0.210 () {62 vars in 1402 bytes} [Thu Oct 26 16:54:15 2023] GET /volume/v3/3ee6a73f02e54d7fa20bbe92d986f577/volumes/92367020-5467-406a-bff3-0089938acf08 => generated 880 bytes in 81 msecs (HTTP/1.1 200) 7 headers in 285 bytes (1 switches on core 0)
Oct 26 16:54:16 user devstack@c-api.service[75936]: DEBUG cinder.api.middleware.request_id [None req-d3a3e19d-5801-4d35-aabb-9367c0e30b9f None None] RequestId filter calling following filter/app {{(pid=75936) _context_setter /opt/stack/cinder/cinder/api/middleware/request_id.py:62}}
Oct 26 16:54:16 user devstack@c-api.service[75936]: INFO cinder.api.openstack.wsgi [None req-d3a3e19d-5801-4d35-aabb-9367c0e30b9f tempest-VolumesListTestJSON-371394211 tempest-VolumesListTestJSON-371394211-project-member] GET http://10.0.0.210/volume/v3/27a8430787b74a7dbb61280b40e2d4f8/volumes/aeeab2cd-7458-41ec-bb09-4771bf73ced3
Oct 26 16:54:16 user devstack@c-api.service[75936]: DEBUG cinder.api.openstack.wsgi [None req-d3a3e19d-5801-4d35-aabb-9367c0e30b9f tempest-VolumesListTestJSON-371394211 tempest-VolumesListTestJSON-371394211-project-member] Empty body provided in request {{(pid=75936) get_body /opt/stack/cinder/cinder/api/openstack/wsgi.py:715}}
Oct 26 16:54:16 user devstack@c-api.service[75936]: DEBUG cinder.api.openstack.wsgi [None req-d3a3e19d-5801-4d35-aabb-9367c0e30b9f tempest-VolumesListTestJSON-371394211 tempest-VolumesListTestJSON-371394211-project-member] Calling method 'show' {{(pid=75936) _process_stack /opt/stack/cinder/cinder/api/openstack/wsgi.py:868}}
Oct 26 16:54:16 user devstack@c-api.service[75936]: /opt/stack/data/venv/lib/python3.10/site-packages/oslo_context/context.py:100: DeprecationWarning: Policy enforcement is depending on the value of is_admin. This key is deprecated. Please update your policy file to use the standard policy values.
Oct 26 16:54:16 user devstack@c-api.service[75936]: warnings.warn('Policy enforcement is depending on the value of '
Oct 26 16:54:16 user devstack@c-api.service[75936]: INFO cinder.volume.api [None req-d3a3e19d-5801-4d35-aabb-9367c0e30b9f tempest-VolumesListTestJSON-371394211 tempest-VolumesListTestJSON-371394211-project-member] Volume info retrieved successfully.
Oct 26 16:54:16 user devstack@c-api.service[75936]: INFO cinder.api.openstack.wsgi [None req-d3a3e19d-5801-4d35-aabb-9367c0e30b9f tempest-VolumesListTestJSON-371394211 tempest-VolumesListTestJSON-371394211-project-member] http://10.0.0.210/volume/v3/27a8430787b74a7dbb61280b40e2d4f8/volumes/aeeab2cd-7458-41ec-bb09-4771bf73ced3 returned with HTTP 200
Oct 26 16:54:16 user devstack@c-api.service[75936]: [pid: 75936|app: 0|req: 42/115] 10.0.0.210 () {62 vars in 1402 bytes} [Thu Oct 26 16:54:16 2023] GET /volume/v3/27a8430787b74a7dbb61280b40e2d4f8/volumes/aeeab2cd-7458-41ec-bb09-4771bf73ced3 => generated 924 bytes in 54 msecs (HTTP/1.1 200) 7 headers in 285 bytes (1 switches on core 0)
Oct 26 16:54:16 user devstack@c-api.service[75938]: DEBUG cinder.api.middleware.request_id [None req-a79a040e-a9d4-4b7b-beb3-14a6bfb152b9 None None] RequestId filter calling following filter/app {{(pid=75938) _context_setter /opt/stack/cinder/cinder/api/middleware/request_id.py:62}}
Oct 26 16:54:16 user devstack@c-api.service[75938]: INFO cinder.api.openstack.wsgi [None req-a79a040e-a9d4-4b7b-beb3-14a6bfb152b9 tempest-VolumesListTestJSON-371394211 tempest-VolumesListTestJSON-371394211-project-member] GET http://10.0.0.210/volume/v3/27a8430787b74a7dbb61280b40e2d4f8/volumes/aeeab2cd-7458-41ec-bb09-4771bf73ced3
Oct 26 16:54:16 user devstack@c-api.service[75938]: DEBUG cinder.api.openstack.wsgi [None req-a79a040e-a9d4-4b7b-beb3-14a6bfb152b9 tempest-VolumesListTestJSON-371394211 tempest-VolumesListTestJSON-371394211-project-member] Empty body provided in request {{(pid=75938) get_body /opt/stack/cinder/cinder/api/openstack/wsgi.py:715}}
Oct 26 16:54:16 user devstack@c-api.service[75938]: DEBUG cinder.api.openstack.wsgi [None req-a79a040e-a9d4-4b7b-beb3-14a6bfb152b9 tempest-VolumesListTestJSON-371394211 tempest-VolumesListTestJSON-371394211-project-member] Calling method 'show' {{(pid=75938) _process_stack /opt/stack/cinder/cinder/api/openstack/wsgi.py:868}}
Oct 26 16:54:16 user devstack@c-api.service[75938]: /opt/stack/data/venv/lib/python3.10/site-packages/oslo_context/context.py:100: DeprecationWarning: Policy enforcement is depending on the value of is_admin. This key is deprecated. Please update your policy file to use the standard policy values.
Oct 26 16:54:16 user devstack@c-api.service[75938]: warnings.warn('Policy enforcement is depending on the value of '
Oct 26 16:54:16 user devstack@c-api.service[75938]: INFO cinder.volume.api [None req-a79a040e-a9d4-4b7b-beb3-14a6bfb152b9 tempest-VolumesListTestJSON-371394211 tempest-VolumesListTestJSON-371394211-project-member] Volume info retrieved successfully.
Oct 26 16:54:16 user devstack@c-api.service[75938]: INFO cinder.api.openstack.wsgi [None req-a79a040e-a9d4-4b7b-beb3-14a6bfb152b9 tempest-VolumesListTestJSON-371394211 tempest-VolumesListTestJSON-371394211-project-member] http://10.0.0.210/volume/v3/27a8430787b74a7dbb61280b40e2d4f8/volumes/aeeab2cd-7458-41ec-bb09-4771bf73ced3 returned with HTTP 200
Oct 26 16:54:16 user devstack@c-api.service[75938]: [pid: 75938|app: 0|req: 36/116] 10.0.0.210 () {62 vars in 1402 bytes} [Thu Oct 26 16:54:16 2023] GET /volume/v3/27a8430787b74a7dbb61280b40e2d4f8/volumes/aeeab2cd-7458-41ec-bb09-4771bf73ced3 => generated 924 bytes in 66 msecs (HTTP/1.1 200) 7 headers in 285 bytes (1 switches on core 0)
Oct 26 16:54:16 user devstack@c-api.service[75937]: DEBUG cinder.api.middleware.request_id [None req-32acb459-cf5a-45b4-a268-67bc6d642af3 None None] RequestId filter calling following filter/app {{(pid=75937) _context_setter /opt/stack/cinder/cinder/api/middleware/request_id.py:62}}
Oct 26 16:54:16 user devstack@c-api.service[75937]: INFO cinder.api.openstack.wsgi [None req-32acb459-cf5a-45b4-a268-67bc6d642af3 tempest-VolumesListTestJSON-371394211 tempest-VolumesListTestJSON-371394211-project-member] GET http://10.0.0.210/volume/v3/27a8430787b74a7dbb61280b40e2d4f8/volumes
Oct 26 16:54:16 user devstack@c-api.service[75937]: DEBUG cinder.api.openstack.wsgi [None req-32acb459-cf5a-45b4-a268-67bc6d642af3 tempest-VolumesListTestJSON-371394211 tempest-VolumesListTestJSON-371394211-project-member] Empty body provided in request {{(pid=75937) get_body /opt/stack/cinder/cinder/api/openstack/wsgi.py:715}}
Oct 26 16:54:16 user devstack@c-api.service[75937]: DEBUG cinder.api.openstack.wsgi [None req-32acb459-cf5a-45b4-a268-67bc6d642af3 tempest-VolumesListTestJSON-371394211 tempest-VolumesListTestJSON-371394211-project-member] Calling method 'index' {{(pid=75937) _process_stack /opt/stack/cinder/cinder/api/openstack/wsgi.py:868}}
Oct 26 16:54:16 user devstack@c-api.service[75937]: DEBUG cinder.api.api_utils [None req-32acb459-cf5a-45b4-a268-67bc6d642af3 tempest-VolumesListTestJSON-371394211 tempest-VolumesListTestJSON-371394211-project-member] Removing options '' from query. {{(pid=75937) remove_invalid_filter_options /opt/stack/cinder/cinder/api/api_utils.py:83}}
Oct 26 16:54:16 user devstack@c-api.service[75937]: DEBUG cinder.volume.api [None req-32acb459-cf5a-45b4-a268-67bc6d642af3 tempest-VolumesListTestJSON-371394211 tempest-VolumesListTestJSON-371394211-project-member] Searching by: MultiDict([('no_migration_targets', True)]). {{(pid=75937) get_all /opt/stack/cinder/cinder/volume/api.py:664}}
Oct 26 16:54:16 user devstack@c-api.service[75936]: DEBUG cinder.api.middleware.request_id [None req-e140df9b-13f7-41f4-b05e-786dace01a56 None None] RequestId filter calling following filter/app {{(pid=75936) _context_setter /opt/stack/cinder/cinder/api/middleware/request_id.py:62}}
Oct 26 16:54:16 user devstack@c-api.service[75936]: INFO cinder.api.openstack.wsgi [None req-e140df9b-13f7-41f4-b05e-786dace01a56 tempest-VolumesTestJSON-242699129 tempest-VolumesTestJSON-242699129-project-member] GET http://10.0.0.210/volume/v3/ebc5f48192dd4ec3af00aae46ca1eea2/volumes/f0d22377-8df0-4df5-901a-5f85a0bea4c0
Oct 26 16:54:16 user devstack@c-api.service[75936]: DEBUG cinder.api.openstack.wsgi [None req-e140df9b-13f7-41f4-b05e-786dace01a56 tempest-VolumesTestJSON-242699129 tempest-VolumesTestJSON-242699129-project-member] Empty body provided in request {{(pid=75936) get_body /opt/stack/cinder/cinder/api/openstack/wsgi.py:715}}
Oct 26 16:54:16 user devstack@c-api.service[75936]: DEBUG cinder.api.openstack.wsgi [None req-e140df9b-13f7-41f4-b05e-786dace01a56 tempest-VolumesTestJSON-242699129 tempest-VolumesTestJSON-242699129-project-member] Calling method 'show' {{(pid=75936) _process_stack /opt/stack/cinder/cinder/api/openstack/wsgi.py:868}}
Oct 26 16:54:16 user devstack@c-api.service[75936]: /opt/stack/data/venv/lib/python3.10/site-packages/oslo_context/context.py:100: DeprecationWarning: Policy enforcement is depending on the value of is_admin. This key is deprecated. Please update your policy file to use the standard policy values.
Oct 26 16:54:16 user devstack@c-api.service[75936]: warnings.warn('Policy enforcement is depending on the value of '
Oct 26 16:54:16 user devstack@c-api.service[75936]: INFO cinder.volume.api [None req-e140df9b-13f7-41f4-b05e-786dace01a56 tempest-VolumesTestJSON-242699129 tempest-VolumesTestJSON-242699129-project-member] Volume info retrieved successfully.
Oct 26 16:54:16 user devstack@c-api.service[75937]: INFO cinder.volume.api [None req-32acb459-cf5a-45b4-a268-67bc6d642af3 tempest-VolumesListTestJSON-371394211 tempest-VolumesListTestJSON-371394211-project-member] Get all volumes completed successfully.
Oct 26 16:54:16 user devstack@c-api.service[75937]: INFO cinder.api.openstack.wsgi [None req-32acb459-cf5a-45b4-a268-67bc6d642af3 tempest-VolumesListTestJSON-371394211 tempest-VolumesListTestJSON-371394211-project-member] http://10.0.0.210/volume/v3/27a8430787b74a7dbb61280b40e2d4f8/volumes returned with HTTP 200
Oct 26 16:54:16 user devstack@c-api.service[75937]: [pid: 75937|app: 0|req: 39/117] 10.0.0.210 () {62 vars in 1291 bytes} [Thu Oct 26 16:54:16 2023] GET /volume/v3/27a8430787b74a7dbb61280b40e2d4f8/volumes => generated 1167 bytes in 105 msecs (HTTP/1.1 200) 7 headers in 286 bytes (1 switches on core 0)
Oct 26 16:54:16 user devstack@c-api.service[75936]: INFO cinder.api.openstack.wsgi [None req-e140df9b-13f7-41f4-b05e-786dace01a56 tempest-VolumesTestJSON-242699129 tempest-VolumesTestJSON-242699129-project-member] http://10.0.0.210/volume/v3/ebc5f48192dd4ec3af00aae46ca1eea2/volumes/f0d22377-8df0-4df5-901a-5f85a0bea4c0 returned with HTTP 200
Oct 26 16:54:16 user devstack@c-api.service[75936]: [pid: 75936|app: 0|req: 43/118] 10.0.0.210 () {62 vars in 1402 bytes} [Thu Oct 26 16:54:16 2023] GET /volume/v3/ebc5f48192dd4ec3af00aae46ca1eea2/volumes/f0d22377-8df0-4df5-901a-5f85a0bea4c0 => generated 919 bytes in 65 msecs (HTTP/1.1 200) 7 headers in 285 bytes (1 switches on core 0)
Oct 26 16:54:16 user devstack@c-api.service[75938]: DEBUG cinder.api.middleware.request_id [None req-8b65628a-6baa-4e08-844d-d0dc374bef2e None None] RequestId filter calling following filter/app {{(pid=75938) _context_setter /opt/stack/cinder/cinder/api/middleware/request_id.py:62}}
Oct 26 16:54:16 user devstack@c-api.service[75938]: INFO cinder.api.openstack.wsgi [None req-8b65628a-6baa-4e08-844d-d0dc374bef2e tempest-VolumesListTestJSON-371394211 tempest-VolumesListTestJSON-371394211-project-member] GET http://10.0.0.210/volume/v3/27a8430787b74a7dbb61280b40e2d4f8/volumes?name=tempest-VolumesListTestJSON-Volume-596408789
Oct 26 16:54:16 user devstack@c-api.service[75938]: DEBUG cinder.api.openstack.wsgi [None req-8b65628a-6baa-4e08-844d-d0dc374bef2e tempest-VolumesListTestJSON-371394211 tempest-VolumesListTestJSON-371394211-project-member] Empty body provided in request {{(pid=75938) get_body /opt/stack/cinder/cinder/api/openstack/wsgi.py:715}}
Oct 26 16:54:16 user devstack@c-api.service[75938]: DEBUG cinder.api.openstack.wsgi [None req-8b65628a-6baa-4e08-844d-d0dc374bef2e tempest-VolumesListTestJSON-371394211 tempest-VolumesListTestJSON-371394211-project-member] Calling method 'index' {{(pid=75938) _process_stack /opt/stack/cinder/cinder/api/openstack/wsgi.py:868}}
Oct 26 16:54:16 user devstack@c-api.service[75938]: DEBUG cinder.api.api_utils [None req-8b65628a-6baa-4e08-844d-d0dc374bef2e tempest-VolumesListTestJSON-371394211 tempest-VolumesListTestJSON-371394211-project-member] Removing options '' from query. {{(pid=75938) remove_invalid_filter_options /opt/stack/cinder/cinder/api/api_utils.py:83}}
Oct 26 16:54:16 user devstack@c-api.service[75938]: DEBUG cinder.volume.api [None req-8b65628a-6baa-4e08-844d-d0dc374bef2e tempest-VolumesListTestJSON-371394211 tempest-VolumesListTestJSON-371394211-project-member] Searching by: MultiDict([('display_name', 'tempest-VolumesListTestJSON-Volume-596408789'), ('no_migration_targets', True)]). {{(pid=75938) get_all /opt/stack/cinder/cinder/volume/api.py:664}}
Oct 26 16:54:16 user devstack@c-api.service[75936]: DEBUG cinder.api.middleware.request_id [None req-eedb9435-0c05-4db5-b5e2-10fc27caf4a1 None None] RequestId filter calling following filter/app {{(pid=75936) _context_setter /opt/stack/cinder/cinder/api/middleware/request_id.py:62}}
Oct 26 16:54:16 user devstack@c-api.service[75936]: INFO cinder.api.openstack.wsgi [None req-eedb9435-0c05-4db5-b5e2-10fc27caf4a1 tempest-TestVolumeSwap-576420899 tempest-TestVolumeSwap-576420899-project-member] GET http://10.0.0.210/volume/v3/3ee6a73f02e54d7fa20bbe92d986f577/volumes/92367020-5467-406a-bff3-0089938acf08
Oct 26 16:54:16 user devstack@c-api.service[75936]: DEBUG cinder.api.openstack.wsgi [None req-eedb9435-0c05-4db5-b5e2-10fc27caf4a1 tempest-TestVolumeSwap-576420899 tempest-TestVolumeSwap-576420899-project-member] Empty body provided in request {{(pid=75936) get_body /opt/stack/cinder/cinder/api/openstack/wsgi.py:715}}
Oct 26 16:54:16 user devstack@c-api.service[75936]: DEBUG cinder.api.openstack.wsgi [None req-eedb9435-0c05-4db5-b5e2-10fc27caf4a1 tempest-TestVolumeSwap-576420899 tempest-TestVolumeSwap-576420899-project-member] Calling method 'show' {{(pid=75936) _process_stack /opt/stack/cinder/cinder/api/openstack/wsgi.py:868}}
Oct 26 16:54:16 user devstack@c-api.service[75938]: INFO cinder.volume.api [None req-8b65628a-6baa-4e08-844d-d0dc374bef2e tempest-VolumesListTestJSON-371394211 tempest-VolumesListTestJSON-371394211-project-member] Get all volumes completed successfully.
Oct 26 16:54:16 user devstack@c-api.service[75938]: INFO cinder.api.openstack.wsgi [None req-8b65628a-6baa-4e08-844d-d0dc374bef2e tempest-VolumesListTestJSON-371394211 tempest-VolumesListTestJSON-371394211-project-member] http://10.0.0.210/volume/v3/27a8430787b74a7dbb61280b40e2d4f8/volumes?name=tempest-VolumesListTestJSON-Volume-596408789 returned with HTTP 200
Oct 26 16:54:16 user devstack@c-api.service[75938]: [pid: 75938|app: 0|req: 37/119] 10.0.0.210 () {62 vars in 1390 bytes} [Thu Oct 26 16:54:16 2023] GET /volume/v3/27a8430787b74a7dbb61280b40e2d4f8/volumes?name=tempest-VolumesListTestJSON-Volume-596408789 => generated 397 bytes in 94 msecs (HTTP/1.1 200) 7 headers in 285 bytes (1 switches on core 0)
Oct 26 16:54:16 user devstack@c-api.service[75936]: /opt/stack/data/venv/lib/python3.10/site-packages/oslo_context/context.py:100: DeprecationWarning: Policy enforcement is depending on the value of is_admin. This key is deprecated. Please update your policy file to use the standard policy values.
Oct 26 16:54:16 user devstack@c-api.service[75936]: warnings.warn('Policy enforcement is depending on the value of '
Oct 26 16:54:16 user devstack@c-api.service[75937]: DEBUG cinder.api.middleware.request_id [None req-994f2f56-9fbc-4631-8bbf-37809f6fac09 None None] RequestId filter calling following filter/app {{(pid=75937) _context_setter /opt/stack/cinder/cinder/api/middleware/request_id.py:62}}
Oct 26 16:54:16 user devstack@c-api.service[75937]: INFO cinder.api.openstack.wsgi [None req-994f2f56-9fbc-4631-8bbf-37809f6fac09 tempest-VolumesListTestJSON-371394211 tempest-VolumesListTestJSON-371394211-project-member] GET http://10.0.0.210/volume/v3/27a8430787b74a7dbb61280b40e2d4f8/volumes/detail?name=tempest-VolumesListTestJSON-Volume-1685034347
Oct 26 16:54:16 user devstack@c-api.service[75937]: DEBUG cinder.api.openstack.wsgi [None req-994f2f56-9fbc-4631-8bbf-37809f6fac09 tempest-VolumesListTestJSON-371394211 tempest-VolumesListTestJSON-371394211-project-member] Empty body provided in request {{(pid=75937) get_body /opt/stack/cinder/cinder/api/openstack/wsgi.py:715}}
Oct 26 16:54:16 user devstack@c-api.service[75937]: DEBUG cinder.api.openstack.wsgi [None req-994f2f56-9fbc-4631-8bbf-37809f6fac09 tempest-VolumesListTestJSON-371394211 tempest-VolumesListTestJSON-371394211-project-member] Calling method 'detail' {{(pid=75937) _process_stack /opt/stack/cinder/cinder/api/openstack/wsgi.py:868}}
Oct 26 16:54:16 user devstack@c-api.service[75937]: DEBUG cinder.api.api_utils [None req-994f2f56-9fbc-4631-8bbf-37809f6fac09 tempest-VolumesListTestJSON-371394211 tempest-VolumesListTestJSON-371394211-project-member] Removing options '' from query. {{(pid=75937) remove_invalid_filter_options /opt/stack/cinder/cinder/api/api_utils.py:83}}
Oct 26 16:54:16 user devstack@c-api.service[75937]: /opt/stack/data/venv/lib/python3.10/site-packages/oslo_context/context.py:100: DeprecationWarning: Policy enforcement is depending on the value of is_admin. This key is deprecated. Please update your policy file to use the standard policy values.
Oct 26 16:54:16 user devstack@c-api.service[75937]: warnings.warn('Policy enforcement is depending on the value of '
Oct 26 16:54:16 user devstack@c-api.service[75937]: DEBUG cinder.volume.api [None req-994f2f56-9fbc-4631-8bbf-37809f6fac09 tempest-VolumesListTestJSON-371394211 tempest-VolumesListTestJSON-371394211-project-member] Searching by: MultiDict([('display_name', 'tempest-VolumesListTestJSON-Volume-1685034347'), ('no_migration_targets', True)]). {{(pid=75937) get_all /opt/stack/cinder/cinder/volume/api.py:664}}
Oct 26 16:54:16 user devstack@c-api.service[75936]: INFO cinder.volume.api [None req-eedb9435-0c05-4db5-b5e2-10fc27caf4a1 tempest-TestVolumeSwap-576420899 tempest-TestVolumeSwap-576420899-project-member] Volume info retrieved successfully.
Oct 26 16:54:16 user devstack@c-api.service[75936]: INFO cinder.api.openstack.wsgi [None req-eedb9435-0c05-4db5-b5e2-10fc27caf4a1 tempest-TestVolumeSwap-576420899 tempest-TestVolumeSwap-576420899-project-member] http://10.0.0.210/volume/v3/3ee6a73f02e54d7fa20bbe92d986f577/volumes/92367020-5467-406a-bff3-0089938acf08 returned with HTTP 200
Oct 26 16:54:16 user devstack@c-api.service[75936]: [pid: 75936|app: 0|req: 44/120] 10.0.0.210 () {62 vars in 1402 bytes} [Thu Oct 26 16:54:16 2023] GET /volume/v3/3ee6a73f02e54d7fa20bbe92d986f577/volumes/92367020-5467-406a-bff3-0089938acf08 => generated 904 bytes in 83 msecs (HTTP/1.1 200) 7 headers in 285 bytes (1 switches on core 0)
Oct 26 16:54:16 user devstack@c-api.service[75937]: INFO cinder.volume.api [None req-994f2f56-9fbc-4631-8bbf-37809f6fac09 tempest-VolumesListTestJSON-371394211 tempest-VolumesListTestJSON-371394211-project-member] Get all volumes completed successfully.
Oct 26 16:54:16 user devstack@c-api.service[75937]: /opt/stack/data/venv/lib/python3.10/site-packages/oslo_context/context.py:100: DeprecationWarning: Policy enforcement is depending on the value of is_admin. This key is deprecated. Please update your policy file to use the standard policy values.
Oct 26 16:54:16 user devstack@c-api.service[75937]: warnings.warn('Policy enforcement is depending on the value of '
Oct 26 16:54:16 user devstack@c-api.service[75937]: INFO cinder.api.openstack.wsgi [None req-994f2f56-9fbc-4631-8bbf-37809f6fac09 tempest-VolumesListTestJSON-371394211 tempest-VolumesListTestJSON-371394211-project-member] http://10.0.0.210/volume/v3/27a8430787b74a7dbb61280b40e2d4f8/volumes/detail?name=tempest-VolumesListTestJSON-Volume-1685034347 returned with HTTP 200
Oct 26 16:54:16 user devstack@c-api.service[75937]: [pid: 75937|app: 0|req: 40/121] 10.0.0.210 () {62 vars in 1413 bytes} [Thu Oct 26 16:54:16 2023] GET /volume/v3/27a8430787b74a7dbb61280b40e2d4f8/volumes/detail?name=tempest-VolumesListTestJSON-Volume-1685034347 => generated 927 bytes in 130 msecs (HTTP/1.1 200) 7 headers in 285 bytes (1 switches on core 0)
Oct 26 16:54:16 user devstack@c-api.service[75938]: DEBUG cinder.api.middleware.request_id [None req-abab94e2-1390-4ccc-87aa-64b86f2d5618 None None] RequestId filter calling following filter/app {{(pid=75938) _context_setter /opt/stack/cinder/cinder/api/middleware/request_id.py:62}}
Oct 26 16:54:16 user devstack@c-api.service[75938]: INFO cinder.api.openstack.wsgi [None req-abab94e2-1390-4ccc-87aa-64b86f2d5618 tempest-VolumesListTestJSON-371394211 tempest-VolumesListTestJSON-371394211-project-member] GET http://10.0.0.210/volume/v3/27a8430787b74a7dbb61280b40e2d4f8/volumes/detail?limit=1
Oct 26 16:54:16 user devstack@c-api.service[75938]: DEBUG cinder.api.openstack.wsgi [None req-abab94e2-1390-4ccc-87aa-64b86f2d5618 tempest-VolumesListTestJSON-371394211 tempest-VolumesListTestJSON-371394211-project-member] Empty body provided in request {{(pid=75938) get_body /opt/stack/cinder/cinder/api/openstack/wsgi.py:715}}
Oct 26 16:54:16 user devstack@c-api.service[75938]: DEBUG cinder.api.openstack.wsgi [None req-abab94e2-1390-4ccc-87aa-64b86f2d5618 tempest-VolumesListTestJSON-371394211 tempest-VolumesListTestJSON-371394211-project-member] Calling method 'detail' {{(pid=75938) _process_stack /opt/stack/cinder/cinder/api/openstack/wsgi.py:868}}
Oct 26 16:54:16 user devstack@c-api.service[75938]: DEBUG cinder.api.api_utils [None req-abab94e2-1390-4ccc-87aa-64b86f2d5618 tempest-VolumesListTestJSON-371394211 tempest-VolumesListTestJSON-371394211-project-member] Removing options '' from query. {{(pid=75938) remove_invalid_filter_options /opt/stack/cinder/cinder/api/api_utils.py:83}}
Oct 26 16:54:16 user devstack@c-api.service[75938]: /opt/stack/data/venv/lib/python3.10/site-packages/oslo_context/context.py:100: DeprecationWarning: Policy enforcement is depending on the value of is_admin. This key is deprecated. Please update your policy file to use the standard policy values.
Oct 26 16:54:16 user devstack@c-api.service[75938]: warnings.warn('Policy enforcement is depending on the value of '
Oct 26 16:54:16 user devstack@c-api.service[75938]: DEBUG cinder.volume.api [None req-abab94e2-1390-4ccc-87aa-64b86f2d5618 tempest-VolumesListTestJSON-371394211 tempest-VolumesListTestJSON-371394211-project-member] Searching by: MultiDict([('no_migration_targets', True)]). {{(pid=75938) get_all /opt/stack/cinder/cinder/volume/api.py:664}}
Oct 26 16:54:16 user devstack@c-api.service[75938]: INFO cinder.volume.api [None req-abab94e2-1390-4ccc-87aa-64b86f2d5618 tempest-VolumesListTestJSON-371394211 tempest-VolumesListTestJSON-371394211-project-member] Get all volumes completed successfully.
Oct 26 16:54:16 user devstack@c-api.service[75938]: /opt/stack/data/venv/lib/python3.10/site-packages/oslo_context/context.py:100: DeprecationWarning: Policy enforcement is depending on the value of is_admin. This key is deprecated. Please update your policy file to use the standard policy values.
Oct 26 16:54:16 user devstack@c-api.service[75938]: warnings.warn('Policy enforcement is depending on the value of '
Oct 26 16:54:16 user devstack@c-api.service[75938]: INFO cinder.api.openstack.wsgi [None req-abab94e2-1390-4ccc-87aa-64b86f2d5618 tempest-VolumesListTestJSON-371394211 tempest-VolumesListTestJSON-371394211-project-member] http://10.0.0.210/volume/v3/27a8430787b74a7dbb61280b40e2d4f8/volumes/detail?limit=1 returned with HTTP 200
Oct 26 16:54:16 user devstack@c-api.service[75938]: [pid: 75938|app: 0|req: 38/122] 10.0.0.210 () {62 vars in 1327 bytes} [Thu Oct 26 16:54:16 2023] GET /volume/v3/27a8430787b74a7dbb61280b40e2d4f8/volumes/detail?limit=1 => generated 1102 bytes in 86 msecs (HTTP/1.1 200) 7 headers in 286 bytes (1 switches on core 0)
Oct 26 16:54:16 user devstack@c-api.service[75936]: DEBUG cinder.api.middleware.request_id [None req-32aae44e-2ca2-4b7e-b37a-ae109338c73a None None] RequestId filter calling following filter/app {{(pid=75936) _context_setter /opt/stack/cinder/cinder/api/middleware/request_id.py:62}}
Oct 26 16:54:16 user devstack@c-api.service[75936]: INFO cinder.api.openstack.wsgi [None req-32aae44e-2ca2-4b7e-b37a-ae109338c73a tempest-VolumesListTestJSON-371394211 tempest-VolumesListTestJSON-371394211-project-member] GET http://10.0.0.210/volume/v3/27a8430787b74a7dbb61280b40e2d4f8/volumes/detail?limit=1&marker=aeeab2cd-7458-41ec-bb09-4771bf73ced3
Oct 26 16:54:16 user devstack@c-api.service[75936]: DEBUG cinder.api.openstack.wsgi [None req-32aae44e-2ca2-4b7e-b37a-ae109338c73a tempest-VolumesListTestJSON-371394211 tempest-VolumesListTestJSON-371394211-project-member] Empty body provided in request {{(pid=75936) get_body /opt/stack/cinder/cinder/api/openstack/wsgi.py:715}}
Oct 26 16:54:16 user devstack@c-api.service[75936]: DEBUG cinder.api.openstack.wsgi [None req-32aae44e-2ca2-4b7e-b37a-ae109338c73a tempest-VolumesListTestJSON-371394211 tempest-VolumesListTestJSON-371394211-project-member] Calling method 'detail' {{(pid=75936) _process_stack /opt/stack/cinder/cinder/api/openstack/wsgi.py:868}}
Oct 26 16:54:16 user devstack@c-api.service[75936]: DEBUG cinder.api.api_utils [None req-32aae44e-2ca2-4b7e-b37a-ae109338c73a tempest-VolumesListTestJSON-371394211 tempest-VolumesListTestJSON-371394211-project-member] Removing options '' from query. {{(pid=75936) remove_invalid_filter_options /opt/stack/cinder/cinder/api/api_utils.py:83}}
Oct 26 16:54:16 user devstack@c-api.service[75936]: DEBUG cinder.volume.api [None req-32aae44e-2ca2-4b7e-b37a-ae109338c73a tempest-VolumesListTestJSON-371394211 tempest-VolumesListTestJSON-371394211-project-member] Searching by: MultiDict([('no_migration_targets', True)]). {{(pid=75936) get_all /opt/stack/cinder/cinder/volume/api.py:664}}
Oct 26 16:54:17 user devstack@c-api.service[75936]: INFO cinder.volume.api [None req-32aae44e-2ca2-4b7e-b37a-ae109338c73a tempest-VolumesListTestJSON-371394211 tempest-VolumesListTestJSON-371394211-project-member] Get all volumes completed successfully.
Oct 26 16:54:17 user devstack@c-api.service[75936]: /opt/stack/data/venv/lib/python3.10/site-packages/oslo_context/context.py:100: DeprecationWarning: Policy enforcement is depending on the value of is_admin. This key is deprecated. Please update your policy file to use the standard policy values.
Oct 26 16:54:17 user devstack@c-api.service[75936]: warnings.warn('Policy enforcement is depending on the value of '
Oct 26 16:54:17 user devstack@c-api.service[75936]: INFO cinder.api.openstack.wsgi [None req-32aae44e-2ca2-4b7e-b37a-ae109338c73a tempest-VolumesListTestJSON-371394211 tempest-VolumesListTestJSON-371394211-project-member] http://10.0.0.210/volume/v3/27a8430787b74a7dbb61280b40e2d4f8/volumes/detail?limit=1&marker=aeeab2cd-7458-41ec-bb09-4771bf73ced3 returned with HTTP 200
Oct 26 16:54:17 user devstack@c-api.service[75936]: [pid: 75936|app: 0|req: 45/123] 10.0.0.210 () {62 vars in 1415 bytes} [Thu Oct 26 16:54:16 2023] GET /volume/v3/27a8430787b74a7dbb61280b40e2d4f8/volumes/detail?limit=1&marker=aeeab2cd-7458-41ec-bb09-4771bf73ced3 => generated 1102 bytes in 228 msecs (HTTP/1.1 200) 7 headers in 286 bytes (1 switches on core 0)
Oct 26 16:54:17 user devstack@c-api.service[75937]: DEBUG cinder.api.middleware.request_id [None req-79270868-8f3b-4469-9356-635adb1a133e None None] RequestId filter calling following filter/app {{(pid=75937) _context_setter /opt/stack/cinder/cinder/api/middleware/request_id.py:62}}
Oct 26 16:54:17 user devstack@c-api.service[75937]: INFO cinder.api.openstack.wsgi [None req-79270868-8f3b-4469-9356-635adb1a133e tempest-VolumesListTestJSON-371394211 tempest-VolumesListTestJSON-371394211-project-member] GET http://10.0.0.210/volume/v3/27a8430787b74a7dbb61280b40e2d4f8/volumes/detail?limit=1&marker=dd8906d7-31d9-492f-8162-e47b534f092e
Oct 26 16:54:17 user devstack@c-api.service[75937]: DEBUG cinder.api.openstack.wsgi [None req-79270868-8f3b-4469-9356-635adb1a133e tempest-VolumesListTestJSON-371394211 tempest-VolumesListTestJSON-371394211-project-member] Empty body provided in request {{(pid=75937) get_body /opt/stack/cinder/cinder/api/openstack/wsgi.py:715}}
Oct 26 16:54:17 user devstack@c-api.service[75937]: DEBUG cinder.api.openstack.wsgi [None req-79270868-8f3b-4469-9356-635adb1a133e tempest-VolumesListTestJSON-371394211 tempest-VolumesListTestJSON-371394211-project-member] Calling method 'detail' {{(pid=75937) _process_stack /opt/stack/cinder/cinder/api/openstack/wsgi.py:868}}
Oct 26 16:54:17 user devstack@c-api.service[75937]: DEBUG cinder.api.api_utils [None req-79270868-8f3b-4469-9356-635adb1a133e tempest-VolumesListTestJSON-371394211 tempest-VolumesListTestJSON-371394211-project-member] Removing options '' from query. {{(pid=75937) remove_invalid_filter_options /opt/stack/cinder/cinder/api/api_utils.py:83}}
Oct 26 16:54:17 user devstack@c-api.service[75937]: DEBUG cinder.volume.api [None req-79270868-8f3b-4469-9356-635adb1a133e tempest-VolumesListTestJSON-371394211 tempest-VolumesListTestJSON-371394211-project-member] Searching by: MultiDict([('no_migration_targets', True)]). {{(pid=75937) get_all /opt/stack/cinder/cinder/volume/api.py:664}}
