Oct 26 16:44:24 user devstack@keystone.service[45985]: DEBUG keystone.common.rbac_enforcer.enforcer [None req-5a7e5b4b-b9d5-478b-bdd3-626934a14712 None admin] RBAC: Authorization granted {{(pid=45985) enforce_call /opt/stack/keystone/keystone/common/rbac_enforcer/enforcer.py:457}}
Oct 26 16:44:24 user devstack@keystone.service[45986]: DEBUG keystone.common.rbac_enforcer.enforcer [None req-5f06d53c-ae87-458f-abd6-9bb98d524948 None admin] RBAC: Authorization granted {{(pid=45986) enforce_call /opt/stack/keystone/keystone/common/rbac_enforcer/enforcer.py:457}}
Oct 26 16:44:24 user devstack@keystone.service[45986]: [pid: 45986|app: 0|req: 80/234] 10.0.0.210 () {56 vars in 1103 bytes} [Thu Oct 26 16:44:24 2023] GET /identity/v3/domains/default => generated 198 bytes in 173 msecs (HTTP/1.1 200) 5 headers in 177 bytes (1 switches on core 0)
Oct 26 16:44:24 user devstack@keystone.service[45985]: [pid: 45985|app: 0|req: 77/235] 10.0.0.210 () {56 vars in 1096 bytes} [Thu Oct 26 16:44:24 2023] GET /identity/v3/roles?name=reader => generated 339 bytes in 139 msecs (HTTP/1.1 200) 5 headers in 177 bytes (2 switches on core 0)
Oct 26 16:44:24 user devstack@keystone.service[45986]: DEBUG keystone.server.flask.request_processing.middleware.auth_context [None req-5f06d53c-ae87-458f-abd6-9bb98d524948 None admin] Authenticating user token {{(pid=45986) process_request /opt/stack/data/venv/lib/python3.10/site-packages/keystonemiddleware/auth_token/__init__.py:406}}
Oct 26 16:44:24 user devstack@keystone.service[45985]: DEBUG keystone.server.flask.request_processing.middleware.auth_context [None req-5a7e5b4b-b9d5-478b-bdd3-626934a14712 None admin] Authenticating user token {{(pid=45985) process_request /opt/stack/data/venv/lib/python3.10/site-packages/keystonemiddleware/auth_token/__init__.py:406}}
Oct 26 16:44:24 user devstack@keystone.service[45987]: DEBUG keystone.server.flask.request_processing.middleware.auth_context [None req-f35a54cd-6478-43a0-9c2c-e3a12a0ae483 None admin] Validating token access rules against request {{(pid=45987) validate_allowed_request /opt/stack/data/venv/lib/python3.10/site-packages/keystonemiddleware/auth_token/__init__.py:544}}
Oct 26 16:44:24 user devstack@keystone.service[45987]: DEBUG keystone.server.flask.request_processing.middleware.auth_context [None req-25792697-1477-4cb7-b1c0-28647c73427a None admin] RBAC: auth_context: {'token': , 'domain_id': None, 'trust_id': None, 'trustor_id': None, 'trustee_id': None, 'domain_name': None, 'group_ids': [], 'user_id': '2c1fe4ed3f6444acb7034c1d2a8e59c6', 'user_domain_id': 'default', 'system_scope': 'all', 'project_id': None, 'project_domain_id': None, 'roles': ['admin', 'manager', 'member', 'reader'], 'is_admin_project': True, 'service_user_id': None, 'service_user_domain_id': None, 'service_project_id': None, 'service_project_domain_id': None, 'service_roles': []} {{(pid=45987) fill_context /opt/stack/keystone/keystone/server/flask/request_processing/middleware/auth_context.py:480}}
Oct 26 16:44:24 user devstack@keystone.service[45987]: DEBUG keystone.server.flask.request_processing.req_logging [None req-25792697-1477-4cb7-b1c0-28647c73427a None admin] REQUEST_METHOD: `GET` {{(pid=45987) log_request_info /opt/stack/keystone/keystone/server/flask/request_processing/req_logging.py:27}}
Oct 26 16:44:24 user devstack@keystone.service[45987]: DEBUG keystone.server.flask.request_processing.req_logging [None req-25792697-1477-4cb7-b1c0-28647c73427a None admin] SCRIPT_NAME: `/identity` {{(pid=45987) log_request_info /opt/stack/keystone/keystone/server/flask/request_processing/req_logging.py:28}}
Oct 26 16:44:24 user devstack@keystone.service[45987]: DEBUG keystone.server.flask.request_processing.req_logging [None req-25792697-1477-4cb7-b1c0-28647c73427a None admin] PATH_INFO: `/v3/roles` {{(pid=45987) log_request_info /opt/stack/keystone/keystone/server/flask/request_processing/req_logging.py:29}}
Oct 26 16:44:24 user devstack@keystone.service[45987]: DEBUG keystone.common.rbac_enforcer.enforcer [None req-25792697-1477-4cb7-b1c0-28647c73427a None admin] RBAC: Adding query filter params (name=member) {{(pid=45987) _extract_filter_values /opt/stack/keystone/keystone/common/rbac_enforcer/enforcer.py:167}}
Oct 26 16:44:24 user devstack@keystone.service[45987]: DEBUG keystone.common.rbac_enforcer.enforcer [None req-25792697-1477-4cb7-b1c0-28647c73427a None admin] RBAC: Authorizing `identity:list_roles()` {{(pid=45987) enforce_call /opt/stack/keystone/keystone/common/rbac_enforcer/enforcer.py:449}}
Oct 26 16:44:24 user devstack@keystone.service[45987]: DEBUG keystone.common.rbac_enforcer.enforcer [None req-25792697-1477-4cb7-b1c0-28647c73427a None admin] RBAC: Authorization granted {{(pid=45987) enforce_call /opt/stack/keystone/keystone/common/rbac_enforcer/enforcer.py:457}}
Oct 26 16:44:24 user devstack@keystone.service[45987]: [pid: 45987|app: 0|req: 79/236] 10.0.0.210 () {56 vars in 1096 bytes} [Thu Oct 26 16:44:24 2023] GET /identity/v3/roles?name=member => generated 339 bytes in 144 msecs (HTTP/1.1 200) 5 headers in 177 bytes (1 switches on core 0)
Oct 26 16:44:24 user devstack@keystone.service[45987]: DEBUG keystone.server.flask.request_processing.middleware.auth_context [None req-25792697-1477-4cb7-b1c0-28647c73427a None admin] Authenticating user token {{(pid=45987) process_request /opt/stack/data/venv/lib/python3.10/site-packages/keystonemiddleware/auth_token/__init__.py:406}}
Oct 26 16:44:24 user devstack@keystone.service[45985]: DEBUG keystone.server.flask.request_processing.middleware.auth_context [None req-5a7e5b4b-b9d5-478b-bdd3-626934a14712 None admin] Validating token access rules against request {{(pid=45985) validate_allowed_request /opt/stack/data/venv/lib/python3.10/site-packages/keystonemiddleware/auth_token/__init__.py:544}}
Oct 26 16:44:24 user devstack@keystone.service[45986]: DEBUG keystone.server.flask.request_processing.middleware.auth_context [None req-5f06d53c-ae87-458f-abd6-9bb98d524948 None admin] Validating token access rules against request {{(pid=45986) validate_allowed_request /opt/stack/data/venv/lib/python3.10/site-packages/keystonemiddleware/auth_token/__init__.py:544}}
Oct 26 16:44:24 user devstack@keystone.service[45985]: DEBUG keystone.server.flask.request_processing.middleware.auth_context [None req-563120ae-7777-42b1-90ef-93f0340df972 None admin] RBAC: auth_context: {'token': , 'domain_id': None, 'trust_id': None, 'trustor_id': None, 'trustee_id': None, 'domain_name': None, 'group_ids': [], 'user_id': '2c1fe4ed3f6444acb7034c1d2a8e59c6', 'user_domain_id': 'default', 'system_scope': 'all', 'project_id': None, 'project_domain_id': None, 'roles': ['admin', 'manager', 'member', 'reader'], 'is_admin_project': True, 'service_user_id': None, 'service_user_domain_id': None, 'service_project_id': None, 'service_project_domain_id': None, 'service_roles': []} {{(pid=45985) fill_context /opt/stack/keystone/keystone/server/flask/request_processing/middleware/auth_context.py:480}}
Oct 26 16:44:24 user devstack@keystone.service[45985]: DEBUG keystone.server.flask.request_processing.req_logging [None req-563120ae-7777-42b1-90ef-93f0340df972 None admin] REQUEST_METHOD: `GET` {{(pid=45985) log_request_info /opt/stack/keystone/keystone/server/flask/request_processing/req_logging.py:27}}
Oct 26 16:44:24 user devstack@keystone.service[45985]: DEBUG keystone.server.flask.request_processing.req_logging [None req-563120ae-7777-42b1-90ef-93f0340df972 None admin] SCRIPT_NAME: `/identity` {{(pid=45985) log_request_info /opt/stack/keystone/keystone/server/flask/request_processing/req_logging.py:28}}
Oct 26 16:44:24 user devstack@keystone.service[45986]: DEBUG keystone.server.flask.request_processing.middleware.auth_context [None req-5358e214-a14e-4b35-a296-c7f2f07a1bd2 None admin] RBAC: auth_context: {'token': , 'domain_id': None, 'trust_id': None, 'trustor_id': None, 'trustee_id': None, 'domain_name': None, 'group_ids': [], 'user_id': '2c1fe4ed3f6444acb7034c1d2a8e59c6', 'user_domain_id': 'default', 'system_scope': 'all', 'project_id': None, 'project_domain_id': None, 'roles': ['admin', 'manager', 'member', 'reader'], 'is_admin_project': True, 'service_user_id': None, 'service_user_domain_id': None, 'service_project_id': None, 'service_project_domain_id': None, 'service_roles': []} {{(pid=45986) fill_context /opt/stack/keystone/keystone/server/flask/request_processing/middleware/auth_context.py:480}}
Oct 26 16:44:24 user devstack@keystone.service[45985]: DEBUG keystone.server.flask.request_processing.req_logging [None req-563120ae-7777-42b1-90ef-93f0340df972 None admin] PATH_INFO: `/v3/users/694553e37c11470fb14e0cba1fa51755` {{(pid=45985) log_request_info /opt/stack/keystone/keystone/server/flask/request_processing/req_logging.py:29}}
Oct 26 16:44:24 user devstack@keystone.service[45986]: DEBUG keystone.server.flask.request_processing.req_logging [None req-5358e214-a14e-4b35-a296-c7f2f07a1bd2 None admin] REQUEST_METHOD: `POST` {{(pid=45986) log_request_info /opt/stack/keystone/keystone/server/flask/request_processing/req_logging.py:27}}
Oct 26 16:44:24 user devstack@keystone.service[45986]: DEBUG keystone.server.flask.request_processing.req_logging [None req-5358e214-a14e-4b35-a296-c7f2f07a1bd2 None admin] SCRIPT_NAME: `/identity` {{(pid=45986) log_request_info /opt/stack/keystone/keystone/server/flask/request_processing/req_logging.py:28}}
Oct 26 16:44:24 user devstack@keystone.service[45986]: DEBUG keystone.server.flask.request_processing.req_logging [None req-5358e214-a14e-4b35-a296-c7f2f07a1bd2 None admin] PATH_INFO: `/v3/groups` {{(pid=45986) log_request_info /opt/stack/keystone/keystone/server/flask/request_processing/req_logging.py:29}}
Oct 26 16:44:24 user devstack@keystone.service[45986]: DEBUG keystone.common.rbac_enforcer.enforcer [None req-5358e214-a14e-4b35-a296-c7f2f07a1bd2 None admin] RBAC: Authorizing `identity:create_group()` {{(pid=45986) enforce_call /opt/stack/keystone/keystone/common/rbac_enforcer/enforcer.py:449}}
Oct 26 16:44:24 user devstack@keystone.service[45986]: DEBUG keystone.common.rbac_enforcer.enforcer [None req-5358e214-a14e-4b35-a296-c7f2f07a1bd2 None admin] RBAC: Authorization granted {{(pid=45986) enforce_call /opt/stack/keystone/keystone/common/rbac_enforcer/enforcer.py:457}}
Oct 26 16:44:24 user devstack@keystone.service[45985]: DEBUG keystone.common.rbac_enforcer.enforcer [None req-563120ae-7777-42b1-90ef-93f0340df972 None admin] RBAC: Authorizing `identity:get_user(user_id=694553e37c11470fb14e0cba1fa51755)` {{(pid=45985) enforce_call /opt/stack/keystone/keystone/common/rbac_enforcer/enforcer.py:449}}
Oct 26 16:44:24 user devstack@keystone.service[45985]: DEBUG keystone.common.rbac_enforcer.enforcer [None req-563120ae-7777-42b1-90ef-93f0340df972 None admin] RBAC: Authorization granted {{(pid=45985) enforce_call /opt/stack/keystone/keystone/common/rbac_enforcer/enforcer.py:457}}
Oct 26 16:44:24 user devstack@keystone.service[45985]: [pid: 45985|app: 0|req: 78/237] 10.0.0.210 () {56 vars in 1172 bytes} [Thu Oct 26 16:44:24 2023] GET /identity/v3/users/694553e37c11470fb14e0cba1fa51755 => generated 292 bytes in 142 msecs (HTTP/1.1 200) 5 headers in 177 bytes (2 switches on core 0)
Oct 26 16:44:24 user devstack@keystone.service[45986]: [pid: 45986|app: 0|req: 81/238] 10.0.0.210 () {60 vars in 1129 bytes} [Thu Oct 26 16:44:24 2023] POST /identity/v3/groups => generated 228 bytes in 146 msecs (HTTP/1.1 201) 5 headers in 182 bytes (1 switches on core 0)
Oct 26 16:44:24 user devstack@keystone.service[45987]: DEBUG keystone.server.flask.request_processing.middleware.auth_context [None req-25792697-1477-4cb7-b1c0-28647c73427a None admin] Validating token access rules against request {{(pid=45987) validate_allowed_request /opt/stack/data/venv/lib/python3.10/site-packages/keystonemiddleware/auth_token/__init__.py:544}}
Oct 26 16:44:24 user devstack@keystone.service[45985]: DEBUG keystone.server.flask.request_processing.middleware.auth_context [None req-563120ae-7777-42b1-90ef-93f0340df972 None admin] Authenticating user token {{(pid=45985) process_request /opt/stack/data/venv/lib/python3.10/site-packages/keystonemiddleware/auth_token/__init__.py:406}}
Oct 26 16:44:24 user devstack@keystone.service[45987]: DEBUG keystone.server.flask.request_processing.middleware.auth_context [None req-a2180775-8f8a-425f-9071-08b43d9f5f9d None admin] RBAC: auth_context: {'token': , 'domain_id': None, 'trust_id': None, 'trustor_id': None, 'trustee_id': None, 'domain_name': None, 'group_ids': [], 'user_id': '2c1fe4ed3f6444acb7034c1d2a8e59c6', 'user_domain_id': 'default', 'system_scope': 'all', 'project_id': None, 'project_domain_id': None, 'roles': ['admin', 'manager', 'member', 'reader'], 'is_admin_project': True, 'service_user_id': None, 'service_user_domain_id': None, 'service_project_id': None, 'service_project_domain_id': None, 'service_roles': []} {{(pid=45987) fill_context /opt/stack/keystone/keystone/server/flask/request_processing/middleware/auth_context.py:480}}
Oct 26 16:44:24 user devstack@keystone.service[45987]: DEBUG keystone.server.flask.request_processing.req_logging [None req-a2180775-8f8a-425f-9071-08b43d9f5f9d None admin] REQUEST_METHOD: `GET` {{(pid=45987) log_request_info /opt/stack/keystone/keystone/server/flask/request_processing/req_logging.py:27}}
Oct 26 16:44:24 user devstack@keystone.service[45987]: DEBUG keystone.server.flask.request_processing.req_logging [None req-a2180775-8f8a-425f-9071-08b43d9f5f9d None admin] SCRIPT_NAME: `/identity` {{(pid=45987) log_request_info /opt/stack/keystone/keystone/server/flask/request_processing/req_logging.py:28}}
Oct 26 16:44:24 user devstack@keystone.service[45987]: DEBUG keystone.server.flask.request_processing.req_logging [None req-a2180775-8f8a-425f-9071-08b43d9f5f9d None admin] PATH_INFO: `/v3/users/0b5885dcd35642e7bebf954f8afe1c23` {{(pid=45987) log_request_info /opt/stack/keystone/keystone/server/flask/request_processing/req_logging.py:29}}
Oct 26 16:44:24 user devstack@keystone.service[45987]: DEBUG keystone.common.rbac_enforcer.enforcer [None req-a2180775-8f8a-425f-9071-08b43d9f5f9d None admin] RBAC: Authorizing `identity:get_user(user_id=0b5885dcd35642e7bebf954f8afe1c23)` {{(pid=45987) enforce_call /opt/stack/keystone/keystone/common/rbac_enforcer/enforcer.py:449}}
Oct 26 16:44:24 user devstack@keystone.service[45987]: DEBUG keystone.common.rbac_enforcer.enforcer [None req-a2180775-8f8a-425f-9071-08b43d9f5f9d None admin] RBAC: Authorization granted {{(pid=45987) enforce_call /opt/stack/keystone/keystone/common/rbac_enforcer/enforcer.py:457}}
Oct 26 16:44:24 user devstack@keystone.service[45987]: [pid: 45987|app: 0|req: 80/239] 10.0.0.210 () {56 vars in 1172 bytes} [Thu Oct 26 16:44:24 2023] GET /identity/v3/users/0b5885dcd35642e7bebf954f8afe1c23 => generated 292 bytes in 136 msecs (HTTP/1.1 200) 5 headers in 177 bytes (2 switches on core 0)
Oct 26 16:44:24 user devstack@keystone.service[45986]: DEBUG keystone.server.flask.request_processing.middleware.auth_context [None req-5358e214-a14e-4b35-a296-c7f2f07a1bd2 None admin] Authenticating user token {{(pid=45986) process_request /opt/stack/data/venv/lib/python3.10/site-packages/keystonemiddleware/auth_token/__init__.py:406}}
Oct 26 16:44:24 user devstack@keystone.service[45985]: DEBUG keystone.server.flask.request_processing.middleware.auth_context [None req-563120ae-7777-42b1-90ef-93f0340df972 None admin] Validating token access rules against request {{(pid=45985) validate_allowed_request /opt/stack/data/venv/lib/python3.10/site-packages/keystonemiddleware/auth_token/__init__.py:544}}
Oct 26 16:44:24 user devstack@keystone.service[45985]: DEBUG keystone.server.flask.request_processing.middleware.auth_context [None req-fd81d650-046f-47a2-b35a-7ab80beb35c9 None admin] RBAC: auth_context: {'token': , 'domain_id': None, 'trust_id': None, 'trustor_id': None, 'trustee_id': None, 'domain_name': None, 'group_ids': [], 'user_id': '2c1fe4ed3f6444acb7034c1d2a8e59c6', 'user_domain_id': 'default', 'system_scope': 'all', 'project_id': None, 'project_domain_id': None, 'roles': ['admin', 'manager', 'member', 'reader'], 'is_admin_project': True, 'service_user_id': None, 'service_user_domain_id': None, 'service_project_id': None, 'service_project_domain_id': None, 'service_roles': []} {{(pid=45985) fill_context /opt/stack/keystone/keystone/server/flask/request_processing/middleware/auth_context.py:480}}
Oct 26 16:44:24 user devstack@keystone.service[45985]: DEBUG keystone.server.flask.request_processing.req_logging [None req-fd81d650-046f-47a2-b35a-7ab80beb35c9 None admin] REQUEST_METHOD: `GET` {{(pid=45985) log_request_info /opt/stack/keystone/keystone/server/flask/request_processing/req_logging.py:27}}
Oct 26 16:44:24 user devstack@keystone.service[45985]: DEBUG keystone.server.flask.request_processing.req_logging [None req-fd81d650-046f-47a2-b35a-7ab80beb35c9 None admin] SCRIPT_NAME: `/identity` {{(pid=45985) log_request_info /opt/stack/keystone/keystone/server/flask/request_processing/req_logging.py:28}}
Oct 26 16:44:24 user devstack@keystone.service[45985]: DEBUG keystone.server.flask.request_processing.req_logging [None req-fd81d650-046f-47a2-b35a-7ab80beb35c9 None admin] PATH_INFO: `/v3/role_assignments` {{(pid=45985) log_request_info /opt/stack/keystone/keystone/server/flask/request_processing/req_logging.py:29}}
Oct 26 16:44:24 user devstack@keystone.service[45985]: DEBUG keystone.common.rbac_enforcer.enforcer [None req-fd81d650-046f-47a2-b35a-7ab80beb35c9 None admin] RBAC: Adding query filter params (role.id=859fceacff1449c3a3ddc09674bbb54b, user.id=694553e37c11470fb14e0cba1fa51755, scope.system=all) {{(pid=45985) _extract_filter_values /opt/stack/keystone/keystone/common/rbac_enforcer/enforcer.py:167}}
Oct 26 16:44:24 user devstack@keystone.service[45986]: DEBUG keystone.server.flask.request_processing.middleware.auth_context [None req-5358e214-a14e-4b35-a296-c7f2f07a1bd2 None admin] Validating token access rules against request {{(pid=45986) validate_allowed_request /opt/stack/data/venv/lib/python3.10/site-packages/keystonemiddleware/auth_token/__init__.py:544}}
Oct 26 16:44:24 user devstack@keystone.service[45985]: DEBUG keystone.common.rbac_enforcer.enforcer [None req-fd81d650-046f-47a2-b35a-7ab80beb35c9 None admin] RBAC: Authorizing `identity:list_role_assignments()` {{(pid=45985) enforce_call /opt/stack/keystone/keystone/common/rbac_enforcer/enforcer.py:449}}
Oct 26 16:44:24 user devstack@keystone.service[45985]: DEBUG keystone.common.rbac_enforcer.enforcer [None req-fd81d650-046f-47a2-b35a-7ab80beb35c9 None admin] RBAC: Authorization granted {{(pid=45985) enforce_call /opt/stack/keystone/keystone/common/rbac_enforcer/enforcer.py:457}}
Oct 26 16:44:24 user devstack@keystone.service[45985]: [pid: 45985|app: 0|req: 79/240] 10.0.0.210 () {56 vars in 1303 bytes} [Thu Oct 26 16:44:24 2023] GET /identity/v3/role_assignments?user.id=694553e37c11470fb14e0cba1fa51755&scope.system=all&role.id=859fceacff1449c3a3ddc09674bbb54b => generated 225 bytes in 150 msecs (HTTP/1.1 200) 5 headers in 177 bytes (1 switches on core 0)
Oct 26 16:44:24 user devstack@keystone.service[45986]: DEBUG keystone.server.flask.request_processing.middleware.auth_context [None req-74d9cbcf-3f83-4a0b-a6f0-f4664a9d798a None admin] RBAC: auth_context: {'token': , 'domain_id': None, 'trust_id': None, 'trustor_id': None, 'trustee_id': None, 'domain_name': None, 'group_ids': [], 'user_id': '2c1fe4ed3f6444acb7034c1d2a8e59c6', 'user_domain_id': 'default', 'system_scope': 'all', 'project_id': None, 'project_domain_id': None, 'roles': ['admin', 'manager', 'member', 'reader'], 'is_admin_project': True, 'service_user_id': None, 'service_user_domain_id': None, 'service_project_id': None, 'service_project_domain_id': None, 'service_roles': []} {{(pid=45986) fill_context /opt/stack/keystone/keystone/server/flask/request_processing/middleware/auth_context.py:480}}
Oct 26 16:44:24 user devstack@keystone.service[45986]: DEBUG keystone.server.flask.request_processing.req_logging [None req-74d9cbcf-3f83-4a0b-a6f0-f4664a9d798a None admin] REQUEST_METHOD: `PUT` {{(pid=45986) log_request_info /opt/stack/keystone/keystone/server/flask/request_processing/req_logging.py:27}}
Oct 26 16:44:24 user devstack@keystone.service[45986]: DEBUG keystone.server.flask.request_processing.req_logging [None req-74d9cbcf-3f83-4a0b-a6f0-f4664a9d798a None admin] SCRIPT_NAME: `/identity` {{(pid=45986) log_request_info /opt/stack/keystone/keystone/server/flask/request_processing/req_logging.py:28}}
Oct 26 16:44:24 user devstack@keystone.service[45986]: DEBUG keystone.server.flask.request_processing.req_logging [None req-74d9cbcf-3f83-4a0b-a6f0-f4664a9d798a None admin] PATH_INFO: `/v3/system/users/0b5885dcd35642e7bebf954f8afe1c23/roles/89e1fdf4ddf14c008ab7604e6e4d5646` {{(pid=45986) log_request_info /opt/stack/keystone/keystone/server/flask/request_processing/req_logging.py:29}}
Oct 26 16:44:24 user devstack@keystone.service[45986]: DEBUG keystone.common.rbac_enforcer.enforcer [None req-74d9cbcf-3f83-4a0b-a6f0-f4664a9d798a None admin] RBAC: Authorizing `identity:create_system_grant_for_user(user_id=0b5885dcd35642e7bebf954f8afe1c23, role_id=89e1fdf4ddf14c008ab7604e6e4d5646)` {{(pid=45986) enforce_call /opt/stack/keystone/keystone/common/rbac_enforcer/enforcer.py:449}}
Oct 26 16:44:24 user devstack@keystone.service[45986]: DEBUG keystone.common.rbac_enforcer.enforcer [None req-74d9cbcf-3f83-4a0b-a6f0-f4664a9d798a None admin] RBAC: Authorization granted {{(pid=45986) enforce_call /opt/stack/keystone/keystone/common/rbac_enforcer/enforcer.py:457}}
Oct 26 16:44:24 user devstack@keystone.service[45986]: [pid: 45986|app: 0|req: 82/241] 10.0.0.210 () {58 vars in 1329 bytes} [Thu Oct 26 16:44:24 2023] PUT /identity/v3/system/users/0b5885dcd35642e7bebf954f8afe1c23/roles/89e1fdf4ddf14c008ab7604e6e4d5646 => generated 0 bytes in 143 msecs (HTTP/1.1 204) 3 headers in 132 bytes (0 switches on core 0)
Oct 26 16:44:26 user devstack@keystone.service[45987]: DEBUG keystone.server.flask.request_processing.req_logging [None req-6aed7da6-5f43-4335-b975-351c70e597b3 None None] REQUEST_METHOD: `GET` {{(pid=45987) log_request_info /opt/stack/keystone/keystone/server/flask/request_processing/req_logging.py:27}}
Oct 26 16:44:26 user devstack@keystone.service[45987]: DEBUG keystone.server.flask.request_processing.req_logging [None req-6aed7da6-5f43-4335-b975-351c70e597b3 None None] SCRIPT_NAME: `/identity` {{(pid=45987) log_request_info /opt/stack/keystone/keystone/server/flask/request_processing/req_logging.py:28}}
Oct 26 16:44:26 user devstack@keystone.service[45987]: DEBUG keystone.server.flask.request_processing.req_logging [None req-6aed7da6-5f43-4335-b975-351c70e597b3 None None] PATH_INFO: `/` {{(pid=45987) log_request_info /opt/stack/keystone/keystone/server/flask/request_processing/req_logging.py:29}}
Oct 26 16:44:26 user devstack@keystone.service[45987]: [pid: 45987|app: 0|req: 81/242] 10.0.0.210 () {54 vars in 921 bytes} [Thu Oct 26 16:44:26 2023] GET /identity => generated 269 bytes in 3 msecs (HTTP/1.1 300) 6 headers in 233 bytes (1 switches on core 0)
Oct 26 16:44:26 user devstack@keystone.service[45985]: DEBUG keystone.server.flask.request_processing.req_logging [None req-3b1788ea-187d-4203-9948-3f506ba83239 None None] REQUEST_METHOD: `POST` {{(pid=45985) log_request_info /opt/stack/keystone/keystone/server/flask/request_processing/req_logging.py:27}}
Oct 26 16:44:26 user devstack@keystone.service[45985]: DEBUG keystone.server.flask.request_processing.req_logging [None req-3b1788ea-187d-4203-9948-3f506ba83239 None None] SCRIPT_NAME: `/identity` {{(pid=45985) log_request_info /opt/stack/keystone/keystone/server/flask/request_processing/req_logging.py:28}}
Oct 26 16:44:26 user devstack@keystone.service[45985]: DEBUG keystone.server.flask.request_processing.req_logging [None req-3b1788ea-187d-4203-9948-3f506ba83239 None None] PATH_INFO: `/v3/auth/tokens` {{(pid=45985) log_request_info /opt/stack/keystone/keystone/server/flask/request_processing/req_logging.py:29}}
Oct 26 16:44:26 user devstack@keystone.service[45985]: WARNING keystone.common.password_hashing [None req-3b1788ea-187d-4203-9948-3f506ba83239 None None] Truncating password to algorithm specific maximum length 72 characters.
Oct 26 16:44:26 user devstack@keystone.service[45985]: DEBUG keystone.auth.core [None req-3b1788ea-187d-4203-9948-3f506ba83239 None None] MFA Rules not processed for user `2c1fe4ed3f6444acb7034c1d2a8e59c6`. Rule list: `[]` (Enabled: `True`). {{(pid=45985) check_auth_methods_against_rules /opt/stack/keystone/keystone/auth/core.py:438}}
Oct 26 16:44:26 user devstack@keystone.service[45985]: DEBUG keystone.common.fernet_utils [None req-3b1788ea-187d-4203-9948-3f506ba83239 None None] Loaded 2 Fernet keys from /etc/keystone/fernet-keys/, but `[fernet_tokens] max_active_keys = 3`; perhaps there have not been enough key rotations to reach `max_active_keys` yet? {{(pid=45985) load_keys /opt/stack/keystone/keystone/common/fernet_utils.py:286}}
Oct 26 16:44:26 user devstack@keystone.service[45986]: DEBUG keystone.server.flask.request_processing.req_logging [None req-81b73923-5af0-400f-8295-b459c0918179 None None] REQUEST_METHOD: `GET` {{(pid=45986) log_request_info /opt/stack/keystone/keystone/server/flask/request_processing/req_logging.py:27}}
Oct 26 16:44:26 user devstack@keystone.service[45986]: DEBUG keystone.server.flask.request_processing.req_logging [None req-81b73923-5af0-400f-8295-b459c0918179 None None] SCRIPT_NAME: `/identity` {{(pid=45986) log_request_info /opt/stack/keystone/keystone/server/flask/request_processing/req_logging.py:28}}
Oct 26 16:44:26 user devstack@keystone.service[45986]: DEBUG keystone.server.flask.request_processing.req_logging [None req-81b73923-5af0-400f-8295-b459c0918179 None None] PATH_INFO: `/` {{(pid=45986) log_request_info /opt/stack/keystone/keystone/server/flask/request_processing/req_logging.py:29}}
Oct 26 16:44:26 user devstack@keystone.service[45986]: [pid: 45986|app: 0|req: 83/243] 10.0.0.210 () {54 vars in 921 bytes} [Thu Oct 26 16:44:26 2023] GET /identity => generated 269 bytes in 4 msecs (HTTP/1.1 300) 6 headers in 233 bytes (1 switches on core 0)
Oct 26 16:44:26 user devstack@keystone.service[45987]: DEBUG keystone.server.flask.request_processing.req_logging [None req-2f4861b7-41ec-448e-a07f-0514b7460a10 None None] REQUEST_METHOD: `POST` {{(pid=45987) log_request_info /opt/stack/keystone/keystone/server/flask/request_processing/req_logging.py:27}}
Oct 26 16:44:26 user devstack@keystone.service[45987]: DEBUG keystone.server.flask.request_processing.req_logging [None req-2f4861b7-41ec-448e-a07f-0514b7460a10 None None] SCRIPT_NAME: `/identity` {{(pid=45987) log_request_info /opt/stack/keystone/keystone/server/flask/request_processing/req_logging.py:28}}
Oct 26 16:44:26 user devstack@keystone.service[45987]: DEBUG keystone.server.flask.request_processing.req_logging [None req-2f4861b7-41ec-448e-a07f-0514b7460a10 None None] PATH_INFO: `/v3/auth/tokens` {{(pid=45987) log_request_info /opt/stack/keystone/keystone/server/flask/request_processing/req_logging.py:29}}
Oct 26 16:44:26 user devstack@keystone.service[45987]: WARNING keystone.common.password_hashing [None req-2f4861b7-41ec-448e-a07f-0514b7460a10 None None] Truncating password to algorithm specific maximum length 72 characters.
Oct 26 16:44:26 user devstack@keystone.service[45985]: [pid: 45985|app: 0|req: 80/244] 10.0.0.210 () {58 vars in 1018 bytes} [Thu Oct 26 16:44:26 2023] POST /identity/v3/auth/tokens => generated 861 bytes in 87 msecs (HTTP/1.1 201) 6 headers in 363 bytes (1 switches on core 0)
Oct 26 16:44:26 user devstack@keystone.service[45987]: DEBUG keystone.auth.core [None req-2f4861b7-41ec-448e-a07f-0514b7460a10 None None] MFA Rules not processed for user `2c1fe4ed3f6444acb7034c1d2a8e59c6`. Rule list: `[]` (Enabled: `True`). {{(pid=45987) check_auth_methods_against_rules /opt/stack/keystone/keystone/auth/core.py:438}}
Oct 26 16:44:26 user devstack@keystone.service[45987]: DEBUG keystone.common.fernet_utils [None req-2f4861b7-41ec-448e-a07f-0514b7460a10 None None] Loaded 2 Fernet keys from /etc/keystone/fernet-keys/, but `[fernet_tokens] max_active_keys = 3`; perhaps there have not been enough key rotations to reach `max_active_keys` yet? {{(pid=45987) load_keys /opt/stack/keystone/keystone/common/fernet_utils.py:286}}
Oct 26 16:44:26 user devstack@keystone.service[45986]: DEBUG keystone.server.flask.request_processing.req_logging [None req-a54edf3c-9406-4a57-b06e-ad880a22da22 None None] REQUEST_METHOD: `GET` {{(pid=45986) log_request_info /opt/stack/keystone/keystone/server/flask/request_processing/req_logging.py:27}}
Oct 26 16:44:26 user devstack@keystone.service[45986]: DEBUG keystone.server.flask.request_processing.req_logging [None req-a54edf3c-9406-4a57-b06e-ad880a22da22 None None] SCRIPT_NAME: `/identity` {{(pid=45986) log_request_info /opt/stack/keystone/keystone/server/flask/request_processing/req_logging.py:28}}
Oct 26 16:44:26 user devstack@keystone.service[45986]: DEBUG keystone.server.flask.request_processing.req_logging [None req-a54edf3c-9406-4a57-b06e-ad880a22da22 None None] PATH_INFO: `/` {{(pid=45986) log_request_info /opt/stack/keystone/keystone/server/flask/request_processing/req_logging.py:29}}
Oct 26 16:44:26 user devstack@keystone.service[45987]: [pid: 45987|app: 0|req: 82/245] 10.0.0.210 () {58 vars in 1018 bytes} [Thu Oct 26 16:44:26 2023] POST /identity/v3/auth/tokens => generated 861 bytes in 93 msecs (HTTP/1.1 201) 6 headers in 363 bytes (1 switches on core 0)
Oct 26 16:44:26 user devstack@keystone.service[45986]: [pid: 45986|app: 0|req: 84/246] 10.0.0.210 () {54 vars in 921 bytes} [Thu Oct 26 16:44:26 2023] GET /identity => generated 269 bytes in 3 msecs (HTTP/1.1 300) 6 headers in 233 bytes (1 switches on core 0)
Oct 26 16:44:26 user devstack@keystone.service[45985]: DEBUG keystone.server.flask.request_processing.req_logging [None req-834b484a-6105-4fda-b389-7695c5f1a32d None None] REQUEST_METHOD: `POST` {{(pid=45985) log_request_info /opt/stack/keystone/keystone/server/flask/request_processing/req_logging.py:27}}
Oct 26 16:44:26 user devstack@keystone.service[45985]: DEBUG keystone.server.flask.request_processing.req_logging [None req-834b484a-6105-4fda-b389-7695c5f1a32d None None] SCRIPT_NAME: `/identity` {{(pid=45985) log_request_info /opt/stack/keystone/keystone/server/flask/request_processing/req_logging.py:28}}
Oct 26 16:44:26 user devstack@keystone.service[45985]: DEBUG keystone.server.flask.request_processing.req_logging [None req-834b484a-6105-4fda-b389-7695c5f1a32d None None] PATH_INFO: `/v3/auth/tokens` {{(pid=45985) log_request_info /opt/stack/keystone/keystone/server/flask/request_processing/req_logging.py:29}}
Oct 26 16:44:26 user devstack@keystone.service[45985]: WARNING keystone.common.password_hashing [None req-834b484a-6105-4fda-b389-7695c5f1a32d None None] Truncating password to algorithm specific maximum length 72 characters.
Oct 26 16:44:26 user devstack@keystone.service[45985]: DEBUG keystone.auth.core [None req-834b484a-6105-4fda-b389-7695c5f1a32d None None] MFA Rules not processed for user `2c1fe4ed3f6444acb7034c1d2a8e59c6`. Rule list: `[]` (Enabled: `True`). {{(pid=45985) check_auth_methods_against_rules /opt/stack/keystone/keystone/auth/core.py:438}}
Oct 26 16:44:26 user devstack@keystone.service[45985]: DEBUG keystone.common.fernet_utils [None req-834b484a-6105-4fda-b389-7695c5f1a32d None None] Loaded 2 Fernet keys from /etc/keystone/fernet-keys/, but `[fernet_tokens] max_active_keys = 3`; perhaps there have not been enough key rotations to reach `max_active_keys` yet? {{(pid=45985) load_keys /opt/stack/keystone/keystone/common/fernet_utils.py:286}}
Oct 26 16:44:26 user devstack@keystone.service[45985]: [pid: 45985|app: 0|req: 81/247] 10.0.0.210 () {58 vars in 1018 bytes} [Thu Oct 26 16:44:26 2023] POST /identity/v3/auth/tokens => generated 861 bytes in 84 msecs (HTTP/1.1 201) 6 headers in 363 bytes (1 switches on core 0)
Oct 26 16:44:26 user devstack@keystone.service[45987]: DEBUG keystone.server.flask.request_processing.middleware.auth_context [None req-2f4861b7-41ec-448e-a07f-0514b7460a10 None None] Authenticating user token {{(pid=45987) process_request /opt/stack/data/venv/lib/python3.10/site-packages/keystonemiddleware/auth_token/__init__.py:406}}
Oct 26 16:44:26 user devstack@keystone.service[45986]: DEBUG keystone.server.flask.request_processing.middleware.auth_context [None req-a54edf3c-9406-4a57-b06e-ad880a22da22 None None] Authenticating user token {{(pid=45986) process_request /opt/stack/data/venv/lib/python3.10/site-packages/keystonemiddleware/auth_token/__init__.py:406}}
Oct 26 16:44:26 user devstack@keystone.service[45987]: DEBUG keystone.server.flask.request_processing.middleware.auth_context [None req-2f4861b7-41ec-448e-a07f-0514b7460a10 None None] Validating token access rules against request {{(pid=45987) validate_allowed_request /opt/stack/data/venv/lib/python3.10/site-packages/keystonemiddleware/auth_token/__init__.py:544}}
Oct 26 16:44:26 user devstack@keystone.service[45985]: DEBUG keystone.server.flask.request_processing.middleware.auth_context [None req-834b484a-6105-4fda-b389-7695c5f1a32d None None] Authenticating user token {{(pid=45985) process_request /opt/stack/data/venv/lib/python3.10/site-packages/keystonemiddleware/auth_token/__init__.py:406}}
Oct 26 16:44:26 user devstack@keystone.service[45987]: DEBUG keystone.server.flask.request_processing.middleware.auth_context [None req-f7794b65-8785-4858-97e9-b60d8b80f890 None admin] RBAC: auth_context: {'token': , 'domain_id': None, 'trust_id': None, 'trustor_id': None, 'trustee_id': None, 'domain_name': None, 'group_ids': [], 'user_id': '2c1fe4ed3f6444acb7034c1d2a8e59c6', 'user_domain_id': 'default', 'system_scope': 'all', 'project_id': None, 'project_domain_id': None, 'roles': ['admin', 'manager', 'member', 'reader'], 'is_admin_project': True, 'service_user_id': None, 'service_user_domain_id': None, 'service_project_id': None, 'service_project_domain_id': None, 'service_roles': []} {{(pid=45987) fill_context /opt/stack/keystone/keystone/server/flask/request_processing/middleware/auth_context.py:480}}
Oct 26 16:44:26 user devstack@keystone.service[45987]: DEBUG keystone.server.flask.request_processing.req_logging [None req-f7794b65-8785-4858-97e9-b60d8b80f890 None admin] REQUEST_METHOD: `GET` {{(pid=45987) log_request_info /opt/stack/keystone/keystone/server/flask/request_processing/req_logging.py:27}}
Oct 26 16:44:26 user devstack@keystone.service[45987]: DEBUG keystone.server.flask.request_processing.req_logging [None req-f7794b65-8785-4858-97e9-b60d8b80f890 None admin] SCRIPT_NAME: `/identity` {{(pid=45987) log_request_info /opt/stack/keystone/keystone/server/flask/request_processing/req_logging.py:28}}
Oct 26 16:44:26 user devstack@keystone.service[45987]: DEBUG keystone.server.flask.request_processing.req_logging [None req-f7794b65-8785-4858-97e9-b60d8b80f890 None admin] PATH_INFO: `/v3/domains/default` {{(pid=45987) log_request_info /opt/stack/keystone/keystone/server/flask/request_processing/req_logging.py:29}}
Oct 26 16:44:26 user devstack@keystone.service[45987]: DEBUG keystone.common.rbac_enforcer.enforcer [None req-f7794b65-8785-4858-97e9-b60d8b80f890 None admin] RBAC: Authorizing `identity:get_domain(domain_id=default)` {{(pid=45987) enforce_call /opt/stack/keystone/keystone/common/rbac_enforcer/enforcer.py:449}}
Oct 26 16:44:26 user devstack@keystone.service[45987]: DEBUG keystone.common.rbac_enforcer.enforcer [None req-f7794b65-8785-4858-97e9-b60d8b80f890 None admin] RBAC: Authorization granted {{(pid=45987) enforce_call /opt/stack/keystone/keystone/common/rbac_enforcer/enforcer.py:457}}
Oct 26 16:44:26 user devstack@keystone.service[45987]: [pid: 45987|app: 0|req: 83/248] 10.0.0.210 () {56 vars in 1103 bytes} [Thu Oct 26 16:44:26 2023] GET /identity/v3/domains/default => generated 198 bytes in 149 msecs (HTTP/1.1 200) 5 headers in 177 bytes (1 switches on core 0)
Oct 26 16:44:26 user devstack@keystone.service[45987]: DEBUG keystone.server.flask.request_processing.middleware.auth_context [None req-f7794b65-8785-4858-97e9-b60d8b80f890 None admin] Authenticating user token {{(pid=45987) process_request /opt/stack/data/venv/lib/python3.10/site-packages/keystonemiddleware/auth_token/__init__.py:406}}
Oct 26 16:44:26 user devstack@keystone.service[45986]: DEBUG keystone.server.flask.request_processing.middleware.auth_context [None req-a54edf3c-9406-4a57-b06e-ad880a22da22 None None] Validating token access rules against request {{(pid=45986) validate_allowed_request /opt/stack/data/venv/lib/python3.10/site-packages/keystonemiddleware/auth_token/__init__.py:544}}
Oct 26 16:44:27 user devstack@keystone.service[45986]: DEBUG keystone.server.flask.request_processing.middleware.auth_context [None req-870c8b2e-44c9-4b10-987f-8c91bf63220b None admin] RBAC: auth_context: {'token': , 'domain_id': None, 'trust_id': None, 'trustor_id': None, 'trustee_id': None, 'domain_name': None, 'group_ids': [], 'user_id': '2c1fe4ed3f6444acb7034c1d2a8e59c6', 'user_domain_id': 'default', 'system_scope': 'all', 'project_id': None, 'project_domain_id': None, 'roles': ['admin', 'manager', 'member', 'reader'], 'is_admin_project': True, 'service_user_id': None, 'service_user_domain_id': None, 'service_project_id': None, 'service_project_domain_id': None, 'service_roles': []} {{(pid=45986) fill_context /opt/stack/keystone/keystone/server/flask/request_processing/middleware/auth_context.py:480}}
Oct 26 16:44:27 user devstack@keystone.service[45986]: DEBUG keystone.server.flask.request_processing.req_logging [None req-870c8b2e-44c9-4b10-987f-8c91bf63220b None admin] REQUEST_METHOD: `GET` {{(pid=45986) log_request_info /opt/stack/keystone/keystone/server/flask/request_processing/req_logging.py:27}}
Oct 26 16:44:27 user devstack@keystone.service[45986]: DEBUG keystone.server.flask.request_processing.req_logging [None req-870c8b2e-44c9-4b10-987f-8c91bf63220b None admin] SCRIPT_NAME: `/identity` {{(pid=45986) log_request_info /opt/stack/keystone/keystone/server/flask/request_processing/req_logging.py:28}}
Oct 26 16:44:27 user devstack@keystone.service[45986]: DEBUG keystone.server.flask.request_processing.req_logging [None req-870c8b2e-44c9-4b10-987f-8c91bf63220b None admin] PATH_INFO: `/v3/roles/member` {{(pid=45986) log_request_info /opt/stack/keystone/keystone/server/flask/request_processing/req_logging.py:29}}
Oct 26 16:44:27 user devstack@keystone.service[45985]: DEBUG keystone.server.flask.request_processing.middleware.auth_context [None req-834b484a-6105-4fda-b389-7695c5f1a32d None None] Validating token access rules against request {{(pid=45985) validate_allowed_request /opt/stack/data/venv/lib/python3.10/site-packages/keystonemiddleware/auth_token/__init__.py:544}}
Oct 26 16:44:27 user devstack@keystone.service[45986]: DEBUG keystone.common.rbac_enforcer.enforcer [None req-870c8b2e-44c9-4b10-987f-8c91bf63220b None admin] Extracting inferred target data resulted in "NOT FOUND (404)". {{(pid=45986) enforce_call /opt/stack/keystone/keystone/common/rbac_enforcer/enforcer.py:409}}
Oct 26 16:44:27 user devstack@keystone.service[45986]: ERROR keystone.server.flask.application [None req-870c8b2e-44c9-4b10-987f-8c91bf63220b None admin] Could not find role: member.: keystone.exception.RoleNotFound: Could not find role: member.
Oct 26 16:44:27 user devstack@keystone.service[45986]: ERROR keystone.server.flask.application
Traceback (most recent call last):
Oct 26 16:44:27 user devstack@keystone.service[45986]: ERROR keystone.server.flask.application
File "/opt/stack/data/venv/lib/python3.10/site-packages/flask/app.py", line 1823, in full_dispatch_request
Oct 26 16:44:27 user devstack@keystone.service[45986]: ERROR keystone.server.flask.application rv = self.dispatch_request()
Oct 26 16:44:27 user devstack@keystone.service[45986]: ERROR keystone.server.flask.application
File "/opt/stack/data/venv/lib/python3.10/site-packages/flask/app.py", line 1799, in dispatch_request
Oct 26 16:44:27 user devstack@keystone.service[45986]: ERROR keystone.server.flask.application return self.ensure_sync(self.view_functions[rule.endpoint])(**view_args)
Oct 26 16:44:27 user devstack@keystone.service[45986]: ERROR keystone.server.flask.application
File "/opt/stack/data/venv/lib/python3.10/site-packages/flask_restful/__init__.py", line 489, in wrapper
Oct 26 16:44:27 user devstack@keystone.service[45986]: ERROR keystone.server.flask.application resp = resource(*args, **kwargs)
Oct 26 16:44:27 user devstack@keystone.service[45986]: ERROR keystone.server.flask.application
File "/opt/stack/data/venv/lib/python3.10/site-packages/flask/views.py", line 107, in view
Oct 26 16:44:27 user devstack@keystone.service[45986]: ERROR keystone.server.flask.application return current_app.ensure_sync(self.dispatch_request)(**kwargs)
Oct 26 16:44:27 user devstack@keystone.service[45986]: ERROR keystone.server.flask.application
File "/opt/stack/data/venv/lib/python3.10/site-packages/flask_restful/__init__.py", line 604, in dispatch_request
Oct 26 16:44:27 user devstack@keystone.service[45986]: ERROR keystone.server.flask.application resp = meth(*args, **kwargs)
Oct 26 16:44:27 user devstack@keystone.service[45986]: ERROR keystone.server.flask.application
File "/opt/stack/keystone/keystone/api/roles.py", line 50, in get
Oct 26 16:44:27 user devstack@keystone.service[45986]: ERROR keystone.server.flask.application return self._get_role(role_id)
Oct 26 16:44:27 user devstack@keystone.service[45986]: ERROR keystone.server.flask.application
File "/opt/stack/keystone/keystone/api/roles.py", line 70, in _get_role
Oct 26 16:44:27 user devstack@keystone.service[45986]: ERROR keystone.server.flask.application ENFORCER.enforce_call(action='identity:get_role')
Oct 26 16:44:27 user devstack@keystone.service[45986]: ERROR keystone.server.flask.application
File "/opt/stack/keystone/keystone/common/rbac_enforcer/enforcer.py", line 402, in enforce_call
Oct 26 16:44:27 user devstack@keystone.service[45986]: ERROR keystone.server.flask.application policy_dict.update(cls._extract_member_target_data(
Oct 26 16:44:27 user devstack@keystone.service[45986]: ERROR keystone.server.flask.application
File "/opt/stack/keystone/keystone/common/rbac_enforcer/enforcer.py", line 234, in _extract_member_target_data
Oct 26 16:44:27 user devstack@keystone.service[45986]: ERROR keystone.server.flask.application member_name: func(flask.request.view_args[key])
Oct 26 16:44:27 user devstack@keystone.service[45986]: ERROR keystone.server.flask.application
File "/opt/stack/keystone/keystone/common/manager.py", line 115, in wrapped
Oct 26 16:44:27 user devstack@keystone.service[45986]: ERROR keystone.server.flask.application __ret_val = __f(*args, **kwargs)
Oct 26 16:44:27 user devstack@keystone.service[45986]: ERROR keystone.server.flask.application
File "/opt/stack/data/venv/lib/python3.10/site-packages/decorator.py", line 232, in fun
Oct 26 16:44:27 user devstack@keystone.service[45986]: ERROR keystone.server.flask.application return caller(func, *(extras + args), **kw)
Oct 26 16:44:27 user devstack@keystone.service[45986]: ERROR keystone.server.flask.application
File "/opt/stack/data/venv/lib/python3.10/site-packages/dogpile/cache/region.py", line 1594, in get_or_create_for_user_func
Oct 26 16:44:27 user devstack@keystone.service[45986]: ERROR keystone.server.flask.application return self.get_or_create(
Oct 26 16:44:27 user devstack@keystone.service[45986]: ERROR keystone.server.flask.application
File "/opt/stack/data/venv/lib/python3.10/site-packages/dogpile/cache/region.py", line 1054, in get_or_create
Oct 26 16:44:27 user devstack@keystone.service[45986]: ERROR keystone.server.flask.application with Lock(
Oct 26 16:44:27 user devstack@keystone.service[45986]: ERROR keystone.server.flask.application
File "/opt/stack/data/venv/lib/python3.10/site-packages/dogpile/lock.py", line 185, in __enter__
Oct 26 16:44:27 user devstack@keystone.service[45986]: ERROR keystone.server.flask.application return self._enter()
Oct 26 16:44:27 user devstack@keystone.service[45986]: ERROR keystone.server.flask.application
File "/opt/stack/data/venv/lib/python3.10/site-packages/dogpile/lock.py", line 94, in _enter
Oct 26 16:44:27 user devstack@keystone.service[45986]: ERROR keystone.server.flask.application generated = self._enter_create(value, createdtime)
Oct 26 16:44:27 user devstack@keystone.service[45986]: ERROR keystone.server.flask.application
File "/opt/stack/data/venv/lib/python3.10/site-packages/dogpile/lock.py", line 178, in _enter_create
Oct 26 16:44:27 user devstack@keystone.service[45986]: ERROR keystone.server.flask.application return self.creator()
Oct 26 16:44:27 user devstack@keystone.service[45986]: ERROR keystone.server.flask.application
File "/opt/stack/data/venv/lib/python3.10/site-packages/dogpile/cache/region.py", line 1007, in gen_value
Oct 26 16:44:27 user devstack@keystone.service[45986]: ERROR keystone.server.flask.application created_value = creator(
Oct 26 16:44:27 user devstack@keystone.service[45986]: ERROR keystone.server.flask.application
File "/opt/stack/keystone/keystone/assignment/core.py", line 1276, in get_role
Oct 26 16:44:27 user devstack@keystone.service[45986]: ERROR keystone.server.flask.application return self.driver.get_role(role_id)
Oct 26 16:44:27 user devstack@keystone.service[45986]: ERROR keystone.server.flask.application
File "/opt/stack/keystone/keystone/assignment/role_backends/sql.py", line 70, in get_role
Oct 26 16:44:27 user devstack@keystone.service[45986]: ERROR keystone.server.flask.application return self._get_role(session, role_id).to_dict()
Oct 26 16:44:27 user devstack@keystone.service[45986]: ERROR keystone.server.flask.application
File "/opt/stack/keystone/keystone/assignment/role_backends/sql.py", line 65, in _get_role
Oct 26 16:44:27 user devstack@keystone.service[45986]: ERROR keystone.server.flask.application raise exception.RoleNotFound(role_id=role_id)
Oct 26 16:44:27 user devstack@keystone.service[45986]: ERROR keystone.server.flask.application keystone.exception.RoleNotFound: Could not find role: member.
Oct 26 16:44:27 user devstack@keystone.service[45986]: ERROR keystone.server.flask.application
Oct 26 16:44:27 user devstack@keystone.service[45986]: [pid: 45986|app: 0|req: 85/249] 10.0.0.210 () {56 vars in 1094 bytes} [Thu Oct 26 16:44:26 2023] GET /identity/v3/roles/member => generated 84 bytes in 224 msecs (HTTP/1.1 404) 5 headers in 183 bytes (1 switches on core 0)
Oct 26 16:44:27 user devstack@keystone.service[45986]: DEBUG keystone.server.flask.request_processing.middleware.auth_context [None req-870c8b2e-44c9-4b10-987f-8c91bf63220b None admin] Authenticating user token {{(pid=45986) process_request /opt/stack/data/venv/lib/python3.10/site-packages/keystonemiddleware/auth_token/__init__.py:406}}
Oct 26 16:44:27 user devstack@keystone.service[45987]: DEBUG keystone.server.flask.request_processing.middleware.auth_context [None req-f7794b65-8785-4858-97e9-b60d8b80f890 None admin] Validating token access rules against request {{(pid=45987) validate_allowed_request /opt/stack/data/venv/lib/python3.10/site-packages/keystonemiddleware/auth_token/__init__.py:544}}
Oct 26 16:44:27 user devstack@keystone.service[45985]: DEBUG keystone.server.flask.request_processing.middleware.auth_context [None req-716ebfce-1d2f-4424-91ed-074ceb2063d7 None admin] RBAC: auth_context: {'token': , 'domain_id': None, 'trust_id': None, 'trustor_id': None, 'trustee_id': None, 'domain_name': None, 'group_ids': [], 'user_id': '2c1fe4ed3f6444acb7034c1d2a8e59c6', 'user_domain_id': 'default', 'system_scope': 'all', 'project_id': None, 'project_domain_id': None, 'roles': ['admin', 'manager', 'member', 'reader'], 'is_admin_project': True, 'service_user_id': None, 'service_user_domain_id': None, 'service_project_id': None, 'service_project_domain_id': None, 'service_roles': []} {{(pid=45985) fill_context /opt/stack/keystone/keystone/server/flask/request_processing/middleware/auth_context.py:480}}
Oct 26 16:44:27 user devstack@keystone.service[45985]: DEBUG keystone.server.flask.request_processing.req_logging [None req-716ebfce-1d2f-4424-91ed-074ceb2063d7 None admin] REQUEST_METHOD: `GET` {{(pid=45985) log_request_info /opt/stack/keystone/keystone/server/flask/request_processing/req_logging.py:27}}
Oct 26 16:44:27 user devstack@keystone.service[45985]: DEBUG keystone.server.flask.request_processing.req_logging [None req-716ebfce-1d2f-4424-91ed-074ceb2063d7 None admin] SCRIPT_NAME: `/identity` {{(pid=45985) log_request_info /opt/stack/keystone/keystone/server/flask/request_processing/req_logging.py:28}}
Oct 26 16:44:27 user devstack@keystone.service[45985]: DEBUG keystone.server.flask.request_processing.req_logging [None req-716ebfce-1d2f-4424-91ed-074ceb2063d7 None admin] PATH_INFO: `/v3/roles/reader` {{(pid=45985) log_request_info /opt/stack/keystone/keystone/server/flask/request_processing/req_logging.py:29}}
Oct 26 16:44:27 user devstack@keystone.service[45985]: DEBUG keystone.common.rbac_enforcer.enforcer [None req-716ebfce-1d2f-4424-91ed-074ceb2063d7 None admin] Extracting inferred target data resulted in "NOT FOUND (404)". {{(pid=45985) enforce_call /opt/stack/keystone/keystone/common/rbac_enforcer/enforcer.py:409}}
