Nov 14 06:33:13 user devstack@placement-api.service[69672]: DEBUG placement.requestlog [req-d5d5a214-a645-4c9d-b955-e528118b3f97 req-c4b3499b-bba8-4ea7-b823-b133e7df132e None None] Starting request: 10.0.0.210 "GET /placement/allocations/93429017-a737-45d4-965b-d7369a440bf8" {{(pid=69672) __call__ /opt/stack/placement/placement/requestlog.py:55}}
Nov 14 06:33:13 user devstack@placement-api.service[69672]: INFO placement.requestlog [req-d5d5a214-a645-4c9d-b955-e528118b3f97 req-c4b3499b-bba8-4ea7-b823-b133e7df132e service placement] 10.0.0.210 "GET /placement/allocations/93429017-a737-45d4-965b-d7369a440bf8" status: 200 len: 244 microversion: 1.28
Nov 14 06:33:13 user devstack@placement-api.service[69672]: [pid: 69672|app: 0|req: 86/260] 10.0.0.210 () {64 vars in 1456 bytes} [Tue Nov 14 06:33:13 2023] GET /placement/allocations/93429017-a737-45d4-965b-d7369a440bf8 => generated 244 bytes in 16 msecs (HTTP/1.1 200) 8 headers in 296 bytes (1 switches on core 0)
Nov 14 06:33:13 user devstack@placement-api.service[69670]: DEBUG placement.requestlog [req-d5d5a214-a645-4c9d-b955-e528118b3f97 req-25c81de3-9171-4e60-b6c2-4e9961e66963 None None] Starting request: 10.0.0.210 "GET /placement/allocations/6b2df786-b4e7-4593-b73b-4ee8d54f92e6" {{(pid=69670) __call__ /opt/stack/placement/placement/requestlog.py:55}}
Nov 14 06:33:13 user devstack@placement-api.service[69670]: INFO placement.requestlog [req-d5d5a214-a645-4c9d-b955-e528118b3f97 req-25c81de3-9171-4e60-b6c2-4e9961e66963 service placement] 10.0.0.210 "GET /placement/allocations/6b2df786-b4e7-4593-b73b-4ee8d54f92e6" status: 200 len: 258 microversion: 1.28
Nov 14 06:33:13 user devstack@placement-api.service[69670]: [pid: 69670|app: 0|req: 89/261] 10.0.0.210 () {64 vars in 1456 bytes} [Tue Nov 14 06:33:13 2023] GET /placement/allocations/6b2df786-b4e7-4593-b73b-4ee8d54f92e6 => generated 258 bytes in 15 msecs (HTTP/1.1 200) 8 headers in 296 bytes (1 switches on core 0)
Nov 14 06:33:13 user devstack@placement-api.service[69671]: DEBUG placement.requestlog [req-d5d5a214-a645-4c9d-b955-e528118b3f97 req-e4a6859a-5edd-4a79-bdb3-7cfe22477c89 None None] Starting request: 10.0.0.210 "GET /placement/allocations/3ef09cb8-e642-4810-a2fe-aa4d79c055c4" {{(pid=69671) __call__ /opt/stack/placement/placement/requestlog.py:55}}
Nov 14 06:33:13 user devstack@placement-api.service[69671]: INFO placement.requestlog [req-d5d5a214-a645-4c9d-b955-e528118b3f97 req-e4a6859a-5edd-4a79-bdb3-7cfe22477c89 service placement] 10.0.0.210 "GET /placement/allocations/3ef09cb8-e642-4810-a2fe-aa4d79c055c4" status: 200 len: 258 microversion: 1.28
Nov 14 06:33:13 user devstack@placement-api.service[69671]: [pid: 69671|app: 0|req: 87/262] 10.0.0.210 () {64 vars in 1456 bytes} [Tue Nov 14 06:33:13 2023] GET /placement/allocations/3ef09cb8-e642-4810-a2fe-aa4d79c055c4 => generated 258 bytes in 16 msecs (HTTP/1.1 200) 8 headers in 296 bytes (1 switches on core 0)
Nov 14 06:33:13 user devstack@placement-api.service[69672]: DEBUG placement.requestlog [req-d5d5a214-a645-4c9d-b955-e528118b3f97 req-a6968e8e-dac2-49ab-a0da-b27b744a9d92 None None] Starting request: 10.0.0.210 "DELETE /placement/allocations/3ef09cb8-e642-4810-a2fe-aa4d79c055c4" {{(pid=69672) __call__ /opt/stack/placement/placement/requestlog.py:55}}
Nov 14 06:33:13 user devstack@placement-api.service[69672]: DEBUG placement.handlers.allocation [req-d5d5a214-a645-4c9d-b955-e528118b3f97 req-a6968e8e-dac2-49ab-a0da-b27b744a9d92 service placement] Successfully deleted allocations [, , ] {{(pid=69672) delete_allocations /opt/stack/placement/placement/handlers/allocation.py:627}}
Nov 14 06:33:13 user devstack@placement-api.service[69672]: INFO placement.requestlog [req-d5d5a214-a645-4c9d-b955-e528118b3f97 req-a6968e8e-dac2-49ab-a0da-b27b744a9d92 service placement] 10.0.0.210 "DELETE /placement/allocations/3ef09cb8-e642-4810-a2fe-aa4d79c055c4" status: 204 len: 0 microversion: 1.0
Nov 14 06:33:13 user devstack@placement-api.service[69672]: [pid: 69672|app: 0|req: 87/263] 10.0.0.210 () {64 vars in 1434 bytes} [Tue Nov 14 06:33:13 2023] DELETE /placement/allocations/3ef09cb8-e642-4810-a2fe-aa4d79c055c4 => generated 0 bytes in 34 msecs (HTTP/1.1 204) 5 headers in 198 bytes (1 switches on core 0)
Nov 14 06:33:13 user devstack@placement-api.service[69670]: DEBUG placement.requestlog [None req-6cb4da87-1e0c-417d-b371-55e176aaeaad None None] Starting request: 10.0.0.210 "GET /placement/resource_providers/eb9b290b-3d69-4e19-bedb-483ea924f636/aggregates" {{(pid=69670) __call__ /opt/stack/placement/placement/requestlog.py:55}}
Nov 14 06:33:14 user devstack@placement-api.service[69670]: INFO placement.requestlog [None req-6cb4da87-1e0c-417d-b371-55e176aaeaad service placement] 10.0.0.210 "GET /placement/resource_providers/eb9b290b-3d69-4e19-bedb-483ea924f636/aggregates" status: 404 len: 235 microversion: 1.1
Nov 14 06:33:14 user devstack@placement-api.service[69670]: [pid: 69670|app: 0|req: 90/264] 10.0.0.210 () {62 vars in 1440 bytes} [Tue Nov 14 06:33:13 2023] GET /placement/resource_providers/eb9b290b-3d69-4e19-bedb-483ea924f636/aggregates => generated 235 bytes in 144 msecs (HTTP/1.1 404) 5 headers in 202 bytes (1 switches on core 0)
Nov 14 06:33:14 user devstack@placement-api.service[69671]: DEBUG placement.requestlog [None req-f6ef796b-7116-4a60-9919-00b1d349860d None None] Starting request: 10.0.0.210 "DELETE /placement/resource_providers/eb9b290b-3d69-4e19-bedb-483ea924f636" {{(pid=69671) __call__ /opt/stack/placement/placement/requestlog.py:55}}
Nov 14 06:33:14 user devstack@placement-api.service[69671]: DEBUG placement.wsgi_wrapper [None req-f6ef796b-7116-4a60-9919-00b1d349860d service placement] Placement API returning an error response: No resource provider with uuid eb9b290b-3d69-4e19-bedb-483ea924f636 found for delete {{(pid=69671) call_func /opt/stack/placement/placement/wsgi_wrapper.py:31}}
Nov 14 06:33:14 user devstack@placement-api.service[69671]: INFO placement.requestlog [None req-f6ef796b-7116-4a60-9919-00b1d349860d service placement] 10.0.0.210 "DELETE /placement/resource_providers/eb9b290b-3d69-4e19-bedb-483ea924f636" status: 404 len: 246 microversion: 1.1
Nov 14 06:33:14 user devstack@placement-api.service[69671]: [pid: 69671|app: 0|req: 88/265] 10.0.0.210 () {64 vars in 1429 bytes} [Tue Nov 14 06:33:14 2023] DELETE /placement/resource_providers/eb9b290b-3d69-4e19-bedb-483ea924f636 => generated 246 bytes in 14 msecs (HTTP/1.1 404) 6 headers in 231 bytes (1 switches on core 0)
Nov 14 06:33:14 user devstack@placement-api.service[69672]: DEBUG placement.requestlog [None req-27dc6cd1-abdf-4fd5-84b6-511d29ec76a0 None None] Starting request: 10.0.0.210 "GET /placement/resource_providers/82cf1b8f-4883-41a7-a012-d0e787294a3a/aggregates" {{(pid=69672) __call__ /opt/stack/placement/placement/requestlog.py:55}}
Nov 14 06:33:14 user devstack@placement-api.service[69672]: INFO placement.requestlog [None req-27dc6cd1-abdf-4fd5-84b6-511d29ec76a0 service placement] 10.0.0.210 "GET /placement/resource_providers/82cf1b8f-4883-41a7-a012-d0e787294a3a/aggregates" status: 404 len: 235 microversion: 1.1
Nov 14 06:33:14 user devstack@placement-api.service[69672]: [pid: 69672|app: 0|req: 88/266] 10.0.0.210 () {62 vars in 1440 bytes} [Tue Nov 14 06:33:14 2023] GET /placement/resource_providers/82cf1b8f-4883-41a7-a012-d0e787294a3a/aggregates => generated 235 bytes in 90 msecs (HTTP/1.1 404) 5 headers in 202 bytes (1 switches on core 0)
Nov 14 06:33:14 user devstack@placement-api.service[69670]: DEBUG placement.requestlog [None req-a9ab2f1d-7830-44a9-9d8c-7d64ca942028 None None] Starting request: 10.0.0.210 "DELETE /placement/resource_providers/82cf1b8f-4883-41a7-a012-d0e787294a3a" {{(pid=69670) __call__ /opt/stack/placement/placement/requestlog.py:55}}
Nov 14 06:33:14 user devstack@placement-api.service[69670]: DEBUG placement.wsgi_wrapper [None req-a9ab2f1d-7830-44a9-9d8c-7d64ca942028 service placement] Placement API returning an error response: No resource provider with uuid 82cf1b8f-4883-41a7-a012-d0e787294a3a found for delete {{(pid=69670) call_func /opt/stack/placement/placement/wsgi_wrapper.py:31}}
Nov 14 06:33:14 user devstack@placement-api.service[69670]: INFO placement.requestlog [None req-a9ab2f1d-7830-44a9-9d8c-7d64ca942028 service placement] 10.0.0.210 "DELETE /placement/resource_providers/82cf1b8f-4883-41a7-a012-d0e787294a3a" status: 404 len: 246 microversion: 1.1
Nov 14 06:33:14 user devstack@placement-api.service[69670]: [pid: 69670|app: 0|req: 91/267] 10.0.0.210 () {64 vars in 1429 bytes} [Tue Nov 14 06:33:14 2023] DELETE /placement/resource_providers/82cf1b8f-4883-41a7-a012-d0e787294a3a => generated 246 bytes in 10 msecs (HTTP/1.1 404) 6 headers in 231 bytes (1 switches on core 0)
Nov 14 06:33:16 user devstack@placement-api.service[69671]: DEBUG placement.requestlog [None req-26678e5f-cd34-412e-b797-74f3be453057 None None] Starting request: 10.0.0.210 "GET /placement/resource_providers/25edab80-ed8c-4130-8fa3-163096d70787/aggregates" {{(pid=69671) __call__ /opt/stack/placement/placement/requestlog.py:55}}
Nov 14 06:33:16 user devstack@placement-api.service[69671]: INFO placement.requestlog [None req-26678e5f-cd34-412e-b797-74f3be453057 service placement] 10.0.0.210 "GET /placement/resource_providers/25edab80-ed8c-4130-8fa3-163096d70787/aggregates" status: 404 len: 235 microversion: 1.1
Nov 14 06:33:16 user devstack@placement-api.service[69671]: [pid: 69671|app: 0|req: 89/268] 10.0.0.210 () {62 vars in 1440 bytes} [Tue Nov 14 06:33:16 2023] GET /placement/resource_providers/25edab80-ed8c-4130-8fa3-163096d70787/aggregates => generated 235 bytes in 12 msecs (HTTP/1.1 404) 5 headers in 202 bytes (1 switches on core 0)
Nov 14 06:33:16 user devstack@placement-api.service[69672]: DEBUG placement.requestlog [None req-4e05b5f1-a07e-4b0e-b2d2-5b0a9c7e0e1e None None] Starting request: 10.0.0.210 "DELETE /placement/resource_providers/25edab80-ed8c-4130-8fa3-163096d70787" {{(pid=69672) __call__ /opt/stack/placement/placement/requestlog.py:55}}
Nov 14 06:33:16 user devstack@placement-api.service[69672]: DEBUG placement.wsgi_wrapper [None req-4e05b5f1-a07e-4b0e-b2d2-5b0a9c7e0e1e service placement] Placement API returning an error response: No resource provider with uuid 25edab80-ed8c-4130-8fa3-163096d70787 found for delete {{(pid=69672) call_func /opt/stack/placement/placement/wsgi_wrapper.py:31}}
Nov 14 06:33:16 user devstack@placement-api.service[69672]: INFO placement.requestlog [None req-4e05b5f1-a07e-4b0e-b2d2-5b0a9c7e0e1e service placement] 10.0.0.210 "DELETE /placement/resource_providers/25edab80-ed8c-4130-8fa3-163096d70787" status: 404 len: 246 microversion: 1.1
Nov 14 06:33:16 user devstack@placement-api.service[69672]: [pid: 69672|app: 0|req: 89/269] 10.0.0.210 () {64 vars in 1429 bytes} [Tue Nov 14 06:33:16 2023] DELETE /placement/resource_providers/25edab80-ed8c-4130-8fa3-163096d70787 => generated 246 bytes in 16 msecs (HTTP/1.1 404) 6 headers in 231 bytes (1 switches on core 0)
Nov 14 06:33:16 user devstack@placement-api.service[69670]: DEBUG placement.requestlog [None req-230d0be1-73b8-4995-b556-f4b967096fcb None None] Starting request: 10.0.0.210 "GET /placement/resource_providers/0f18b671-a4f6-44ab-9412-bbb9ec0c2ae4/aggregates" {{(pid=69670) __call__ /opt/stack/placement/placement/requestlog.py:55}}
Nov 14 06:33:16 user devstack@placement-api.service[69670]: INFO placement.requestlog [None req-230d0be1-73b8-4995-b556-f4b967096fcb service placement] 10.0.0.210 "GET /placement/resource_providers/0f18b671-a4f6-44ab-9412-bbb9ec0c2ae4/aggregates" status: 404 len: 235 microversion: 1.1
Nov 14 06:33:16 user devstack@placement-api.service[69670]: [pid: 69670|app: 0|req: 92/270] 10.0.0.210 () {62 vars in 1440 bytes} [Tue Nov 14 06:33:16 2023] GET /placement/resource_providers/0f18b671-a4f6-44ab-9412-bbb9ec0c2ae4/aggregates => generated 235 bytes in 10 msecs (HTTP/1.1 404) 5 headers in 202 bytes (1 switches on core 0)
Nov 14 06:33:16 user devstack@placement-api.service[69671]: DEBUG placement.requestlog [None req-43c9a118-3e66-4ce2-9453-e1a64502ce71 None None] Starting request: 10.0.0.210 "DELETE /placement/resource_providers/0f18b671-a4f6-44ab-9412-bbb9ec0c2ae4" {{(pid=69671) __call__ /opt/stack/placement/placement/requestlog.py:55}}
Nov 14 06:33:16 user devstack@placement-api.service[69671]: DEBUG placement.wsgi_wrapper [None req-43c9a118-3e66-4ce2-9453-e1a64502ce71 service placement] Placement API returning an error response: No resource provider with uuid 0f18b671-a4f6-44ab-9412-bbb9ec0c2ae4 found for delete {{(pid=69671) call_func /opt/stack/placement/placement/wsgi_wrapper.py:31}}
Nov 14 06:33:16 user devstack@placement-api.service[69671]: INFO placement.requestlog [None req-43c9a118-3e66-4ce2-9453-e1a64502ce71 service placement] 10.0.0.210 "DELETE /placement/resource_providers/0f18b671-a4f6-44ab-9412-bbb9ec0c2ae4" status: 404 len: 246 microversion: 1.1
Nov 14 06:33:16 user devstack@placement-api.service[69671]: [pid: 69671|app: 0|req: 90/271] 10.0.0.210 () {64 vars in 1429 bytes} [Tue Nov 14 06:33:16 2023] DELETE /placement/resource_providers/0f18b671-a4f6-44ab-9412-bbb9ec0c2ae4 => generated 246 bytes in 11 msecs (HTTP/1.1 404) 6 headers in 231 bytes (1 switches on core 0)
Nov 14 06:33:22 user devstack@placement-api.service[69672]: DEBUG placement.requestlog [req-4d557a5b-4cba-406c-8bf0-f776645c8e91 req-f1a072b8-f952-422d-b949-c0e789972f97 None None] Starting request: 10.0.0.210 "GET /placement/resource_providers/639f2b20-6e4a-4044-8740-35d2f7c0a858/allocations" {{(pid=69672) __call__ /opt/stack/placement/placement/requestlog.py:55}}
Nov 14 06:33:22 user devstack@placement-api.service[69672]: INFO placement.requestlog [req-4d557a5b-4cba-406c-8bf0-f776645c8e91 req-f1a072b8-f952-422d-b949-c0e789972f97 service placement] 10.0.0.210 "GET /placement/resource_providers/639f2b20-6e4a-4044-8740-35d2f7c0a858/allocations" status: 200 len: 639 microversion: 1.0
Nov 14 06:33:22 user devstack@placement-api.service[69672]: [pid: 69672|app: 0|req: 90/272] 10.0.0.210 () {62 vars in 1469 bytes} [Tue Nov 14 06:33:22 2023] GET /placement/resource_providers/639f2b20-6e4a-4044-8740-35d2f7c0a858/allocations => generated 639 bytes in 47 msecs (HTTP/1.1 200) 6 headers in 224 bytes (1 switches on core 0)
Nov 14 06:33:22 user devstack@placement-api.service[69670]: DEBUG placement.requestlog [req-4d557a5b-4cba-406c-8bf0-f776645c8e91 req-835a36ae-b31a-428f-9b5c-ee36c783b7c2 None None] Starting request: 10.0.0.210 "GET /placement/allocations/68039fc4-3444-4768-aa9e-ba1cb521b5dd" {{(pid=69670) __call__ /opt/stack/placement/placement/requestlog.py:55}}
Nov 14 06:33:22 user devstack@placement-api.service[69670]: INFO placement.requestlog [req-4d557a5b-4cba-406c-8bf0-f776645c8e91 req-835a36ae-b31a-428f-9b5c-ee36c783b7c2 service placement] 10.0.0.210 "GET /placement/allocations/68039fc4-3444-4768-aa9e-ba1cb521b5dd" status: 200 len: 258 microversion: 1.28
Nov 14 06:33:22 user devstack@placement-api.service[69670]: [pid: 69670|app: 0|req: 93/273] 10.0.0.210 () {64 vars in 1456 bytes} [Tue Nov 14 06:33:22 2023] GET /placement/allocations/68039fc4-3444-4768-aa9e-ba1cb521b5dd => generated 258 bytes in 28 msecs (HTTP/1.1 200) 8 headers in 296 bytes (2 switches on core 0)
Nov 14 06:33:22 user devstack@placement-api.service[69671]: DEBUG placement.requestlog [req-4d557a5b-4cba-406c-8bf0-f776645c8e91 req-9ef87657-07f7-4633-bc65-ce9246aa42da None None] Starting request: 10.0.0.210 "GET /placement/allocations/787b732d-c4cc-4cf1-8069-6a8d0458b3b9" {{(pid=69671) __call__ /opt/stack/placement/placement/requestlog.py:55}}
Nov 14 06:33:22 user devstack@placement-api.service[69671]: INFO placement.requestlog [req-4d557a5b-4cba-406c-8bf0-f776645c8e91 req-9ef87657-07f7-4633-bc65-ce9246aa42da service placement] 10.0.0.210 "GET /placement/allocations/787b732d-c4cc-4cf1-8069-6a8d0458b3b9" status: 200 len: 258 microversion: 1.28
Nov 14 06:33:22 user devstack@placement-api.service[69671]: [pid: 69671|app: 0|req: 91/274] 10.0.0.210 () {64 vars in 1456 bytes} [Tue Nov 14 06:33:22 2023] GET /placement/allocations/787b732d-c4cc-4cf1-8069-6a8d0458b3b9 => generated 258 bytes in 33 msecs (HTTP/1.1 200) 8 headers in 296 bytes (1 switches on core 0)
Nov 14 06:33:22 user devstack@placement-api.service[69672]: DEBUG placement.requestlog [req-4d557a5b-4cba-406c-8bf0-f776645c8e91 req-e7691de6-d0b1-4f3d-b4c6-d9abe8e2b2db None None] Starting request: 10.0.0.210 "GET /placement/allocations/b96beb17-09e1-45a2-8699-8657baa034e8" {{(pid=69672) __call__ /opt/stack/placement/placement/requestlog.py:55}}
Nov 14 06:33:22 user devstack@placement-api.service[69672]: INFO placement.requestlog [req-4d557a5b-4cba-406c-8bf0-f776645c8e91 req-e7691de6-d0b1-4f3d-b4c6-d9abe8e2b2db service placement] 10.0.0.210 "GET /placement/allocations/b96beb17-09e1-45a2-8699-8657baa034e8" status: 200 len: 258 microversion: 1.28
Nov 14 06:33:22 user devstack@placement-api.service[69672]: [pid: 69672|app: 0|req: 91/275] 10.0.0.210 () {64 vars in 1456 bytes} [Tue Nov 14 06:33:22 2023] GET /placement/allocations/b96beb17-09e1-45a2-8699-8657baa034e8 => generated 258 bytes in 21 msecs (HTTP/1.1 200) 8 headers in 296 bytes (2 switches on core 0)
Nov 14 06:33:22 user devstack@placement-api.service[69670]: DEBUG placement.requestlog [None req-d3e88615-fe5c-418b-a483-59273c779e7b None None] Starting request: 10.0.0.210 "GET /placement/resource_providers/bdbb500d-9d72-4125-b049-9f603cb22aa3/aggregates" {{(pid=69670) __call__ /opt/stack/placement/placement/requestlog.py:55}}
Nov 14 06:33:22 user devstack@placement-api.service[69671]: DEBUG placement.requestlog [req-4d557a5b-4cba-406c-8bf0-f776645c8e91 req-dcbad323-cb6a-4d23-812e-99d18ea9f303 None None] Starting request: 10.0.0.210 "GET /placement/allocations/afb399e4-fd36-455d-b7c7-ac160f32ce79" {{(pid=69671) __call__ /opt/stack/placement/placement/requestlog.py:55}}
Nov 14 06:33:22 user devstack@placement-api.service[69670]: INFO placement.requestlog [None req-d3e88615-fe5c-418b-a483-59273c779e7b service placement] 10.0.0.210 "GET /placement/resource_providers/bdbb500d-9d72-4125-b049-9f603cb22aa3/aggregates" status: 404 len: 235 microversion: 1.1
Nov 14 06:33:22 user devstack@placement-api.service[69670]: [pid: 69670|app: 0|req: 94/276] 10.0.0.210 () {62 vars in 1440 bytes} [Tue Nov 14 06:33:22 2023] GET /placement/resource_providers/bdbb500d-9d72-4125-b049-9f603cb22aa3/aggregates => generated 235 bytes in 22 msecs (HTTP/1.1 404) 5 headers in 202 bytes (1 switches on core 0)
Nov 14 06:33:22 user devstack@placement-api.service[69672]: DEBUG placement.requestlog [None req-758b2211-5ccd-4ffd-bc1f-5d470e03e647 None None] Starting request: 10.0.0.210 "DELETE /placement/resource_providers/bdbb500d-9d72-4125-b049-9f603cb22aa3" {{(pid=69672) __call__ /opt/stack/placement/placement/requestlog.py:55}}
Nov 14 06:33:22 user devstack@placement-api.service[69671]: INFO placement.requestlog [req-4d557a5b-4cba-406c-8bf0-f776645c8e91 req-dcbad323-cb6a-4d23-812e-99d18ea9f303 service placement] 10.0.0.210 "GET /placement/allocations/afb399e4-fd36-455d-b7c7-ac160f32ce79" status: 200 len: 258 microversion: 1.28
Nov 14 06:33:22 user devstack@placement-api.service[69671]: [pid: 69671|app: 0|req: 92/277] 10.0.0.210 () {64 vars in 1456 bytes} [Tue Nov 14 06:33:22 2023] GET /placement/allocations/afb399e4-fd36-455d-b7c7-ac160f32ce79 => generated 258 bytes in 29 msecs (HTTP/1.1 200) 8 headers in 296 bytes (1 switches on core 0)
Nov 14 06:33:22 user devstack@placement-api.service[69670]: DEBUG placement.requestlog [req-4d557a5b-4cba-406c-8bf0-f776645c8e91 req-ec93f105-5f6a-41e1-a260-8a85f1e9ed09 None None] Starting request: 10.0.0.210 "GET /placement/allocations/93429017-a737-45d4-965b-d7369a440bf8" {{(pid=69670) __call__ /opt/stack/placement/placement/requestlog.py:55}}
Nov 14 06:33:22 user devstack@placement-api.service[69672]: DEBUG placement.wsgi_wrapper [None req-758b2211-5ccd-4ffd-bc1f-5d470e03e647 service placement] Placement API returning an error response: No resource provider with uuid bdbb500d-9d72-4125-b049-9f603cb22aa3 found for delete {{(pid=69672) call_func /opt/stack/placement/placement/wsgi_wrapper.py:31}}
Nov 14 06:33:22 user devstack@placement-api.service[69672]: INFO placement.requestlog [None req-758b2211-5ccd-4ffd-bc1f-5d470e03e647 service placement] 10.0.0.210 "DELETE /placement/resource_providers/bdbb500d-9d72-4125-b049-9f603cb22aa3" status: 404 len: 246 microversion: 1.1
Nov 14 06:33:22 user devstack@placement-api.service[69672]: [pid: 69672|app: 0|req: 92/278] 10.0.0.210 () {64 vars in 1429 bytes} [Tue Nov 14 06:33:22 2023] DELETE /placement/resource_providers/bdbb500d-9d72-4125-b049-9f603cb22aa3 => generated 246 bytes in 19 msecs (HTTP/1.1 404) 6 headers in 231 bytes (1 switches on core 0)
Nov 14 06:33:22 user devstack@placement-api.service[69670]: INFO placement.requestlog [req-4d557a5b-4cba-406c-8bf0-f776645c8e91 req-ec93f105-5f6a-41e1-a260-8a85f1e9ed09 service placement] 10.0.0.210 "GET /placement/allocations/93429017-a737-45d4-965b-d7369a440bf8" status: 200 len: 244 microversion: 1.28
Nov 14 06:33:22 user devstack@placement-api.service[69670]: [pid: 69670|app: 0|req: 95/279] 10.0.0.210 () {64 vars in 1456 bytes} [Tue Nov 14 06:33:22 2023] GET /placement/allocations/93429017-a737-45d4-965b-d7369a440bf8 => generated 244 bytes in 21 msecs (HTTP/1.1 200) 8 headers in 296 bytes (1 switches on core 0)
Nov 14 06:33:23 user devstack@placement-api.service[69671]: DEBUG placement.requestlog [req-4d557a5b-4cba-406c-8bf0-f776645c8e91 req-549dc3ef-3406-4f20-8a68-1c9749f5b4d3 None None] Starting request: 10.0.0.210 "GET /placement/allocations/6b2df786-b4e7-4593-b73b-4ee8d54f92e6" {{(pid=69671) __call__ /opt/stack/placement/placement/requestlog.py:55}}
Nov 14 06:33:23 user devstack@placement-api.service[69671]: INFO placement.requestlog [req-4d557a5b-4cba-406c-8bf0-f776645c8e91 req-549dc3ef-3406-4f20-8a68-1c9749f5b4d3 service placement] 10.0.0.210 "GET /placement/allocations/6b2df786-b4e7-4593-b73b-4ee8d54f92e6" status: 200 len: 258 microversion: 1.28
Nov 14 06:33:23 user devstack@placement-api.service[69671]: [pid: 69671|app: 0|req: 93/280] 10.0.0.210 () {64 vars in 1456 bytes} [Tue Nov 14 06:33:22 2023] GET /placement/allocations/6b2df786-b4e7-4593-b73b-4ee8d54f92e6 => generated 258 bytes in 19 msecs (HTTP/1.1 200) 8 headers in 296 bytes (1 switches on core 0)
Nov 14 06:33:23 user devstack@placement-api.service[69672]: DEBUG placement.requestlog [req-4d557a5b-4cba-406c-8bf0-f776645c8e91 req-3a577cd8-ca6d-462d-b807-17d509cd7ba8 None None] Starting request: 10.0.0.210 "DELETE /placement/allocations/6b2df786-b4e7-4593-b73b-4ee8d54f92e6" {{(pid=69672) __call__ /opt/stack/placement/placement/requestlog.py:55}}
Nov 14 06:33:23 user devstack@placement-api.service[69672]: DEBUG placement.handlers.allocation [req-4d557a5b-4cba-406c-8bf0-f776645c8e91 req-3a577cd8-ca6d-462d-b807-17d509cd7ba8 service placement] Successfully deleted allocations [, , ] {{(pid=69672) delete_allocations /opt/stack/placement/placement/handlers/allocation.py:627}}
Nov 14 06:33:23 user devstack@placement-api.service[69672]: INFO placement.requestlog [req-4d557a5b-4cba-406c-8bf0-f776645c8e91 req-3a577cd8-ca6d-462d-b807-17d509cd7ba8 service placement] 10.0.0.210 "DELETE /placement/allocations/6b2df786-b4e7-4593-b73b-4ee8d54f92e6" status: 204 len: 0 microversion: 1.0
Nov 14 06:33:23 user devstack@placement-api.service[69672]: [pid: 69672|app: 0|req: 93/281] 10.0.0.210 () {64 vars in 1434 bytes} [Tue Nov 14 06:33:23 2023] DELETE /placement/allocations/6b2df786-b4e7-4593-b73b-4ee8d54f92e6 => generated 0 bytes in 62 msecs (HTTP/1.1 204) 5 headers in 198 bytes (1 switches on core 0)
Nov 14 06:33:27 user devstack@placement-api.service[69670]: DEBUG placement.requestlog [None req-8c7fbfcf-a224-47c6-9add-e977bbbc4148 None None] Starting request: 10.0.0.210 "GET /placement/resource_providers/da0d34c7-550e-4b6c-85a2-ceeed13ee6d4/aggregates" {{(pid=69670) __call__ /opt/stack/placement/placement/requestlog.py:55}}
Nov 14 06:33:27 user devstack@placement-api.service[69670]: INFO placement.requestlog [None req-8c7fbfcf-a224-47c6-9add-e977bbbc4148 service placement] 10.0.0.210 "GET /placement/resource_providers/da0d34c7-550e-4b6c-85a2-ceeed13ee6d4/aggregates" status: 404 len: 235 microversion: 1.1
Nov 14 06:33:27 user devstack@placement-api.service[69670]: [pid: 69670|app: 0|req: 96/282] 10.0.0.210 () {62 vars in 1440 bytes} [Tue Nov 14 06:33:27 2023] GET /placement/resource_providers/da0d34c7-550e-4b6c-85a2-ceeed13ee6d4/aggregates => generated 235 bytes in 15 msecs (HTTP/1.1 404) 5 headers in 202 bytes (1 switches on core 0)
Nov 14 06:33:27 user devstack@placement-api.service[69671]: DEBUG placement.requestlog [None req-575cda98-86bd-4719-a587-87ae3af8d05f None None] Starting request: 10.0.0.210 "DELETE /placement/resource_providers/da0d34c7-550e-4b6c-85a2-ceeed13ee6d4" {{(pid=69671) __call__ /opt/stack/placement/placement/requestlog.py:55}}
Nov 14 06:33:27 user devstack@placement-api.service[69671]: DEBUG placement.wsgi_wrapper [None req-575cda98-86bd-4719-a587-87ae3af8d05f service placement] Placement API returning an error response: No resource provider with uuid da0d34c7-550e-4b6c-85a2-ceeed13ee6d4 found for delete {{(pid=69671) call_func /opt/stack/placement/placement/wsgi_wrapper.py:31}}
Nov 14 06:33:27 user devstack@placement-api.service[69671]: INFO placement.requestlog [None req-575cda98-86bd-4719-a587-87ae3af8d05f service placement] 10.0.0.210 "DELETE /placement/resource_providers/da0d34c7-550e-4b6c-85a2-ceeed13ee6d4" status: 404 len: 246 microversion: 1.1
Nov 14 06:33:27 user devstack@placement-api.service[69671]: [pid: 69671|app: 0|req: 94/283] 10.0.0.210 () {64 vars in 1429 bytes} [Tue Nov 14 06:33:27 2023] DELETE /placement/resource_providers/da0d34c7-550e-4b6c-85a2-ceeed13ee6d4 => generated 246 bytes in 11 msecs (HTTP/1.1 404) 6 headers in 231 bytes (1 switches on core 0)
Nov 14 06:33:27 user devstack@placement-api.service[69672]: DEBUG placement.requestlog [None req-7909b338-e7a9-499e-a507-77f9189eaa95 None None] Starting request: 10.0.0.210 "GET /placement/resource_providers/19b8b91f-be21-40f3-8f80-a80b9d8af7a7/aggregates" {{(pid=69672) __call__ /opt/stack/placement/placement/requestlog.py:55}}
Nov 14 06:33:27 user devstack@placement-api.service[69672]: INFO placement.requestlog [None req-7909b338-e7a9-499e-a507-77f9189eaa95 service placement] 10.0.0.210 "GET /placement/resource_providers/19b8b91f-be21-40f3-8f80-a80b9d8af7a7/aggregates" status: 404 len: 235 microversion: 1.1
Nov 14 06:33:27 user devstack@placement-api.service[69672]: [pid: 69672|app: 0|req: 94/284] 10.0.0.210 () {62 vars in 1440 bytes} [Tue Nov 14 06:33:27 2023] GET /placement/resource_providers/19b8b91f-be21-40f3-8f80-a80b9d8af7a7/aggregates => generated 235 bytes in 12 msecs (HTTP/1.1 404) 5 headers in 202 bytes (1 switches on core 0)
Nov 14 06:33:27 user devstack@placement-api.service[69670]: DEBUG placement.requestlog [None req-cb54a704-15ab-41bc-9e16-86ac5be2ab46 None None] Starting request: 10.0.0.210 "DELETE /placement/resource_providers/19b8b91f-be21-40f3-8f80-a80b9d8af7a7" {{(pid=69670) __call__ /opt/stack/placement/placement/requestlog.py:55}}
Nov 14 06:33:27 user devstack@placement-api.service[69670]: DEBUG placement.wsgi_wrapper [None req-cb54a704-15ab-41bc-9e16-86ac5be2ab46 service placement] Placement API returning an error response: No resource provider with uuid 19b8b91f-be21-40f3-8f80-a80b9d8af7a7 found for delete {{(pid=69670) call_func /opt/stack/placement/placement/wsgi_wrapper.py:31}}
Nov 14 06:33:27 user devstack@placement-api.service[69670]: INFO placement.requestlog [None req-cb54a704-15ab-41bc-9e16-86ac5be2ab46 service placement] 10.0.0.210 "DELETE /placement/resource_providers/19b8b91f-be21-40f3-8f80-a80b9d8af7a7" status: 404 len: 246 microversion: 1.1
Nov 14 06:33:27 user devstack@placement-api.service[69670]: [pid: 69670|app: 0|req: 97/285] 10.0.0.210 () {64 vars in 1429 bytes} [Tue Nov 14 06:33:27 2023] DELETE /placement/resource_providers/19b8b91f-be21-40f3-8f80-a80b9d8af7a7 => generated 246 bytes in 10 msecs (HTTP/1.1 404) 6 headers in 231 bytes (1 switches on core 0)
Nov 14 06:33:28 user devstack@placement-api.service[69671]: DEBUG placement.requestlog [req-05b666e0-a4ca-4b52-aa7a-dac5c09cd9a3 req-86f3d801-aed1-45ff-b513-620ccb917bf4 None None] Starting request: 10.0.0.210 "GET /placement/allocations/787b732d-c4cc-4cf1-8069-6a8d0458b3b9" {{(pid=69671) __call__ /opt/stack/placement/placement/requestlog.py:55}}
Nov 14 06:33:29 user devstack@placement-api.service[69671]: INFO placement.requestlog [req-05b666e0-a4ca-4b52-aa7a-dac5c09cd9a3 req-86f3d801-aed1-45ff-b513-620ccb917bf4 service placement] 10.0.0.210 "GET /placement/allocations/787b732d-c4cc-4cf1-8069-6a8d0458b3b9" status: 200 len: 258 microversion: 1.28
Nov 14 06:33:29 user devstack@placement-api.service[69671]: [pid: 69671|app: 0|req: 95/286] 10.0.0.210 () {64 vars in 1458 bytes} [Tue Nov 14 06:33:28 2023] GET /placement/allocations/787b732d-c4cc-4cf1-8069-6a8d0458b3b9 => generated 258 bytes in 324 msecs (HTTP/1.1 200) 8 headers in 296 bytes (1 switches on core 0)
Nov 14 06:33:29 user devstack@placement-api.service[69672]: DEBUG placement.requestlog [req-05b666e0-a4ca-4b52-aa7a-dac5c09cd9a3 req-1773217f-60c2-4a2b-ad0c-3df2ba480b02 None None] Starting request: 10.0.0.210 "GET /placement/allocations/787b732d-c4cc-4cf1-8069-6a8d0458b3b9" {{(pid=69672) __call__ /opt/stack/placement/placement/requestlog.py:55}}
Nov 14 06:33:29 user devstack@placement-api.service[69672]: INFO placement.requestlog [req-05b666e0-a4ca-4b52-aa7a-dac5c09cd9a3 req-1773217f-60c2-4a2b-ad0c-3df2ba480b02 service placement] 10.0.0.210 "GET /placement/allocations/787b732d-c4cc-4cf1-8069-6a8d0458b3b9" status: 200 len: 258 microversion: 1.28
Nov 14 06:33:29 user devstack@placement-api.service[69672]: [pid: 69672|app: 0|req: 95/287] 10.0.0.210 () {64 vars in 1458 bytes} [Tue Nov 14 06:33:29 2023] GET /placement/allocations/787b732d-c4cc-4cf1-8069-6a8d0458b3b9 => generated 258 bytes in 25 msecs (HTTP/1.1 200) 8 headers in 296 bytes (1 switches on core 0)
Nov 14 06:33:29 user devstack@placement-api.service[69670]: DEBUG placement.requestlog [req-05b666e0-a4ca-4b52-aa7a-dac5c09cd9a3 req-ff06d097-b5dc-409a-8740-10755d0b7533 None None] Starting request: 10.0.0.210 "GET /placement/allocations/2aedc199-747b-4211-b631-8e996241c0dd" {{(pid=69670) __call__ /opt/stack/placement/placement/requestlog.py:55}}
Nov 14 06:33:29 user devstack@placement-api.service[69670]: INFO placement.requestlog [req-05b666e0-a4ca-4b52-aa7a-dac5c09cd9a3 req-ff06d097-b5dc-409a-8740-10755d0b7533 service placement] 10.0.0.210 "GET /placement/allocations/2aedc199-747b-4211-b631-8e996241c0dd" status: 200 len: 19 microversion: 1.28
Nov 14 06:33:29 user devstack@placement-api.service[69670]: [pid: 69670|app: 0|req: 98/288] 10.0.0.210 () {64 vars in 1458 bytes} [Tue Nov 14 06:33:29 2023] GET /placement/allocations/2aedc199-747b-4211-b631-8e996241c0dd => generated 19 bytes in 15 msecs (HTTP/1.1 200) 8 headers in 295 bytes (1 switches on core 0)
Nov 14 06:33:29 user devstack@placement-api.service[69671]: DEBUG placement.requestlog [req-05b666e0-a4ca-4b52-aa7a-dac5c09cd9a3 req-4f514080-c0a2-48f2-a19e-535c60dab934 None None] Starting request: 10.0.0.210 "POST /placement/allocations" {{(pid=69671) __call__ /opt/stack/placement/placement/requestlog.py:55}}
Nov 14 06:33:29 user devstack@placement-api.service[69671]: DEBUG placement.handlers.allocation [req-05b666e0-a4ca-4b52-aa7a-dac5c09cd9a3 req-4f514080-c0a2-48f2-a19e-535c60dab934 service placement] Successfully wrote allocations [, , , , , ] {{(pid=69671) _update_consumers_and_create_allocations /opt/stack/placement/placement/handlers/allocation.py:572}}
Nov 14 06:33:29 user devstack@placement-api.service[69671]: INFO placement.requestlog [req-05b666e0-a4ca-4b52-aa7a-dac5c09cd9a3 req-4f514080-c0a2-48f2-a19e-535c60dab934 service placement] 10.0.0.210 "POST /placement/allocations" status: 204 len: 0 microversion: 1.28
Nov 14 06:33:29 user devstack@placement-api.service[69671]: [pid: 69671|app: 0|req: 96/289] 10.0.0.210 () {68 vars in 1401 bytes} [Tue Nov 14 06:33:29 2023] POST /placement/allocations => generated 0 bytes in 155 msecs (HTTP/1.1 204) 5 headers in 199 bytes (1 switches on core 0)
Nov 14 06:33:29 user devstack@placement-api.service[69672]: DEBUG placement.requestlog [req-b5970cda-55a7-4a21-86a1-f7554342f01a req-d628c949-7d03-403d-aee7-5788eed45d41 None None] Starting request: 10.0.0.210 "GET /placement/resource_providers/639f2b20-6e4a-4044-8740-35d2f7c0a858/allocations" {{(pid=69672) __call__ /opt/stack/placement/placement/requestlog.py:55}}
Nov 14 06:33:29 user devstack@placement-api.service[69672]: INFO placement.requestlog [req-b5970cda-55a7-4a21-86a1-f7554342f01a req-d628c949-7d03-403d-aee7-5788eed45d41 service placement] 10.0.0.210 "GET /placement/resource_providers/639f2b20-6e4a-4044-8740-35d2f7c0a858/allocations" status: 200 len: 539 microversion: 1.0
Nov 14 06:33:29 user devstack@placement-api.service[69672]: [pid: 69672|app: 0|req: 96/290] 10.0.0.210 () {62 vars in 1469 bytes} [Tue Nov 14 06:33:29 2023] GET /placement/resource_providers/639f2b20-6e4a-4044-8740-35d2f7c0a858/allocations => generated 539 bytes in 21 msecs (HTTP/1.1 200) 6 headers in 224 bytes (1 switches on core 0)
Nov 14 06:33:29 user devstack@placement-api.service[69670]: DEBUG placement.requestlog [req-b5970cda-55a7-4a21-86a1-f7554342f01a req-80e86767-ef07-41b7-a71f-8310da8d9cf1 None None] Starting request: 10.0.0.210 "GET /placement/resource_providers/639f2b20-6e4a-4044-8740-35d2f7c0a858/allocations" {{(pid=69670) __call__ /opt/stack/placement/placement/requestlog.py:55}}
Nov 14 06:33:29 user devstack@placement-api.service[69670]: INFO placement.requestlog [req-b5970cda-55a7-4a21-86a1-f7554342f01a req-80e86767-ef07-41b7-a71f-8310da8d9cf1 service placement] 10.0.0.210 "GET /placement/resource_providers/639f2b20-6e4a-4044-8740-35d2f7c0a858/allocations" status: 200 len: 539 microversion: 1.0
Nov 14 06:33:29 user devstack@placement-api.service[69670]: [pid: 69670|app: 0|req: 99/291] 10.0.0.210 () {62 vars in 1469 bytes} [Tue Nov 14 06:33:29 2023] GET /placement/resource_providers/639f2b20-6e4a-4044-8740-35d2f7c0a858/allocations => generated 539 bytes in 23 msecs (HTTP/1.1 200) 6 headers in 224 bytes (1 switches on core 0)
Nov 14 06:33:29 user devstack@placement-api.service[69671]: DEBUG placement.requestlog [req-b5970cda-55a7-4a21-86a1-f7554342f01a req-085d6ce4-398e-4abf-9d00-1e2c797a602d None None] Starting request: 10.0.0.210 "GET /placement/allocations/68039fc4-3444-4768-aa9e-ba1cb521b5dd" {{(pid=69671) __call__ /opt/stack/placement/placement/requestlog.py:55}}
Nov 14 06:33:29 user devstack@placement-api.service[69671]: INFO placement.requestlog [req-b5970cda-55a7-4a21-86a1-f7554342f01a req-085d6ce4-398e-4abf-9d00-1e2c797a602d service placement] 10.0.0.210 "GET /placement/allocations/68039fc4-3444-4768-aa9e-ba1cb521b5dd" status: 200 len: 258 microversion: 1.28
Nov 14 06:33:29 user devstack@placement-api.service[69671]: [pid: 69671|app: 0|req: 97/292] 10.0.0.210 () {64 vars in 1456 bytes} [Tue Nov 14 06:33:29 2023] GET /placement/allocations/68039fc4-3444-4768-aa9e-ba1cb521b5dd => generated 258 bytes in 23 msecs (HTTP/1.1 200) 8 headers in 296 bytes (1 switches on core 0)
Nov 14 06:33:29 user devstack@placement-api.service[69672]: DEBUG placement.requestlog [req-b5970cda-55a7-4a21-86a1-f7554342f01a req-77b19078-05a0-4d40-881b-b1bdf15c0056 None None] Starting request: 10.0.0.210 "GET /placement/allocations/b96beb17-09e1-45a2-8699-8657baa034e8" {{(pid=69672) __call__ /opt/stack/placement/placement/requestlog.py:55}}
Nov 14 06:33:29 user devstack@placement-api.service[69672]: INFO placement.requestlog [req-b5970cda-55a7-4a21-86a1-f7554342f01a req-77b19078-05a0-4d40-881b-b1bdf15c0056 service placement] 10.0.0.210 "GET /placement/allocations/b96beb17-09e1-45a2-8699-8657baa034e8" status: 200 len: 258 microversion: 1.28
Nov 14 06:33:29 user devstack@placement-api.service[69672]: [pid: 69672|app: 0|req: 97/293] 10.0.0.210 () {64 vars in 1456 bytes} [Tue Nov 14 06:33:29 2023] GET /placement/allocations/b96beb17-09e1-45a2-8699-8657baa034e8 => generated 258 bytes in 17 msecs (HTTP/1.1 200) 8 headers in 296 bytes (1 switches on core 0)
Nov 14 06:33:29 user devstack@placement-api.service[69670]: DEBUG placement.requestlog [req-b5970cda-55a7-4a21-86a1-f7554342f01a req-72b5721a-611d-4110-b020-c277fcfc9268 None None] Starting request: 10.0.0.210 "GET /placement/allocations/afb399e4-fd36-455d-b7c7-ac160f32ce79" {{(pid=69670) __call__ /opt/stack/placement/placement/requestlog.py:55}}
Nov 14 06:33:29 user devstack@placement-api.service[69671]: DEBUG placement.requestlog [req-05b666e0-a4ca-4b52-aa7a-dac5c09cd9a3 req-58db4941-6a53-4574-bfa5-d94b94e671d6 None None] Starting request: 10.0.0.210 "GET /placement/allocation_candidates?limit=1000&resources=DISK_GB%3A20%2CMEMORY_MB%3A2048%2CVCPU%3A1&root_required=%21COMPUTE_STATUS_DISABLED" {{(pid=69671) __call__ /opt/stack/placement/placement/requestlog.py:55}}
Nov 14 06:33:29 user devstack@placement-api.service[69670]: INFO placement.requestlog [req-b5970cda-55a7-4a21-86a1-f7554342f01a req-72b5721a-611d-4110-b020-c277fcfc9268 service placement] 10.0.0.210 "GET /placement/allocations/afb399e4-fd36-455d-b7c7-ac160f32ce79" status: 200 len: 258 microversion: 1.28
Nov 14 06:33:29 user devstack@placement-api.service[69670]: [pid: 69670|app: 0|req: 100/294] 10.0.0.210 () {64 vars in 1456 bytes} [Tue Nov 14 06:33:29 2023] GET /placement/allocations/afb399e4-fd36-455d-b7c7-ac160f32ce79 => generated 258 bytes in 60 msecs (HTTP/1.1 200) 8 headers in 296 bytes (1 switches on core 0)
Nov 14 06:33:29 user devstack@placement-api.service[69672]: DEBUG placement.requestlog [req-b5970cda-55a7-4a21-86a1-f7554342f01a req-4f9eb82c-fe8c-46aa-ab80-5a2739446ccd None None] Starting request: 10.0.0.210 "GET /placement/allocations/2aedc199-747b-4211-b631-8e996241c0dd" {{(pid=69672) __call__ /opt/stack/placement/placement/requestlog.py:55}}
Nov 14 06:33:29 user devstack@placement-api.service[69671]: DEBUG placement.objects.research_context [req-05b666e0-a4ca-4b52-aa7a-dac5c09cd9a3 req-58db4941-6a53-4574-bfa5-d94b94e671d6 service placement] getting providers with 20 DISK_GB {{(pid=69671) __init__ /opt/stack/placement/placement/objects/research_context.py:136}}
Nov 14 06:33:29 user devstack@placement-api.service[69672]: INFO placement.requestlog [req-b5970cda-55a7-4a21-86a1-f7554342f01a req-4f9eb82c-fe8c-46aa-ab80-5a2739446ccd service placement] 10.0.0.210 "GET /placement/allocations/2aedc199-747b-4211-b631-8e996241c0dd" status: 200 len: 258 microversion: 1.28
Nov 14 06:33:29 user devstack@placement-api.service[69672]: [pid: 69672|app: 0|req: 98/295] 10.0.0.210 () {64 vars in 1456 bytes} [Tue Nov 14 06:33:29 2023] GET /placement/allocations/2aedc199-747b-4211-b631-8e996241c0dd => generated 258 bytes in 22 msecs (HTTP/1.1 200) 8 headers in 296 bytes (1 switches on core 0)
Nov 14 06:33:29 user devstack@placement-api.service[69671]: DEBUG placement.objects.research_context [req-05b666e0-a4ca-4b52-aa7a-dac5c09cd9a3 req-58db4941-6a53-4574-bfa5-d94b94e671d6 service placement] getting providers with 2048 MEMORY_MB {{(pid=69671) __init__ /opt/stack/placement/placement/objects/research_context.py:136}}
Nov 14 06:33:29 user devstack@placement-api.service[69670]: DEBUG placement.requestlog [req-b5970cda-55a7-4a21-86a1-f7554342f01a req-679e473c-2efb-4556-a68a-ad065f8a9a04 None None] Starting request: 10.0.0.210 "GET /placement/allocations/93429017-a737-45d4-965b-d7369a440bf8" {{(pid=69670) __call__ /opt/stack/placement/placement/requestlog.py:55}}
Nov 14 06:33:29 user devstack@placement-api.service[69671]: DEBUG placement.objects.research_context [req-05b666e0-a4ca-4b52-aa7a-dac5c09cd9a3 req-58db4941-6a53-4574-bfa5-d94b94e671d6 service placement] getting providers with 1 VCPU {{(pid=69671) __init__ /opt/stack/placement/placement/objects/research_context.py:136}}
Nov 14 06:33:29 user devstack@placement-api.service[69671]: DEBUG placement.objects.research_context [req-05b666e0-a4ca-4b52-aa7a-dac5c09cd9a3 req-58db4941-6a53-4574-bfa5-d94b94e671d6 service placement] found 1 providers with available 20 DISK_GB {{(pid=69671) get_provider_ids_matching /opt/stack/placement/placement/objects/research_context.py:563}}
Nov 14 06:33:29 user devstack@placement-api.service[69671]: DEBUG placement.objects.research_context [req-05b666e0-a4ca-4b52-aa7a-dac5c09cd9a3 req-58db4941-6a53-4574-bfa5-d94b94e671d6 service placement] found 1 providers with available 2048 MEMORY_MB {{(pid=69671) get_provider_ids_matching /opt/stack/placement/placement/objects/research_context.py:563}}
Nov 14 06:33:29 user devstack@placement-api.service[69671]: DEBUG placement.objects.research_context [req-05b666e0-a4ca-4b52-aa7a-dac5c09cd9a3 req-58db4941-6a53-4574-bfa5-d94b94e671d6 service placement] found 1 providers after filtering by previous result {{(pid=69671) get_provider_ids_matching /opt/stack/placement/placement/objects/research_context.py:594}}
Nov 14 06:33:29 user devstack@placement-api.service[69671]: DEBUG placement.objects.research_context [req-05b666e0-a4ca-4b52-aa7a-dac5c09cd9a3 req-58db4941-6a53-4574-bfa5-d94b94e671d6 service placement] found 1 providers with available 1 VCPU {{(pid=69671) get_provider_ids_matching /opt/stack/placement/placement/objects/research_context.py:563}}
Nov 14 06:33:29 user devstack@placement-api.service[69671]: DEBUG placement.objects.research_context [req-05b666e0-a4ca-4b52-aa7a-dac5c09cd9a3 req-58db4941-6a53-4574-bfa5-d94b94e671d6 service placement] found 1 providers after filtering by previous result {{(pid=69671) get_provider_ids_matching /opt/stack/placement/placement/objects/research_context.py:594}}
Nov 14 06:33:29 user devstack@placement-api.service[69670]: INFO placement.requestlog [req-b5970cda-55a7-4a21-86a1-f7554342f01a req-679e473c-2efb-4556-a68a-ad065f8a9a04 service placement] 10.0.0.210 "GET /placement/allocations/93429017-a737-45d4-965b-d7369a440bf8" status: 200 len: 244 microversion: 1.28
Nov 14 06:33:29 user devstack@placement-api.service[69670]: [pid: 69670|app: 0|req: 101/296] 10.0.0.210 () {64 vars in 1456 bytes} [Tue Nov 14 06:33:29 2023] GET /placement/allocations/93429017-a737-45d4-965b-d7369a440bf8 => generated 244 bytes in 18 msecs (HTTP/1.1 200) 8 headers in 296 bytes (1 switches on core 0)
Nov 14 06:33:29 user devstack@placement-api.service[69671]: DEBUG placement.objects.allocation_candidate [req-05b666e0-a4ca-4b52-aa7a-dac5c09cd9a3 req-58db4941-6a53-4574-bfa5-d94b94e671d6 service placement] RequestGroup(use_same_provider=False, resources={DISK_GB:20, MEMORY_MB:2048, VCPU:1}, traits=(), aggregates=[]) (suffix '') returned 1 matches {{(pid=69671) _get_by_requests /opt/stack/placement/placement/objects/allocation_candidate.py:156}}
Nov 14 06:33:29 user devstack@placement-api.service[69671]: DEBUG placement.objects.allocation_candidate [req-05b666e0-a4ca-4b52-aa7a-dac5c09cd9a3 req-58db4941-6a53-4574-bfa5-d94b94e671d6 service placement] Merging candidates yields 1 allocation requests and 1 provider summaries {{(pid=69671) _merge_candidates /opt/stack/placement/placement/objects/allocation_candidate.py:809}}
Nov 14 06:33:29 user devstack@placement-api.service[69671]: INFO placement.requestlog [req-05b666e0-a4ca-4b52-aa7a-dac5c09cd9a3 req-58db4941-6a53-4574-bfa5-d94b94e671d6 service placement] 10.0.0.210 "GET /placement/allocation_candidates?limit=1000&resources=DISK_GB%3A20%2CMEMORY_MB%3A2048%2CVCPU%3A1&root_required=%21COMPUTE_STATUS_DISABLED" status: 200 len: 1847 microversion: 1.36
Nov 14 06:33:29 user devstack@placement-api.service[69671]: [pid: 69671|app: 0|req: 98/297] 10.0.0.210 () {64 vars in 1586 bytes} [Tue Nov 14 06:33:29 2023] GET /placement/allocation_candidates?limit=1000&resources=DISK_GB%3A20%2CMEMORY_MB%3A2048%2CVCPU%3A1&root_required=%21COMPUTE_STATUS_DISABLED => generated 1847 bytes in 84 msecs (HTTP/1.1 200) 8 headers in 297 bytes (1 switches on core 0)
Nov 14 06:33:29 user devstack@placement-api.service[69672]: DEBUG placement.requestlog [req-05b666e0-a4ca-4b52-aa7a-dac5c09cd9a3 req-2e2b1790-c7e3-4b6d-9c00-7e6ba8209ac8 None None] Starting request: 10.0.0.210 "GET /placement/allocations/787b732d-c4cc-4cf1-8069-6a8d0458b3b9" {{(pid=69672) __call__ /opt/stack/placement/placement/requestlog.py:55}}
Nov 14 06:33:29 user devstack@placement-api.service[69670]: DEBUG placement.requestlog [None req-f6f698b6-e2fb-4188-9371-a116c095de0b None None] Starting request: 10.0.0.210 "GET /placement/resource_providers/336736f1-0e99-44cd-b8d5-cc68f51d1766/aggregates" {{(pid=69670) __call__ /opt/stack/placement/placement/requestlog.py:55}}
Nov 14 06:33:29 user devstack@placement-api.service[69672]: INFO placement.requestlog [req-05b666e0-a4ca-4b52-aa7a-dac5c09cd9a3 req-2e2b1790-c7e3-4b6d-9c00-7e6ba8209ac8 service placement] 10.0.0.210 "GET /placement/allocations/787b732d-c4cc-4cf1-8069-6a8d0458b3b9" status: 200 len: 19 microversion: 1.28
Nov 14 06:33:29 user devstack@placement-api.service[69672]: [pid: 69672|app: 0|req: 99/298] 10.0.0.210 () {64 vars in 1458 bytes} [Tue Nov 14 06:33:29 2023] GET /placement/allocations/787b732d-c4cc-4cf1-8069-6a8d0458b3b9 => generated 19 bytes in 12 msecs (HTTP/1.1 200) 8 headers in 295 bytes (1 switches on core 0)
Nov 14 06:33:29 user devstack@placement-api.service[69670]: INFO placement.requestlog [None req-f6f698b6-e2fb-4188-9371-a116c095de0b service placement] 10.0.0.210 "GET /placement/resource_providers/336736f1-0e99-44cd-b8d5-cc68f51d1766/aggregates" status: 404 len: 235 microversion: 1.1
Nov 14 06:33:29 user devstack@placement-api.service[69670]: [pid: 69670|app: 0|req: 102/299] 10.0.0.210 () {62 vars in 1440 bytes} [Tue Nov 14 06:33:29 2023] GET /placement/resource_providers/336736f1-0e99-44cd-b8d5-cc68f51d1766/aggregates => generated 235 bytes in 11 msecs (HTTP/1.1 404) 5 headers in 202 bytes (1 switches on core 0)
Nov 14 06:33:29 user devstack@placement-api.service[69671]: DEBUG placement.requestlog [req-05b666e0-a4ca-4b52-aa7a-dac5c09cd9a3 req-4eaafde2-3af9-42f6-bd4b-fb9effe70bd7 None None] Starting request: 10.0.0.210 "PUT /placement/allocations/787b732d-c4cc-4cf1-8069-6a8d0458b3b9" {{(pid=69671) __call__ /opt/stack/placement/placement/requestlog.py:55}}
Nov 14 06:33:29 user devstack@placement-api.service[69672]: DEBUG placement.requestlog [None req-5c3acdd2-c495-4e18-a3e2-127193b71e03 None None] Starting request: 10.0.0.210 "DELETE /placement/resource_providers/336736f1-0e99-44cd-b8d5-cc68f51d1766" {{(pid=69672) __call__ /opt/stack/placement/placement/requestlog.py:55}}
Nov 14 06:33:29 user devstack@placement-api.service[69672]: DEBUG placement.wsgi_wrapper [None req-5c3acdd2-c495-4e18-a3e2-127193b71e03 service placement] Placement API returning an error response: No resource provider with uuid 336736f1-0e99-44cd-b8d5-cc68f51d1766 found for delete {{(pid=69672) call_func /opt/stack/placement/placement/wsgi_wrapper.py:31}}
Nov 14 06:33:29 user devstack@placement-api.service[69672]: INFO placement.requestlog [None req-5c3acdd2-c495-4e18-a3e2-127193b71e03 service placement] 10.0.0.210 "DELETE /placement/resource_providers/336736f1-0e99-44cd-b8d5-cc68f51d1766" status: 404 len: 246 microversion: 1.1
Nov 14 06:33:29 user devstack@placement-api.service[69672]: [pid: 69672|app: 0|req: 100/300] 10.0.0.210 () {64 vars in 1429 bytes} [Tue Nov 14 06:33:29 2023] DELETE /placement/resource_providers/336736f1-0e99-44cd-b8d5-cc68f51d1766 => generated 246 bytes in 13 msecs (HTTP/1.1 404) 6 headers in 231 bytes (1 switches on core 0)
Nov 14 06:33:29 user devstack@placement-api.service[69671]: DEBUG placement.handlers.allocation [req-05b666e0-a4ca-4b52-aa7a-dac5c09cd9a3 req-4eaafde2-3af9-42f6-bd4b-fb9effe70bd7 service placement] Successfully wrote allocations [, , ] {{(pid=69671) _update_consumers_and_create_allocations /opt/stack/placement/placement/handlers/allocation.py:462}}
Nov 14 06:33:29 user devstack@placement-api.service[69671]: INFO placement.requestlog [req-05b666e0-a4ca-4b52-aa7a-dac5c09cd9a3 req-4eaafde2-3af9-42f6-bd4b-fb9effe70bd7 service placement] 10.0.0.210 "PUT /placement/allocations/787b732d-c4cc-4cf1-8069-6a8d0458b3b9" status: 204 len: 0 microversion: 1.36
Nov 14 06:33:29 user devstack@placement-api.service[69671]: [pid: 69671|app: 0|req: 99/301] 10.0.0.210 () {68 vars in 1511 bytes} [Tue Nov 14 06:33:29 2023] PUT /placement/allocations/787b732d-c4cc-4cf1-8069-6a8d0458b3b9 => generated 0 bytes in 79 msecs (HTTP/1.1 204) 5 headers in 199 bytes (1 switches on core 0)
Nov 14 06:33:29 user devstack@placement-api.service[69670]: DEBUG placement.requestlog [req-05b666e0-a4ca-4b52-aa7a-dac5c09cd9a3 req-50984f4a-0f6f-4a9a-8dff-7449e91c5977 None None] Starting request: 10.0.0.210 "GET /placement/allocations/787b732d-c4cc-4cf1-8069-6a8d0458b3b9" {{(pid=69670) __call__ /opt/stack/placement/placement/requestlog.py:55}}
Nov 14 06:33:30 user devstack@placement-api.service[69670]: INFO placement.requestlog [req-05b666e0-a4ca-4b52-aa7a-dac5c09cd9a3 req-50984f4a-0f6f-4a9a-8dff-7449e91c5977 service placement] 10.0.0.210 "GET /placement/allocations/787b732d-c4cc-4cf1-8069-6a8d0458b3b9" status: 200 len: 260 microversion: 1.28
Nov 14 06:33:30 user devstack@placement-api.service[69670]: [pid: 69670|app: 0|req: 103/302] 10.0.0.210 () {64 vars in 1456 bytes} [Tue Nov 14 06:33:29 2023] GET /placement/allocations/787b732d-c4cc-4cf1-8069-6a8d0458b3b9 => generated 260 bytes in 18 msecs (HTTP/1.1 200) 8 headers in 296 bytes (1 switches on core 0)
Nov 14 06:33:30 user devstack@placement-api.service[69672]: DEBUG placement.requestlog [req-05b666e0-a4ca-4b52-aa7a-dac5c09cd9a3 req-389d7620-ee15-4238-8f25-c1b12bc04bc9 None None] Starting request: 10.0.0.210 "GET /placement/resource_providers/639f2b20-6e4a-4044-8740-35d2f7c0a858/allocations" {{(pid=69672) __call__ /opt/stack/placement/placement/requestlog.py:55}}
