Nov 28 13:55:41 user devstack@c-api.service[76278]: DEBUG cinder.volume.api [None req-b593051b-bab0-4d2c-9637-d6fff755b80c tempest-VolumeQuotasAdminTestJSON-1622846006 tempest-VolumeQuotasAdminTestJSON-1622846006-project-member] Task 'cinder.volume.flows.api.create_volume.QuotaReserveTask;volume:create' (b742c982-bbff-44ce-850c-02141c53ae4d) transitioned into state 'RUNNING' from state 'PENDING' {{(pid=76278) _task_receiver /opt/stack/data/venv/lib/python3.10/site-packages/taskflow/listeners/logging.py:190}}
Nov 28 13:55:41 user devstack@c-api.service[76278]: DEBUG cinder.quota [None req-b593051b-bab0-4d2c-9637-d6fff755b80c tempest-VolumeQuotasAdminTestJSON-1622846006 tempest-VolumeQuotasAdminTestJSON-1622846006-project-member] Created reservations ['d740a746-e715-45d3-a350-40de1e6260ad', '383f072e-fe1b-43c4-a349-4ec3c19fef32', '5c919a60-29e2-4558-a77f-2f95c472ecad', 'c6233463-2984-4347-88e2-6e7d1e108176'] {{(pid=76278) reserve /opt/stack/cinder/cinder/quota.py:755}}
Nov 28 13:55:41 user devstack@c-api.service[76278]: DEBUG cinder.volume.api [None req-b593051b-bab0-4d2c-9637-d6fff755b80c tempest-VolumeQuotasAdminTestJSON-1622846006 tempest-VolumeQuotasAdminTestJSON-1622846006-project-member] Task 'cinder.volume.flows.api.create_volume.QuotaReserveTask;volume:create' (b742c982-bbff-44ce-850c-02141c53ae4d) transitioned into state 'SUCCESS' from state 'RUNNING' with result '{'reservations': ['d740a746-e715-45d3-a350-40de1e6260ad', '383f072e-fe1b-43c4-a349-4ec3c19fef32', '5c919a60-29e2-4558-a77f-2f95c472ecad', 'c6233463-2984-4347-88e2-6e7d1e108176']}' {{(pid=76278) _task_receiver /opt/stack/data/venv/lib/python3.10/site-packages/taskflow/listeners/logging.py:178}}
Nov 28 13:55:41 user devstack@c-api.service[76278]: DEBUG cinder.volume.api [None req-b593051b-bab0-4d2c-9637-d6fff755b80c tempest-VolumeQuotasAdminTestJSON-1622846006 tempest-VolumeQuotasAdminTestJSON-1622846006-project-member] Task 'cinder.volume.flows.api.create_volume.EntryCreateTask;volume:create' (6b254fe6-3208-4703-b65a-33d99dd18b5d) transitioned into state 'RUNNING' from state 'PENDING' {{(pid=76278) _task_receiver /opt/stack/data/venv/lib/python3.10/site-packages/taskflow/listeners/logging.py:190}}
Nov 28 13:55:41 user devstack@c-api.service[76278]: DEBUG cinder.volume.api [None req-b593051b-bab0-4d2c-9637-d6fff755b80c tempest-VolumeQuotasAdminTestJSON-1622846006 tempest-VolumeQuotasAdminTestJSON-1622846006-project-member] Task 'cinder.volume.flows.api.create_volume.EntryCreateTask;volume:create' (6b254fe6-3208-4703-b65a-33d99dd18b5d) transitioned into state 'SUCCESS' from state 'RUNNING' with result '{'volume_id': '40cbe93e-8e39-4848-97d6-1eeb86a5357d', 'volume_properties': VolumeProperties(attach_status='detached',availability_zone='nova',cgsnapshot_id=None,consistencygroup_id=None,display_description=None,display_name='tempest-VolumeQuotasAdminTestJSON-Volume-1496187573',encryption_key_id=None,group_id=None,group_type_id=,metadata={},multiattach=False,project_id='95bad6ea34cd41d38b30b845e578d06e',qos_specs=None,replication_status=,reservations=['d740a746-e715-45d3-a350-40de1e6260ad','383f072e-fe1b-43c4-a349-4ec3c19fef32','5c919a60-29e2-4558-a77f-2f95c472ecad','c6233463-2984-4347-88e2-6e7d1e108176'],size=1,snapshot_id=None,source_replicaid=,source_volid=None,status='creating',user_id='ce91bc8208f34e3ba4a2b4ecd521b51f',volume_type_id=39163746-aeef-4938-aaeb-c68e1f90fc40), 'volume': Volume(_name_id=None,admin_metadata=,attach_status='detached',availability_zone='nova',bootable=False,cluster=,cluster_name=None,consistencygroup=,consistencygroup_id=None,created_at=2023-11-28T13:55:41Z,deleted=False,deleted_at=None,display_description=None,display_name='tempest-VolumeQuotasAdminTestJSON-Volume-1496187573',ec2_id=None,encryption_key_id=None,glance_metadata=,group=,group_id=None,host=None,id=40cbe93e-8e39-4848-97d6-1eeb86a5357d,launched_at=None,metadata={},migration_status=None,multiattach=False,previous_status=None,project_id='95bad6ea34cd41d38b30b845e578d06e',provider_auth=None,provider_geometry=None,provider_id=None,provider_location=None,replication_driver_data=None,replication_extended_status=None,replication_status=None,scheduled_at=None,service_uuid=None,shared_targets=True,size=1,snapshot_id=None,snapshots=,source_volid=None,status='creating',terminated_at=None,updated_at=None,use_quota=True,user_id='ce91bc8208f34e3ba4a2b4ecd521b51f',volume_attachment=VolumeAttachmentList,volume_type=VolumeType(39163746-aeef-4938-aaeb-c68e1f90fc40),volume_type_id=39163746-aeef-4938-aaeb-c68e1f90fc40)}' {{(pid=76278) _task_receiver /opt/stack/data/venv/lib/python3.10/site-packages/taskflow/listeners/logging.py:178}}
Nov 28 13:55:41 user devstack@c-api.service[76278]: DEBUG cinder.volume.api [None req-b593051b-bab0-4d2c-9637-d6fff755b80c tempest-VolumeQuotasAdminTestJSON-1622846006 tempest-VolumeQuotasAdminTestJSON-1622846006-project-member] Task 'cinder.volume.flows.api.create_volume.QuotaCommitTask;volume:create' (28247f7a-4cee-4ad0-bf0b-95035523d7e0) transitioned into state 'RUNNING' from state 'PENDING' {{(pid=76278) _task_receiver /opt/stack/data/venv/lib/python3.10/site-packages/taskflow/listeners/logging.py:190}}
Nov 28 13:55:41 user devstack@c-api.service[76279]: DEBUG cinder.api.middleware.request_id [None req-2d554dfc-97fe-4bc2-8675-6f917113088d None None] RequestId filter calling following filter/app {{(pid=76279) _context_setter /opt/stack/cinder/cinder/api/middleware/request_id.py:62}}
Nov 28 13:55:41 user devstack@c-api.service[76279]: INFO cinder.api.openstack.wsgi [None req-2d554dfc-97fe-4bc2-8675-6f917113088d tempest-TaggedBootDevicesTest_v242-1237344816 tempest-TaggedBootDevicesTest_v242-1237344816-project-member] GET http://10.0.0.210/volume/v3/112860fded124331bc667a597f4c695d/volumes/46ef3fc0-9e51-4dec-bb48-5113d0dde6ab
Nov 28 13:55:41 user devstack@c-api.service[76279]: DEBUG cinder.api.openstack.wsgi [None req-2d554dfc-97fe-4bc2-8675-6f917113088d tempest-TaggedBootDevicesTest_v242-1237344816 tempest-TaggedBootDevicesTest_v242-1237344816-project-member] Empty body provided in request {{(pid=76279) get_body /opt/stack/cinder/cinder/api/openstack/wsgi.py:715}}
Nov 28 13:55:41 user devstack@c-api.service[76279]: DEBUG cinder.api.openstack.wsgi [None req-2d554dfc-97fe-4bc2-8675-6f917113088d tempest-TaggedBootDevicesTest_v242-1237344816 tempest-TaggedBootDevicesTest_v242-1237344816-project-member] Calling method 'show' {{(pid=76279) _process_stack /opt/stack/cinder/cinder/api/openstack/wsgi.py:868}}
Nov 28 13:55:41 user devstack@c-api.service[76278]: DEBUG cinder.volume.api [None req-b593051b-bab0-4d2c-9637-d6fff755b80c tempest-VolumeQuotasAdminTestJSON-1622846006 tempest-VolumeQuotasAdminTestJSON-1622846006-project-member] Task 'cinder.volume.flows.api.create_volume.QuotaCommitTask;volume:create' (28247f7a-4cee-4ad0-bf0b-95035523d7e0) transitioned into state 'SUCCESS' from state 'RUNNING' with result '{'volume_properties': VolumeProperties(attach_status='detached',availability_zone='nova',cgsnapshot_id=None,consistencygroup_id=None,display_description=None,display_name='tempest-VolumeQuotasAdminTestJSON-Volume-1496187573',encryption_key_id=None,group_id=None,group_type_id=,metadata={},multiattach=False,project_id='95bad6ea34cd41d38b30b845e578d06e',qos_specs=None,replication_status=,reservations=['d740a746-e715-45d3-a350-40de1e6260ad','383f072e-fe1b-43c4-a349-4ec3c19fef32','5c919a60-29e2-4558-a77f-2f95c472ecad','c6233463-2984-4347-88e2-6e7d1e108176'],size=1,snapshot_id=None,source_replicaid=,source_volid=None,status='creating',user_id='ce91bc8208f34e3ba4a2b4ecd521b51f',volume_type_id=39163746-aeef-4938-aaeb-c68e1f90fc40)}' {{(pid=76278) _task_receiver /opt/stack/data/venv/lib/python3.10/site-packages/taskflow/listeners/logging.py:178}}
Nov 28 13:55:41 user devstack@c-api.service[76279]: /opt/stack/data/venv/lib/python3.10/site-packages/oslo_context/context.py:100: DeprecationWarning: Policy enforcement is depending on the value of is_admin. This key is deprecated. Please update your policy file to use the standard policy values.
Nov 28 13:55:41 user devstack@c-api.service[76279]: warnings.warn('Policy enforcement is depending on the value of '
Nov 28 13:55:41 user devstack@c-api.service[76278]: DEBUG cinder.volume.api [None req-b593051b-bab0-4d2c-9637-d6fff755b80c tempest-VolumeQuotasAdminTestJSON-1622846006 tempest-VolumeQuotasAdminTestJSON-1622846006-project-member] Task 'cinder.volume.flows.api.create_volume.VolumeCastTask;volume:create' (9298831e-be32-488a-ab2a-4adc26c9925a) transitioned into state 'RUNNING' from state 'PENDING' {{(pid=76278) _task_receiver /opt/stack/data/venv/lib/python3.10/site-packages/taskflow/listeners/logging.py:190}}
Nov 28 13:55:41 user devstack@c-api.service[76279]: INFO cinder.volume.api [None req-2d554dfc-97fe-4bc2-8675-6f917113088d tempest-TaggedBootDevicesTest_v242-1237344816 tempest-TaggedBootDevicesTest_v242-1237344816-project-member] Volume info retrieved successfully.
Nov 28 13:55:41 user devstack@c-api.service[76278]: DEBUG cinder.volume.api [None req-b593051b-bab0-4d2c-9637-d6fff755b80c tempest-VolumeQuotasAdminTestJSON-1622846006 tempest-VolumeQuotasAdminTestJSON-1622846006-project-member] Task 'cinder.volume.flows.api.create_volume.VolumeCastTask;volume:create' (9298831e-be32-488a-ab2a-4adc26c9925a) transitioned into state 'SUCCESS' from state 'RUNNING' with result 'None' {{(pid=76278) _task_receiver /opt/stack/data/venv/lib/python3.10/site-packages/taskflow/listeners/logging.py:178}}
Nov 28 13:55:41 user devstack@c-api.service[76278]: DEBUG cinder.volume.api [None req-b593051b-bab0-4d2c-9637-d6fff755b80c tempest-VolumeQuotasAdminTestJSON-1622846006 tempest-VolumeQuotasAdminTestJSON-1622846006-project-member] Flow 'volume_create_api' (ed40af2e-2ff5-42b3-b5e4-b29cce60ac85) transitioned into state 'SUCCESS' from state 'RUNNING' {{(pid=76278) _flow_receiver /opt/stack/data/venv/lib/python3.10/site-packages/taskflow/listeners/logging.py:141}}
Nov 28 13:55:41 user devstack@c-api.service[76279]: INFO cinder.api.openstack.wsgi [None req-2d554dfc-97fe-4bc2-8675-6f917113088d tempest-TaggedBootDevicesTest_v242-1237344816 tempest-TaggedBootDevicesTest_v242-1237344816-project-member] http://10.0.0.210/volume/v3/112860fded124331bc667a597f4c695d/volumes/46ef3fc0-9e51-4dec-bb48-5113d0dde6ab returned with HTTP 200
Nov 28 13:55:41 user devstack@c-api.service[76278]: INFO cinder.volume.api [None req-b593051b-bab0-4d2c-9637-d6fff755b80c tempest-VolumeQuotasAdminTestJSON-1622846006 tempest-VolumeQuotasAdminTestJSON-1622846006-project-member] Create volume request issued successfully.
Nov 28 13:55:41 user devstack@c-api.service[76279]: [pid: 76279|app: 0|req: 82/233] 10.0.0.210 () {62 vars in 1402 bytes} [Tue Nov 28 13:55:41 2023] GET /volume/v3/112860fded124331bc667a597f4c695d/volumes/46ef3fc0-9e51-4dec-bb48-5113d0dde6ab => generated 916 bytes in 52 msecs (HTTP/1.1 200) 7 headers in 285 bytes (2 switches on core 0)
Nov 28 13:55:41 user devstack@c-api.service[76278]: INFO cinder.api.openstack.wsgi [None req-b593051b-bab0-4d2c-9637-d6fff755b80c tempest-VolumeQuotasAdminTestJSON-1622846006 tempest-VolumeQuotasAdminTestJSON-1622846006-project-member] http://10.0.0.210/volume/v3/95bad6ea34cd41d38b30b845e578d06e/volumes returned with HTTP 202
Nov 28 13:55:41 user devstack@c-api.service[76278]: [pid: 76278|app: 0|req: 74/234] 10.0.0.210 () {64 vars in 1312 bytes} [Tue Nov 28 13:55:40 2023] POST /volume/v3/95bad6ea34cd41d38b30b845e578d06e/volumes => generated 823 bytes in 274 msecs (HTTP/1.1 202) 7 headers in 291 bytes (1 switches on core 0)
Nov 28 13:55:41 user devstack@c-api.service[76277]: DEBUG cinder.api.middleware.request_id [None req-95e9f31e-12fc-428c-a8d3-10fd991bebad None None] RequestId filter calling following filter/app {{(pid=76277) _context_setter /opt/stack/cinder/cinder/api/middleware/request_id.py:62}}
Nov 28 13:55:41 user devstack@c-api.service[76277]: INFO cinder.api.openstack.wsgi [None req-95e9f31e-12fc-428c-a8d3-10fd991bebad tempest-TaggedBootDevicesTest-461431762 tempest-TaggedBootDevicesTest-461431762-project-member] GET http://10.0.0.210/volume/v3/c0ac13581ec1439eb3208cc3ddbec53a/volumes/65c62840-e7a4-4bbb-861e-e4566ff910eb
Nov 28 13:55:41 user devstack@c-api.service[76277]: DEBUG cinder.api.openstack.wsgi [None req-95e9f31e-12fc-428c-a8d3-10fd991bebad tempest-TaggedBootDevicesTest-461431762 tempest-TaggedBootDevicesTest-461431762-project-member] Empty body provided in request {{(pid=76277) get_body /opt/stack/cinder/cinder/api/openstack/wsgi.py:715}}
Nov 28 13:55:41 user devstack@c-api.service[76277]: DEBUG cinder.api.openstack.wsgi [None req-95e9f31e-12fc-428c-a8d3-10fd991bebad tempest-TaggedBootDevicesTest-461431762 tempest-TaggedBootDevicesTest-461431762-project-member] Calling method 'show' {{(pid=76277) _process_stack /opt/stack/cinder/cinder/api/openstack/wsgi.py:868}}
Nov 28 13:55:41 user devstack@c-api.service[76279]: DEBUG cinder.api.middleware.request_id [None req-3569e957-5c60-427b-8f6f-ba3453a85d24 None None] RequestId filter calling following filter/app {{(pid=76279) _context_setter /opt/stack/cinder/cinder/api/middleware/request_id.py:62}}
Nov 28 13:55:41 user devstack@c-api.service[76279]: INFO cinder.api.openstack.wsgi [None req-3569e957-5c60-427b-8f6f-ba3453a85d24 tempest-VolumeQuotasAdminTestJSON-1622846006 tempest-VolumeQuotasAdminTestJSON-1622846006-project-member] GET http://10.0.0.210/volume/v3/95bad6ea34cd41d38b30b845e578d06e/volumes/40cbe93e-8e39-4848-97d6-1eeb86a5357d
Nov 28 13:55:41 user devstack@c-api.service[76279]: DEBUG cinder.api.openstack.wsgi [None req-3569e957-5c60-427b-8f6f-ba3453a85d24 tempest-VolumeQuotasAdminTestJSON-1622846006 tempest-VolumeQuotasAdminTestJSON-1622846006-project-member] Empty body provided in request {{(pid=76279) get_body /opt/stack/cinder/cinder/api/openstack/wsgi.py:715}}
Nov 28 13:55:41 user devstack@c-api.service[76279]: DEBUG cinder.api.openstack.wsgi [None req-3569e957-5c60-427b-8f6f-ba3453a85d24 tempest-VolumeQuotasAdminTestJSON-1622846006 tempest-VolumeQuotasAdminTestJSON-1622846006-project-member] Calling method 'show' {{(pid=76279) _process_stack /opt/stack/cinder/cinder/api/openstack/wsgi.py:868}}
Nov 28 13:55:41 user devstack@c-api.service[76277]: /opt/stack/data/venv/lib/python3.10/site-packages/oslo_context/context.py:100: DeprecationWarning: Policy enforcement is depending on the value of is_admin. This key is deprecated. Please update your policy file to use the standard policy values.
Nov 28 13:55:41 user devstack@c-api.service[76277]: warnings.warn('Policy enforcement is depending on the value of '
Nov 28 13:55:41 user devstack@c-api.service[76277]: INFO cinder.volume.api [None req-95e9f31e-12fc-428c-a8d3-10fd991bebad tempest-TaggedBootDevicesTest-461431762 tempest-TaggedBootDevicesTest-461431762-project-member] Volume info retrieved successfully.
Nov 28 13:55:41 user devstack@c-api.service[76277]: INFO cinder.api.openstack.wsgi [None req-95e9f31e-12fc-428c-a8d3-10fd991bebad tempest-TaggedBootDevicesTest-461431762 tempest-TaggedBootDevicesTest-461431762-project-member] http://10.0.0.210/volume/v3/c0ac13581ec1439eb3208cc3ddbec53a/volumes/65c62840-e7a4-4bbb-861e-e4566ff910eb returned with HTTP 200
Nov 28 13:55:41 user devstack@c-api.service[76277]: [pid: 76277|app: 0|req: 79/235] 10.0.0.210 () {62 vars in 1402 bytes} [Tue Nov 28 13:55:41 2023] GET /volume/v3/c0ac13581ec1439eb3208cc3ddbec53a/volumes/65c62840-e7a4-4bbb-861e-e4566ff910eb => generated 972 bytes in 60 msecs (HTTP/1.1 200) 7 headers in 285 bytes (1 switches on core 0)
Nov 28 13:55:41 user devstack@c-api.service[76279]: /opt/stack/data/venv/lib/python3.10/site-packages/oslo_context/context.py:100: DeprecationWarning: Policy enforcement is depending on the value of is_admin. This key is deprecated. Please update your policy file to use the standard policy values.
Nov 28 13:55:41 user devstack@c-api.service[76279]: warnings.warn('Policy enforcement is depending on the value of '
Nov 28 13:55:41 user devstack@c-api.service[76279]: INFO cinder.volume.api [None req-3569e957-5c60-427b-8f6f-ba3453a85d24 tempest-VolumeQuotasAdminTestJSON-1622846006 tempest-VolumeQuotasAdminTestJSON-1622846006-project-member] Volume info retrieved successfully.
Nov 28 13:55:41 user devstack@c-api.service[76279]: INFO cinder.api.openstack.wsgi [None req-3569e957-5c60-427b-8f6f-ba3453a85d24 tempest-VolumeQuotasAdminTestJSON-1622846006 tempest-VolumeQuotasAdminTestJSON-1622846006-project-member] http://10.0.0.210/volume/v3/95bad6ea34cd41d38b30b845e578d06e/volumes/40cbe93e-8e39-4848-97d6-1eeb86a5357d returned with HTTP 200
Nov 28 13:55:41 user devstack@c-api.service[76279]: [pid: 76279|app: 0|req: 83/236] 10.0.0.210 () {62 vars in 1402 bytes} [Tue Nov 28 13:55:41 2023] GET /volume/v3/95bad6ea34cd41d38b30b845e578d06e/volumes/40cbe93e-8e39-4848-97d6-1eeb86a5357d => generated 891 bytes in 79 msecs (HTTP/1.1 200) 7 headers in 285 bytes (1 switches on core 0)
Nov 28 13:55:42 user devstack@c-api.service[76278]: DEBUG cinder.api.middleware.request_id [None req-bd762f6d-b68f-47e5-b0a7-a5446bd1f3ec None None] RequestId filter calling following filter/app {{(pid=76278) _context_setter /opt/stack/cinder/cinder/api/middleware/request_id.py:62}}
Nov 28 13:55:42 user devstack@c-api.service[76278]: INFO cinder.api.openstack.wsgi [None req-bd762f6d-b68f-47e5-b0a7-a5446bd1f3ec tempest-TaggedBootDevicesTest_v242-1237344816 tempest-TaggedBootDevicesTest_v242-1237344816-project-member] GET http://10.0.0.210/volume/v3/112860fded124331bc667a597f4c695d/volumes/46ef3fc0-9e51-4dec-bb48-5113d0dde6ab
Nov 28 13:55:42 user devstack@c-api.service[76278]: DEBUG cinder.api.openstack.wsgi [None req-bd762f6d-b68f-47e5-b0a7-a5446bd1f3ec tempest-TaggedBootDevicesTest_v242-1237344816 tempest-TaggedBootDevicesTest_v242-1237344816-project-member] Empty body provided in request {{(pid=76278) get_body /opt/stack/cinder/cinder/api/openstack/wsgi.py:715}}
Nov 28 13:55:42 user devstack@c-api.service[76278]: DEBUG cinder.api.openstack.wsgi [None req-bd762f6d-b68f-47e5-b0a7-a5446bd1f3ec tempest-TaggedBootDevicesTest_v242-1237344816 tempest-TaggedBootDevicesTest_v242-1237344816-project-member] Calling method 'show' {{(pid=76278) _process_stack /opt/stack/cinder/cinder/api/openstack/wsgi.py:868}}
Nov 28 13:55:42 user devstack@c-api.service[76278]: /opt/stack/data/venv/lib/python3.10/site-packages/oslo_context/context.py:100: DeprecationWarning: Policy enforcement is depending on the value of is_admin. This key is deprecated. Please update your policy file to use the standard policy values.
Nov 28 13:55:42 user devstack@c-api.service[76278]: warnings.warn('Policy enforcement is depending on the value of '
Nov 28 13:55:42 user devstack@c-api.service[76278]: INFO cinder.volume.api [None req-bd762f6d-b68f-47e5-b0a7-a5446bd1f3ec tempest-TaggedBootDevicesTest_v242-1237344816 tempest-TaggedBootDevicesTest_v242-1237344816-project-member] Volume info retrieved successfully.
Nov 28 13:55:42 user devstack@c-api.service[76278]: INFO cinder.api.openstack.wsgi [None req-bd762f6d-b68f-47e5-b0a7-a5446bd1f3ec tempest-TaggedBootDevicesTest_v242-1237344816 tempest-TaggedBootDevicesTest_v242-1237344816-project-member] http://10.0.0.210/volume/v3/112860fded124331bc667a597f4c695d/volumes/46ef3fc0-9e51-4dec-bb48-5113d0dde6ab returned with HTTP 200
Nov 28 13:55:42 user devstack@c-api.service[76278]: [pid: 76278|app: 0|req: 75/237] 10.0.0.210 () {62 vars in 1402 bytes} [Tue Nov 28 13:55:42 2023] GET /volume/v3/112860fded124331bc667a597f4c695d/volumes/46ef3fc0-9e51-4dec-bb48-5113d0dde6ab => generated 916 bytes in 58 msecs (HTTP/1.1 200) 7 headers in 285 bytes (1 switches on core 0)
Nov 28 13:55:42 user devstack@c-api.service[76277]: DEBUG cinder.api.middleware.request_id [None req-9aeb56b6-0bd8-4b6d-8507-accae2d3b07e None None] RequestId filter calling following filter/app {{(pid=76277) _context_setter /opt/stack/cinder/cinder/api/middleware/request_id.py:62}}
Nov 28 13:55:42 user devstack@c-api.service[76277]: INFO cinder.api.openstack.wsgi [None req-9aeb56b6-0bd8-4b6d-8507-accae2d3b07e tempest-TaggedBootDevicesTest-461431762 tempest-TaggedBootDevicesTest-461431762-project-member] GET http://10.0.0.210/volume/v3/c0ac13581ec1439eb3208cc3ddbec53a/volumes/65c62840-e7a4-4bbb-861e-e4566ff910eb
Nov 28 13:55:42 user devstack@c-api.service[76277]: DEBUG cinder.api.openstack.wsgi [None req-9aeb56b6-0bd8-4b6d-8507-accae2d3b07e tempest-TaggedBootDevicesTest-461431762 tempest-TaggedBootDevicesTest-461431762-project-member] Empty body provided in request {{(pid=76277) get_body /opt/stack/cinder/cinder/api/openstack/wsgi.py:715}}
Nov 28 13:55:42 user devstack@c-api.service[76277]: DEBUG cinder.api.openstack.wsgi [None req-9aeb56b6-0bd8-4b6d-8507-accae2d3b07e tempest-TaggedBootDevicesTest-461431762 tempest-TaggedBootDevicesTest-461431762-project-member] Calling method 'show' {{(pid=76277) _process_stack /opt/stack/cinder/cinder/api/openstack/wsgi.py:868}}
Nov 28 13:55:42 user devstack@c-api.service[76277]: /opt/stack/data/venv/lib/python3.10/site-packages/oslo_context/context.py:100: DeprecationWarning: Policy enforcement is depending on the value of is_admin. This key is deprecated. Please update your policy file to use the standard policy values.
Nov 28 13:55:42 user devstack@c-api.service[76277]: warnings.warn('Policy enforcement is depending on the value of '
Nov 28 13:55:42 user devstack@c-api.service[76279]: DEBUG cinder.api.middleware.request_id [None req-4ad5becd-8e95-48b0-959b-c7560ca2a598 None None] RequestId filter calling following filter/app {{(pid=76279) _context_setter /opt/stack/cinder/cinder/api/middleware/request_id.py:62}}
Nov 28 13:55:42 user devstack@c-api.service[76277]: INFO cinder.volume.api [None req-9aeb56b6-0bd8-4b6d-8507-accae2d3b07e tempest-TaggedBootDevicesTest-461431762 tempest-TaggedBootDevicesTest-461431762-project-member] Volume info retrieved successfully.
Nov 28 13:55:42 user devstack@c-api.service[76279]: INFO cinder.api.openstack.wsgi [None req-4ad5becd-8e95-48b0-959b-c7560ca2a598 tempest-VolumeQuotasAdminTestJSON-1622846006 tempest-VolumeQuotasAdminTestJSON-1622846006-project-member] GET http://10.0.0.210/volume/v3/95bad6ea34cd41d38b30b845e578d06e/volumes/40cbe93e-8e39-4848-97d6-1eeb86a5357d
Nov 28 13:55:42 user devstack@c-api.service[76279]: DEBUG cinder.api.openstack.wsgi [None req-4ad5becd-8e95-48b0-959b-c7560ca2a598 tempest-VolumeQuotasAdminTestJSON-1622846006 tempest-VolumeQuotasAdminTestJSON-1622846006-project-member] Empty body provided in request {{(pid=76279) get_body /opt/stack/cinder/cinder/api/openstack/wsgi.py:715}}
Nov 28 13:55:42 user devstack@c-api.service[76279]: DEBUG cinder.api.openstack.wsgi [None req-4ad5becd-8e95-48b0-959b-c7560ca2a598 tempest-VolumeQuotasAdminTestJSON-1622846006 tempest-VolumeQuotasAdminTestJSON-1622846006-project-member] Calling method 'show' {{(pid=76279) _process_stack /opt/stack/cinder/cinder/api/openstack/wsgi.py:868}}
Nov 28 13:55:42 user devstack@c-api.service[76277]: INFO cinder.api.openstack.wsgi [None req-9aeb56b6-0bd8-4b6d-8507-accae2d3b07e tempest-TaggedBootDevicesTest-461431762 tempest-TaggedBootDevicesTest-461431762-project-member] http://10.0.0.210/volume/v3/c0ac13581ec1439eb3208cc3ddbec53a/volumes/65c62840-e7a4-4bbb-861e-e4566ff910eb returned with HTTP 200
Nov 28 13:55:42 user devstack@c-api.service[76277]: [pid: 76277|app: 0|req: 80/238] 10.0.0.210 () {62 vars in 1402 bytes} [Tue Nov 28 13:55:42 2023] GET /volume/v3/c0ac13581ec1439eb3208cc3ddbec53a/volumes/65c62840-e7a4-4bbb-861e-e4566ff910eb => generated 972 bytes in 46 msecs (HTTP/1.1 200) 7 headers in 285 bytes (1 switches on core 0)
Nov 28 13:55:42 user devstack@c-api.service[76279]: /opt/stack/data/venv/lib/python3.10/site-packages/oslo_context/context.py:100: DeprecationWarning: Policy enforcement is depending on the value of is_admin. This key is deprecated. Please update your policy file to use the standard policy values.
Nov 28 13:55:42 user devstack@c-api.service[76279]: warnings.warn('Policy enforcement is depending on the value of '
Nov 28 13:55:42 user devstack@c-api.service[76279]: INFO cinder.volume.api [None req-4ad5becd-8e95-48b0-959b-c7560ca2a598 tempest-VolumeQuotasAdminTestJSON-1622846006 tempest-VolumeQuotasAdminTestJSON-1622846006-project-member] Volume info retrieved successfully.
Nov 28 13:55:42 user devstack@c-api.service[76279]: INFO cinder.api.openstack.wsgi [None req-4ad5becd-8e95-48b0-959b-c7560ca2a598 tempest-VolumeQuotasAdminTestJSON-1622846006 tempest-VolumeQuotasAdminTestJSON-1622846006-project-member] http://10.0.0.210/volume/v3/95bad6ea34cd41d38b30b845e578d06e/volumes/40cbe93e-8e39-4848-97d6-1eeb86a5357d returned with HTTP 200
Nov 28 13:55:42 user devstack@c-api.service[76279]: [pid: 76279|app: 0|req: 84/239] 10.0.0.210 () {62 vars in 1402 bytes} [Tue Nov 28 13:55:42 2023] GET /volume/v3/95bad6ea34cd41d38b30b845e578d06e/volumes/40cbe93e-8e39-4848-97d6-1eeb86a5357d => generated 915 bytes in 88 msecs (HTTP/1.1 200) 7 headers in 285 bytes (1 switches on core 0)
Nov 28 13:55:43 user devstack@c-api.service[76278]: DEBUG cinder.api.middleware.request_id [None req-d3ed06c4-1afe-4e6c-bfb7-8781c5c6acfe None None] RequestId filter calling following filter/app {{(pid=76278) _context_setter /opt/stack/cinder/cinder/api/middleware/request_id.py:62}}
Nov 28 13:55:43 user devstack@c-api.service[76278]: INFO cinder.api.openstack.wsgi [None req-d3ed06c4-1afe-4e6c-bfb7-8781c5c6acfe tempest-TaggedBootDevicesTest_v242-1237344816 tempest-TaggedBootDevicesTest_v242-1237344816-project-member] GET http://10.0.0.210/volume/v3/112860fded124331bc667a597f4c695d/volumes/46ef3fc0-9e51-4dec-bb48-5113d0dde6ab
Nov 28 13:55:43 user devstack@c-api.service[76278]: DEBUG cinder.api.openstack.wsgi [None req-d3ed06c4-1afe-4e6c-bfb7-8781c5c6acfe tempest-TaggedBootDevicesTest_v242-1237344816 tempest-TaggedBootDevicesTest_v242-1237344816-project-member] Empty body provided in request {{(pid=76278) get_body /opt/stack/cinder/cinder/api/openstack/wsgi.py:715}}
Nov 28 13:55:43 user devstack@c-api.service[76278]: DEBUG cinder.api.openstack.wsgi [None req-d3ed06c4-1afe-4e6c-bfb7-8781c5c6acfe tempest-TaggedBootDevicesTest_v242-1237344816 tempest-TaggedBootDevicesTest_v242-1237344816-project-member] Calling method 'show' {{(pid=76278) _process_stack /opt/stack/cinder/cinder/api/openstack/wsgi.py:868}}
Nov 28 13:55:43 user devstack@c-api.service[76278]: /opt/stack/data/venv/lib/python3.10/site-packages/oslo_context/context.py:100: DeprecationWarning: Policy enforcement is depending on the value of is_admin. This key is deprecated. Please update your policy file to use the standard policy values.
Nov 28 13:55:43 user devstack@c-api.service[76278]: warnings.warn('Policy enforcement is depending on the value of '
Nov 28 13:55:43 user devstack@c-api.service[76278]: INFO cinder.volume.api [None req-d3ed06c4-1afe-4e6c-bfb7-8781c5c6acfe tempest-TaggedBootDevicesTest_v242-1237344816 tempest-TaggedBootDevicesTest_v242-1237344816-project-member] Volume info retrieved successfully.
Nov 28 13:55:43 user devstack@c-api.service[76277]: DEBUG cinder.api.middleware.request_id [None req-4b9f6f2b-0292-4a85-893e-7336ab850cc1 None None] RequestId filter calling following filter/app {{(pid=76277) _context_setter /opt/stack/cinder/cinder/api/middleware/request_id.py:62}}
Nov 28 13:55:43 user devstack@c-api.service[76277]: INFO cinder.api.openstack.wsgi [None req-4b9f6f2b-0292-4a85-893e-7336ab850cc1 tempest-TaggedBootDevicesTest-461431762 tempest-TaggedBootDevicesTest-461431762-project-member] GET http://10.0.0.210/volume/v3/c0ac13581ec1439eb3208cc3ddbec53a/volumes/65c62840-e7a4-4bbb-861e-e4566ff910eb
Nov 28 13:55:43 user devstack@c-api.service[76277]: DEBUG cinder.api.openstack.wsgi [None req-4b9f6f2b-0292-4a85-893e-7336ab850cc1 tempest-TaggedBootDevicesTest-461431762 tempest-TaggedBootDevicesTest-461431762-project-member] Empty body provided in request {{(pid=76277) get_body /opt/stack/cinder/cinder/api/openstack/wsgi.py:715}}
Nov 28 13:55:43 user devstack@c-api.service[76277]: DEBUG cinder.api.openstack.wsgi [None req-4b9f6f2b-0292-4a85-893e-7336ab850cc1 tempest-TaggedBootDevicesTest-461431762 tempest-TaggedBootDevicesTest-461431762-project-member] Calling method 'show' {{(pid=76277) _process_stack /opt/stack/cinder/cinder/api/openstack/wsgi.py:868}}
Nov 28 13:55:43 user devstack@c-api.service[76277]: DEBUG dbcounter [-] [76277] Writing DB stats cinder:SELECT=764,cinder:INSERT=51,cinder:UPDATE=65 {{(pid=76277) stat_writer /opt/stack/data/venv/lib/python3.10/site-packages/dbcounter.py:115}}
Nov 28 13:55:43 user devstack@c-api.service[76278]: INFO cinder.api.openstack.wsgi [None req-d3ed06c4-1afe-4e6c-bfb7-8781c5c6acfe tempest-TaggedBootDevicesTest_v242-1237344816 tempest-TaggedBootDevicesTest_v242-1237344816-project-member] http://10.0.0.210/volume/v3/112860fded124331bc667a597f4c695d/volumes/46ef3fc0-9e51-4dec-bb48-5113d0dde6ab returned with HTTP 200
Nov 28 13:55:43 user devstack@c-api.service[76278]: [pid: 76278|app: 0|req: 76/240] 10.0.0.210 () {62 vars in 1402 bytes} [Tue Nov 28 13:55:43 2023] GET /volume/v3/112860fded124331bc667a597f4c695d/volumes/46ef3fc0-9e51-4dec-bb48-5113d0dde6ab => generated 916 bytes in 74 msecs (HTTP/1.1 200) 7 headers in 285 bytes (1 switches on core 0)
Nov 28 13:55:43 user devstack@c-api.service[76279]: DEBUG cinder.api.middleware.request_id [None req-d16cc06f-104d-487c-82bd-a1493ab8690e None None] RequestId filter calling following filter/app {{(pid=76279) _context_setter /opt/stack/cinder/cinder/api/middleware/request_id.py:62}}
Nov 28 13:55:43 user devstack@c-api.service[76279]: INFO cinder.api.openstack.wsgi [None req-d16cc06f-104d-487c-82bd-a1493ab8690e tempest-VolumeQuotasAdminTestJSON-1622846006 tempest-VolumeQuotasAdminTestJSON-1622846006-project-member] GET http://10.0.0.210/volume/v3/95bad6ea34cd41d38b30b845e578d06e/volumes/40cbe93e-8e39-4848-97d6-1eeb86a5357d
Nov 28 13:55:43 user devstack@c-api.service[76279]: DEBUG cinder.api.openstack.wsgi [None req-d16cc06f-104d-487c-82bd-a1493ab8690e tempest-VolumeQuotasAdminTestJSON-1622846006 tempest-VolumeQuotasAdminTestJSON-1622846006-project-member] Empty body provided in request {{(pid=76279) get_body /opt/stack/cinder/cinder/api/openstack/wsgi.py:715}}
Nov 28 13:55:43 user devstack@c-api.service[76277]: /opt/stack/data/venv/lib/python3.10/site-packages/oslo_context/context.py:100: DeprecationWarning: Policy enforcement is depending on the value of is_admin. This key is deprecated. Please update your policy file to use the standard policy values.
Nov 28 13:55:43 user devstack@c-api.service[76277]: warnings.warn('Policy enforcement is depending on the value of '
Nov 28 13:55:43 user devstack@c-api.service[76279]: DEBUG cinder.api.openstack.wsgi [None req-d16cc06f-104d-487c-82bd-a1493ab8690e tempest-VolumeQuotasAdminTestJSON-1622846006 tempest-VolumeQuotasAdminTestJSON-1622846006-project-member] Calling method 'show' {{(pid=76279) _process_stack /opt/stack/cinder/cinder/api/openstack/wsgi.py:868}}
Nov 28 13:55:43 user devstack@c-api.service[76279]: DEBUG dbcounter [-] [76279] Writing DB stats cinder:SELECT=736,cinder:INSERT=49,cinder:UPDATE=78 {{(pid=76279) stat_writer /opt/stack/data/venv/lib/python3.10/site-packages/dbcounter.py:115}}
Nov 28 13:55:43 user devstack@c-api.service[76277]: INFO cinder.volume.api [None req-4b9f6f2b-0292-4a85-893e-7336ab850cc1 tempest-TaggedBootDevicesTest-461431762 tempest-TaggedBootDevicesTest-461431762-project-member] Volume info retrieved successfully.
Nov 28 13:55:43 user devstack@c-api.service[76279]: /opt/stack/data/venv/lib/python3.10/site-packages/oslo_context/context.py:100: DeprecationWarning: Policy enforcement is depending on the value of is_admin. This key is deprecated. Please update your policy file to use the standard policy values.
Nov 28 13:55:43 user devstack@c-api.service[76279]: warnings.warn('Policy enforcement is depending on the value of '
Nov 28 13:55:43 user devstack@c-api.service[76277]: INFO cinder.api.openstack.wsgi [None req-4b9f6f2b-0292-4a85-893e-7336ab850cc1 tempest-TaggedBootDevicesTest-461431762 tempest-TaggedBootDevicesTest-461431762-project-member] http://10.0.0.210/volume/v3/c0ac13581ec1439eb3208cc3ddbec53a/volumes/65c62840-e7a4-4bbb-861e-e4566ff910eb returned with HTTP 200
Nov 28 13:55:43 user devstack@c-api.service[76277]: [pid: 76277|app: 0|req: 81/241] 10.0.0.210 () {62 vars in 1402 bytes} [Tue Nov 28 13:55:43 2023] GET /volume/v3/c0ac13581ec1439eb3208cc3ddbec53a/volumes/65c62840-e7a4-4bbb-861e-e4566ff910eb => generated 972 bytes in 148 msecs (HTTP/1.1 200) 7 headers in 285 bytes (1 switches on core 0)
Nov 28 13:55:43 user devstack@c-api.service[76279]: INFO cinder.volume.api [None req-d16cc06f-104d-487c-82bd-a1493ab8690e tempest-VolumeQuotasAdminTestJSON-1622846006 tempest-VolumeQuotasAdminTestJSON-1622846006-project-member] Volume info retrieved successfully.
Nov 28 13:55:43 user devstack@c-api.service[76279]: INFO cinder.api.openstack.wsgi [None req-d16cc06f-104d-487c-82bd-a1493ab8690e tempest-VolumeQuotasAdminTestJSON-1622846006 tempest-VolumeQuotasAdminTestJSON-1622846006-project-member] http://10.0.0.210/volume/v3/95bad6ea34cd41d38b30b845e578d06e/volumes/40cbe93e-8e39-4848-97d6-1eeb86a5357d returned with HTTP 200
Nov 28 13:55:43 user devstack@c-api.service[76279]: [pid: 76279|app: 0|req: 85/242] 10.0.0.210 () {62 vars in 1402 bytes} [Tue Nov 28 13:55:43 2023] GET /volume/v3/95bad6ea34cd41d38b30b845e578d06e/volumes/40cbe93e-8e39-4848-97d6-1eeb86a5357d => generated 915 bytes in 80 msecs (HTTP/1.1 200) 7 headers in 285 bytes (2 switches on core 0)
Nov 28 13:55:43 user devstack@c-api.service[76278]: DEBUG cinder.api.middleware.request_id [None req-2aabdf15-8daa-4ce4-a35d-bd63a492fbeb None None] RequestId filter calling following filter/app {{(pid=76278) _context_setter /opt/stack/cinder/cinder/api/middleware/request_id.py:62}}
Nov 28 13:55:44 user devstack@c-api.service[76278]: INFO cinder.api.openstack.wsgi [None req-2aabdf15-8daa-4ce4-a35d-bd63a492fbeb tempest-SnapshotsActionsTest-3807811 tempest-SnapshotsActionsTest-3807811-project-member] POST http://10.0.0.210/volume/v3/9e01570dd0ff4405a800fd6493ea0ce6/volumes
Nov 28 13:55:44 user devstack@c-api.service[76278]: DEBUG cinder.api.openstack.wsgi [None req-2aabdf15-8daa-4ce4-a35d-bd63a492fbeb tempest-SnapshotsActionsTest-3807811 tempest-SnapshotsActionsTest-3807811-project-member] Action: 'create', calling method: create, body: {"volume": {"size": 1, "name": "tempest-SnapshotsActionsTest-Volume-1169026528"}} {{(pid=76278) _process_stack /opt/stack/cinder/cinder/api/openstack/wsgi.py:866}}
Nov 28 13:55:44 user devstack@c-api.service[76278]: DEBUG cinder.api.v3.volumes [None req-2aabdf15-8daa-4ce4-a35d-bd63a492fbeb tempest-SnapshotsActionsTest-3807811 tempest-SnapshotsActionsTest-3807811-project-member] Create volume request body: {'volume': {'size': 1, 'name': 'tempest-SnapshotsActionsTest-Volume-1169026528'}} {{(pid=76278) create /opt/stack/cinder/cinder/api/v3/volumes.py:297}}
Nov 28 13:55:44 user devstack@c-api.service[76278]: INFO cinder.api.v3.volumes [None req-2aabdf15-8daa-4ce4-a35d-bd63a492fbeb tempest-SnapshotsActionsTest-3807811 tempest-SnapshotsActionsTest-3807811-project-member] Create volume of 1 GB
Nov 28 13:55:44 user devstack@c-api.service[76278]: DEBUG dbcounter [-] [76278] Writing DB stats cinder:SELECT=682,cinder:INSERT=40,cinder:UPDATE=63 {{(pid=76278) stat_writer /opt/stack/data/venv/lib/python3.10/site-packages/dbcounter.py:115}}
Nov 28 13:55:44 user devstack@c-api.service[76278]: INFO cinder.volume.api [None req-2aabdf15-8daa-4ce4-a35d-bd63a492fbeb tempest-SnapshotsActionsTest-3807811 tempest-SnapshotsActionsTest-3807811-project-member] Availability Zones retrieved successfully.
Nov 28 13:55:44 user devstack@c-api.service[76278]: DEBUG cinder.volume.api [None req-2aabdf15-8daa-4ce4-a35d-bd63a492fbeb tempest-SnapshotsActionsTest-3807811 tempest-SnapshotsActionsTest-3807811-project-member] Flow 'volume_create_api' (dcec4475-1f84-45cf-b3ab-978b4e839d2e) transitioned into state 'RUNNING' from state 'PENDING' {{(pid=76278) _flow_receiver /opt/stack/data/venv/lib/python3.10/site-packages/taskflow/listeners/logging.py:141}}
Nov 28 13:55:44 user devstack@c-api.service[76278]: DEBUG cinder.volume.api [None req-2aabdf15-8daa-4ce4-a35d-bd63a492fbeb tempest-SnapshotsActionsTest-3807811 tempest-SnapshotsActionsTest-3807811-project-member] Task 'cinder.volume.flows.api.create_volume.ExtractVolumeRequestTask;volume:create' (a2bd25f7-f300-4706-a3f9-8aa18c3e5fbe) transitioned into state 'RUNNING' from state 'PENDING' {{(pid=76278) _task_receiver /opt/stack/data/venv/lib/python3.10/site-packages/taskflow/listeners/logging.py:190}}
Nov 28 13:55:44 user devstack@c-api.service[76278]: DEBUG cinder.volume.flows.api.create_volume [None req-2aabdf15-8daa-4ce4-a35d-bd63a492fbeb tempest-SnapshotsActionsTest-3807811 tempest-SnapshotsActionsTest-3807811-project-member] Validating volume size '1' using validate_int {{(pid=76278) _extract_size /opt/stack/cinder/cinder/volume/flows/api/create_volume.py:228}}
Nov 28 13:55:44 user devstack@c-api.service[76278]: DEBUG cinder.volume.api [None req-2aabdf15-8daa-4ce4-a35d-bd63a492fbeb tempest-SnapshotsActionsTest-3807811 tempest-SnapshotsActionsTest-3807811-project-member] Task 'cinder.volume.flows.api.create_volume.ExtractVolumeRequestTask;volume:create' (a2bd25f7-f300-4706-a3f9-8aa18c3e5fbe) transitioned into state 'SUCCESS' from state 'RUNNING' with result '{'size': 1, 'snapshot_id': None, 'source_volid': None, 'volume_type': VolumeType(created_at=2023-11-28T13:51:12Z,deleted=False,deleted_at=None,description=None,extra_specs={volume_backend_name='joviandss-2'},id=39163746-aeef-4938-aaeb-c68e1f90fc40,is_public=True,name='joviandss-2',projects=[],qos_specs=,qos_specs_id=None,updated_at=None), 'volume_type_id': '39163746-aeef-4938-aaeb-c68e1f90fc40', 'encryption_key_id': None, 'qos_specs': None, 'consistencygroup_id': None, 'cgsnapshot_id': None, 'group_id': None, 'replication_status': 'disabled', 'refresh_az': False, 'backup_id': None, 'multiattach': False, 'availability_zones': ['nova']}' {{(pid=76278) _task_receiver /opt/stack/data/venv/lib/python3.10/site-packages/taskflow/listeners/logging.py:178}}
Nov 28 13:55:44 user devstack@c-api.service[76278]: DEBUG cinder.volume.api [None req-2aabdf15-8daa-4ce4-a35d-bd63a492fbeb tempest-SnapshotsActionsTest-3807811 tempest-SnapshotsActionsTest-3807811-project-member] Task 'cinder.volume.flows.api.create_volume.QuotaReserveTask;volume:create' (528f7ae7-8d7b-46aa-8c4e-7084ae44b729) transitioned into state 'RUNNING' from state 'PENDING' {{(pid=76278) _task_receiver /opt/stack/data/venv/lib/python3.10/site-packages/taskflow/listeners/logging.py:190}}
Nov 28 13:55:44 user devstack@c-api.service[76277]: DEBUG cinder.api.middleware.request_id [None req-eb85bf30-f201-4309-aa0a-c497e25c34cb None None] RequestId filter calling following filter/app {{(pid=76277) _context_setter /opt/stack/cinder/cinder/api/middleware/request_id.py:62}}
Nov 28 13:55:44 user devstack@c-api.service[76277]: INFO cinder.api.openstack.wsgi [None req-eb85bf30-f201-4309-aa0a-c497e25c34cb tempest-TaggedBootDevicesTest_v242-1237344816 tempest-TaggedBootDevicesTest_v242-1237344816-project-member] GET http://10.0.0.210/volume/v3/112860fded124331bc667a597f4c695d/volumes/46ef3fc0-9e51-4dec-bb48-5113d0dde6ab
Nov 28 13:55:44 user devstack@c-api.service[76277]: DEBUG cinder.api.openstack.wsgi [None req-eb85bf30-f201-4309-aa0a-c497e25c34cb tempest-TaggedBootDevicesTest_v242-1237344816 tempest-TaggedBootDevicesTest_v242-1237344816-project-member] Empty body provided in request {{(pid=76277) get_body /opt/stack/cinder/cinder/api/openstack/wsgi.py:715}}
Nov 28 13:55:44 user devstack@c-api.service[76277]: DEBUG cinder.api.openstack.wsgi [None req-eb85bf30-f201-4309-aa0a-c497e25c34cb tempest-TaggedBootDevicesTest_v242-1237344816 tempest-TaggedBootDevicesTest_v242-1237344816-project-member] Calling method 'show' {{(pid=76277) _process_stack /opt/stack/cinder/cinder/api/openstack/wsgi.py:868}}
Nov 28 13:55:44 user devstack@c-api.service[76278]: DEBUG cinder.quota [None req-2aabdf15-8daa-4ce4-a35d-bd63a492fbeb tempest-SnapshotsActionsTest-3807811 tempest-SnapshotsActionsTest-3807811-project-member] Created reservations ['d28b8f94-6a6e-4a80-a63f-e9162bf8654d', 'b9f9c31a-f368-4dca-8da2-a6f0305c5926', '369e6c6a-8ec8-4423-933b-db9d901b00fa', 'e905c0dc-22c1-4b3b-adaa-0de7c5b9e450'] {{(pid=76278) reserve /opt/stack/cinder/cinder/quota.py:755}}
Nov 28 13:55:44 user devstack@c-api.service[76277]: /opt/stack/data/venv/lib/python3.10/site-packages/oslo_context/context.py:100: DeprecationWarning: Policy enforcement is depending on the value of is_admin. This key is deprecated. Please update your policy file to use the standard policy values.
Nov 28 13:55:44 user devstack@c-api.service[76277]: warnings.warn('Policy enforcement is depending on the value of '
Nov 28 13:55:44 user devstack@c-api.service[76278]: DEBUG cinder.volume.api [None req-2aabdf15-8daa-4ce4-a35d-bd63a492fbeb tempest-SnapshotsActionsTest-3807811 tempest-SnapshotsActionsTest-3807811-project-member] Task 'cinder.volume.flows.api.create_volume.QuotaReserveTask;volume:create' (528f7ae7-8d7b-46aa-8c4e-7084ae44b729) transitioned into state 'SUCCESS' from state 'RUNNING' with result '{'reservations': ['d28b8f94-6a6e-4a80-a63f-e9162bf8654d', 'b9f9c31a-f368-4dca-8da2-a6f0305c5926', '369e6c6a-8ec8-4423-933b-db9d901b00fa', 'e905c0dc-22c1-4b3b-adaa-0de7c5b9e450']}' {{(pid=76278) _task_receiver /opt/stack/data/venv/lib/python3.10/site-packages/taskflow/listeners/logging.py:178}}
Nov 28 13:55:44 user devstack@c-api.service[76278]: DEBUG cinder.volume.api [None req-2aabdf15-8daa-4ce4-a35d-bd63a492fbeb tempest-SnapshotsActionsTest-3807811 tempest-SnapshotsActionsTest-3807811-project-member] Task 'cinder.volume.flows.api.create_volume.EntryCreateTask;volume:create' (518d427e-93ff-4b89-a52d-004da1404c2c) transitioned into state 'RUNNING' from state 'PENDING' {{(pid=76278) _task_receiver /opt/stack/data/venv/lib/python3.10/site-packages/taskflow/listeners/logging.py:190}}
Nov 28 13:55:44 user devstack@c-api.service[76277]: INFO cinder.volume.api [None req-eb85bf30-f201-4309-aa0a-c497e25c34cb tempest-TaggedBootDevicesTest_v242-1237344816 tempest-TaggedBootDevicesTest_v242-1237344816-project-member] Volume info retrieved successfully.
Nov 28 13:55:44 user devstack@c-api.service[76277]: INFO cinder.api.openstack.wsgi [None req-eb85bf30-f201-4309-aa0a-c497e25c34cb tempest-TaggedBootDevicesTest_v242-1237344816 tempest-TaggedBootDevicesTest_v242-1237344816-project-member] http://10.0.0.210/volume/v3/112860fded124331bc667a597f4c695d/volumes/46ef3fc0-9e51-4dec-bb48-5113d0dde6ab returned with HTTP 200
Nov 28 13:55:44 user devstack@c-api.service[76277]: [pid: 76277|app: 0|req: 82/243] 10.0.0.210 () {62 vars in 1402 bytes} [Tue Nov 28 13:55:44 2023] GET /volume/v3/112860fded124331bc667a597f4c695d/volumes/46ef3fc0-9e51-4dec-bb48-5113d0dde6ab => generated 916 bytes in 97 msecs (HTTP/1.1 200) 7 headers in 285 bytes (1 switches on core 0)
Nov 28 13:55:44 user devstack@c-api.service[76278]: DEBUG cinder.volume.api [None req-2aabdf15-8daa-4ce4-a35d-bd63a492fbeb tempest-SnapshotsActionsTest-3807811 tempest-SnapshotsActionsTest-3807811-project-member] Task 'cinder.volume.flows.api.create_volume.EntryCreateTask;volume:create' (518d427e-93ff-4b89-a52d-004da1404c2c) transitioned into state 'SUCCESS' from state 'RUNNING' with result '{'volume_id': 'dd06a7b2-1ac0-44fc-8a6e-c0aaf2ba4887', 'volume_properties': VolumeProperties(attach_status='detached',availability_zone='nova',cgsnapshot_id=None,consistencygroup_id=None,display_description=None,display_name='tempest-SnapshotsActionsTest-Volume-1169026528',encryption_key_id=None,group_id=None,group_type_id=,metadata={},multiattach=False,project_id='9e01570dd0ff4405a800fd6493ea0ce6',qos_specs=None,replication_status=,reservations=['d28b8f94-6a6e-4a80-a63f-e9162bf8654d','b9f9c31a-f368-4dca-8da2-a6f0305c5926','369e6c6a-8ec8-4423-933b-db9d901b00fa','e905c0dc-22c1-4b3b-adaa-0de7c5b9e450'],size=1,snapshot_id=None,source_replicaid=,source_volid=None,status='creating',user_id='26d1abc539a646639f4a22cf9be65403',volume_type_id=39163746-aeef-4938-aaeb-c68e1f90fc40), 'volume': Volume(_name_id=None,admin_metadata=,attach_status='detached',availability_zone='nova',bootable=False,cluster=,cluster_name=None,consistencygroup=,consistencygroup_id=None,created_at=2023-11-28T13:55:44Z,deleted=False,deleted_at=None,display_description=None,display_name='tempest-SnapshotsActionsTest-Volume-1169026528',ec2_id=None,encryption_key_id=None,glance_metadata=,group=,group_id=None,host=None,id=dd06a7b2-1ac0-44fc-8a6e-c0aaf2ba4887,launched_at=None,metadata={},migration_status=None,multiattach=False,previous_status=None,project_id='9e01570dd0ff4405a800fd6493ea0ce6',provider_auth=None,provider_geometry=None,provider_id=None,provider_location=None,replication_driver_data=None,replication_extended_status=None,replication_status=None,scheduled_at=None,service_uuid=None,shared_targets=True,size=1,snapshot_id=None,snapshots=,source_volid=None,status='creating',terminated_at=None,updated_at=None,use_quota=True,user_id='26d1abc539a646639f4a22cf9be65403',volume_attachment=VolumeAttachmentList,volume_type=VolumeType(39163746-aeef-4938-aaeb-c68e1f90fc40),volume_type_id=39163746-aeef-4938-aaeb-c68e1f90fc40)}' {{(pid=76278) _task_receiver /opt/stack/data/venv/lib/python3.10/site-packages/taskflow/listeners/logging.py:178}}
Nov 28 13:55:44 user devstack@c-api.service[76278]: DEBUG cinder.volume.api [None req-2aabdf15-8daa-4ce4-a35d-bd63a492fbeb tempest-SnapshotsActionsTest-3807811 tempest-SnapshotsActionsTest-3807811-project-member] Task 'cinder.volume.flows.api.create_volume.QuotaCommitTask;volume:create' (9ea7ee0e-21d6-4a5d-8260-a9a08b4d1031) transitioned into state 'RUNNING' from state 'PENDING' {{(pid=76278) _task_receiver /opt/stack/data/venv/lib/python3.10/site-packages/taskflow/listeners/logging.py:190}}
Nov 28 13:55:44 user devstack@c-api.service[76278]: DEBUG cinder.volume.api [None req-2aabdf15-8daa-4ce4-a35d-bd63a492fbeb tempest-SnapshotsActionsTest-3807811 tempest-SnapshotsActionsTest-3807811-project-member] Task 'cinder.volume.flows.api.create_volume.QuotaCommitTask;volume:create' (9ea7ee0e-21d6-4a5d-8260-a9a08b4d1031) transitioned into state 'SUCCESS' from state 'RUNNING' with result '{'volume_properties': VolumeProperties(attach_status='detached',availability_zone='nova',cgsnapshot_id=None,consistencygroup_id=None,display_description=None,display_name='tempest-SnapshotsActionsTest-Volume-1169026528',encryption_key_id=None,group_id=None,group_type_id=,metadata={},multiattach=False,project_id='9e01570dd0ff4405a800fd6493ea0ce6',qos_specs=None,replication_status=,reservations=['d28b8f94-6a6e-4a80-a63f-e9162bf8654d','b9f9c31a-f368-4dca-8da2-a6f0305c5926','369e6c6a-8ec8-4423-933b-db9d901b00fa','e905c0dc-22c1-4b3b-adaa-0de7c5b9e450'],size=1,snapshot_id=None,source_replicaid=,source_volid=None,status='creating',user_id='26d1abc539a646639f4a22cf9be65403',volume_type_id=39163746-aeef-4938-aaeb-c68e1f90fc40)}' {{(pid=76278) _task_receiver /opt/stack/data/venv/lib/python3.10/site-packages/taskflow/listeners/logging.py:178}}
Nov 28 13:55:44 user devstack@c-api.service[76279]: DEBUG cinder.api.middleware.request_id [None req-502bf1eb-6947-40b8-afe9-8e7f18a6308c None None] RequestId filter calling following filter/app {{(pid=76279) _context_setter /opt/stack/cinder/cinder/api/middleware/request_id.py:62}}
Nov 28 13:55:44 user devstack@c-api.service[76278]: DEBUG cinder.volume.api [None req-2aabdf15-8daa-4ce4-a35d-bd63a492fbeb tempest-SnapshotsActionsTest-3807811 tempest-SnapshotsActionsTest-3807811-project-member] Task 'cinder.volume.flows.api.create_volume.VolumeCastTask;volume:create' (900fdc94-e228-48b1-8072-5027867e86da) transitioned into state 'RUNNING' from state 'PENDING' {{(pid=76278) _task_receiver /opt/stack/data/venv/lib/python3.10/site-packages/taskflow/listeners/logging.py:190}}
Nov 28 13:55:44 user devstack@c-api.service[76279]: INFO cinder.api.openstack.wsgi [None req-502bf1eb-6947-40b8-afe9-8e7f18a6308c tempest-TaggedBootDevicesTest-461431762 tempest-TaggedBootDevicesTest-461431762-project-member] GET http://10.0.0.210/volume/v3/c0ac13581ec1439eb3208cc3ddbec53a/volumes/65c62840-e7a4-4bbb-861e-e4566ff910eb
Nov 28 13:55:44 user devstack@c-api.service[76279]: DEBUG cinder.api.openstack.wsgi [None req-502bf1eb-6947-40b8-afe9-8e7f18a6308c tempest-TaggedBootDevicesTest-461431762 tempest-TaggedBootDevicesTest-461431762-project-member] Empty body provided in request {{(pid=76279) get_body /opt/stack/cinder/cinder/api/openstack/wsgi.py:715}}
Nov 28 13:55:44 user devstack@c-api.service[76279]: DEBUG cinder.api.openstack.wsgi [None req-502bf1eb-6947-40b8-afe9-8e7f18a6308c tempest-TaggedBootDevicesTest-461431762 tempest-TaggedBootDevicesTest-461431762-project-member] Calling method 'show' {{(pid=76279) _process_stack /opt/stack/cinder/cinder/api/openstack/wsgi.py:868}}
Nov 28 13:55:44 user devstack@c-api.service[76277]: DEBUG cinder.api.middleware.request_id [None req-a28733cc-42c8-4f76-a62c-ee2953cd401b None None] RequestId filter calling following filter/app {{(pid=76277) _context_setter /opt/stack/cinder/cinder/api/middleware/request_id.py:62}}
Nov 28 13:55:44 user devstack@c-api.service[76278]: DEBUG cinder.volume.api [None req-2aabdf15-8daa-4ce4-a35d-bd63a492fbeb tempest-SnapshotsActionsTest-3807811 tempest-SnapshotsActionsTest-3807811-project-member] Task 'cinder.volume.flows.api.create_volume.VolumeCastTask;volume:create' (900fdc94-e228-48b1-8072-5027867e86da) transitioned into state 'SUCCESS' from state 'RUNNING' with result 'None' {{(pid=76278) _task_receiver /opt/stack/data/venv/lib/python3.10/site-packages/taskflow/listeners/logging.py:178}}
