Dec 05 16:58:44 user devstack@c-api.service[75842]: DEBUG cinder.api.openstack.wsgi [None req-dae50c15-f2d8-4d2b-88a8-34b02a027f6f tempest-SnapshotsActionsTest-2121551517 tempest-SnapshotsActionsTest-2121551517-project-member] Empty body provided in request {{(pid=75842) get_body /opt/stack/cinder/cinder/api/openstack/wsgi.py:715}}
Dec 05 16:58:44 user devstack@c-api.service[75842]: DEBUG cinder.api.openstack.wsgi [None req-dae50c15-f2d8-4d2b-88a8-34b02a027f6f tempest-SnapshotsActionsTest-2121551517 tempest-SnapshotsActionsTest-2121551517-project-member] Calling method 'show' {{(pid=75842) _process_stack /opt/stack/cinder/cinder/api/openstack/wsgi.py:868}}
Dec 05 16:58:44 user devstack@c-api.service[75841]: INFO cinder.api.openstack.wsgi [None req-d21859a8-6a91-41ed-af87-d3a0c535162e tempest-TaggedBootDevicesTest-2112892794 tempest-TaggedBootDevicesTest-2112892794-project-member] GET http://10.0.0.210/volume/v3/e206a1f728b544faa47430ea8d210abe/volumes/2c09b33b-2cff-4063-8901-cb941f4a764f
Dec 05 16:58:44 user devstack@c-api.service[75841]: DEBUG cinder.api.openstack.wsgi [None req-d21859a8-6a91-41ed-af87-d3a0c535162e tempest-TaggedBootDevicesTest-2112892794 tempest-TaggedBootDevicesTest-2112892794-project-member] Empty body provided in request {{(pid=75841) get_body /opt/stack/cinder/cinder/api/openstack/wsgi.py:715}}
Dec 05 16:58:44 user devstack@c-api.service[75841]: DEBUG cinder.api.openstack.wsgi [None req-d21859a8-6a91-41ed-af87-d3a0c535162e tempest-TaggedBootDevicesTest-2112892794 tempest-TaggedBootDevicesTest-2112892794-project-member] Calling method 'show' {{(pid=75841) _process_stack /opt/stack/cinder/cinder/api/openstack/wsgi.py:868}}
Dec 05 16:58:44 user devstack@c-api.service[75843]: /opt/stack/data/venv/lib/python3.10/site-packages/oslo_context/context.py:100: DeprecationWarning: Policy enforcement is depending on the value of is_admin. This key is deprecated. Please update your policy file to use the standard policy values.
Dec 05 16:58:44 user devstack@c-api.service[75843]: warnings.warn('Policy enforcement is depending on the value of '
Dec 05 16:58:44 user devstack@c-api.service[75842]: /opt/stack/data/venv/lib/python3.10/site-packages/oslo_context/context.py:100: DeprecationWarning: Policy enforcement is depending on the value of is_admin. This key is deprecated. Please update your policy file to use the standard policy values.
Dec 05 16:58:44 user devstack@c-api.service[75842]: warnings.warn('Policy enforcement is depending on the value of '
Dec 05 16:58:44 user devstack@c-api.service[75842]: INFO cinder.volume.api [None req-dae50c15-f2d8-4d2b-88a8-34b02a027f6f tempest-SnapshotsActionsTest-2121551517 tempest-SnapshotsActionsTest-2121551517-project-member] Snapshot retrieved successfully.
Dec 05 16:58:44 user devstack@c-api.service[75842]: INFO cinder.api.openstack.wsgi [None req-dae50c15-f2d8-4d2b-88a8-34b02a027f6f tempest-SnapshotsActionsTest-2121551517 tempest-SnapshotsActionsTest-2121551517-project-member] http://10.0.0.210/volume/v3/039cccce2a074da49bdb568cc46a2c95/snapshots/e2932c63-a267-4751-80dd-822604368238 returned with HTTP 200
Dec 05 16:58:44 user devstack@c-api.service[75842]: [pid: 75842|app: 0|req: 116/343] 10.0.0.210 () {62 vars in 1408 bytes} [Tue Dec 5 16:58:44 2023] GET /volume/v3/039cccce2a074da49bdb568cc46a2c95/snapshots/e2932c63-a267-4751-80dd-822604368238 => generated 464 bytes in 41 msecs (HTTP/1.1 200) 7 headers in 285 bytes (1 switches on core 0)
Dec 05 16:58:44 user devstack@c-api.service[75843]: INFO cinder.volume.api [None req-4c1f9121-832c-4c6c-958f-6b8a3ac769d4 tempest-VolumesServicesTestJSON-1048064588 tempest-VolumesServicesTestJSON-1048064588-project-member] Volume info retrieved successfully.
Dec 05 16:58:44 user devstack@c-api.service[75843]: INFO cinder.api.openstack.wsgi [None req-4c1f9121-832c-4c6c-958f-6b8a3ac769d4 tempest-VolumesServicesTestJSON-1048064588 tempest-VolumesServicesTestJSON-1048064588-project-member] http://10.0.0.210/volume/v3/2757caf8dbf64f18a102389326e8dbcc/volumes/6e627a2b-c287-4a7f-bf69-9f05633f7091 returned with HTTP 200
Dec 05 16:58:44 user devstack@c-api.service[75842]: DEBUG cinder.api.middleware.request_id [None req-c4369305-0ef4-45ed-a683-a2e8be2a6d19 None None] RequestId filter calling following filter/app {{(pid=75842) _context_setter /opt/stack/cinder/cinder/api/middleware/request_id.py:62}}
Dec 05 16:58:44 user devstack@c-api.service[75843]: [pid: 75843|app: 0|req: 114/344] 10.0.0.210 () {62 vars in 1402 bytes} [Tue Dec 5 16:58:44 2023] GET /volume/v3/2757caf8dbf64f18a102389326e8dbcc/volumes/6e627a2b-c287-4a7f-bf69-9f05633f7091 => generated 913 bytes in 98 msecs (HTTP/1.1 200) 7 headers in 285 bytes (1 switches on core 0)
Dec 05 16:58:44 user devstack@c-api.service[75842]: INFO cinder.api.openstack.wsgi [None req-c4369305-0ef4-45ed-a683-a2e8be2a6d19 tempest-SnapshotsActionsTest-2121551517 tempest-SnapshotsActionsTest-2121551517-project-member] POST http://10.0.0.210/volume/v3/039cccce2a074da49bdb568cc46a2c95/snapshots/e2932c63-a267-4751-80dd-822604368238/action
Dec 05 16:58:44 user devstack@c-api.service[75842]: DEBUG cinder.api.openstack.wsgi [None req-c4369305-0ef4-45ed-a683-a2e8be2a6d19 tempest-SnapshotsActionsTest-2121551517 tempest-SnapshotsActionsTest-2121551517-project-member] Action body: b'{"os-update_snapshot_status": {"status": "error", "progress": "80%"}}' {{(pid=75842) get_method /opt/stack/cinder/cinder/api/openstack/wsgi.py:983}}
Dec 05 16:58:44 user devstack@c-api.service[75842]: DEBUG cinder.api.openstack.wsgi [None req-c4369305-0ef4-45ed-a683-a2e8be2a6d19 tempest-SnapshotsActionsTest-2121551517 tempest-SnapshotsActionsTest-2121551517-project-member] Action: 'action', calling method: _update_snapshot_status, body: {"os-update_snapshot_status": {"status": "error", "progress": "80%"}} {{(pid=75842) _process_stack /opt/stack/cinder/cinder/api/openstack/wsgi.py:866}}
Dec 05 16:58:44 user devstack@c-api.service[75842]: DEBUG cinder.api.contrib.snapshot_actions [None req-c4369305-0ef4-45ed-a683-a2e8be2a6d19 tempest-SnapshotsActionsTest-2121551517 tempest-SnapshotsActionsTest-2121551517-project-member] body: {'os-update_snapshot_status': {'status': 'error', 'progress': '80%'}} {{(pid=75842) _update_snapshot_status /opt/stack/cinder/cinder/api/contrib/snapshot_actions.py:46}}
Dec 05 16:58:44 user devstack@c-api.service[75841]: /opt/stack/data/venv/lib/python3.10/site-packages/oslo_context/context.py:100: DeprecationWarning: Policy enforcement is depending on the value of is_admin. This key is deprecated. Please update your policy file to use the standard policy values.
Dec 05 16:58:44 user devstack@c-api.service[75841]: warnings.warn('Policy enforcement is depending on the value of '
Dec 05 16:58:44 user devstack@c-api.service[75842]: /opt/stack/data/venv/lib/python3.10/site-packages/oslo_context/context.py:100: DeprecationWarning: Policy enforcement is depending on the value of is_admin. This key is deprecated. Please update your policy file to use the standard policy values.
Dec 05 16:58:44 user devstack@c-api.service[75842]: warnings.warn('Policy enforcement is depending on the value of '
Dec 05 16:58:44 user devstack@c-api.service[75842]: INFO cinder.api.contrib.snapshot_actions [None req-c4369305-0ef4-45ed-a683-a2e8be2a6d19 tempest-SnapshotsActionsTest-2121551517 tempest-SnapshotsActionsTest-2121551517-project-member] Updating snapshot e2932c63-a267-4751-80dd-822604368238 with info {'id': 'e2932c63-a267-4751-80dd-822604368238', 'status': 'error', 'progress': '80%'}
Dec 05 16:58:44 user devstack@c-api.service[75842]: INFO cinder.api.openstack.wsgi [None req-c4369305-0ef4-45ed-a683-a2e8be2a6d19 tempest-SnapshotsActionsTest-2121551517 tempest-SnapshotsActionsTest-2121551517-project-member] http://10.0.0.210/volume/v3/039cccce2a074da49bdb568cc46a2c95/snapshots/e2932c63-a267-4751-80dd-822604368238/action returned with HTTP 202
Dec 05 16:58:44 user devstack@c-api.service[75842]: [pid: 75842|app: 0|req: 117/345] 10.0.0.210 () {64 vars in 1450 bytes} [Tue Dec 5 16:58:44 2023] POST /volume/v3/039cccce2a074da49bdb568cc46a2c95/snapshots/e2932c63-a267-4751-80dd-822604368238/action => generated 0 bytes in 73 msecs (HTTP/1.1 202) 6 headers in 233 bytes (1 switches on core 0)
Dec 05 16:58:44 user devstack@c-api.service[75841]: INFO cinder.volume.api [None req-d21859a8-6a91-41ed-af87-d3a0c535162e tempest-TaggedBootDevicesTest-2112892794 tempest-TaggedBootDevicesTest-2112892794-project-member] Volume info retrieved successfully.
Dec 05 16:58:44 user devstack@c-api.service[75843]: DEBUG cinder.api.middleware.request_id [None req-c60f7205-2a6a-4092-bb4c-b85ce03f3ef9 None None] RequestId filter calling following filter/app {{(pid=75843) _context_setter /opt/stack/cinder/cinder/api/middleware/request_id.py:62}}
Dec 05 16:58:44 user devstack@c-api.service[75843]: INFO cinder.api.openstack.wsgi [None req-c60f7205-2a6a-4092-bb4c-b85ce03f3ef9 tempest-SnapshotsActionsTest-169119955 tempest-SnapshotsActionsTest-169119955-project-admin] GET http://10.0.0.210/volume/v3/64c409b8198d4f43a69454400f96d571/snapshots/e2932c63-a267-4751-80dd-822604368238
Dec 05 16:58:44 user devstack@c-api.service[75841]: INFO cinder.api.openstack.wsgi [None req-d21859a8-6a91-41ed-af87-d3a0c535162e tempest-TaggedBootDevicesTest-2112892794 tempest-TaggedBootDevicesTest-2112892794-project-member] http://10.0.0.210/volume/v3/e206a1f728b544faa47430ea8d210abe/volumes/2c09b33b-2cff-4063-8901-cb941f4a764f returned with HTTP 200
Dec 05 16:58:44 user devstack@c-api.service[75843]: DEBUG cinder.api.openstack.wsgi [None req-c60f7205-2a6a-4092-bb4c-b85ce03f3ef9 tempest-SnapshotsActionsTest-169119955 tempest-SnapshotsActionsTest-169119955-project-admin] Empty body provided in request {{(pid=75843) get_body /opt/stack/cinder/cinder/api/openstack/wsgi.py:715}}
Dec 05 16:58:44 user devstack@c-api.service[75843]: DEBUG cinder.api.openstack.wsgi [None req-c60f7205-2a6a-4092-bb4c-b85ce03f3ef9 tempest-SnapshotsActionsTest-169119955 tempest-SnapshotsActionsTest-169119955-project-admin] Calling method 'show' {{(pid=75843) _process_stack /opt/stack/cinder/cinder/api/openstack/wsgi.py:868}}
Dec 05 16:58:44 user devstack@c-api.service[75841]: [pid: 75841|app: 0|req: 115/346] 10.0.0.210 () {62 vars in 1402 bytes} [Tue Dec 5 16:58:44 2023] GET /volume/v3/e206a1f728b544faa47430ea8d210abe/volumes/2c09b33b-2cff-4063-8901-cb941f4a764f => generated 910 bytes in 144 msecs (HTTP/1.1 200) 7 headers in 285 bytes (1 switches on core 0)
Dec 05 16:58:44 user devstack@c-api.service[75843]: /opt/stack/data/venv/lib/python3.10/site-packages/oslo_context/context.py:100: DeprecationWarning: Policy enforcement is depending on the value of is_admin. This key is deprecated. Please update your policy file to use the standard policy values.
Dec 05 16:58:44 user devstack@c-api.service[75843]: warnings.warn('Policy enforcement is depending on the value of '
Dec 05 16:58:44 user devstack@c-api.service[75843]: INFO cinder.volume.api [None req-c60f7205-2a6a-4092-bb4c-b85ce03f3ef9 tempest-SnapshotsActionsTest-169119955 tempest-SnapshotsActionsTest-169119955-project-admin] Snapshot retrieved successfully.
Dec 05 16:58:44 user devstack@c-api.service[75843]: INFO cinder.api.openstack.wsgi [None req-c60f7205-2a6a-4092-bb4c-b85ce03f3ef9 tempest-SnapshotsActionsTest-169119955 tempest-SnapshotsActionsTest-169119955-project-admin] http://10.0.0.210/volume/v3/64c409b8198d4f43a69454400f96d571/snapshots/e2932c63-a267-4751-80dd-822604368238 returned with HTTP 200
Dec 05 16:58:44 user devstack@c-api.service[75843]: [pid: 75843|app: 0|req: 115/347] 10.0.0.210 () {62 vars in 1408 bytes} [Tue Dec 5 16:58:44 2023] GET /volume/v3/64c409b8198d4f43a69454400f96d571/snapshots/e2932c63-a267-4751-80dd-822604368238 => generated 460 bytes in 44 msecs (HTTP/1.1 200) 7 headers in 285 bytes (2 switches on core 0)
Dec 05 16:58:44 user devstack@c-api.service[75842]: DEBUG cinder.api.middleware.request_id [None req-360dcd27-d292-4350-9b52-10809dc964d1 None None] RequestId filter calling following filter/app {{(pid=75842) _context_setter /opt/stack/cinder/cinder/api/middleware/request_id.py:62}}
Dec 05 16:58:44 user devstack@c-api.service[75842]: INFO cinder.api.openstack.wsgi [None req-360dcd27-d292-4350-9b52-10809dc964d1 tempest-SnapshotsActionsTest-169119955 tempest-SnapshotsActionsTest-169119955-project-admin] POST http://10.0.0.210/volume/v3/64c409b8198d4f43a69454400f96d571/snapshots/e2932c63-a267-4751-80dd-822604368238/action
Dec 05 16:58:44 user devstack@c-api.service[75842]: DEBUG cinder.api.openstack.wsgi [None req-360dcd27-d292-4350-9b52-10809dc964d1 tempest-SnapshotsActionsTest-169119955 tempest-SnapshotsActionsTest-169119955-project-admin] Action body: b'{"os-reset_status": {"status": "available"}}' {{(pid=75842) get_method /opt/stack/cinder/cinder/api/openstack/wsgi.py:983}}
Dec 05 16:58:44 user devstack@c-api.service[75842]: DEBUG cinder.api.openstack.wsgi [None req-360dcd27-d292-4350-9b52-10809dc964d1 tempest-SnapshotsActionsTest-169119955 tempest-SnapshotsActionsTest-169119955-project-admin] Action: 'action', calling method: _reset_status, body: {"os-reset_status": {"status": "available"}} {{(pid=75842) _process_stack /opt/stack/cinder/cinder/api/openstack/wsgi.py:866}}
Dec 05 16:58:44 user devstack@c-api.service[75842]: DEBUG cinder.api.contrib.admin_actions [None req-360dcd27-d292-4350-9b52-10809dc964d1 tempest-SnapshotsActionsTest-169119955 tempest-SnapshotsActionsTest-169119955-project-admin] Updating snapshot 'e2932c63-a267-4751-80dd-822604368238' with '{'status': 'available'}' {{(pid=75842) _reset_status /opt/stack/cinder/cinder/api/contrib/admin_actions.py:100}}
Dec 05 16:58:44 user devstack@c-api.service[75842]: /opt/stack/data/venv/lib/python3.10/site-packages/oslo_context/context.py:100: DeprecationWarning: Policy enforcement is depending on the value of is_admin. This key is deprecated. Please update your policy file to use the standard policy values.
Dec 05 16:58:44 user devstack@c-api.service[75842]: warnings.warn('Policy enforcement is depending on the value of '
Dec 05 16:58:44 user devstack@c-api.service[75842]: INFO cinder.api.openstack.wsgi [None req-360dcd27-d292-4350-9b52-10809dc964d1 tempest-SnapshotsActionsTest-169119955 tempest-SnapshotsActionsTest-169119955-project-admin] http://10.0.0.210/volume/v3/64c409b8198d4f43a69454400f96d571/snapshots/e2932c63-a267-4751-80dd-822604368238/action returned with HTTP 202
Dec 05 16:58:44 user devstack@c-api.service[75842]: [pid: 75842|app: 0|req: 118/348] 10.0.0.210 () {64 vars in 1450 bytes} [Tue Dec 5 16:58:44 2023] POST /volume/v3/64c409b8198d4f43a69454400f96d571/snapshots/e2932c63-a267-4751-80dd-822604368238/action => generated 0 bytes in 114 msecs (HTTP/1.1 202) 7 headers in 289 bytes (1 switches on core 0)
Dec 05 16:58:44 user devstack@c-api.service[75841]: DEBUG cinder.api.middleware.request_id [None req-6dd1862f-aa02-4dc1-90be-201a87840656 None None] RequestId filter calling following filter/app {{(pid=75841) _context_setter /opt/stack/cinder/cinder/api/middleware/request_id.py:62}}
Dec 05 16:58:44 user devstack@c-api.service[75841]: INFO cinder.api.openstack.wsgi [None req-6dd1862f-aa02-4dc1-90be-201a87840656 tempest-SnapshotsActionsTest-2121551517 tempest-SnapshotsActionsTest-2121551517-project-member] GET http://10.0.0.210/volume/v3/039cccce2a074da49bdb568cc46a2c95/snapshots/e2932c63-a267-4751-80dd-822604368238
Dec 05 16:58:44 user devstack@c-api.service[75841]: DEBUG cinder.api.openstack.wsgi [None req-6dd1862f-aa02-4dc1-90be-201a87840656 tempest-SnapshotsActionsTest-2121551517 tempest-SnapshotsActionsTest-2121551517-project-member] Empty body provided in request {{(pid=75841) get_body /opt/stack/cinder/cinder/api/openstack/wsgi.py:715}}
Dec 05 16:58:44 user devstack@c-api.service[75841]: DEBUG cinder.api.openstack.wsgi [None req-6dd1862f-aa02-4dc1-90be-201a87840656 tempest-SnapshotsActionsTest-2121551517 tempest-SnapshotsActionsTest-2121551517-project-member] Calling method 'show' {{(pid=75841) _process_stack /opt/stack/cinder/cinder/api/openstack/wsgi.py:868}}
Dec 05 16:58:44 user devstack@c-api.service[75841]: /opt/stack/data/venv/lib/python3.10/site-packages/oslo_context/context.py:100: DeprecationWarning: Policy enforcement is depending on the value of is_admin. This key is deprecated. Please update your policy file to use the standard policy values.
Dec 05 16:58:44 user devstack@c-api.service[75841]: warnings.warn('Policy enforcement is depending on the value of '
Dec 05 16:58:44 user devstack@c-api.service[75841]: INFO cinder.volume.api [None req-6dd1862f-aa02-4dc1-90be-201a87840656 tempest-SnapshotsActionsTest-2121551517 tempest-SnapshotsActionsTest-2121551517-project-member] Snapshot retrieved successfully.
Dec 05 16:58:44 user devstack@c-api.service[75841]: INFO cinder.api.openstack.wsgi [None req-6dd1862f-aa02-4dc1-90be-201a87840656 tempest-SnapshotsActionsTest-2121551517 tempest-SnapshotsActionsTest-2121551517-project-member] http://10.0.0.210/volume/v3/039cccce2a074da49bdb568cc46a2c95/snapshots/e2932c63-a267-4751-80dd-822604368238 returned with HTTP 200
Dec 05 16:58:44 user devstack@c-api.service[75841]: [pid: 75841|app: 0|req: 116/349] 10.0.0.210 () {62 vars in 1408 bytes} [Tue Dec 5 16:58:44 2023] GET /volume/v3/039cccce2a074da49bdb568cc46a2c95/snapshots/e2932c63-a267-4751-80dd-822604368238 => generated 464 bytes in 74 msecs (HTTP/1.1 200) 7 headers in 285 bytes (1 switches on core 0)
Dec 05 16:58:44 user devstack@c-api.service[75843]: DEBUG cinder.api.middleware.request_id [None req-818307e7-88be-4807-9f9e-33b10f10e847 None None] RequestId filter calling following filter/app {{(pid=75843) _context_setter /opt/stack/cinder/cinder/api/middleware/request_id.py:62}}
Dec 05 16:58:44 user devstack@c-api.service[75843]: INFO cinder.api.openstack.wsgi [None req-818307e7-88be-4807-9f9e-33b10f10e847 tempest-SnapshotsActionsTest-2121551517 tempest-SnapshotsActionsTest-2121551517-project-member] DELETE http://10.0.0.210/volume/v3/039cccce2a074da49bdb568cc46a2c95/snapshots/e2932c63-a267-4751-80dd-822604368238
Dec 05 16:58:44 user devstack@c-api.service[75843]: DEBUG cinder.api.openstack.wsgi [None req-818307e7-88be-4807-9f9e-33b10f10e847 tempest-SnapshotsActionsTest-2121551517 tempest-SnapshotsActionsTest-2121551517-project-member] Empty body provided in request {{(pid=75843) get_body /opt/stack/cinder/cinder/api/openstack/wsgi.py:715}}
Dec 05 16:58:44 user devstack@c-api.service[75843]: DEBUG cinder.api.openstack.wsgi [None req-818307e7-88be-4807-9f9e-33b10f10e847 tempest-SnapshotsActionsTest-2121551517 tempest-SnapshotsActionsTest-2121551517-project-member] Calling method 'delete' {{(pid=75843) _process_stack /opt/stack/cinder/cinder/api/openstack/wsgi.py:868}}
Dec 05 16:58:44 user devstack@c-api.service[75843]: INFO cinder.api.v2.snapshots [None req-818307e7-88be-4807-9f9e-33b10f10e847 tempest-SnapshotsActionsTest-2121551517 tempest-SnapshotsActionsTest-2121551517-project-member] Delete snapshot with id: e2932c63-a267-4751-80dd-822604368238
Dec 05 16:58:44 user devstack@c-api.service[75843]: /opt/stack/data/venv/lib/python3.10/site-packages/oslo_context/context.py:100: DeprecationWarning: Policy enforcement is depending on the value of is_admin. This key is deprecated. Please update your policy file to use the standard policy values.
Dec 05 16:58:44 user devstack@c-api.service[75843]: warnings.warn('Policy enforcement is depending on the value of '
Dec 05 16:58:44 user devstack@c-api.service[75843]: INFO cinder.volume.api [None req-818307e7-88be-4807-9f9e-33b10f10e847 tempest-SnapshotsActionsTest-2121551517 tempest-SnapshotsActionsTest-2121551517-project-member] Snapshot retrieved successfully.
Dec 05 16:58:44 user devstack@c-api.service[75843]: INFO cinder.volume.api [None req-818307e7-88be-4807-9f9e-33b10f10e847 tempest-SnapshotsActionsTest-2121551517 tempest-SnapshotsActionsTest-2121551517-project-member] Snapshot delete request issued successfully.
Dec 05 16:58:44 user devstack@c-api.service[75843]: INFO cinder.api.openstack.wsgi [None req-818307e7-88be-4807-9f9e-33b10f10e847 tempest-SnapshotsActionsTest-2121551517 tempest-SnapshotsActionsTest-2121551517-project-member] http://10.0.0.210/volume/v3/039cccce2a074da49bdb568cc46a2c95/snapshots/e2932c63-a267-4751-80dd-822604368238 returned with HTTP 202
Dec 05 16:58:44 user devstack@c-api.service[75843]: [pid: 75843|app: 0|req: 116/350] 10.0.0.210 () {62 vars in 1411 bytes} [Tue Dec 5 16:58:44 2023] DELETE /volume/v3/039cccce2a074da49bdb568cc46a2c95/snapshots/e2932c63-a267-4751-80dd-822604368238 => generated 0 bytes in 171 msecs (HTTP/1.1 202) 6 headers in 233 bytes (1 switches on core 0)
Dec 05 16:58:44 user devstack@c-api.service[75842]: DEBUG cinder.api.middleware.request_id [None req-f729ff33-1fd9-4cd7-88c3-983da7fd35d3 None None] RequestId filter calling following filter/app {{(pid=75842) _context_setter /opt/stack/cinder/cinder/api/middleware/request_id.py:62}}
Dec 05 16:58:44 user devstack@c-api.service[75842]: INFO cinder.api.openstack.wsgi [None req-f729ff33-1fd9-4cd7-88c3-983da7fd35d3 tempest-SnapshotsActionsTest-2121551517 tempest-SnapshotsActionsTest-2121551517-project-member] GET http://10.0.0.210/volume/v3/039cccce2a074da49bdb568cc46a2c95/snapshots/e2932c63-a267-4751-80dd-822604368238
Dec 05 16:58:44 user devstack@c-api.service[75842]: DEBUG cinder.api.openstack.wsgi [None req-f729ff33-1fd9-4cd7-88c3-983da7fd35d3 tempest-SnapshotsActionsTest-2121551517 tempest-SnapshotsActionsTest-2121551517-project-member] Empty body provided in request {{(pid=75842) get_body /opt/stack/cinder/cinder/api/openstack/wsgi.py:715}}
Dec 05 16:58:44 user devstack@c-api.service[75842]: DEBUG cinder.api.openstack.wsgi [None req-f729ff33-1fd9-4cd7-88c3-983da7fd35d3 tempest-SnapshotsActionsTest-2121551517 tempest-SnapshotsActionsTest-2121551517-project-member] Calling method 'show' {{(pid=75842) _process_stack /opt/stack/cinder/cinder/api/openstack/wsgi.py:868}}
Dec 05 16:58:44 user devstack@c-api.service[75842]: /opt/stack/data/venv/lib/python3.10/site-packages/oslo_context/context.py:100: DeprecationWarning: Policy enforcement is depending on the value of is_admin. This key is deprecated. Please update your policy file to use the standard policy values.
Dec 05 16:58:44 user devstack@c-api.service[75842]: warnings.warn('Policy enforcement is depending on the value of '
Dec 05 16:58:44 user devstack@c-api.service[75842]: INFO cinder.volume.api [None req-f729ff33-1fd9-4cd7-88c3-983da7fd35d3 tempest-SnapshotsActionsTest-2121551517 tempest-SnapshotsActionsTest-2121551517-project-member] Snapshot retrieved successfully.
Dec 05 16:58:44 user devstack@c-api.service[75842]: INFO cinder.api.openstack.wsgi [None req-f729ff33-1fd9-4cd7-88c3-983da7fd35d3 tempest-SnapshotsActionsTest-2121551517 tempest-SnapshotsActionsTest-2121551517-project-member] http://10.0.0.210/volume/v3/039cccce2a074da49bdb568cc46a2c95/snapshots/e2932c63-a267-4751-80dd-822604368238 returned with HTTP 200
Dec 05 16:58:44 user devstack@c-api.service[75842]: [pid: 75842|app: 0|req: 119/351] 10.0.0.210 () {62 vars in 1408 bytes} [Tue Dec 5 16:58:44 2023] GET /volume/v3/039cccce2a074da49bdb568cc46a2c95/snapshots/e2932c63-a267-4751-80dd-822604368238 => generated 463 bytes in 45 msecs (HTTP/1.1 200) 7 headers in 285 bytes (1 switches on core 0)
Dec 05 16:58:45 user devstack@c-api.service[75841]: DEBUG cinder.api.middleware.request_id [None req-51d62a51-6bfd-4e74-89b4-46f85fe3992e None None] RequestId filter calling following filter/app {{(pid=75841) _context_setter /opt/stack/cinder/cinder/api/middleware/request_id.py:62}}
Dec 05 16:58:45 user devstack@c-api.service[75841]: INFO cinder.api.openstack.wsgi [None req-51d62a51-6bfd-4e74-89b4-46f85fe3992e tempest-TaggedBootDevicesTest_v242-64681700 tempest-TaggedBootDevicesTest_v242-64681700-project-member] GET http://10.0.0.210/volume/v3/61a1bea854144bc8965b8a2f8317f539/volumes/413caa48-1ce7-4e7d-9e3c-e89a554dfdd8
Dec 05 16:58:45 user devstack@c-api.service[75841]: DEBUG cinder.api.openstack.wsgi [None req-51d62a51-6bfd-4e74-89b4-46f85fe3992e tempest-TaggedBootDevicesTest_v242-64681700 tempest-TaggedBootDevicesTest_v242-64681700-project-member] Empty body provided in request {{(pid=75841) get_body /opt/stack/cinder/cinder/api/openstack/wsgi.py:715}}
Dec 05 16:58:45 user devstack@c-api.service[75841]: DEBUG cinder.api.openstack.wsgi [None req-51d62a51-6bfd-4e74-89b4-46f85fe3992e tempest-TaggedBootDevicesTest_v242-64681700 tempest-TaggedBootDevicesTest_v242-64681700-project-member] Calling method 'show' {{(pid=75841) _process_stack /opt/stack/cinder/cinder/api/openstack/wsgi.py:868}}
Dec 05 16:58:45 user devstack@c-api.service[75841]: /opt/stack/data/venv/lib/python3.10/site-packages/oslo_context/context.py:100: DeprecationWarning: Policy enforcement is depending on the value of is_admin. This key is deprecated. Please update your policy file to use the standard policy values.
Dec 05 16:58:45 user devstack@c-api.service[75841]: warnings.warn('Policy enforcement is depending on the value of '
Dec 05 16:58:45 user devstack@c-api.service[75843]: DEBUG cinder.api.middleware.request_id [req-8ba2552c-34fb-4d89-bb75-1cd9558f6219 req-b7d8d78c-38be-4dcb-a6e3-1e3be188b67e None None] RequestId filter calling following filter/app {{(pid=75843) _context_setter /opt/stack/cinder/cinder/api/middleware/request_id.py:62}}
Dec 05 16:58:45 user devstack@c-api.service[75843]: WARNING keystonemiddleware.auth_token [req-8ba2552c-34fb-4d89-bb75-1cd9558f6219 req-b7d8d78c-38be-4dcb-a6e3-1e3be188b67e None None] A valid token was submitted as a service token, but it was not a valid service token. This is incorrect but backwards compatible behaviour. This will be removed in future releases.
Dec 05 16:58:45 user devstack@c-api.service[75841]: INFO cinder.volume.api [None req-51d62a51-6bfd-4e74-89b4-46f85fe3992e tempest-TaggedBootDevicesTest_v242-64681700 tempest-TaggedBootDevicesTest_v242-64681700-project-member] Volume info retrieved successfully.
Dec 05 16:58:45 user devstack@c-api.service[75843]: INFO cinder.api.openstack.wsgi [req-8ba2552c-34fb-4d89-bb75-1cd9558f6219 req-b7d8d78c-38be-4dcb-a6e3-1e3be188b67e tempest-ServerActionsV293TestJSON-1813823270 tempest-ServerActionsV293TestJSON-1813823270-project-member] PUT http://10.0.0.210/volume/v3/30bffdabdbe141c795f97868182b5a5c/attachments/7b121092-eabc-4f1d-b65f-590500712876
Dec 05 16:58:45 user devstack@c-api.service[75843]: DEBUG cinder.api.openstack.wsgi [req-8ba2552c-34fb-4d89-bb75-1cd9558f6219 req-b7d8d78c-38be-4dcb-a6e3-1e3be188b67e tempest-ServerActionsV293TestJSON-1813823270 tempest-ServerActionsV293TestJSON-1813823270-project-member] Action: 'update', calling method: version_select, body: {"attachment": {"connector": {"platform": "x86_64", "os_type": "linux", "ip": "10.0.0.210", "host": "user", "multipath": false, "initiator": "iqn.2016-04.com.open-iscsi:8241c85b4ac7", "do_local_attach": false, "uuid": "e95b3b51-542d-42ca-ac40-f83360608668", "system uuid": "e20c3142-5af9-7467-ecd8-70b2e4a210d6", "nvme_native_multipath": false, "mountpoint": "/dev/vda"}}} {{(pid=75843) _process_stack /opt/stack/cinder/cinder/api/openstack/wsgi.py:866}}
Dec 05 16:58:45 user devstack@c-api.service[75841]: INFO cinder.api.openstack.wsgi [None req-51d62a51-6bfd-4e74-89b4-46f85fe3992e tempest-TaggedBootDevicesTest_v242-64681700 tempest-TaggedBootDevicesTest_v242-64681700-project-member] http://10.0.0.210/volume/v3/61a1bea854144bc8965b8a2f8317f539/volumes/413caa48-1ce7-4e7d-9e3c-e89a554dfdd8 returned with HTTP 200
Dec 05 16:58:45 user devstack@c-api.service[75841]: [pid: 75841|app: 0|req: 117/352] 10.0.0.210 () {62 vars in 1402 bytes} [Tue Dec 5 16:58:45 2023] GET /volume/v3/61a1bea854144bc8965b8a2f8317f539/volumes/413caa48-1ce7-4e7d-9e3c-e89a554dfdd8 => generated 915 bytes in 135 msecs (HTTP/1.1 200) 7 headers in 285 bytes (2 switches on core 0)
Dec 05 16:58:45 user devstack@c-api.service[75842]: DEBUG cinder.api.middleware.request_id [None req-04fb3059-e279-4bb4-bac0-433c07064df1 None None] RequestId filter calling following filter/app {{(pid=75842) _context_setter /opt/stack/cinder/cinder/api/middleware/request_id.py:62}}
Dec 05 16:58:45 user devstack@c-api.service[75842]: INFO cinder.api.openstack.wsgi [None req-04fb3059-e279-4bb4-bac0-433c07064df1 tempest-VolumesServicesTestJSON-1048064588 tempest-VolumesServicesTestJSON-1048064588-project-member] GET http://10.0.0.210/volume/v3/2757caf8dbf64f18a102389326e8dbcc/volumes/6e627a2b-c287-4a7f-bf69-9f05633f7091
Dec 05 16:58:45 user devstack@c-api.service[75842]: DEBUG cinder.api.openstack.wsgi [None req-04fb3059-e279-4bb4-bac0-433c07064df1 tempest-VolumesServicesTestJSON-1048064588 tempest-VolumesServicesTestJSON-1048064588-project-member] Empty body provided in request {{(pid=75842) get_body /opt/stack/cinder/cinder/api/openstack/wsgi.py:715}}
Dec 05 16:58:45 user devstack@c-api.service[75842]: DEBUG cinder.api.openstack.wsgi [None req-04fb3059-e279-4bb4-bac0-433c07064df1 tempest-VolumesServicesTestJSON-1048064588 tempest-VolumesServicesTestJSON-1048064588-project-member] Calling method 'show' {{(pid=75842) _process_stack /opt/stack/cinder/cinder/api/openstack/wsgi.py:868}}
Dec 05 16:58:45 user devstack@c-api.service[75842]: /opt/stack/data/venv/lib/python3.10/site-packages/oslo_context/context.py:100: DeprecationWarning: Policy enforcement is depending on the value of is_admin. This key is deprecated. Please update your policy file to use the standard policy values.
Dec 05 16:58:45 user devstack@c-api.service[75842]: warnings.warn('Policy enforcement is depending on the value of '
Dec 05 16:58:45 user devstack@c-api.service[75842]: INFO cinder.volume.api [None req-04fb3059-e279-4bb4-bac0-433c07064df1 tempest-VolumesServicesTestJSON-1048064588 tempest-VolumesServicesTestJSON-1048064588-project-member] Volume info retrieved successfully.
Dec 05 16:58:45 user devstack@c-api.service[75842]: INFO cinder.api.openstack.wsgi [None req-04fb3059-e279-4bb4-bac0-433c07064df1 tempest-VolumesServicesTestJSON-1048064588 tempest-VolumesServicesTestJSON-1048064588-project-member] http://10.0.0.210/volume/v3/2757caf8dbf64f18a102389326e8dbcc/volumes/6e627a2b-c287-4a7f-bf69-9f05633f7091 returned with HTTP 200
Dec 05 16:58:45 user devstack@c-api.service[75842]: [pid: 75842|app: 0|req: 120/353] 10.0.0.210 () {62 vars in 1402 bytes} [Tue Dec 5 16:58:45 2023] GET /volume/v3/2757caf8dbf64f18a102389326e8dbcc/volumes/6e627a2b-c287-4a7f-bf69-9f05633f7091 => generated 913 bytes in 68 msecs (HTTP/1.1 200) 7 headers in 285 bytes (1 switches on core 0)
Dec 05 16:58:45 user devstack@c-api.service[75843]: DEBUG cinder.coordination [req-8ba2552c-34fb-4d89-bb75-1cd9558f6219 req-b7d8d78c-38be-4dcb-a6e3-1e3be188b67e tempest-ServerActionsV293TestJSON-1813823270 tempest-ServerActionsV293TestJSON-1813823270-project-member] Acquiring lock "cinder-attachment_update-c0ee51f4-e1db-4f0a-8574-8d54eb2dde02-user" by "attachment_update" {{(pid=75843) __acquire /opt/stack/cinder/cinder/coordination.py:142}}
Dec 05 16:58:45 user devstack@c-api.service[75841]: DEBUG cinder.api.middleware.request_id [None req-c9c0a69f-1dcc-47e2-bc65-bcc0f1b5eeb7 None None] RequestId filter calling following filter/app {{(pid=75841) _context_setter /opt/stack/cinder/cinder/api/middleware/request_id.py:62}}
Dec 05 16:58:45 user devstack@c-api.service[75843]: DEBUG cinder.coordination [req-8ba2552c-34fb-4d89-bb75-1cd9558f6219 req-b7d8d78c-38be-4dcb-a6e3-1e3be188b67e tempest-ServerActionsV293TestJSON-1813823270 tempest-ServerActionsV293TestJSON-1813823270-project-member] Lock "cinder-attachment_update-c0ee51f4-e1db-4f0a-8574-8d54eb2dde02-user" acquired by "attachment_update" :: waited 0.016s {{(pid=75843) __acquire /opt/stack/cinder/cinder/coordination.py:145}}
Dec 05 16:58:45 user devstack@c-api.service[75841]: INFO cinder.api.openstack.wsgi [None req-c9c0a69f-1dcc-47e2-bc65-bcc0f1b5eeb7 tempest-TaggedBootDevicesTest-2112892794 tempest-TaggedBootDevicesTest-2112892794-project-member] GET http://10.0.0.210/volume/v3/e206a1f728b544faa47430ea8d210abe/volumes/2c09b33b-2cff-4063-8901-cb941f4a764f
Dec 05 16:58:45 user devstack@c-api.service[75841]: DEBUG cinder.api.openstack.wsgi [None req-c9c0a69f-1dcc-47e2-bc65-bcc0f1b5eeb7 tempest-TaggedBootDevicesTest-2112892794 tempest-TaggedBootDevicesTest-2112892794-project-member] Empty body provided in request {{(pid=75841) get_body /opt/stack/cinder/cinder/api/openstack/wsgi.py:715}}
Dec 05 16:58:45 user devstack@c-api.service[75843]: /opt/stack/data/venv/lib/python3.10/site-packages/oslo_context/context.py:100: DeprecationWarning: Policy enforcement is depending on the value of is_admin. This key is deprecated. Please update your policy file to use the standard policy values.
Dec 05 16:58:45 user devstack@c-api.service[75843]: warnings.warn('Policy enforcement is depending on the value of '
Dec 05 16:58:45 user devstack@c-api.service[75841]: DEBUG cinder.api.openstack.wsgi [None req-c9c0a69f-1dcc-47e2-bc65-bcc0f1b5eeb7 tempest-TaggedBootDevicesTest-2112892794 tempest-TaggedBootDevicesTest-2112892794-project-member] Calling method 'show' {{(pid=75841) _process_stack /opt/stack/cinder/cinder/api/openstack/wsgi.py:868}}
Dec 05 16:58:45 user devstack@c-api.service[75841]: /opt/stack/data/venv/lib/python3.10/site-packages/oslo_context/context.py:100: DeprecationWarning: Policy enforcement is depending on the value of is_admin. This key is deprecated. Please update your policy file to use the standard policy values.
Dec 05 16:58:45 user devstack@c-api.service[75841]: warnings.warn('Policy enforcement is depending on the value of '
Dec 05 16:58:45 user devstack@c-api.service[75841]: INFO cinder.volume.api [None req-c9c0a69f-1dcc-47e2-bc65-bcc0f1b5eeb7 tempest-TaggedBootDevicesTest-2112892794 tempest-TaggedBootDevicesTest-2112892794-project-member] Volume info retrieved successfully.
Dec 05 16:58:45 user devstack@c-api.service[75841]: INFO cinder.api.openstack.wsgi [None req-c9c0a69f-1dcc-47e2-bc65-bcc0f1b5eeb7 tempest-TaggedBootDevicesTest-2112892794 tempest-TaggedBootDevicesTest-2112892794-project-member] http://10.0.0.210/volume/v3/e206a1f728b544faa47430ea8d210abe/volumes/2c09b33b-2cff-4063-8901-cb941f4a764f returned with HTTP 200
Dec 05 16:58:45 user devstack@c-api.service[75841]: [pid: 75841|app: 0|req: 118/354] 10.0.0.210 () {62 vars in 1402 bytes} [Tue Dec 5 16:58:45 2023] GET /volume/v3/e206a1f728b544faa47430ea8d210abe/volumes/2c09b33b-2cff-4063-8901-cb941f4a764f => generated 1357 bytes in 80 msecs (HTTP/1.1 200) 7 headers in 286 bytes (1 switches on core 0)
Dec 05 16:58:45 user devstack@c-api.service[75842]: DEBUG cinder.api.middleware.request_id [None req-502b3c0d-c765-4660-a2b3-c97c7394a6ae None None] RequestId filter calling following filter/app {{(pid=75842) _context_setter /opt/stack/cinder/cinder/api/middleware/request_id.py:62}}
Dec 05 16:58:45 user devstack@c-api.service[75842]: INFO cinder.api.openstack.wsgi [None req-502b3c0d-c765-4660-a2b3-c97c7394a6ae tempest-SnapshotsActionsTest-2121551517 tempest-SnapshotsActionsTest-2121551517-project-member] GET http://10.0.0.210/volume/v3/039cccce2a074da49bdb568cc46a2c95/snapshots/e2932c63-a267-4751-80dd-822604368238
Dec 05 16:58:45 user devstack@c-api.service[75842]: DEBUG cinder.api.openstack.wsgi [None req-502b3c0d-c765-4660-a2b3-c97c7394a6ae tempest-SnapshotsActionsTest-2121551517 tempest-SnapshotsActionsTest-2121551517-project-member] Empty body provided in request {{(pid=75842) get_body /opt/stack/cinder/cinder/api/openstack/wsgi.py:715}}
Dec 05 16:58:45 user devstack@c-api.service[75842]: DEBUG cinder.api.openstack.wsgi [None req-502b3c0d-c765-4660-a2b3-c97c7394a6ae tempest-SnapshotsActionsTest-2121551517 tempest-SnapshotsActionsTest-2121551517-project-member] Calling method 'show' {{(pid=75842) _process_stack /opt/stack/cinder/cinder/api/openstack/wsgi.py:868}}
Dec 05 16:58:45 user devstack@c-api.service[75842]: /opt/stack/data/venv/lib/python3.10/site-packages/oslo_context/context.py:100: DeprecationWarning: Policy enforcement is depending on the value of is_admin. This key is deprecated. Please update your policy file to use the standard policy values.
Dec 05 16:58:45 user devstack@c-api.service[75842]: warnings.warn('Policy enforcement is depending on the value of '
Dec 05 16:58:45 user devstack@c-api.service[75842]: INFO cinder.volume.api [None req-502b3c0d-c765-4660-a2b3-c97c7394a6ae tempest-SnapshotsActionsTest-2121551517 tempest-SnapshotsActionsTest-2121551517-project-member] Snapshot retrieved successfully.
Dec 05 16:58:45 user devstack@c-api.service[75842]: INFO cinder.api.openstack.wsgi [None req-502b3c0d-c765-4660-a2b3-c97c7394a6ae tempest-SnapshotsActionsTest-2121551517 tempest-SnapshotsActionsTest-2121551517-project-member] http://10.0.0.210/volume/v3/039cccce2a074da49bdb568cc46a2c95/snapshots/e2932c63-a267-4751-80dd-822604368238 returned with HTTP 200
Dec 05 16:58:45 user devstack@c-api.service[75842]: [pid: 75842|app: 0|req: 121/355] 10.0.0.210 () {62 vars in 1408 bytes} [Tue Dec 5 16:58:45 2023] GET /volume/v3/039cccce2a074da49bdb568cc46a2c95/snapshots/e2932c63-a267-4751-80dd-822604368238 => generated 463 bytes in 68 msecs (HTTP/1.1 200) 7 headers in 285 bytes (1 switches on core 0)
Dec 05 16:58:46 user devstack@c-api.service[75841]: DEBUG cinder.api.middleware.request_id [None req-b139154f-c870-41bb-96d3-a27197bdea0b None None] RequestId filter calling following filter/app {{(pid=75841) _context_setter /opt/stack/cinder/cinder/api/middleware/request_id.py:62}}
Dec 05 16:58:46 user devstack@c-api.service[75841]: INFO cinder.api.openstack.wsgi [None req-b139154f-c870-41bb-96d3-a27197bdea0b tempest-TaggedBootDevicesTest_v242-64681700 tempest-TaggedBootDevicesTest_v242-64681700-project-member] GET http://10.0.0.210/volume/v3/61a1bea854144bc8965b8a2f8317f539/volumes/413caa48-1ce7-4e7d-9e3c-e89a554dfdd8
Dec 05 16:58:46 user devstack@c-api.service[75841]: DEBUG cinder.api.openstack.wsgi [None req-b139154f-c870-41bb-96d3-a27197bdea0b tempest-TaggedBootDevicesTest_v242-64681700 tempest-TaggedBootDevicesTest_v242-64681700-project-member] Empty body provided in request {{(pid=75841) get_body /opt/stack/cinder/cinder/api/openstack/wsgi.py:715}}
Dec 05 16:58:46 user devstack@c-api.service[75841]: DEBUG cinder.api.openstack.wsgi [None req-b139154f-c870-41bb-96d3-a27197bdea0b tempest-TaggedBootDevicesTest_v242-64681700 tempest-TaggedBootDevicesTest_v242-64681700-project-member] Calling method 'show' {{(pid=75841) _process_stack /opt/stack/cinder/cinder/api/openstack/wsgi.py:868}}
Dec 05 16:58:46 user devstack@c-api.service[75841]: /opt/stack/data/venv/lib/python3.10/site-packages/oslo_context/context.py:100: DeprecationWarning: Policy enforcement is depending on the value of is_admin. This key is deprecated. Please update your policy file to use the standard policy values.
Dec 05 16:58:46 user devstack@c-api.service[75841]: warnings.warn('Policy enforcement is depending on the value of '
Dec 05 16:58:46 user devstack@c-api.service[75841]: INFO cinder.volume.api [None req-b139154f-c870-41bb-96d3-a27197bdea0b tempest-TaggedBootDevicesTest_v242-64681700 tempest-TaggedBootDevicesTest_v242-64681700-project-member] Volume info retrieved successfully.
Dec 05 16:58:46 user devstack@c-api.service[75841]: INFO cinder.api.openstack.wsgi [None req-b139154f-c870-41bb-96d3-a27197bdea0b tempest-TaggedBootDevicesTest_v242-64681700 tempest-TaggedBootDevicesTest_v242-64681700-project-member] http://10.0.0.210/volume/v3/61a1bea854144bc8965b8a2f8317f539/volumes/413caa48-1ce7-4e7d-9e3c-e89a554dfdd8 returned with HTTP 200
Dec 05 16:58:46 user devstack@c-api.service[75841]: [pid: 75841|app: 0|req: 119/356] 10.0.0.210 () {62 vars in 1402 bytes} [Tue Dec 5 16:58:46 2023] GET /volume/v3/61a1bea854144bc8965b8a2f8317f539/volumes/413caa48-1ce7-4e7d-9e3c-e89a554dfdd8 => generated 1363 bytes in 60 msecs (HTTP/1.1 200) 7 headers in 286 bytes (1 switches on core 0)
Dec 05 16:58:46 user devstack@c-api.service[75842]: DEBUG cinder.api.middleware.request_id [None req-9a7d6e70-dae1-4358-a098-d22a043a2020 None None] RequestId filter calling following filter/app {{(pid=75842) _context_setter /opt/stack/cinder/cinder/api/middleware/request_id.py:62}}
Dec 05 16:58:46 user devstack@c-api.service[75841]: DEBUG cinder.api.middleware.request_id [None req-5ca6c392-22f6-4809-96dd-34524b1a4586 None None] RequestId filter calling following filter/app {{(pid=75841) _context_setter /opt/stack/cinder/cinder/api/middleware/request_id.py:62}}
Dec 05 16:58:46 user devstack@c-api.service[75842]: INFO cinder.api.openstack.wsgi [None req-9a7d6e70-dae1-4358-a098-d22a043a2020 tempest-VolumesServicesTestJSON-1048064588 tempest-VolumesServicesTestJSON-1048064588-project-member] GET http://10.0.0.210/volume/v3/2757caf8dbf64f18a102389326e8dbcc/volumes/6e627a2b-c287-4a7f-bf69-9f05633f7091
Dec 05 16:58:46 user devstack@c-api.service[75842]: DEBUG cinder.api.openstack.wsgi [None req-9a7d6e70-dae1-4358-a098-d22a043a2020 tempest-VolumesServicesTestJSON-1048064588 tempest-VolumesServicesTestJSON-1048064588-project-member] Empty body provided in request {{(pid=75842) get_body /opt/stack/cinder/cinder/api/openstack/wsgi.py:715}}
Dec 05 16:58:46 user devstack@c-api.service[75842]: DEBUG cinder.api.openstack.wsgi [None req-9a7d6e70-dae1-4358-a098-d22a043a2020 tempest-VolumesServicesTestJSON-1048064588 tempest-VolumesServicesTestJSON-1048064588-project-member] Calling method 'show' {{(pid=75842) _process_stack /opt/stack/cinder/cinder/api/openstack/wsgi.py:868}}
Dec 05 16:58:46 user devstack@c-api.service[75841]: INFO cinder.api.openstack.wsgi [None req-5ca6c392-22f6-4809-96dd-34524b1a4586 tempest-TaggedBootDevicesTest_v242-64681700 tempest-TaggedBootDevicesTest_v242-64681700-project-member] POST http://10.0.0.210/volume/v3/61a1bea854144bc8965b8a2f8317f539/volumes
Dec 05 16:58:46 user devstack@c-api.service[75841]: DEBUG cinder.api.openstack.wsgi [None req-5ca6c392-22f6-4809-96dd-34524b1a4586 tempest-TaggedBootDevicesTest_v242-64681700 tempest-TaggedBootDevicesTest_v242-64681700-project-member] Action: 'create', calling method: create, body: {"volume": {"size": 1, "display_name": "tempest-TaggedBootDevicesTest_v242-volume-531834122"}} {{(pid=75841) _process_stack /opt/stack/cinder/cinder/api/openstack/wsgi.py:866}}
Dec 05 16:58:46 user devstack@c-api.service[75841]: DEBUG cinder.api.v3.volumes [None req-5ca6c392-22f6-4809-96dd-34524b1a4586 tempest-TaggedBootDevicesTest_v242-64681700 tempest-TaggedBootDevicesTest_v242-64681700-project-member] Create volume request body: {'volume': {'size': 1, 'display_name': 'tempest-TaggedBootDevicesTest_v242-volume-531834122'}} {{(pid=75841) create /opt/stack/cinder/cinder/api/v3/volumes.py:297}}
Dec 05 16:58:46 user devstack@c-api.service[75841]: INFO cinder.api.v3.volumes [None req-5ca6c392-22f6-4809-96dd-34524b1a4586 tempest-TaggedBootDevicesTest_v242-64681700 tempest-TaggedBootDevicesTest_v242-64681700-project-member] Create volume of 1 GB
Dec 05 16:58:46 user devstack@c-api.service[75841]: INFO cinder.volume.api [None req-5ca6c392-22f6-4809-96dd-34524b1a4586 tempest-TaggedBootDevicesTest_v242-64681700 tempest-TaggedBootDevicesTest_v242-64681700-project-member] Availability Zones retrieved successfully.
Dec 05 16:58:46 user devstack@c-api.service[75842]: /opt/stack/data/venv/lib/python3.10/site-packages/oslo_context/context.py:100: DeprecationWarning: Policy enforcement is depending on the value of is_admin. This key is deprecated. Please update your policy file to use the standard policy values.
Dec 05 16:58:46 user devstack@c-api.service[75842]: warnings.warn('Policy enforcement is depending on the value of '
Dec 05 16:58:46 user devstack@c-api.service[75842]: INFO cinder.volume.api [None req-9a7d6e70-dae1-4358-a098-d22a043a2020 tempest-VolumesServicesTestJSON-1048064588 tempest-VolumesServicesTestJSON-1048064588-project-member] Volume info retrieved successfully.
Dec 05 16:58:46 user devstack@c-api.service[75842]: INFO cinder.api.openstack.wsgi [None req-9a7d6e70-dae1-4358-a098-d22a043a2020 tempest-VolumesServicesTestJSON-1048064588 tempest-VolumesServicesTestJSON-1048064588-project-member] http://10.0.0.210/volume/v3/2757caf8dbf64f18a102389326e8dbcc/volumes/6e627a2b-c287-4a7f-bf69-9f05633f7091 returned with HTTP 200
Dec 05 16:58:46 user devstack@c-api.service[75842]: [pid: 75842|app: 0|req: 122/357] 10.0.0.210 () {62 vars in 1402 bytes} [Tue Dec 5 16:58:46 2023] GET /volume/v3/2757caf8dbf64f18a102389326e8dbcc/volumes/6e627a2b-c287-4a7f-bf69-9f05633f7091 => generated 913 bytes in 65 msecs (HTTP/1.1 200) 7 headers in 285 bytes (1 switches on core 0)
Dec 05 16:58:46 user devstack@c-api.service[75841]: DEBUG cinder.volume.api [None req-5ca6c392-22f6-4809-96dd-34524b1a4586 tempest-TaggedBootDevicesTest_v242-64681700 tempest-TaggedBootDevicesTest_v242-64681700-project-member] Flow 'volume_create_api' (79854274-f641-411c-ad33-a88f366255fe) transitioned into state 'RUNNING' from state 'PENDING' {{(pid=75841) _flow_receiver /opt/stack/data/venv/lib/python3.10/site-packages/taskflow/listeners/logging.py:141}}
Dec 05 16:58:46 user devstack@c-api.service[75841]: DEBUG cinder.volume.api [None req-5ca6c392-22f6-4809-96dd-34524b1a4586 tempest-TaggedBootDevicesTest_v242-64681700 tempest-TaggedBootDevicesTest_v242-64681700-project-member] Task 'cinder.volume.flows.api.create_volume.ExtractVolumeRequestTask;volume:create' (68e3e1e3-f72e-42f3-bab9-40a8fda4c757) transitioned into state 'RUNNING' from state 'PENDING' {{(pid=75841) _task_receiver /opt/stack/data/venv/lib/python3.10/site-packages/taskflow/listeners/logging.py:190}}
Dec 05 16:58:46 user devstack@c-api.service[75841]: DEBUG cinder.volume.flows.api.create_volume [None req-5ca6c392-22f6-4809-96dd-34524b1a4586 tempest-TaggedBootDevicesTest_v242-64681700 tempest-TaggedBootDevicesTest_v242-64681700-project-member] Validating volume size '1' using validate_int {{(pid=75841) _extract_size /opt/stack/cinder/cinder/volume/flows/api/create_volume.py:228}}
Dec 05 16:58:46 user devstack@c-api.service[75842]: DEBUG cinder.api.middleware.request_id [None req-14a265b1-cc99-4d8e-8b4f-556b6fab350e None None] RequestId filter calling following filter/app {{(pid=75842) _context_setter /opt/stack/cinder/cinder/api/middleware/request_id.py:62}}
Dec 05 16:58:46 user devstack@c-api.service[75842]: INFO cinder.api.openstack.wsgi [None req-14a265b1-cc99-4d8e-8b4f-556b6fab350e tempest-TaggedBootDevicesTest-2112892794 tempest-TaggedBootDevicesTest-2112892794-project-member] GET http://10.0.0.210/volume/v3/e206a1f728b544faa47430ea8d210abe/volumes/2c09b33b-2cff-4063-8901-cb941f4a764f
Dec 05 16:58:46 user devstack@c-api.service[75842]: DEBUG cinder.api.openstack.wsgi [None req-14a265b1-cc99-4d8e-8b4f-556b6fab350e tempest-TaggedBootDevicesTest-2112892794 tempest-TaggedBootDevicesTest-2112892794-project-member] Empty body provided in request {{(pid=75842) get_body /opt/stack/cinder/cinder/api/openstack/wsgi.py:715}}
Dec 05 16:58:46 user devstack@c-api.service[75842]: DEBUG cinder.api.openstack.wsgi [None req-14a265b1-cc99-4d8e-8b4f-556b6fab350e tempest-TaggedBootDevicesTest-2112892794 tempest-TaggedBootDevicesTest-2112892794-project-member] Calling method 'show' {{(pid=75842) _process_stack /opt/stack/cinder/cinder/api/openstack/wsgi.py:868}}
Dec 05 16:58:46 user devstack@c-api.service[75842]: /opt/stack/data/venv/lib/python3.10/site-packages/oslo_context/context.py:100: DeprecationWarning: Policy enforcement is depending on the value of is_admin. This key is deprecated. Please update your policy file to use the standard policy values.
Dec 05 16:58:46 user devstack@c-api.service[75842]: warnings.warn('Policy enforcement is depending on the value of '
Dec 05 16:58:46 user devstack@c-api.service[75841]: DEBUG cinder.volume.api [None req-5ca6c392-22f6-4809-96dd-34524b1a4586 tempest-TaggedBootDevicesTest_v242-64681700 tempest-TaggedBootDevicesTest_v242-64681700-project-member] Task 'cinder.volume.flows.api.create_volume.ExtractVolumeRequestTask;volume:create' (68e3e1e3-f72e-42f3-bab9-40a8fda4c757) transitioned into state 'SUCCESS' from state 'RUNNING' with result '{'size': 1, 'snapshot_id': None, 'source_volid': None, 'volume_type': VolumeType(created_at=2023-12-05T16:54:01Z,deleted=False,deleted_at=None,description=None,extra_specs={volume_backend_name='joviandss-2'},id=c1c72aa8-44a3-4419-a1f2-3aade9d7be51,is_public=True,name='joviandss-2',projects=[],qos_specs=,qos_specs_id=None,updated_at=None), 'volume_type_id': 'c1c72aa8-44a3-4419-a1f2-3aade9d7be51', 'encryption_key_id': None, 'qos_specs': None, 'consistencygroup_id': None, 'cgsnapshot_id': None, 'group_id': None, 'replication_status': 'disabled', 'refresh_az': False, 'backup_id': None, 'multiattach': False, 'availability_zones': ['nova']}' {{(pid=75841) _task_receiver /opt/stack/data/venv/lib/python3.10/site-packages/taskflow/listeners/logging.py:178}}
Dec 05 16:58:46 user devstack@c-api.service[75841]: DEBUG cinder.volume.api [None req-5ca6c392-22f6-4809-96dd-34524b1a4586 tempest-TaggedBootDevicesTest_v242-64681700 tempest-TaggedBootDevicesTest_v242-64681700-project-member] Task 'cinder.volume.flows.api.create_volume.QuotaReserveTask;volume:create' (879eb7eb-4d85-43f8-87ab-35f374dc82cf) transitioned into state 'RUNNING' from state 'PENDING' {{(pid=75841) _task_receiver /opt/stack/data/venv/lib/python3.10/site-packages/taskflow/listeners/logging.py:190}}
Dec 05 16:58:46 user devstack@c-api.service[75842]: INFO cinder.volume.api [None req-14a265b1-cc99-4d8e-8b4f-556b6fab350e tempest-TaggedBootDevicesTest-2112892794 tempest-TaggedBootDevicesTest-2112892794-project-member] Volume info retrieved successfully.
Dec 05 16:58:46 user devstack@c-api.service[75842]: INFO cinder.api.openstack.wsgi [None req-14a265b1-cc99-4d8e-8b4f-556b6fab350e tempest-TaggedBootDevicesTest-2112892794 tempest-TaggedBootDevicesTest-2112892794-project-member] http://10.0.0.210/volume/v3/e206a1f728b544faa47430ea8d210abe/volumes/2c09b33b-2cff-4063-8901-cb941f4a764f returned with HTTP 200
