Dec 05 16:48:01 user devstack@keystone.service[46345]: DEBUG keystone.server.flask.request_processing.req_logging [None req-1da49481-e220-43d9-aea6-72e77ca07888 None admin] SCRIPT_NAME: `/identity` {{(pid=46345) log_request_info /opt/stack/keystone/keystone/server/flask/request_processing/req_logging.py:28}}
Dec 05 16:48:01 user devstack@keystone.service[46344]: DEBUG keystone.server.flask.request_processing.middleware.auth_context [None req-5169033c-46e8-4fc5-80ab-85fe6060baef None admin] Authenticating user token {{(pid=46344) process_request /opt/stack/data/venv/lib/python3.10/site-packages/keystonemiddleware/auth_token/__init__.py:406}}
Dec 05 16:48:01 user devstack@keystone.service[46345]: DEBUG keystone.server.flask.request_processing.req_logging [None req-1da49481-e220-43d9-aea6-72e77ca07888 None admin] PATH_INFO: `/v3/projects/d68caa1cd3b1445ca0a2811d4012a5e2` {{(pid=46345) log_request_info /opt/stack/keystone/keystone/server/flask/request_processing/req_logging.py:29}}
Dec 05 16:48:01 user devstack@keystone.service[46345]: DEBUG keystone.common.rbac_enforcer.enforcer [None req-1da49481-e220-43d9-aea6-72e77ca07888 None admin] RBAC: Authorizing `identity:get_project(project_id=d68caa1cd3b1445ca0a2811d4012a5e2)` {{(pid=46345) enforce_call /opt/stack/keystone/keystone/common/rbac_enforcer/enforcer.py:449}}
Dec 05 16:48:01 user devstack@keystone.service[46345]: DEBUG keystone.common.rbac_enforcer.enforcer [None req-1da49481-e220-43d9-aea6-72e77ca07888 None admin] RBAC: Authorization granted {{(pid=46345) enforce_call /opt/stack/keystone/keystone/common/rbac_enforcer/enforcer.py:457}}
Dec 05 16:48:01 user devstack@keystone.service[46345]: [pid: 46345|app: 0|req: 27/74] 10.0.0.210 () {56 vars in 1181 bytes} [Tue Dec 5 16:48:01 2023] GET /identity/v3/projects/d68caa1cd3b1445ca0a2811d4012a5e2 => generated 297 bytes in 154 msecs (HTTP/1.1 200) 5 headers in 177 bytes (1 switches on core 0)
Dec 05 16:48:01 user devstack@keystone.service[46345]: DEBUG keystone.server.flask.request_processing.middleware.auth_context [None req-1da49481-e220-43d9-aea6-72e77ca07888 None admin] Authenticating user token {{(pid=46345) process_request /opt/stack/data/venv/lib/python3.10/site-packages/keystonemiddleware/auth_token/__init__.py:406}}
Dec 05 16:48:01 user devstack@keystone.service[46343]: DEBUG keystone.server.flask.request_processing.middleware.auth_context [None req-ad538eac-84e4-432c-8c73-38b5c8535156 None admin] Validating token access rules against request {{(pid=46343) validate_allowed_request /opt/stack/data/venv/lib/python3.10/site-packages/keystonemiddleware/auth_token/__init__.py:544}}
Dec 05 16:48:01 user devstack@keystone.service[46343]: DEBUG keystone.server.flask.request_processing.middleware.auth_context [None req-5c683ebd-b9ec-464b-b91d-88f533656863 None admin] RBAC: auth_context: {'token': , 'domain_id': None, 'trust_id': None, 'trustor_id': None, 'trustee_id': None, 'domain_name': None, 'group_ids': [], 'user_id': 'dc3d38ea1a8c40bab7714c09f036e4f6', 'user_domain_id': 'default', 'system_scope': 'all', 'project_id': None, 'project_domain_id': None, 'roles': ['admin', 'manager', 'member', 'reader'], 'is_admin_project': True, 'service_user_id': None, 'service_user_domain_id': None, 'service_project_id': None, 'service_project_domain_id': None, 'service_roles': []} {{(pid=46343) fill_context /opt/stack/keystone/keystone/server/flask/request_processing/middleware/auth_context.py:480}}
Dec 05 16:48:01 user devstack@keystone.service[46343]: DEBUG keystone.server.flask.request_processing.req_logging [None req-5c683ebd-b9ec-464b-b91d-88f533656863 None admin] REQUEST_METHOD: `GET` {{(pid=46343) log_request_info /opt/stack/keystone/keystone/server/flask/request_processing/req_logging.py:27}}
Dec 05 16:48:01 user devstack@keystone.service[46343]: DEBUG keystone.server.flask.request_processing.req_logging [None req-5c683ebd-b9ec-464b-b91d-88f533656863 None admin] SCRIPT_NAME: `/identity` {{(pid=46343) log_request_info /opt/stack/keystone/keystone/server/flask/request_processing/req_logging.py:28}}
Dec 05 16:48:01 user devstack@keystone.service[46343]: DEBUG keystone.server.flask.request_processing.req_logging [None req-5c683ebd-b9ec-464b-b91d-88f533656863 None admin] PATH_INFO: `/v3/roles/member` {{(pid=46343) log_request_info /opt/stack/keystone/keystone/server/flask/request_processing/req_logging.py:29}}
Dec 05 16:48:01 user devstack@keystone.service[46343]: DEBUG keystone.common.rbac_enforcer.enforcer [None req-5c683ebd-b9ec-464b-b91d-88f533656863 None admin] Extracting inferred target data resulted in "NOT FOUND (404)". {{(pid=46343) enforce_call /opt/stack/keystone/keystone/common/rbac_enforcer/enforcer.py:409}}
Dec 05 16:48:01 user devstack@keystone.service[46343]: ERROR keystone.server.flask.application [None req-5c683ebd-b9ec-464b-b91d-88f533656863 None admin] Could not find role: member.: keystone.exception.RoleNotFound: Could not find role: member.
Dec 05 16:48:01 user devstack@keystone.service[46343]: ERROR keystone.server.flask.application
Traceback (most recent call last):
Dec 05 16:48:01 user devstack@keystone.service[46343]: ERROR keystone.server.flask.application
File "/opt/stack/data/venv/lib/python3.10/site-packages/flask/app.py", line 1823, in full_dispatch_request
Dec 05 16:48:01 user devstack@keystone.service[46343]: ERROR keystone.server.flask.application rv = self.dispatch_request()
Dec 05 16:48:01 user devstack@keystone.service[46343]: ERROR keystone.server.flask.application
File "/opt/stack/data/venv/lib/python3.10/site-packages/flask/app.py", line 1799, in dispatch_request
Dec 05 16:48:01 user devstack@keystone.service[46343]: ERROR keystone.server.flask.application return self.ensure_sync(self.view_functions[rule.endpoint])(**view_args)
Dec 05 16:48:01 user devstack@keystone.service[46343]: ERROR keystone.server.flask.application
File "/opt/stack/data/venv/lib/python3.10/site-packages/flask_restful/__init__.py", line 489, in wrapper
Dec 05 16:48:01 user devstack@keystone.service[46343]: ERROR keystone.server.flask.application resp = resource(*args, **kwargs)
Dec 05 16:48:01 user devstack@keystone.service[46343]: ERROR keystone.server.flask.application
File "/opt/stack/data/venv/lib/python3.10/site-packages/flask/views.py", line 107, in view
Dec 05 16:48:01 user devstack@keystone.service[46343]: ERROR keystone.server.flask.application return current_app.ensure_sync(self.dispatch_request)(**kwargs)
Dec 05 16:48:01 user devstack@keystone.service[46343]: ERROR keystone.server.flask.application
File "/opt/stack/data/venv/lib/python3.10/site-packages/flask_restful/__init__.py", line 604, in dispatch_request
Dec 05 16:48:01 user devstack@keystone.service[46343]: ERROR keystone.server.flask.application resp = meth(*args, **kwargs)
Dec 05 16:48:01 user devstack@keystone.service[46343]: ERROR keystone.server.flask.application
File "/opt/stack/keystone/keystone/api/roles.py", line 50, in get
Dec 05 16:48:01 user devstack@keystone.service[46343]: ERROR keystone.server.flask.application return self._get_role(role_id)
Dec 05 16:48:01 user devstack@keystone.service[46343]: ERROR keystone.server.flask.application
File "/opt/stack/keystone/keystone/api/roles.py", line 70, in _get_role
Dec 05 16:48:01 user devstack@keystone.service[46343]: ERROR keystone.server.flask.application ENFORCER.enforce_call(action='identity:get_role')
Dec 05 16:48:01 user devstack@keystone.service[46343]: ERROR keystone.server.flask.application
File "/opt/stack/keystone/keystone/common/rbac_enforcer/enforcer.py", line 402, in enforce_call
Dec 05 16:48:01 user devstack@keystone.service[46343]: ERROR keystone.server.flask.application policy_dict.update(cls._extract_member_target_data(
Dec 05 16:48:01 user devstack@keystone.service[46343]: ERROR keystone.server.flask.application
File "/opt/stack/keystone/keystone/common/rbac_enforcer/enforcer.py", line 234, in _extract_member_target_data
Dec 05 16:48:01 user devstack@keystone.service[46343]: ERROR keystone.server.flask.application member_name: func(flask.request.view_args[key])
Dec 05 16:48:01 user devstack@keystone.service[46343]: ERROR keystone.server.flask.application
File "/opt/stack/keystone/keystone/common/manager.py", line 110, in wrapped
Dec 05 16:48:01 user devstack@keystone.service[46343]: ERROR keystone.server.flask.application __ret_val = __f(*args, **kwargs)
Dec 05 16:48:01 user devstack@keystone.service[46343]: ERROR keystone.server.flask.application
File "/opt/stack/data/venv/lib/python3.10/site-packages/decorator.py", line 232, in fun
Dec 05 16:48:01 user devstack@keystone.service[46343]: ERROR keystone.server.flask.application return caller(func, *(extras + args), **kw)
Dec 05 16:48:01 user devstack@keystone.service[46343]: ERROR keystone.server.flask.application
File "/opt/stack/data/venv/lib/python3.10/site-packages/dogpile/cache/region.py", line 1594, in get_or_create_for_user_func
Dec 05 16:48:01 user devstack@keystone.service[46343]: ERROR keystone.server.flask.application return self.get_or_create(
Dec 05 16:48:01 user devstack@keystone.service[46343]: ERROR keystone.server.flask.application
File "/opt/stack/data/venv/lib/python3.10/site-packages/dogpile/cache/region.py", line 1054, in get_or_create
Dec 05 16:48:01 user devstack@keystone.service[46343]: ERROR keystone.server.flask.application with Lock(
Dec 05 16:48:01 user devstack@keystone.service[46343]: ERROR keystone.server.flask.application
File "/opt/stack/data/venv/lib/python3.10/site-packages/dogpile/lock.py", line 185, in __enter__
Dec 05 16:48:01 user devstack@keystone.service[46343]: ERROR keystone.server.flask.application return self._enter()
Dec 05 16:48:01 user devstack@keystone.service[46343]: ERROR keystone.server.flask.application
File "/opt/stack/data/venv/lib/python3.10/site-packages/dogpile/lock.py", line 94, in _enter
Dec 05 16:48:01 user devstack@keystone.service[46343]: ERROR keystone.server.flask.application generated = self._enter_create(value, createdtime)
Dec 05 16:48:01 user devstack@keystone.service[46343]: ERROR keystone.server.flask.application
File "/opt/stack/data/venv/lib/python3.10/site-packages/dogpile/lock.py", line 178, in _enter_create
Dec 05 16:48:01 user devstack@keystone.service[46343]: ERROR keystone.server.flask.application return self.creator()
Dec 05 16:48:01 user devstack@keystone.service[46343]: ERROR keystone.server.flask.application
File "/opt/stack/data/venv/lib/python3.10/site-packages/dogpile/cache/region.py", line 1007, in gen_value
Dec 05 16:48:01 user devstack@keystone.service[46343]: ERROR keystone.server.flask.application created_value = creator(
Dec 05 16:48:01 user devstack@keystone.service[46343]: ERROR keystone.server.flask.application
File "/opt/stack/keystone/keystone/assignment/core.py", line 1276, in get_role
Dec 05 16:48:01 user devstack@keystone.service[46343]: ERROR keystone.server.flask.application return self.driver.get_role(role_id)
Dec 05 16:48:01 user devstack@keystone.service[46343]: ERROR keystone.server.flask.application
File "/opt/stack/keystone/keystone/assignment/role_backends/sql.py", line 70, in get_role
Dec 05 16:48:01 user devstack@keystone.service[46343]: ERROR keystone.server.flask.application return self._get_role(session, role_id).to_dict()
Dec 05 16:48:01 user devstack@keystone.service[46343]: ERROR keystone.server.flask.application
File "/opt/stack/keystone/keystone/assignment/role_backends/sql.py", line 65, in _get_role
Dec 05 16:48:01 user devstack@keystone.service[46343]: ERROR keystone.server.flask.application raise exception.RoleNotFound(role_id=role_id)
Dec 05 16:48:01 user devstack@keystone.service[46343]: ERROR keystone.server.flask.application keystone.exception.RoleNotFound: Could not find role: member.
Dec 05 16:48:01 user devstack@keystone.service[46343]: ERROR keystone.server.flask.application
Dec 05 16:48:01 user devstack@keystone.service[46343]: [pid: 46343|app: 0|req: 26/75] 10.0.0.210 () {56 vars in 1094 bytes} [Tue Dec 5 16:48:01 2023] GET /identity/v3/roles/member => generated 84 bytes in 145 msecs (HTTP/1.1 404) 5 headers in 183 bytes (1 switches on core 0)
Dec 05 16:48:01 user devstack@keystone.service[46343]: DEBUG keystone.server.flask.request_processing.middleware.auth_context [None req-5c683ebd-b9ec-464b-b91d-88f533656863 None admin] Authenticating user token {{(pid=46343) process_request /opt/stack/data/venv/lib/python3.10/site-packages/keystonemiddleware/auth_token/__init__.py:406}}
Dec 05 16:48:01 user devstack@keystone.service[46344]: DEBUG keystone.server.flask.request_processing.middleware.auth_context [None req-5169033c-46e8-4fc5-80ab-85fe6060baef None admin] Validating token access rules against request {{(pid=46344) validate_allowed_request /opt/stack/data/venv/lib/python3.10/site-packages/keystonemiddleware/auth_token/__init__.py:544}}
Dec 05 16:48:01 user devstack@keystone.service[46345]: DEBUG keystone.server.flask.request_processing.middleware.auth_context [None req-1da49481-e220-43d9-aea6-72e77ca07888 None admin] Validating token access rules against request {{(pid=46345) validate_allowed_request /opt/stack/data/venv/lib/python3.10/site-packages/keystonemiddleware/auth_token/__init__.py:544}}
Dec 05 16:48:01 user devstack@keystone.service[46344]: DEBUG keystone.server.flask.request_processing.middleware.auth_context [None req-50c225e1-6c08-46d2-9dfb-38bf0dee1f2e None admin] RBAC: auth_context: {'token': , 'domain_id': None, 'trust_id': None, 'trustor_id': None, 'trustee_id': None, 'domain_name': None, 'group_ids': [], 'user_id': 'dc3d38ea1a8c40bab7714c09f036e4f6', 'user_domain_id': 'default', 'system_scope': 'all', 'project_id': None, 'project_domain_id': None, 'roles': ['admin', 'manager', 'member', 'reader'], 'is_admin_project': True, 'service_user_id': None, 'service_user_domain_id': None, 'service_project_id': None, 'service_project_domain_id': None, 'service_roles': []} {{(pid=46344) fill_context /opt/stack/keystone/keystone/server/flask/request_processing/middleware/auth_context.py:480}}
Dec 05 16:48:01 user devstack@keystone.service[46344]: DEBUG keystone.server.flask.request_processing.req_logging [None req-50c225e1-6c08-46d2-9dfb-38bf0dee1f2e None admin] REQUEST_METHOD: `GET` {{(pid=46344) log_request_info /opt/stack/keystone/keystone/server/flask/request_processing/req_logging.py:27}}
Dec 05 16:48:01 user devstack@keystone.service[46344]: DEBUG keystone.server.flask.request_processing.req_logging [None req-50c225e1-6c08-46d2-9dfb-38bf0dee1f2e None admin] SCRIPT_NAME: `/identity` {{(pid=46344) log_request_info /opt/stack/keystone/keystone/server/flask/request_processing/req_logging.py:28}}
Dec 05 16:48:01 user devstack@keystone.service[46344]: DEBUG keystone.server.flask.request_processing.req_logging [None req-50c225e1-6c08-46d2-9dfb-38bf0dee1f2e None admin] PATH_INFO: `/v3/roles` {{(pid=46344) log_request_info /opt/stack/keystone/keystone/server/flask/request_processing/req_logging.py:29}}
Dec 05 16:48:01 user devstack@keystone.service[46344]: DEBUG keystone.common.rbac_enforcer.enforcer [None req-50c225e1-6c08-46d2-9dfb-38bf0dee1f2e None admin] RBAC: Adding query filter params (name=anotherrole) {{(pid=46344) _extract_filter_values /opt/stack/keystone/keystone/common/rbac_enforcer/enforcer.py:167}}
Dec 05 16:48:01 user devstack@keystone.service[46344]: DEBUG keystone.common.rbac_enforcer.enforcer [None req-50c225e1-6c08-46d2-9dfb-38bf0dee1f2e None admin] RBAC: Authorizing `identity:list_roles()` {{(pid=46344) enforce_call /opt/stack/keystone/keystone/common/rbac_enforcer/enforcer.py:449}}
Dec 05 16:48:01 user devstack@keystone.service[46344]: DEBUG keystone.common.rbac_enforcer.enforcer [None req-50c225e1-6c08-46d2-9dfb-38bf0dee1f2e None admin] RBAC: Authorization granted {{(pid=46344) enforce_call /opt/stack/keystone/keystone/common/rbac_enforcer/enforcer.py:457}}
Dec 05 16:48:02 user devstack@keystone.service[46344]: [pid: 46344|app: 0|req: 23/76] 10.0.0.210 () {56 vars in 1106 bytes} [Tue Dec 5 16:48:01 2023] GET /identity/v3/roles?name=anotherrole => generated 332 bytes in 146 msecs (HTTP/1.1 200) 5 headers in 177 bytes (1 switches on core 0)
Dec 05 16:48:02 user devstack@keystone.service[46344]: DEBUG keystone.server.flask.request_processing.middleware.auth_context [None req-50c225e1-6c08-46d2-9dfb-38bf0dee1f2e None admin] Authenticating user token {{(pid=46344) process_request /opt/stack/data/venv/lib/python3.10/site-packages/keystonemiddleware/auth_token/__init__.py:406}}
Dec 05 16:48:02 user devstack@keystone.service[46345]: DEBUG keystone.server.flask.request_processing.middleware.auth_context [None req-0e438612-ddc8-45aa-af18-7ad6c5f29555 None admin] RBAC: auth_context: {'token': , 'domain_id': None, 'trust_id': None, 'trustor_id': None, 'trustee_id': None, 'domain_name': None, 'group_ids': [], 'user_id': 'dc3d38ea1a8c40bab7714c09f036e4f6', 'user_domain_id': 'default', 'system_scope': 'all', 'project_id': None, 'project_domain_id': None, 'roles': ['admin', 'manager', 'member', 'reader'], 'is_admin_project': True, 'service_user_id': None, 'service_user_domain_id': None, 'service_project_id': None, 'service_project_domain_id': None, 'service_roles': []} {{(pid=46345) fill_context /opt/stack/keystone/keystone/server/flask/request_processing/middleware/auth_context.py:480}}
Dec 05 16:48:02 user devstack@keystone.service[46345]: DEBUG keystone.server.flask.request_processing.req_logging [None req-0e438612-ddc8-45aa-af18-7ad6c5f29555 None admin] REQUEST_METHOD: `GET` {{(pid=46345) log_request_info /opt/stack/keystone/keystone/server/flask/request_processing/req_logging.py:27}}
Dec 05 16:48:02 user devstack@keystone.service[46345]: DEBUG keystone.server.flask.request_processing.req_logging [None req-0e438612-ddc8-45aa-af18-7ad6c5f29555 None admin] SCRIPT_NAME: `/identity` {{(pid=46345) log_request_info /opt/stack/keystone/keystone/server/flask/request_processing/req_logging.py:28}}
Dec 05 16:48:02 user devstack@keystone.service[46345]: DEBUG keystone.server.flask.request_processing.req_logging [None req-0e438612-ddc8-45aa-af18-7ad6c5f29555 None admin] PATH_INFO: `/v3/domains/default` {{(pid=46345) log_request_info /opt/stack/keystone/keystone/server/flask/request_processing/req_logging.py:29}}
Dec 05 16:48:02 user devstack@keystone.service[46345]: DEBUG keystone.common.rbac_enforcer.enforcer [None req-0e438612-ddc8-45aa-af18-7ad6c5f29555 None admin] RBAC: Authorizing `identity:get_domain(domain_id=default)` {{(pid=46345) enforce_call /opt/stack/keystone/keystone/common/rbac_enforcer/enforcer.py:449}}
Dec 05 16:48:02 user devstack@keystone.service[46345]: DEBUG keystone.common.rbac_enforcer.enforcer [None req-0e438612-ddc8-45aa-af18-7ad6c5f29555 None admin] RBAC: Authorization granted {{(pid=46345) enforce_call /opt/stack/keystone/keystone/common/rbac_enforcer/enforcer.py:457}}
Dec 05 16:48:02 user devstack@keystone.service[46345]: [pid: 46345|app: 0|req: 28/77] 10.0.0.210 () {56 vars in 1103 bytes} [Tue Dec 5 16:48:01 2023] GET /identity/v3/domains/default => generated 198 bytes in 151 msecs (HTTP/1.1 200) 5 headers in 177 bytes (1 switches on core 0)
Dec 05 16:48:02 user devstack@keystone.service[46345]: DEBUG keystone.server.flask.request_processing.middleware.auth_context [None req-0e438612-ddc8-45aa-af18-7ad6c5f29555 None admin] Authenticating user token {{(pid=46345) process_request /opt/stack/data/venv/lib/python3.10/site-packages/keystonemiddleware/auth_token/__init__.py:406}}
Dec 05 16:48:02 user devstack@keystone.service[46343]: DEBUG keystone.server.flask.request_processing.middleware.auth_context [None req-5c683ebd-b9ec-464b-b91d-88f533656863 None admin] Validating token access rules against request {{(pid=46343) validate_allowed_request /opt/stack/data/venv/lib/python3.10/site-packages/keystonemiddleware/auth_token/__init__.py:544}}
Dec 05 16:48:02 user devstack@keystone.service[46343]: DEBUG keystone.server.flask.request_processing.middleware.auth_context [None req-19c2dd33-f639-4e7b-aeea-1af4e8d85acc None admin] RBAC: auth_context: {'token': , 'domain_id': None, 'trust_id': None, 'trustor_id': None, 'trustee_id': None, 'domain_name': None, 'group_ids': [], 'user_id': 'dc3d38ea1a8c40bab7714c09f036e4f6', 'user_domain_id': 'default', 'system_scope': 'all', 'project_id': None, 'project_domain_id': None, 'roles': ['admin', 'manager', 'member', 'reader'], 'is_admin_project': True, 'service_user_id': None, 'service_user_domain_id': None, 'service_project_id': None, 'service_project_domain_id': None, 'service_roles': []} {{(pid=46343) fill_context /opt/stack/keystone/keystone/server/flask/request_processing/middleware/auth_context.py:480}}
Dec 05 16:48:02 user devstack@keystone.service[46343]: DEBUG keystone.server.flask.request_processing.req_logging [None req-19c2dd33-f639-4e7b-aeea-1af4e8d85acc None admin] REQUEST_METHOD: `GET` {{(pid=46343) log_request_info /opt/stack/keystone/keystone/server/flask/request_processing/req_logging.py:27}}
Dec 05 16:48:02 user devstack@keystone.service[46343]: DEBUG keystone.server.flask.request_processing.req_logging [None req-19c2dd33-f639-4e7b-aeea-1af4e8d85acc None admin] SCRIPT_NAME: `/identity` {{(pid=46343) log_request_info /opt/stack/keystone/keystone/server/flask/request_processing/req_logging.py:28}}
Dec 05 16:48:02 user devstack@keystone.service[46343]: DEBUG keystone.server.flask.request_processing.req_logging [None req-19c2dd33-f639-4e7b-aeea-1af4e8d85acc None admin] PATH_INFO: `/v3/projects/d68caa1cd3b1445ca0a2811d4012a5e2` {{(pid=46343) log_request_info /opt/stack/keystone/keystone/server/flask/request_processing/req_logging.py:29}}
Dec 05 16:48:02 user devstack@keystone.service[46343]: DEBUG keystone.common.rbac_enforcer.enforcer [None req-19c2dd33-f639-4e7b-aeea-1af4e8d85acc None admin] RBAC: Authorizing `identity:get_project(project_id=d68caa1cd3b1445ca0a2811d4012a5e2)` {{(pid=46343) enforce_call /opt/stack/keystone/keystone/common/rbac_enforcer/enforcer.py:449}}
Dec 05 16:48:02 user devstack@keystone.service[46343]: DEBUG keystone.common.rbac_enforcer.enforcer [None req-19c2dd33-f639-4e7b-aeea-1af4e8d85acc None admin] RBAC: Authorization granted {{(pid=46343) enforce_call /opt/stack/keystone/keystone/common/rbac_enforcer/enforcer.py:457}}
Dec 05 16:48:02 user devstack@keystone.service[46343]: [pid: 46343|app: 0|req: 27/78] 10.0.0.210 () {56 vars in 1181 bytes} [Tue Dec 5 16:48:01 2023] GET /identity/v3/projects/d68caa1cd3b1445ca0a2811d4012a5e2 => generated 297 bytes in 134 msecs (HTTP/1.1 200) 5 headers in 177 bytes (1 switches on core 0)
Dec 05 16:48:02 user devstack@keystone.service[46343]: DEBUG keystone.server.flask.request_processing.middleware.auth_context [None req-19c2dd33-f639-4e7b-aeea-1af4e8d85acc None admin] Authenticating user token {{(pid=46343) process_request /opt/stack/data/venv/lib/python3.10/site-packages/keystonemiddleware/auth_token/__init__.py:406}}
Dec 05 16:48:02 user devstack@keystone.service[46344]: DEBUG keystone.server.flask.request_processing.middleware.auth_context [None req-50c225e1-6c08-46d2-9dfb-38bf0dee1f2e None admin] Validating token access rules against request {{(pid=46344) validate_allowed_request /opt/stack/data/venv/lib/python3.10/site-packages/keystonemiddleware/auth_token/__init__.py:544}}
Dec 05 16:48:02 user devstack@keystone.service[46344]: DEBUG keystone.server.flask.request_processing.middleware.auth_context [None req-a20d3119-82ab-474d-b6f9-d846854918ae None admin] RBAC: auth_context: {'token': , 'domain_id': None, 'trust_id': None, 'trustor_id': None, 'trustee_id': None, 'domain_name': None, 'group_ids': [], 'user_id': 'dc3d38ea1a8c40bab7714c09f036e4f6', 'user_domain_id': 'default', 'system_scope': 'all', 'project_id': None, 'project_domain_id': None, 'roles': ['admin', 'manager', 'member', 'reader'], 'is_admin_project': True, 'service_user_id': None, 'service_user_domain_id': None, 'service_project_id': None, 'service_project_domain_id': None, 'service_roles': []} {{(pid=46344) fill_context /opt/stack/keystone/keystone/server/flask/request_processing/middleware/auth_context.py:480}}
Dec 05 16:48:02 user devstack@keystone.service[46345]: DEBUG keystone.server.flask.request_processing.middleware.auth_context [None req-0e438612-ddc8-45aa-af18-7ad6c5f29555 None admin] Validating token access rules against request {{(pid=46345) validate_allowed_request /opt/stack/data/venv/lib/python3.10/site-packages/keystonemiddleware/auth_token/__init__.py:544}}
Dec 05 16:48:02 user devstack@keystone.service[46344]: DEBUG keystone.server.flask.request_processing.req_logging [None req-a20d3119-82ab-474d-b6f9-d846854918ae None admin] REQUEST_METHOD: `PUT` {{(pid=46344) log_request_info /opt/stack/keystone/keystone/server/flask/request_processing/req_logging.py:27}}
Dec 05 16:48:02 user devstack@keystone.service[46344]: DEBUG keystone.server.flask.request_processing.req_logging [None req-a20d3119-82ab-474d-b6f9-d846854918ae None admin] SCRIPT_NAME: `/identity` {{(pid=46344) log_request_info /opt/stack/keystone/keystone/server/flask/request_processing/req_logging.py:28}}
Dec 05 16:48:02 user devstack@keystone.service[46344]: DEBUG keystone.server.flask.request_processing.req_logging [None req-a20d3119-82ab-474d-b6f9-d846854918ae None admin] PATH_INFO: `/v3/projects/d68caa1cd3b1445ca0a2811d4012a5e2/users/4209e5b143d44098b0a8614e247fcf45/roles/a6d03152c6f74096a59d9b3e6a488fe9` {{(pid=46344) log_request_info /opt/stack/keystone/keystone/server/flask/request_processing/req_logging.py:29}}
Dec 05 16:48:02 user devstack@keystone.service[46344]: DEBUG keystone.common.rbac_enforcer.enforcer [None req-a20d3119-82ab-474d-b6f9-d846854918ae None admin] RBAC: Authorizing `identity:create_grant(project_id=d68caa1cd3b1445ca0a2811d4012a5e2, user_id=4209e5b143d44098b0a8614e247fcf45, role_id=a6d03152c6f74096a59d9b3e6a488fe9)` {{(pid=46344) enforce_call /opt/stack/keystone/keystone/common/rbac_enforcer/enforcer.py:449}}
Dec 05 16:48:02 user devstack@keystone.service[46344]: DEBUG keystone.common.rbac_enforcer.enforcer [None req-a20d3119-82ab-474d-b6f9-d846854918ae None admin] RBAC: Authorization granted {{(pid=46344) enforce_call /opt/stack/keystone/keystone/common/rbac_enforcer/enforcer.py:457}}
Dec 05 16:48:02 user devstack@keystone.service[46344]: [pid: 46344|app: 0|req: 24/79] 10.0.0.210 () {58 vars in 1434 bytes} [Tue Dec 5 16:48:02 2023] PUT /identity/v3/projects/d68caa1cd3b1445ca0a2811d4012a5e2/users/4209e5b143d44098b0a8614e247fcf45/roles/a6d03152c6f74096a59d9b3e6a488fe9 => generated 0 bytes in 155 msecs (HTTP/1.1 204) 3 headers in 132 bytes (0 switches on core 0)
Dec 05 16:48:02 user devstack@keystone.service[46344]: DEBUG keystone.server.flask.request_processing.middleware.auth_context [None req-a20d3119-82ab-474d-b6f9-d846854918ae None admin] Authenticating user token {{(pid=46344) process_request /opt/stack/data/venv/lib/python3.10/site-packages/keystonemiddleware/auth_token/__init__.py:406}}
Dec 05 16:48:02 user devstack@keystone.service[46345]: DEBUG keystone.server.flask.request_processing.middleware.auth_context [None req-ecbdf94c-e7f4-490a-bc57-6d6f66b96770 None admin] RBAC: auth_context: {'token': , 'domain_id': None, 'trust_id': None, 'trustor_id': None, 'trustee_id': None, 'domain_name': None, 'group_ids': [], 'user_id': 'dc3d38ea1a8c40bab7714c09f036e4f6', 'user_domain_id': 'default', 'system_scope': 'all', 'project_id': None, 'project_domain_id': None, 'roles': ['admin', 'manager', 'member', 'reader'], 'is_admin_project': True, 'service_user_id': None, 'service_user_domain_id': None, 'service_project_id': None, 'service_project_domain_id': None, 'service_roles': []} {{(pid=46345) fill_context /opt/stack/keystone/keystone/server/flask/request_processing/middleware/auth_context.py:480}}
Dec 05 16:48:02 user devstack@keystone.service[46345]: DEBUG keystone.server.flask.request_processing.req_logging [None req-ecbdf94c-e7f4-490a-bc57-6d6f66b96770 None admin] REQUEST_METHOD: `GET` {{(pid=46345) log_request_info /opt/stack/keystone/keystone/server/flask/request_processing/req_logging.py:27}}
Dec 05 16:48:02 user devstack@keystone.service[46345]: DEBUG keystone.server.flask.request_processing.req_logging [None req-ecbdf94c-e7f4-490a-bc57-6d6f66b96770 None admin] SCRIPT_NAME: `/identity` {{(pid=46345) log_request_info /opt/stack/keystone/keystone/server/flask/request_processing/req_logging.py:28}}
Dec 05 16:48:02 user devstack@keystone.service[46345]: DEBUG keystone.server.flask.request_processing.req_logging [None req-ecbdf94c-e7f4-490a-bc57-6d6f66b96770 None admin] PATH_INFO: `/v3/roles` {{(pid=46345) log_request_info /opt/stack/keystone/keystone/server/flask/request_processing/req_logging.py:29}}
Dec 05 16:48:02 user devstack@keystone.service[46345]: DEBUG keystone.common.rbac_enforcer.enforcer [None req-ecbdf94c-e7f4-490a-bc57-6d6f66b96770 None admin] RBAC: Adding query filter params (name=member) {{(pid=46345) _extract_filter_values /opt/stack/keystone/keystone/common/rbac_enforcer/enforcer.py:167}}
Dec 05 16:48:02 user devstack@keystone.service[46345]: DEBUG keystone.common.rbac_enforcer.enforcer [None req-ecbdf94c-e7f4-490a-bc57-6d6f66b96770 None admin] RBAC: Authorizing `identity:list_roles()` {{(pid=46345) enforce_call /opt/stack/keystone/keystone/common/rbac_enforcer/enforcer.py:449}}
Dec 05 16:48:02 user devstack@keystone.service[46345]: DEBUG keystone.common.rbac_enforcer.enforcer [None req-ecbdf94c-e7f4-490a-bc57-6d6f66b96770 None admin] RBAC: Authorization granted {{(pid=46345) enforce_call /opt/stack/keystone/keystone/common/rbac_enforcer/enforcer.py:457}}
Dec 05 16:48:02 user devstack@keystone.service[46343]: DEBUG keystone.server.flask.request_processing.middleware.auth_context [None req-19c2dd33-f639-4e7b-aeea-1af4e8d85acc None admin] Validating token access rules against request {{(pid=46343) validate_allowed_request /opt/stack/data/venv/lib/python3.10/site-packages/keystonemiddleware/auth_token/__init__.py:544}}
Dec 05 16:48:02 user devstack@keystone.service[46345]: [pid: 46345|app: 0|req: 29/80] 10.0.0.210 () {56 vars in 1096 bytes} [Tue Dec 5 16:48:02 2023] GET /identity/v3/roles?name=member => generated 339 bytes in 171 msecs (HTTP/1.1 200) 5 headers in 177 bytes (1 switches on core 0)
Dec 05 16:48:02 user devstack@keystone.service[46345]: DEBUG keystone.server.flask.request_processing.middleware.auth_context [None req-ecbdf94c-e7f4-490a-bc57-6d6f66b96770 None admin] Authenticating user token {{(pid=46345) process_request /opt/stack/data/venv/lib/python3.10/site-packages/keystonemiddleware/auth_token/__init__.py:406}}
Dec 05 16:48:02 user devstack@keystone.service[46343]: DEBUG keystone.server.flask.request_processing.middleware.auth_context [None req-7dec8e65-6025-4688-8abe-d774c5d2474b None admin] RBAC: auth_context: {'token': , 'domain_id': None, 'trust_id': None, 'trustor_id': None, 'trustee_id': None, 'domain_name': None, 'group_ids': [], 'user_id': 'dc3d38ea1a8c40bab7714c09f036e4f6', 'user_domain_id': 'default', 'system_scope': 'all', 'project_id': None, 'project_domain_id': None, 'roles': ['admin', 'manager', 'member', 'reader'], 'is_admin_project': True, 'service_user_id': None, 'service_user_domain_id': None, 'service_project_id': None, 'service_project_domain_id': None, 'service_roles': []} {{(pid=46343) fill_context /opt/stack/keystone/keystone/server/flask/request_processing/middleware/auth_context.py:480}}
Dec 05 16:48:02 user devstack@keystone.service[46343]: DEBUG keystone.server.flask.request_processing.req_logging [None req-7dec8e65-6025-4688-8abe-d774c5d2474b None admin] REQUEST_METHOD: `GET` {{(pid=46343) log_request_info /opt/stack/keystone/keystone/server/flask/request_processing/req_logging.py:27}}
Dec 05 16:48:02 user devstack@keystone.service[46343]: DEBUG keystone.server.flask.request_processing.req_logging [None req-7dec8e65-6025-4688-8abe-d774c5d2474b None admin] SCRIPT_NAME: `/identity` {{(pid=46343) log_request_info /opt/stack/keystone/keystone/server/flask/request_processing/req_logging.py:28}}
Dec 05 16:48:02 user devstack@keystone.service[46343]: DEBUG keystone.server.flask.request_processing.req_logging [None req-7dec8e65-6025-4688-8abe-d774c5d2474b None admin] PATH_INFO: `/v3/users/4209e5b143d44098b0a8614e247fcf45` {{(pid=46343) log_request_info /opt/stack/keystone/keystone/server/flask/request_processing/req_logging.py:29}}
Dec 05 16:48:02 user devstack@keystone.service[46343]: DEBUG keystone.common.rbac_enforcer.enforcer [None req-7dec8e65-6025-4688-8abe-d774c5d2474b None admin] RBAC: Authorizing `identity:get_user(user_id=4209e5b143d44098b0a8614e247fcf45)` {{(pid=46343) enforce_call /opt/stack/keystone/keystone/common/rbac_enforcer/enforcer.py:449}}
Dec 05 16:48:02 user devstack@keystone.service[46343]: DEBUG keystone.common.rbac_enforcer.enforcer [None req-7dec8e65-6025-4688-8abe-d774c5d2474b None admin] RBAC: Authorization granted {{(pid=46343) enforce_call /opt/stack/keystone/keystone/common/rbac_enforcer/enforcer.py:457}}
Dec 05 16:48:02 user devstack@keystone.service[46343]: [pid: 46343|app: 0|req: 28/81] 10.0.0.210 () {56 vars in 1172 bytes} [Tue Dec 5 16:48:02 2023] GET /identity/v3/users/4209e5b143d44098b0a8614e247fcf45 => generated 274 bytes in 163 msecs (HTTP/1.1 200) 5 headers in 177 bytes (1 switches on core 0)
Dec 05 16:48:02 user devstack@keystone.service[46343]: DEBUG keystone.server.flask.request_processing.middleware.auth_context [None req-7dec8e65-6025-4688-8abe-d774c5d2474b None admin] Authenticating user token {{(pid=46343) process_request /opt/stack/data/venv/lib/python3.10/site-packages/keystonemiddleware/auth_token/__init__.py:406}}
Dec 05 16:48:02 user devstack@keystone.service[46344]: DEBUG keystone.server.flask.request_processing.middleware.auth_context [None req-a20d3119-82ab-474d-b6f9-d846854918ae None admin] Validating token access rules against request {{(pid=46344) validate_allowed_request /opt/stack/data/venv/lib/python3.10/site-packages/keystonemiddleware/auth_token/__init__.py:544}}
Dec 05 16:48:02 user devstack@keystone.service[46344]: DEBUG keystone.server.flask.request_processing.middleware.auth_context [None req-b9b79bdb-ae7e-42b7-ad49-839f436cd20e None admin] RBAC: auth_context: {'token': , 'domain_id': None, 'trust_id': None, 'trustor_id': None, 'trustee_id': None, 'domain_name': None, 'group_ids': [], 'user_id': 'dc3d38ea1a8c40bab7714c09f036e4f6', 'user_domain_id': 'default', 'system_scope': 'all', 'project_id': None, 'project_domain_id': None, 'roles': ['admin', 'manager', 'member', 'reader'], 'is_admin_project': True, 'service_user_id': None, 'service_user_domain_id': None, 'service_project_id': None, 'service_project_domain_id': None, 'service_roles': []} {{(pid=46344) fill_context /opt/stack/keystone/keystone/server/flask/request_processing/middleware/auth_context.py:480}}
Dec 05 16:48:02 user devstack@keystone.service[46344]: DEBUG keystone.server.flask.request_processing.req_logging [None req-b9b79bdb-ae7e-42b7-ad49-839f436cd20e None admin] REQUEST_METHOD: `POST` {{(pid=46344) log_request_info /opt/stack/keystone/keystone/server/flask/request_processing/req_logging.py:27}}
Dec 05 16:48:02 user devstack@keystone.service[46344]: DEBUG keystone.server.flask.request_processing.req_logging [None req-b9b79bdb-ae7e-42b7-ad49-839f436cd20e None admin] SCRIPT_NAME: `/identity` {{(pid=46344) log_request_info /opt/stack/keystone/keystone/server/flask/request_processing/req_logging.py:28}}
Dec 05 16:48:02 user devstack@keystone.service[46344]: DEBUG keystone.server.flask.request_processing.req_logging [None req-b9b79bdb-ae7e-42b7-ad49-839f436cd20e None admin] PATH_INFO: `/v3/users` {{(pid=46344) log_request_info /opt/stack/keystone/keystone/server/flask/request_processing/req_logging.py:29}}
Dec 05 16:48:02 user devstack@keystone.service[46344]: DEBUG keystone.common.rbac_enforcer.enforcer [None req-b9b79bdb-ae7e-42b7-ad49-839f436cd20e None admin] RBAC: Authorizing `identity:create_user()` {{(pid=46344) enforce_call /opt/stack/keystone/keystone/common/rbac_enforcer/enforcer.py:449}}
Dec 05 16:48:02 user devstack@keystone.service[46344]: DEBUG keystone.common.rbac_enforcer.enforcer [None req-b9b79bdb-ae7e-42b7-ad49-839f436cd20e None admin] RBAC: Authorization granted {{(pid=46344) enforce_call /opt/stack/keystone/keystone/common/rbac_enforcer/enforcer.py:457}}
Dec 05 16:48:02 user devstack@keystone.service[46344]: WARNING keystone.common.password_hashing [None req-b9b79bdb-ae7e-42b7-ad49-839f436cd20e None admin] Truncating password to algorithm specific maximum length 72 characters.
Dec 05 16:48:02 user devstack@keystone.service[46344]: [pid: 46344|app: 0|req: 25/82] 10.0.0.210 () {60 vars in 1127 bytes} [Tue Dec 5 16:48:02 2023] POST /identity/v3/users => generated 288 bytes in 153 msecs (HTTP/1.1 201) 5 headers in 182 bytes (1 switches on core 0)
Dec 05 16:48:02 user devstack@keystone.service[46344]: DEBUG keystone.server.flask.request_processing.middleware.auth_context [None req-b9b79bdb-ae7e-42b7-ad49-839f436cd20e None admin] Authenticating user token {{(pid=46344) process_request /opt/stack/data/venv/lib/python3.10/site-packages/keystonemiddleware/auth_token/__init__.py:406}}
Dec 05 16:48:02 user devstack@keystone.service[46343]: DEBUG keystone.server.flask.request_processing.middleware.auth_context [None req-7dec8e65-6025-4688-8abe-d774c5d2474b None admin] Validating token access rules against request {{(pid=46343) validate_allowed_request /opt/stack/data/venv/lib/python3.10/site-packages/keystonemiddleware/auth_token/__init__.py:544}}
Dec 05 16:48:02 user devstack@keystone.service[46343]: DEBUG keystone.server.flask.request_processing.middleware.auth_context [None req-bb535ed2-4fe3-4f4c-ad43-eda230f80a03 None admin] RBAC: auth_context: {'token': , 'domain_id': None, 'trust_id': None, 'trustor_id': None, 'trustee_id': None, 'domain_name': None, 'group_ids': [], 'user_id': 'dc3d38ea1a8c40bab7714c09f036e4f6', 'user_domain_id': 'default', 'system_scope': 'all', 'project_id': None, 'project_domain_id': None, 'roles': ['admin', 'manager', 'member', 'reader'], 'is_admin_project': True, 'service_user_id': None, 'service_user_domain_id': None, 'service_project_id': None, 'service_project_domain_id': None, 'service_roles': []} {{(pid=46343) fill_context /opt/stack/keystone/keystone/server/flask/request_processing/middleware/auth_context.py:480}}
Dec 05 16:48:02 user devstack@keystone.service[46343]: DEBUG keystone.server.flask.request_processing.req_logging [None req-bb535ed2-4fe3-4f4c-ad43-eda230f80a03 None admin] REQUEST_METHOD: `GET` {{(pid=46343) log_request_info /opt/stack/keystone/keystone/server/flask/request_processing/req_logging.py:27}}
Dec 05 16:48:02 user devstack@keystone.service[46343]: DEBUG keystone.server.flask.request_processing.req_logging [None req-bb535ed2-4fe3-4f4c-ad43-eda230f80a03 None admin] SCRIPT_NAME: `/identity` {{(pid=46343) log_request_info /opt/stack/keystone/keystone/server/flask/request_processing/req_logging.py:28}}
Dec 05 16:48:02 user devstack@keystone.service[46343]: DEBUG keystone.server.flask.request_processing.req_logging [None req-bb535ed2-4fe3-4f4c-ad43-eda230f80a03 None admin] PATH_INFO: `/v3/users/4209e5b143d44098b0a8614e247fcf45` {{(pid=46343) log_request_info /opt/stack/keystone/keystone/server/flask/request_processing/req_logging.py:29}}
Dec 05 16:48:02 user devstack@keystone.service[46343]: DEBUG keystone.common.rbac_enforcer.enforcer [None req-bb535ed2-4fe3-4f4c-ad43-eda230f80a03 None admin] RBAC: Authorizing `identity:get_user(user_id=4209e5b143d44098b0a8614e247fcf45)` {{(pid=46343) enforce_call /opt/stack/keystone/keystone/common/rbac_enforcer/enforcer.py:449}}
Dec 05 16:48:02 user devstack@keystone.service[46343]: DEBUG keystone.common.rbac_enforcer.enforcer [None req-bb535ed2-4fe3-4f4c-ad43-eda230f80a03 None admin] RBAC: Authorization granted {{(pid=46343) enforce_call /opt/stack/keystone/keystone/common/rbac_enforcer/enforcer.py:457}}
Dec 05 16:48:02 user devstack@keystone.service[46344]: DEBUG keystone.server.flask.request_processing.middleware.auth_context [None req-b9b79bdb-ae7e-42b7-ad49-839f436cd20e None admin] Validating token access rules against request {{(pid=46344) validate_allowed_request /opt/stack/data/venv/lib/python3.10/site-packages/keystonemiddleware/auth_token/__init__.py:544}}
Dec 05 16:48:02 user devstack@keystone.service[46343]: [pid: 46343|app: 0|req: 29/83] 10.0.0.210 () {56 vars in 1172 bytes} [Tue Dec 5 16:48:02 2023] GET /identity/v3/users/4209e5b143d44098b0a8614e247fcf45 => generated 274 bytes in 186 msecs (HTTP/1.1 200) 5 headers in 177 bytes (1 switches on core 0)
Dec 05 16:48:02 user devstack@keystone.service[46343]: DEBUG keystone.server.flask.request_processing.middleware.auth_context [None req-bb535ed2-4fe3-4f4c-ad43-eda230f80a03 None admin] Authenticating user token {{(pid=46343) process_request /opt/stack/data/venv/lib/python3.10/site-packages/keystonemiddleware/auth_token/__init__.py:406}}
Dec 05 16:48:02 user devstack@keystone.service[46345]: DEBUG keystone.server.flask.request_processing.middleware.auth_context [None req-ecbdf94c-e7f4-490a-bc57-6d6f66b96770 None admin] Validating token access rules against request {{(pid=46345) validate_allowed_request /opt/stack/data/venv/lib/python3.10/site-packages/keystonemiddleware/auth_token/__init__.py:544}}
Dec 05 16:48:02 user devstack@keystone.service[46343]: DEBUG keystone.server.flask.request_processing.middleware.auth_context [None req-bb535ed2-4fe3-4f4c-ad43-eda230f80a03 None admin] Validating token access rules against request {{(pid=46343) validate_allowed_request /opt/stack/data/venv/lib/python3.10/site-packages/keystonemiddleware/auth_token/__init__.py:544}}
Dec 05 16:48:02 user devstack@keystone.service[46345]: DEBUG keystone.server.flask.request_processing.middleware.auth_context [None req-09792724-8ceb-42c0-bf20-56edde4385f1 None admin] RBAC: auth_context: {'token': , 'domain_id': None, 'trust_id': None, 'trustor_id': None, 'trustee_id': None, 'domain_name': None, 'group_ids': [], 'user_id': 'dc3d38ea1a8c40bab7714c09f036e4f6', 'user_domain_id': 'default', 'system_scope': 'all', 'project_id': None, 'project_domain_id': None, 'roles': ['admin', 'manager', 'member', 'reader'], 'is_admin_project': True, 'service_user_id': None, 'service_user_domain_id': None, 'service_project_id': None, 'service_project_domain_id': None, 'service_roles': []} {{(pid=46345) fill_context /opt/stack/keystone/keystone/server/flask/request_processing/middleware/auth_context.py:480}}
Dec 05 16:48:02 user devstack@keystone.service[46345]: DEBUG keystone.server.flask.request_processing.req_logging [None req-09792724-8ceb-42c0-bf20-56edde4385f1 None admin] REQUEST_METHOD: `PUT` {{(pid=46345) log_request_info /opt/stack/keystone/keystone/server/flask/request_processing/req_logging.py:27}}
Dec 05 16:48:02 user devstack@keystone.service[46345]: DEBUG keystone.server.flask.request_processing.req_logging [None req-09792724-8ceb-42c0-bf20-56edde4385f1 None admin] SCRIPT_NAME: `/identity` {{(pid=46345) log_request_info /opt/stack/keystone/keystone/server/flask/request_processing/req_logging.py:28}}
Dec 05 16:48:02 user devstack@keystone.service[46345]: DEBUG keystone.server.flask.request_processing.req_logging [None req-09792724-8ceb-42c0-bf20-56edde4385f1 None admin] PATH_INFO: `/v3/projects/d68caa1cd3b1445ca0a2811d4012a5e2/users/dc3d38ea1a8c40bab7714c09f036e4f6/roles/914b3091251c441f905e0de4775160fe` {{(pid=46345) log_request_info /opt/stack/keystone/keystone/server/flask/request_processing/req_logging.py:29}}
Dec 05 16:48:02 user devstack@keystone.service[46345]: DEBUG keystone.common.rbac_enforcer.enforcer [None req-09792724-8ceb-42c0-bf20-56edde4385f1 None admin] RBAC: Authorizing `identity:create_grant(project_id=d68caa1cd3b1445ca0a2811d4012a5e2, user_id=dc3d38ea1a8c40bab7714c09f036e4f6, role_id=914b3091251c441f905e0de4775160fe)` {{(pid=46345) enforce_call /opt/stack/keystone/keystone/common/rbac_enforcer/enforcer.py:449}}
Dec 05 16:48:02 user devstack@keystone.service[46345]: DEBUG keystone.common.rbac_enforcer.enforcer [None req-09792724-8ceb-42c0-bf20-56edde4385f1 None admin] RBAC: Authorization granted {{(pid=46345) enforce_call /opt/stack/keystone/keystone/common/rbac_enforcer/enforcer.py:457}}
Dec 05 16:48:02 user devstack@keystone.service[46343]: DEBUG keystone.server.flask.request_processing.middleware.auth_context [None req-2a96eb6e-77ab-4c05-8300-0d7d4d56971d None admin] RBAC: auth_context: {'token': , 'domain_id': None, 'trust_id': None, 'trustor_id': None, 'trustee_id': None, 'domain_name': None, 'group_ids': [], 'user_id': 'dc3d38ea1a8c40bab7714c09f036e4f6', 'user_domain_id': 'default', 'system_scope': 'all', 'project_id': None, 'project_domain_id': None, 'roles': ['admin', 'manager', 'member', 'reader'], 'is_admin_project': True, 'service_user_id': None, 'service_user_domain_id': None, 'service_project_id': None, 'service_project_domain_id': None, 'service_roles': []} {{(pid=46343) fill_context /opt/stack/keystone/keystone/server/flask/request_processing/middleware/auth_context.py:480}}
Dec 05 16:48:02 user devstack@keystone.service[46343]: DEBUG keystone.server.flask.request_processing.req_logging [None req-2a96eb6e-77ab-4c05-8300-0d7d4d56971d None admin] REQUEST_METHOD: `GET` {{(pid=46343) log_request_info /opt/stack/keystone/keystone/server/flask/request_processing/req_logging.py:27}}
Dec 05 16:48:02 user devstack@keystone.service[46343]: DEBUG keystone.server.flask.request_processing.req_logging [None req-2a96eb6e-77ab-4c05-8300-0d7d4d56971d None admin] SCRIPT_NAME: `/identity` {{(pid=46343) log_request_info /opt/stack/keystone/keystone/server/flask/request_processing/req_logging.py:28}}
Dec 05 16:48:02 user devstack@keystone.service[46343]: DEBUG keystone.server.flask.request_processing.req_logging [None req-2a96eb6e-77ab-4c05-8300-0d7d4d56971d None admin] PATH_INFO: `/v3/projects/3d9c61c0cea24395a7af55f55ba98d83` {{(pid=46343) log_request_info /opt/stack/keystone/keystone/server/flask/request_processing/req_logging.py:29}}
Dec 05 16:48:02 user devstack@keystone.service[46345]: [pid: 46345|app: 0|req: 30/84] 10.0.0.210 () {58 vars in 1434 bytes} [Tue Dec 5 16:48:02 2023] PUT /identity/v3/projects/d68caa1cd3b1445ca0a2811d4012a5e2/users/dc3d38ea1a8c40bab7714c09f036e4f6/roles/914b3091251c441f905e0de4775160fe => generated 0 bytes in 375 msecs (HTTP/1.1 204) 3 headers in 132 bytes (0 switches on core 0)
Dec 05 16:48:02 user devstack@keystone.service[46343]: DEBUG keystone.common.rbac_enforcer.enforcer [None req-2a96eb6e-77ab-4c05-8300-0d7d4d56971d None admin] RBAC: Authorizing `identity:get_project(project_id=3d9c61c0cea24395a7af55f55ba98d83)` {{(pid=46343) enforce_call /opt/stack/keystone/keystone/common/rbac_enforcer/enforcer.py:449}}
Dec 05 16:48:02 user devstack@keystone.service[46343]: DEBUG keystone.common.rbac_enforcer.enforcer [None req-2a96eb6e-77ab-4c05-8300-0d7d4d56971d None admin] RBAC: Authorization granted {{(pid=46343) enforce_call /opt/stack/keystone/keystone/common/rbac_enforcer/enforcer.py:457}}
Dec 05 16:48:02 user devstack@keystone.service[46343]: [pid: 46343|app: 0|req: 30/85] 10.0.0.210 () {56 vars in 1181 bytes} [Tue Dec 5 16:48:02 2023] GET /identity/v3/projects/3d9c61c0cea24395a7af55f55ba98d83 => generated 311 bytes in 149 msecs (HTTP/1.1 200) 5 headers in 177 bytes (2 switches on core 0)
Dec 05 16:48:02 user devstack@keystone.service[46345]: DEBUG keystone.server.flask.request_processing.middleware.auth_context [None req-09792724-8ceb-42c0-bf20-56edde4385f1 None admin] Authenticating user token {{(pid=46345) process_request /opt/stack/data/venv/lib/python3.10/site-packages/keystonemiddleware/auth_token/__init__.py:406}}
Dec 05 16:48:02 user devstack@keystone.service[46344]: DEBUG keystone.server.flask.request_processing.middleware.auth_context [None req-3f943e63-3c1d-40fa-8311-95fa30a44e57 None admin] RBAC: auth_context: {'token': , 'domain_id': None, 'trust_id': None, 'trustor_id': None, 'trustee_id': None, 'domain_name': None, 'group_ids': [], 'user_id': 'dc3d38ea1a8c40bab7714c09f036e4f6', 'user_domain_id': 'default', 'system_scope': 'all', 'project_id': None, 'project_domain_id': None, 'roles': ['admin', 'manager', 'member', 'reader'], 'is_admin_project': True, 'service_user_id': None, 'service_user_domain_id': None, 'service_project_id': None, 'service_project_domain_id': None, 'service_roles': []} {{(pid=46344) fill_context /opt/stack/keystone/keystone/server/flask/request_processing/middleware/auth_context.py:480}}
Dec 05 16:48:02 user devstack@keystone.service[46344]: DEBUG keystone.server.flask.request_processing.req_logging [None req-3f943e63-3c1d-40fa-8311-95fa30a44e57 None admin] REQUEST_METHOD: `GET` {{(pid=46344) log_request_info /opt/stack/keystone/keystone/server/flask/request_processing/req_logging.py:27}}
Dec 05 16:48:02 user devstack@keystone.service[46344]: DEBUG keystone.server.flask.request_processing.req_logging [None req-3f943e63-3c1d-40fa-8311-95fa30a44e57 None admin] SCRIPT_NAME: `/identity` {{(pid=46344) log_request_info /opt/stack/keystone/keystone/server/flask/request_processing/req_logging.py:28}}
Dec 05 16:48:02 user devstack@keystone.service[46344]: DEBUG keystone.server.flask.request_processing.req_logging [None req-3f943e63-3c1d-40fa-8311-95fa30a44e57 None admin] PATH_INFO: `/v3/projects/d68caa1cd3b1445ca0a2811d4012a5e2` {{(pid=46344) log_request_info /opt/stack/keystone/keystone/server/flask/request_processing/req_logging.py:29}}
Dec 05 16:48:02 user devstack@keystone.service[46344]: DEBUG keystone.common.rbac_enforcer.enforcer [None req-3f943e63-3c1d-40fa-8311-95fa30a44e57 None admin] RBAC: Authorizing `identity:get_project(project_id=d68caa1cd3b1445ca0a2811d4012a5e2)` {{(pid=46344) enforce_call /opt/stack/keystone/keystone/common/rbac_enforcer/enforcer.py:449}}
Dec 05 16:48:02 user devstack@keystone.service[46344]: DEBUG keystone.common.rbac_enforcer.enforcer [None req-3f943e63-3c1d-40fa-8311-95fa30a44e57 None admin] RBAC: Authorization granted {{(pid=46344) enforce_call /opt/stack/keystone/keystone/common/rbac_enforcer/enforcer.py:457}}
