Nov 03 13:48:45 user devstack@c-api.service[75417]: [pid: 75417|app: 0|req: 135/389] 10.0.0.210 () {64 vars in 1353 bytes} [Fri Nov 3 13:48:45 2023] GET /volume/v3/9966a33afc02407b8a018996afd28e83/volumes/detail => generated 1957 bytes in 113 msecs (HTTP/1.1 200) 7 headers in 287 bytes (1 switches on core 0)
Nov 03 13:48:45 user devstack@c-api.service[75415]: DEBUG cinder.api.middleware.request_id [None req-e3e024d2-bd34-465a-92cc-1ea074ccfe60 None None] RequestId filter calling following filter/app {{(pid=75415) _context_setter /opt/stack/cinder/cinder/api/middleware/request_id.py:62}}
Nov 03 13:48:45 user devstack@c-api.service[75415]: INFO cinder.api.openstack.wsgi [None req-e3e024d2-bd34-465a-92cc-1ea074ccfe60 tempest-GroupSnapshotsTest-747581478 tempest-GroupSnapshotsTest-747581478-project-member] GET http://10.0.0.210/volume/v3/9966a33afc02407b8a018996afd28e83/volumes/448c4d9e-bce3-4300-864f-4c42e3f53789
Nov 03 13:48:45 user devstack@c-api.service[75415]: DEBUG cinder.api.openstack.wsgi [None req-e3e024d2-bd34-465a-92cc-1ea074ccfe60 tempest-GroupSnapshotsTest-747581478 tempest-GroupSnapshotsTest-747581478-project-member] Empty body provided in request {{(pid=75415) get_body /opt/stack/cinder/cinder/api/openstack/wsgi.py:715}}
Nov 03 13:48:45 user devstack@c-api.service[75415]: DEBUG cinder.api.openstack.wsgi [None req-e3e024d2-bd34-465a-92cc-1ea074ccfe60 tempest-GroupSnapshotsTest-747581478 tempest-GroupSnapshotsTest-747581478-project-member] Calling method 'show' {{(pid=75415) _process_stack /opt/stack/cinder/cinder/api/openstack/wsgi.py:868}}
Nov 03 13:48:45 user devstack@c-api.service[75415]: /opt/stack/data/venv/lib/python3.10/site-packages/oslo_context/context.py:100: DeprecationWarning: Policy enforcement is depending on the value of is_admin. This key is deprecated. Please update your policy file to use the standard policy values.
Nov 03 13:48:45 user devstack@c-api.service[75415]: warnings.warn('Policy enforcement is depending on the value of '
Nov 03 13:48:45 user devstack@c-api.service[75415]: INFO cinder.volume.api [None req-e3e024d2-bd34-465a-92cc-1ea074ccfe60 tempest-GroupSnapshotsTest-747581478 tempest-GroupSnapshotsTest-747581478-project-member] Volume info retrieved successfully.
Nov 03 13:48:45 user devstack@c-api.service[75415]: WARNING stevedore.named [None req-e3e024d2-bd34-465a-92cc-1ea074ccfe60 tempest-GroupSnapshotsTest-747581478 tempest-GroupSnapshotsTest-747581478-project-member] Could not load cinder.keymgr.conf_key_mgr.ConfKeyManager
Nov 03 13:48:45 user devstack@c-api.service[75415]: WARNING castellan.key_manager [None req-e3e024d2-bd34-465a-92cc-1ea074ccfe60 tempest-GroupSnapshotsTest-747581478 tempest-GroupSnapshotsTest-747581478-project-member] Deprecation Warning : cinder.keymgr.conf_key_mgr.ConfKeyManager is not a stevedore based driver, trying to load it as a class: stevedore.exception.NoMatches: No 'castellan.drivers' driver found, looking for 'cinder.keymgr.conf_key_mgr.ConfKeyManager'
Nov 03 13:48:45 user devstack@c-api.service[75415]: DEBUG oslo_db.sqlalchemy.engines [None req-e3e024d2-bd34-465a-92cc-1ea074ccfe60 tempest-GroupSnapshotsTest-747581478 tempest-GroupSnapshotsTest-747581478-project-member] MySQL server mode set to STRICT_TRANS_TABLES,STRICT_ALL_TABLES,NO_ZERO_IN_DATE,NO_ZERO_DATE,ERROR_FOR_DIVISION_BY_ZERO,TRADITIONAL,NO_ENGINE_SUBSTITUTION {{(pid=75415) _check_effective_sql_mode /opt/stack/data/venv/lib/python3.10/site-packages/oslo_db/sqlalchemy/engines.py:342}}
Nov 03 13:48:45 user devstack@c-api.service[75415]: /opt/stack/data/venv/lib/python3.10/site-packages/oslo_context/context.py:100: DeprecationWarning: Policy enforcement is depending on the value of is_admin. This key is deprecated. Please update your policy file to use the standard policy values.
Nov 03 13:48:45 user devstack@c-api.service[75415]: warnings.warn('Policy enforcement is depending on the value of '
Nov 03 13:48:45 user devstack@c-api.service[75417]: DEBUG cinder.api.middleware.request_id [None req-499be872-4b3b-44b2-a535-2ad4463afbd8 None None] RequestId filter calling following filter/app {{(pid=75417) _context_setter /opt/stack/cinder/cinder/api/middleware/request_id.py:62}}
Nov 03 13:48:45 user devstack@c-api.service[75415]: INFO cinder.api.openstack.wsgi [None req-e3e024d2-bd34-465a-92cc-1ea074ccfe60 tempest-GroupSnapshotsTest-747581478 tempest-GroupSnapshotsTest-747581478-project-member] http://10.0.0.210/volume/v3/9966a33afc02407b8a018996afd28e83/volumes/448c4d9e-bce3-4300-864f-4c42e3f53789 returned with HTTP 200
Nov 03 13:48:45 user devstack@c-api.service[75415]: [pid: 75415|app: 0|req: 131/390] 10.0.0.210 () {64 vars in 1443 bytes} [Fri Nov 3 13:48:45 2023] GET /volume/v3/9966a33afc02407b8a018996afd28e83/volumes/448c4d9e-bce3-4300-864f-4c42e3f53789 => generated 987 bytes in 90 msecs (HTTP/1.1 200) 7 headers in 286 bytes (1 switches on core 0)
Nov 03 13:48:45 user devstack@c-api.service[75417]: INFO cinder.api.openstack.wsgi [None req-499be872-4b3b-44b2-a535-2ad4463afbd8 tempest-VolumesTransfersTest-126087343 tempest-VolumesTransfersTest-126087343-project-member] GET http://10.0.0.210/volume/v3/12f70dd45ef943b8972a386e2d7535c9/volumes/49a2d65e-7761-4ada-9a0b-f0527f98b627
Nov 03 13:48:45 user devstack@c-api.service[75417]: DEBUG cinder.api.openstack.wsgi [None req-499be872-4b3b-44b2-a535-2ad4463afbd8 tempest-VolumesTransfersTest-126087343 tempest-VolumesTransfersTest-126087343-project-member] Empty body provided in request {{(pid=75417) get_body /opt/stack/cinder/cinder/api/openstack/wsgi.py:715}}
Nov 03 13:48:45 user devstack@c-api.service[75417]: DEBUG cinder.api.openstack.wsgi [None req-499be872-4b3b-44b2-a535-2ad4463afbd8 tempest-VolumesTransfersTest-126087343 tempest-VolumesTransfersTest-126087343-project-member] Calling method 'show' {{(pid=75417) _process_stack /opt/stack/cinder/cinder/api/openstack/wsgi.py:868}}
Nov 03 13:48:45 user devstack@c-api.service[75417]: /opt/stack/data/venv/lib/python3.10/site-packages/oslo_context/context.py:100: DeprecationWarning: Policy enforcement is depending on the value of is_admin. This key is deprecated. Please update your policy file to use the standard policy values.
Nov 03 13:48:45 user devstack@c-api.service[75417]: warnings.warn('Policy enforcement is depending on the value of '
Nov 03 13:48:45 user devstack@c-api.service[75417]: INFO cinder.volume.api [None req-499be872-4b3b-44b2-a535-2ad4463afbd8 tempest-VolumesTransfersTest-126087343 tempest-VolumesTransfersTest-126087343-project-member] Volume info retrieved successfully.
Nov 03 13:48:45 user devstack@c-api.service[75417]: INFO cinder.api.openstack.wsgi [None req-499be872-4b3b-44b2-a535-2ad4463afbd8 tempest-VolumesTransfersTest-126087343 tempest-VolumesTransfersTest-126087343-project-member] http://10.0.0.210/volume/v3/12f70dd45ef943b8972a386e2d7535c9/volumes/49a2d65e-7761-4ada-9a0b-f0527f98b627 returned with HTTP 200
Nov 03 13:48:45 user devstack@c-api.service[75417]: [pid: 75417|app: 0|req: 136/391] 10.0.0.210 () {62 vars in 1402 bytes} [Fri Nov 3 13:48:45 2023] GET /volume/v3/12f70dd45ef943b8972a386e2d7535c9/volumes/49a2d65e-7761-4ada-9a0b-f0527f98b627 => generated 910 bytes in 46 msecs (HTTP/1.1 200) 7 headers in 285 bytes (1 switches on core 0)
Nov 03 13:48:46 user devstack@c-api.service[75415]: DEBUG cinder.api.middleware.request_id [None req-50e8ad4e-061f-4b1f-bdac-21a6bd7be945 None None] RequestId filter calling following filter/app {{(pid=75415) _context_setter /opt/stack/cinder/cinder/api/middleware/request_id.py:62}}
Nov 03 13:48:46 user devstack@c-api.service[75415]: INFO cinder.api.openstack.wsgi [None req-50e8ad4e-061f-4b1f-bdac-21a6bd7be945 tempest-GroupSnapshotsTest-747581478 tempest-GroupSnapshotsTest-747581478-project-member] GET http://10.0.0.210/volume/v3/9966a33afc02407b8a018996afd28e83/volumes/448c4d9e-bce3-4300-864f-4c42e3f53789
Nov 03 13:48:46 user devstack@c-api.service[75415]: DEBUG cinder.api.openstack.wsgi [None req-50e8ad4e-061f-4b1f-bdac-21a6bd7be945 tempest-GroupSnapshotsTest-747581478 tempest-GroupSnapshotsTest-747581478-project-member] Empty body provided in request {{(pid=75415) get_body /opt/stack/cinder/cinder/api/openstack/wsgi.py:715}}
Nov 03 13:48:46 user devstack@c-api.service[75415]: DEBUG cinder.api.openstack.wsgi [None req-50e8ad4e-061f-4b1f-bdac-21a6bd7be945 tempest-GroupSnapshotsTest-747581478 tempest-GroupSnapshotsTest-747581478-project-member] Calling method 'show' {{(pid=75415) _process_stack /opt/stack/cinder/cinder/api/openstack/wsgi.py:868}}
Nov 03 13:48:46 user devstack@c-api.service[75415]: /opt/stack/data/venv/lib/python3.10/site-packages/oslo_context/context.py:100: DeprecationWarning: Policy enforcement is depending on the value of is_admin. This key is deprecated. Please update your policy file to use the standard policy values.
Nov 03 13:48:46 user devstack@c-api.service[75415]: warnings.warn('Policy enforcement is depending on the value of '
Nov 03 13:48:46 user devstack@c-api.service[75415]: INFO cinder.volume.api [None req-50e8ad4e-061f-4b1f-bdac-21a6bd7be945 tempest-GroupSnapshotsTest-747581478 tempest-GroupSnapshotsTest-747581478-project-member] Volume info retrieved successfully.
Nov 03 13:48:46 user devstack@c-api.service[75415]: WARNING stevedore.named [None req-50e8ad4e-061f-4b1f-bdac-21a6bd7be945 tempest-GroupSnapshotsTest-747581478 tempest-GroupSnapshotsTest-747581478-project-member] Could not load cinder.keymgr.conf_key_mgr.ConfKeyManager
Nov 03 13:48:46 user devstack@c-api.service[75415]: WARNING castellan.key_manager [None req-50e8ad4e-061f-4b1f-bdac-21a6bd7be945 tempest-GroupSnapshotsTest-747581478 tempest-GroupSnapshotsTest-747581478-project-member] Deprecation Warning : cinder.keymgr.conf_key_mgr.ConfKeyManager is not a stevedore based driver, trying to load it as a class: stevedore.exception.NoMatches: No 'castellan.drivers' driver found, looking for 'cinder.keymgr.conf_key_mgr.ConfKeyManager'
Nov 03 13:48:46 user devstack@c-api.service[75417]: DEBUG cinder.api.middleware.request_id [None req-990954d6-d39c-4b87-8dc0-f2f29cd92de2 None None] RequestId filter calling following filter/app {{(pid=75417) _context_setter /opt/stack/cinder/cinder/api/middleware/request_id.py:62}}
Nov 03 13:48:46 user devstack@c-api.service[75417]: INFO cinder.api.openstack.wsgi [None req-990954d6-d39c-4b87-8dc0-f2f29cd92de2 tempest-VolumesTransfersTest-126087343 tempest-VolumesTransfersTest-126087343-project-member] GET http://10.0.0.210/volume/v3/12f70dd45ef943b8972a386e2d7535c9/volumes/49a2d65e-7761-4ada-9a0b-f0527f98b627
Nov 03 13:48:46 user devstack@c-api.service[75417]: DEBUG cinder.api.openstack.wsgi [None req-990954d6-d39c-4b87-8dc0-f2f29cd92de2 tempest-VolumesTransfersTest-126087343 tempest-VolumesTransfersTest-126087343-project-member] Empty body provided in request {{(pid=75417) get_body /opt/stack/cinder/cinder/api/openstack/wsgi.py:715}}
Nov 03 13:48:46 user devstack@c-api.service[75417]: DEBUG cinder.api.openstack.wsgi [None req-990954d6-d39c-4b87-8dc0-f2f29cd92de2 tempest-VolumesTransfersTest-126087343 tempest-VolumesTransfersTest-126087343-project-member] Calling method 'show' {{(pid=75417) _process_stack /opt/stack/cinder/cinder/api/openstack/wsgi.py:868}}
Nov 03 13:48:46 user devstack@c-api.service[75415]: DEBUG oslo_db.sqlalchemy.engines [None req-50e8ad4e-061f-4b1f-bdac-21a6bd7be945 tempest-GroupSnapshotsTest-747581478 tempest-GroupSnapshotsTest-747581478-project-member] MySQL server mode set to STRICT_TRANS_TABLES,STRICT_ALL_TABLES,NO_ZERO_IN_DATE,NO_ZERO_DATE,ERROR_FOR_DIVISION_BY_ZERO,TRADITIONAL,NO_ENGINE_SUBSTITUTION {{(pid=75415) _check_effective_sql_mode /opt/stack/data/venv/lib/python3.10/site-packages/oslo_db/sqlalchemy/engines.py:342}}
Nov 03 13:48:46 user devstack@c-api.service[75417]: /opt/stack/data/venv/lib/python3.10/site-packages/oslo_context/context.py:100: DeprecationWarning: Policy enforcement is depending on the value of is_admin. This key is deprecated. Please update your policy file to use the standard policy values.
Nov 03 13:48:46 user devstack@c-api.service[75417]: warnings.warn('Policy enforcement is depending on the value of '
Nov 03 13:48:46 user devstack@c-api.service[75415]: /opt/stack/data/venv/lib/python3.10/site-packages/oslo_context/context.py:100: DeprecationWarning: Policy enforcement is depending on the value of is_admin. This key is deprecated. Please update your policy file to use the standard policy values.
Nov 03 13:48:46 user devstack@c-api.service[75415]: warnings.warn('Policy enforcement is depending on the value of '
Nov 03 13:48:46 user devstack@c-api.service[75417]: INFO cinder.volume.api [None req-990954d6-d39c-4b87-8dc0-f2f29cd92de2 tempest-VolumesTransfersTest-126087343 tempest-VolumesTransfersTest-126087343-project-member] Volume info retrieved successfully.
Nov 03 13:48:46 user devstack@c-api.service[75417]: INFO cinder.api.openstack.wsgi [None req-990954d6-d39c-4b87-8dc0-f2f29cd92de2 tempest-VolumesTransfersTest-126087343 tempest-VolumesTransfersTest-126087343-project-member] http://10.0.0.210/volume/v3/12f70dd45ef943b8972a386e2d7535c9/volumes/49a2d65e-7761-4ada-9a0b-f0527f98b627 returned with HTTP 200
Nov 03 13:48:46 user devstack@c-api.service[75417]: [pid: 75417|app: 0|req: 137/392] 10.0.0.210 () {62 vars in 1402 bytes} [Fri Nov 3 13:48:46 2023] GET /volume/v3/12f70dd45ef943b8972a386e2d7535c9/volumes/49a2d65e-7761-4ada-9a0b-f0527f98b627 => generated 910 bytes in 37 msecs (HTTP/1.1 200) 7 headers in 285 bytes (1 switches on core 0)
Nov 03 13:48:46 user devstack@c-api.service[75415]: INFO cinder.api.openstack.wsgi [None req-50e8ad4e-061f-4b1f-bdac-21a6bd7be945 tempest-GroupSnapshotsTest-747581478 tempest-GroupSnapshotsTest-747581478-project-member] http://10.0.0.210/volume/v3/9966a33afc02407b8a018996afd28e83/volumes/448c4d9e-bce3-4300-864f-4c42e3f53789 returned with HTTP 200
Nov 03 13:48:46 user devstack@c-api.service[75415]: [pid: 75415|app: 0|req: 132/393] 10.0.0.210 () {64 vars in 1443 bytes} [Fri Nov 3 13:48:46 2023] GET /volume/v3/9966a33afc02407b8a018996afd28e83/volumes/448c4d9e-bce3-4300-864f-4c42e3f53789 => generated 987 bytes in 82 msecs (HTTP/1.1 200) 7 headers in 286 bytes (1 switches on core 0)
Nov 03 13:48:47 user devstack@c-api.service[75417]: DEBUG cinder.api.middleware.request_id [None req-ae5cabbb-3894-4b6f-b86d-4df4cf351771 None None] RequestId filter calling following filter/app {{(pid=75417) _context_setter /opt/stack/cinder/cinder/api/middleware/request_id.py:62}}
Nov 03 13:48:47 user devstack@c-api.service[75417]: INFO cinder.api.openstack.wsgi [None req-ae5cabbb-3894-4b6f-b86d-4df4cf351771 tempest-VolumesTransfersTest-126087343 tempest-VolumesTransfersTest-126087343-project-member] GET http://10.0.0.210/volume/v3/12f70dd45ef943b8972a386e2d7535c9/volumes/49a2d65e-7761-4ada-9a0b-f0527f98b627
Nov 03 13:48:47 user devstack@c-api.service[75417]: DEBUG cinder.api.openstack.wsgi [None req-ae5cabbb-3894-4b6f-b86d-4df4cf351771 tempest-VolumesTransfersTest-126087343 tempest-VolumesTransfersTest-126087343-project-member] Empty body provided in request {{(pid=75417) get_body /opt/stack/cinder/cinder/api/openstack/wsgi.py:715}}
Nov 03 13:48:47 user devstack@c-api.service[75417]: DEBUG cinder.api.openstack.wsgi [None req-ae5cabbb-3894-4b6f-b86d-4df4cf351771 tempest-VolumesTransfersTest-126087343 tempest-VolumesTransfersTest-126087343-project-member] Calling method 'show' {{(pid=75417) _process_stack /opt/stack/cinder/cinder/api/openstack/wsgi.py:868}}
Nov 03 13:48:47 user devstack@c-api.service[75415]: DEBUG cinder.api.middleware.request_id [None req-70e750da-aa79-4054-9fd3-548023f7e0c4 None None] RequestId filter calling following filter/app {{(pid=75415) _context_setter /opt/stack/cinder/cinder/api/middleware/request_id.py:62}}
Nov 03 13:48:47 user devstack@c-api.service[75415]: INFO cinder.api.openstack.wsgi [None req-70e750da-aa79-4054-9fd3-548023f7e0c4 tempest-GroupSnapshotsTest-747581478 tempest-GroupSnapshotsTest-747581478-project-member] GET http://10.0.0.210/volume/v3/9966a33afc02407b8a018996afd28e83/volumes/448c4d9e-bce3-4300-864f-4c42e3f53789
Nov 03 13:48:47 user devstack@c-api.service[75415]: DEBUG cinder.api.openstack.wsgi [None req-70e750da-aa79-4054-9fd3-548023f7e0c4 tempest-GroupSnapshotsTest-747581478 tempest-GroupSnapshotsTest-747581478-project-member] Empty body provided in request {{(pid=75415) get_body /opt/stack/cinder/cinder/api/openstack/wsgi.py:715}}
Nov 03 13:48:47 user devstack@c-api.service[75415]: DEBUG cinder.api.openstack.wsgi [None req-70e750da-aa79-4054-9fd3-548023f7e0c4 tempest-GroupSnapshotsTest-747581478 tempest-GroupSnapshotsTest-747581478-project-member] Calling method 'show' {{(pid=75415) _process_stack /opt/stack/cinder/cinder/api/openstack/wsgi.py:868}}
Nov 03 13:48:47 user devstack@c-api.service[75417]: /opt/stack/data/venv/lib/python3.10/site-packages/oslo_context/context.py:100: DeprecationWarning: Policy enforcement is depending on the value of is_admin. This key is deprecated. Please update your policy file to use the standard policy values.
Nov 03 13:48:47 user devstack@c-api.service[75417]: warnings.warn('Policy enforcement is depending on the value of '
Nov 03 13:48:47 user devstack@c-api.service[75417]: INFO cinder.volume.api [None req-ae5cabbb-3894-4b6f-b86d-4df4cf351771 tempest-VolumesTransfersTest-126087343 tempest-VolumesTransfersTest-126087343-project-member] Volume info retrieved successfully.
Nov 03 13:48:47 user devstack@c-api.service[75417]: INFO cinder.api.openstack.wsgi [None req-ae5cabbb-3894-4b6f-b86d-4df4cf351771 tempest-VolumesTransfersTest-126087343 tempest-VolumesTransfersTest-126087343-project-member] http://10.0.0.210/volume/v3/12f70dd45ef943b8972a386e2d7535c9/volumes/49a2d65e-7761-4ada-9a0b-f0527f98b627 returned with HTTP 200
Nov 03 13:48:47 user devstack@c-api.service[75417]: [pid: 75417|app: 0|req: 138/394] 10.0.0.210 () {62 vars in 1402 bytes} [Fri Nov 3 13:48:47 2023] GET /volume/v3/12f70dd45ef943b8972a386e2d7535c9/volumes/49a2d65e-7761-4ada-9a0b-f0527f98b627 => generated 910 bytes in 38 msecs (HTTP/1.1 200) 7 headers in 285 bytes (1 switches on core 0)
Nov 03 13:48:47 user devstack@c-api.service[75415]: /opt/stack/data/venv/lib/python3.10/site-packages/oslo_context/context.py:100: DeprecationWarning: Policy enforcement is depending on the value of is_admin. This key is deprecated. Please update your policy file to use the standard policy values.
Nov 03 13:48:47 user devstack@c-api.service[75415]: warnings.warn('Policy enforcement is depending on the value of '
Nov 03 13:48:47 user devstack@c-api.service[75415]: INFO cinder.volume.api [None req-70e750da-aa79-4054-9fd3-548023f7e0c4 tempest-GroupSnapshotsTest-747581478 tempest-GroupSnapshotsTest-747581478-project-member] Volume info retrieved successfully.
Nov 03 13:48:47 user devstack@c-api.service[75415]: WARNING stevedore.named [None req-70e750da-aa79-4054-9fd3-548023f7e0c4 tempest-GroupSnapshotsTest-747581478 tempest-GroupSnapshotsTest-747581478-project-member] Could not load cinder.keymgr.conf_key_mgr.ConfKeyManager
Nov 03 13:48:47 user devstack@c-api.service[75415]: WARNING castellan.key_manager [None req-70e750da-aa79-4054-9fd3-548023f7e0c4 tempest-GroupSnapshotsTest-747581478 tempest-GroupSnapshotsTest-747581478-project-member] Deprecation Warning : cinder.keymgr.conf_key_mgr.ConfKeyManager is not a stevedore based driver, trying to load it as a class: stevedore.exception.NoMatches: No 'castellan.drivers' driver found, looking for 'cinder.keymgr.conf_key_mgr.ConfKeyManager'
Nov 03 13:48:47 user devstack@c-api.service[75415]: DEBUG oslo_db.sqlalchemy.engines [None req-70e750da-aa79-4054-9fd3-548023f7e0c4 tempest-GroupSnapshotsTest-747581478 tempest-GroupSnapshotsTest-747581478-project-member] MySQL server mode set to STRICT_TRANS_TABLES,STRICT_ALL_TABLES,NO_ZERO_IN_DATE,NO_ZERO_DATE,ERROR_FOR_DIVISION_BY_ZERO,TRADITIONAL,NO_ENGINE_SUBSTITUTION {{(pid=75415) _check_effective_sql_mode /opt/stack/data/venv/lib/python3.10/site-packages/oslo_db/sqlalchemy/engines.py:342}}
Nov 03 13:48:47 user devstack@c-api.service[75415]: /opt/stack/data/venv/lib/python3.10/site-packages/oslo_context/context.py:100: DeprecationWarning: Policy enforcement is depending on the value of is_admin. This key is deprecated. Please update your policy file to use the standard policy values.
Nov 03 13:48:47 user devstack@c-api.service[75415]: warnings.warn('Policy enforcement is depending on the value of '
Nov 03 13:48:47 user devstack@c-api.service[75415]: INFO cinder.api.openstack.wsgi [None req-70e750da-aa79-4054-9fd3-548023f7e0c4 tempest-GroupSnapshotsTest-747581478 tempest-GroupSnapshotsTest-747581478-project-member] http://10.0.0.210/volume/v3/9966a33afc02407b8a018996afd28e83/volumes/448c4d9e-bce3-4300-864f-4c42e3f53789 returned with HTTP 200
Nov 03 13:48:47 user devstack@c-api.service[75415]: [pid: 75415|app: 0|req: 133/395] 10.0.0.210 () {64 vars in 1443 bytes} [Fri Nov 3 13:48:47 2023] GET /volume/v3/9966a33afc02407b8a018996afd28e83/volumes/448c4d9e-bce3-4300-864f-4c42e3f53789 => generated 987 bytes in 76 msecs (HTTP/1.1 200) 7 headers in 286 bytes (1 switches on core 0)
Nov 03 13:48:48 user devstack@c-api.service[75417]: DEBUG cinder.api.middleware.request_id [None req-d4079ee6-afa1-40e5-9f06-9e6f6ef95f53 None None] RequestId filter calling following filter/app {{(pid=75417) _context_setter /opt/stack/cinder/cinder/api/middleware/request_id.py:62}}
Nov 03 13:48:48 user devstack@c-api.service[75417]: INFO cinder.api.openstack.wsgi [None req-d4079ee6-afa1-40e5-9f06-9e6f6ef95f53 tempest-VolumesTransfersTest-126087343 tempest-VolumesTransfersTest-126087343-project-member] GET http://10.0.0.210/volume/v3/12f70dd45ef943b8972a386e2d7535c9/volumes/49a2d65e-7761-4ada-9a0b-f0527f98b627
Nov 03 13:48:48 user devstack@c-api.service[75417]: DEBUG cinder.api.openstack.wsgi [None req-d4079ee6-afa1-40e5-9f06-9e6f6ef95f53 tempest-VolumesTransfersTest-126087343 tempest-VolumesTransfersTest-126087343-project-member] Empty body provided in request {{(pid=75417) get_body /opt/stack/cinder/cinder/api/openstack/wsgi.py:715}}
Nov 03 13:48:48 user devstack@c-api.service[75417]: DEBUG cinder.api.openstack.wsgi [None req-d4079ee6-afa1-40e5-9f06-9e6f6ef95f53 tempest-VolumesTransfersTest-126087343 tempest-VolumesTransfersTest-126087343-project-member] Calling method 'show' {{(pid=75417) _process_stack /opt/stack/cinder/cinder/api/openstack/wsgi.py:868}}
Nov 03 13:48:48 user devstack@c-api.service[75417]: /opt/stack/data/venv/lib/python3.10/site-packages/oslo_context/context.py:100: DeprecationWarning: Policy enforcement is depending on the value of is_admin. This key is deprecated. Please update your policy file to use the standard policy values.
Nov 03 13:48:48 user devstack@c-api.service[75417]: warnings.warn('Policy enforcement is depending on the value of '
Nov 03 13:48:48 user devstack@c-api.service[75415]: DEBUG cinder.api.middleware.request_id [None req-84464b3c-8eb0-4506-ab93-87e0a1bd8d6b None None] RequestId filter calling following filter/app {{(pid=75415) _context_setter /opt/stack/cinder/cinder/api/middleware/request_id.py:62}}
Nov 03 13:48:48 user devstack@c-api.service[75417]: INFO cinder.volume.api [None req-d4079ee6-afa1-40e5-9f06-9e6f6ef95f53 tempest-VolumesTransfersTest-126087343 tempest-VolumesTransfersTest-126087343-project-member] Volume info retrieved successfully.
Nov 03 13:48:48 user devstack@c-api.service[75415]: INFO cinder.api.openstack.wsgi [None req-84464b3c-8eb0-4506-ab93-87e0a1bd8d6b tempest-GroupSnapshotsTest-747581478 tempest-GroupSnapshotsTest-747581478-project-member] GET http://10.0.0.210/volume/v3/9966a33afc02407b8a018996afd28e83/volumes/448c4d9e-bce3-4300-864f-4c42e3f53789
Nov 03 13:48:48 user devstack@c-api.service[75415]: DEBUG cinder.api.openstack.wsgi [None req-84464b3c-8eb0-4506-ab93-87e0a1bd8d6b tempest-GroupSnapshotsTest-747581478 tempest-GroupSnapshotsTest-747581478-project-member] Empty body provided in request {{(pid=75415) get_body /opt/stack/cinder/cinder/api/openstack/wsgi.py:715}}
Nov 03 13:48:48 user devstack@c-api.service[75415]: DEBUG cinder.api.openstack.wsgi [None req-84464b3c-8eb0-4506-ab93-87e0a1bd8d6b tempest-GroupSnapshotsTest-747581478 tempest-GroupSnapshotsTest-747581478-project-member] Calling method 'show' {{(pid=75415) _process_stack /opt/stack/cinder/cinder/api/openstack/wsgi.py:868}}
Nov 03 13:48:48 user devstack@c-api.service[75417]: INFO cinder.api.openstack.wsgi [None req-d4079ee6-afa1-40e5-9f06-9e6f6ef95f53 tempest-VolumesTransfersTest-126087343 tempest-VolumesTransfersTest-126087343-project-member] http://10.0.0.210/volume/v3/12f70dd45ef943b8972a386e2d7535c9/volumes/49a2d65e-7761-4ada-9a0b-f0527f98b627 returned with HTTP 200
Nov 03 13:48:48 user devstack@c-api.service[75417]: [pid: 75417|app: 0|req: 139/396] 10.0.0.210 () {62 vars in 1402 bytes} [Fri Nov 3 13:48:48 2023] GET /volume/v3/12f70dd45ef943b8972a386e2d7535c9/volumes/49a2d65e-7761-4ada-9a0b-f0527f98b627 => generated 910 bytes in 68 msecs (HTTP/1.1 200) 7 headers in 285 bytes (1 switches on core 0)
Nov 03 13:48:48 user devstack@c-api.service[75415]: /opt/stack/data/venv/lib/python3.10/site-packages/oslo_context/context.py:100: DeprecationWarning: Policy enforcement is depending on the value of is_admin. This key is deprecated. Please update your policy file to use the standard policy values.
Nov 03 13:48:48 user devstack@c-api.service[75415]: warnings.warn('Policy enforcement is depending on the value of '
Nov 03 13:48:48 user devstack@c-api.service[75415]: INFO cinder.volume.api [None req-84464b3c-8eb0-4506-ab93-87e0a1bd8d6b tempest-GroupSnapshotsTest-747581478 tempest-GroupSnapshotsTest-747581478-project-member] Volume info retrieved successfully.
Nov 03 13:48:48 user devstack@c-api.service[75415]: WARNING stevedore.named [None req-84464b3c-8eb0-4506-ab93-87e0a1bd8d6b tempest-GroupSnapshotsTest-747581478 tempest-GroupSnapshotsTest-747581478-project-member] Could not load cinder.keymgr.conf_key_mgr.ConfKeyManager
Nov 03 13:48:48 user devstack@c-api.service[75415]: WARNING castellan.key_manager [None req-84464b3c-8eb0-4506-ab93-87e0a1bd8d6b tempest-GroupSnapshotsTest-747581478 tempest-GroupSnapshotsTest-747581478-project-member] Deprecation Warning : cinder.keymgr.conf_key_mgr.ConfKeyManager is not a stevedore based driver, trying to load it as a class: stevedore.exception.NoMatches: No 'castellan.drivers' driver found, looking for 'cinder.keymgr.conf_key_mgr.ConfKeyManager'
Nov 03 13:48:48 user devstack@c-api.service[75415]: DEBUG oslo_db.sqlalchemy.engines [None req-84464b3c-8eb0-4506-ab93-87e0a1bd8d6b tempest-GroupSnapshotsTest-747581478 tempest-GroupSnapshotsTest-747581478-project-member] MySQL server mode set to STRICT_TRANS_TABLES,STRICT_ALL_TABLES,NO_ZERO_IN_DATE,NO_ZERO_DATE,ERROR_FOR_DIVISION_BY_ZERO,TRADITIONAL,NO_ENGINE_SUBSTITUTION {{(pid=75415) _check_effective_sql_mode /opt/stack/data/venv/lib/python3.10/site-packages/oslo_db/sqlalchemy/engines.py:342}}
Nov 03 13:48:48 user devstack@c-api.service[75415]: /opt/stack/data/venv/lib/python3.10/site-packages/oslo_context/context.py:100: DeprecationWarning: Policy enforcement is depending on the value of is_admin. This key is deprecated. Please update your policy file to use the standard policy values.
Nov 03 13:48:48 user devstack@c-api.service[75415]: warnings.warn('Policy enforcement is depending on the value of '
Nov 03 13:48:48 user devstack@c-api.service[75415]: INFO cinder.api.openstack.wsgi [None req-84464b3c-8eb0-4506-ab93-87e0a1bd8d6b tempest-GroupSnapshotsTest-747581478 tempest-GroupSnapshotsTest-747581478-project-member] http://10.0.0.210/volume/v3/9966a33afc02407b8a018996afd28e83/volumes/448c4d9e-bce3-4300-864f-4c42e3f53789 returned with HTTP 200
Nov 03 13:48:48 user devstack@c-api.service[75415]: [pid: 75415|app: 0|req: 134/397] 10.0.0.210 () {64 vars in 1443 bytes} [Fri Nov 3 13:48:48 2023] GET /volume/v3/9966a33afc02407b8a018996afd28e83/volumes/448c4d9e-bce3-4300-864f-4c42e3f53789 => generated 987 bytes in 68 msecs (HTTP/1.1 200) 7 headers in 286 bytes (1 switches on core 0)
Nov 03 13:48:49 user devstack@c-api.service[75417]: DEBUG cinder.api.middleware.request_id [None req-f02f65e5-4720-424f-8c20-09105835d9e3 None None] RequestId filter calling following filter/app {{(pid=75417) _context_setter /opt/stack/cinder/cinder/api/middleware/request_id.py:62}}
Nov 03 13:48:49 user devstack@c-api.service[75417]: INFO cinder.api.openstack.wsgi [None req-f02f65e5-4720-424f-8c20-09105835d9e3 tempest-VolumesTransfersTest-126087343 tempest-VolumesTransfersTest-126087343-project-member] GET http://10.0.0.210/volume/v3/12f70dd45ef943b8972a386e2d7535c9/volumes/49a2d65e-7761-4ada-9a0b-f0527f98b627
Nov 03 13:48:49 user devstack@c-api.service[75417]: DEBUG cinder.api.openstack.wsgi [None req-f02f65e5-4720-424f-8c20-09105835d9e3 tempest-VolumesTransfersTest-126087343 tempest-VolumesTransfersTest-126087343-project-member] Empty body provided in request {{(pid=75417) get_body /opt/stack/cinder/cinder/api/openstack/wsgi.py:715}}
Nov 03 13:48:49 user devstack@c-api.service[75417]: DEBUG cinder.api.openstack.wsgi [None req-f02f65e5-4720-424f-8c20-09105835d9e3 tempest-VolumesTransfersTest-126087343 tempest-VolumesTransfersTest-126087343-project-member] Calling method 'show' {{(pid=75417) _process_stack /opt/stack/cinder/cinder/api/openstack/wsgi.py:868}}
Nov 03 13:48:49 user devstack@c-api.service[75417]: /opt/stack/data/venv/lib/python3.10/site-packages/oslo_context/context.py:100: DeprecationWarning: Policy enforcement is depending on the value of is_admin. This key is deprecated. Please update your policy file to use the standard policy values.
Nov 03 13:48:49 user devstack@c-api.service[75417]: warnings.warn('Policy enforcement is depending on the value of '
Nov 03 13:48:49 user devstack@c-api.service[75415]: DEBUG cinder.api.middleware.request_id [None req-88e194e1-175f-4e1a-b30d-141f7e28c729 None None] RequestId filter calling following filter/app {{(pid=75415) _context_setter /opt/stack/cinder/cinder/api/middleware/request_id.py:62}}
Nov 03 13:48:49 user devstack@c-api.service[75417]: INFO cinder.volume.api [None req-f02f65e5-4720-424f-8c20-09105835d9e3 tempest-VolumesTransfersTest-126087343 tempest-VolumesTransfersTest-126087343-project-member] Volume info retrieved successfully.
Nov 03 13:48:49 user devstack@c-api.service[75415]: INFO cinder.api.openstack.wsgi [None req-88e194e1-175f-4e1a-b30d-141f7e28c729 tempest-GroupSnapshotsTest-747581478 tempest-GroupSnapshotsTest-747581478-project-member] GET http://10.0.0.210/volume/v3/9966a33afc02407b8a018996afd28e83/volumes/448c4d9e-bce3-4300-864f-4c42e3f53789
Nov 03 13:48:49 user devstack@c-api.service[75415]: DEBUG cinder.api.openstack.wsgi [None req-88e194e1-175f-4e1a-b30d-141f7e28c729 tempest-GroupSnapshotsTest-747581478 tempest-GroupSnapshotsTest-747581478-project-member] Empty body provided in request {{(pid=75415) get_body /opt/stack/cinder/cinder/api/openstack/wsgi.py:715}}
Nov 03 13:48:49 user devstack@c-api.service[75415]: DEBUG cinder.api.openstack.wsgi [None req-88e194e1-175f-4e1a-b30d-141f7e28c729 tempest-GroupSnapshotsTest-747581478 tempest-GroupSnapshotsTest-747581478-project-member] Calling method 'show' {{(pid=75415) _process_stack /opt/stack/cinder/cinder/api/openstack/wsgi.py:868}}
Nov 03 13:48:49 user devstack@c-api.service[75417]: INFO cinder.api.openstack.wsgi [None req-f02f65e5-4720-424f-8c20-09105835d9e3 tempest-VolumesTransfersTest-126087343 tempest-VolumesTransfersTest-126087343-project-member] http://10.0.0.210/volume/v3/12f70dd45ef943b8972a386e2d7535c9/volumes/49a2d65e-7761-4ada-9a0b-f0527f98b627 returned with HTTP 200
Nov 03 13:48:49 user devstack@c-api.service[75417]: [pid: 75417|app: 0|req: 140/398] 10.0.0.210 () {62 vars in 1402 bytes} [Fri Nov 3 13:48:49 2023] GET /volume/v3/12f70dd45ef943b8972a386e2d7535c9/volumes/49a2d65e-7761-4ada-9a0b-f0527f98b627 => generated 911 bytes in 72 msecs (HTTP/1.1 200) 7 headers in 285 bytes (1 switches on core 0)
Nov 03 13:48:49 user devstack@c-api.service[75415]: /opt/stack/data/venv/lib/python3.10/site-packages/oslo_context/context.py:100: DeprecationWarning: Policy enforcement is depending on the value of is_admin. This key is deprecated. Please update your policy file to use the standard policy values.
Nov 03 13:48:49 user devstack@c-api.service[75415]: warnings.warn('Policy enforcement is depending on the value of '
Nov 03 13:48:49 user devstack@c-api.service[75417]: DEBUG cinder.api.middleware.request_id [None req-7d49057e-c626-4d21-80ed-f4bb2a351127 None None] RequestId filter calling following filter/app {{(pid=75417) _context_setter /opt/stack/cinder/cinder/api/middleware/request_id.py:62}}
Nov 03 13:48:49 user devstack@c-api.service[75417]: INFO cinder.api.openstack.wsgi [None req-7d49057e-c626-4d21-80ed-f4bb2a351127 tempest-VolumesTransfersTest-126087343 tempest-VolumesTransfersTest-126087343-project-member] POST http://10.0.0.210/volume/v3/12f70dd45ef943b8972a386e2d7535c9/os-volume-transfer
Nov 03 13:48:49 user devstack@c-api.service[75417]: DEBUG cinder.api.openstack.wsgi [None req-7d49057e-c626-4d21-80ed-f4bb2a351127 tempest-VolumesTransfersTest-126087343 tempest-VolumesTransfersTest-126087343-project-member] Action: 'create', calling method: create, body: {"transfer": {"volume_id": "49a2d65e-7761-4ada-9a0b-f0527f98b627"}} {{(pid=75417) _process_stack /opt/stack/cinder/cinder/api/openstack/wsgi.py:866}}
Nov 03 13:48:49 user devstack@c-api.service[75415]: INFO cinder.volume.api [None req-88e194e1-175f-4e1a-b30d-141f7e28c729 tempest-GroupSnapshotsTest-747581478 tempest-GroupSnapshotsTest-747581478-project-member] Volume info retrieved successfully.
Nov 03 13:48:49 user devstack@c-api.service[75415]: WARNING stevedore.named [None req-88e194e1-175f-4e1a-b30d-141f7e28c729 tempest-GroupSnapshotsTest-747581478 tempest-GroupSnapshotsTest-747581478-project-member] Could not load cinder.keymgr.conf_key_mgr.ConfKeyManager
Nov 03 13:48:49 user devstack@c-api.service[75415]: WARNING castellan.key_manager [None req-88e194e1-175f-4e1a-b30d-141f7e28c729 tempest-GroupSnapshotsTest-747581478 tempest-GroupSnapshotsTest-747581478-project-member] Deprecation Warning : cinder.keymgr.conf_key_mgr.ConfKeyManager is not a stevedore based driver, trying to load it as a class: stevedore.exception.NoMatches: No 'castellan.drivers' driver found, looking for 'cinder.keymgr.conf_key_mgr.ConfKeyManager'
Nov 03 13:48:49 user devstack@c-api.service[75417]: DEBUG cinder.api.contrib.volume_transfer [None req-7d49057e-c626-4d21-80ed-f4bb2a351127 tempest-VolumesTransfersTest-126087343 tempest-VolumesTransfersTest-126087343-project-member] Creating new volume transfer {'transfer': {'volume_id': '49a2d65e-7761-4ada-9a0b-f0527f98b627'}} {{(pid=75417) create /opt/stack/cinder/cinder/api/contrib/volume_transfer.py:85}}
Nov 03 13:48:49 user devstack@c-api.service[75417]: INFO cinder.api.contrib.volume_transfer [None req-7d49057e-c626-4d21-80ed-f4bb2a351127 tempest-VolumesTransfersTest-126087343 tempest-VolumesTransfersTest-126087343-project-member] Creating transfer of volume 49a2d65e-7761-4ada-9a0b-f0527f98b627
Nov 03 13:48:49 user devstack@c-api.service[75417]: INFO cinder.transfer.api [None req-7d49057e-c626-4d21-80ed-f4bb2a351127 tempest-VolumesTransfersTest-126087343 tempest-VolumesTransfersTest-126087343-project-member] Generating transfer record for volume 49a2d65e-7761-4ada-9a0b-f0527f98b627
Nov 03 13:48:49 user devstack@c-api.service[75415]: DEBUG oslo_db.sqlalchemy.engines [None req-88e194e1-175f-4e1a-b30d-141f7e28c729 tempest-GroupSnapshotsTest-747581478 tempest-GroupSnapshotsTest-747581478-project-member] MySQL server mode set to STRICT_TRANS_TABLES,STRICT_ALL_TABLES,NO_ZERO_IN_DATE,NO_ZERO_DATE,ERROR_FOR_DIVISION_BY_ZERO,TRADITIONAL,NO_ENGINE_SUBSTITUTION {{(pid=75415) _check_effective_sql_mode /opt/stack/data/venv/lib/python3.10/site-packages/oslo_db/sqlalchemy/engines.py:342}}
Nov 03 13:48:49 user devstack@c-api.service[75415]: /opt/stack/data/venv/lib/python3.10/site-packages/oslo_context/context.py:100: DeprecationWarning: Policy enforcement is depending on the value of is_admin. This key is deprecated. Please update your policy file to use the standard policy values.
Nov 03 13:48:49 user devstack@c-api.service[75415]: warnings.warn('Policy enforcement is depending on the value of '
Nov 03 13:48:49 user devstack@c-api.service[75417]: /opt/stack/data/venv/lib/python3.10/site-packages/oslo_context/context.py:100: DeprecationWarning: Policy enforcement is depending on the value of is_admin. This key is deprecated. Please update your policy file to use the standard policy values.
Nov 03 13:48:49 user devstack@c-api.service[75417]: warnings.warn('Policy enforcement is depending on the value of '
Nov 03 13:48:49 user devstack@c-api.service[75415]: INFO cinder.api.openstack.wsgi [None req-88e194e1-175f-4e1a-b30d-141f7e28c729 tempest-GroupSnapshotsTest-747581478 tempest-GroupSnapshotsTest-747581478-project-member] http://10.0.0.210/volume/v3/9966a33afc02407b8a018996afd28e83/volumes/448c4d9e-bce3-4300-864f-4c42e3f53789 returned with HTTP 200
Nov 03 13:48:49 user devstack@c-api.service[75415]: [pid: 75415|app: 0|req: 135/399] 10.0.0.210 () {64 vars in 1443 bytes} [Fri Nov 3 13:48:49 2023] GET /volume/v3/9966a33afc02407b8a018996afd28e83/volumes/448c4d9e-bce3-4300-864f-4c42e3f53789 => generated 988 bytes in 112 msecs (HTTP/1.1 200) 7 headers in 286 bytes (1 switches on core 0)
Nov 03 13:48:49 user devstack@c-api.service[75417]: INFO cinder.api.openstack.wsgi [None req-7d49057e-c626-4d21-80ed-f4bb2a351127 tempest-VolumesTransfersTest-126087343 tempest-VolumesTransfersTest-126087343-project-member] http://10.0.0.210/volume/v3/12f70dd45ef943b8972a386e2d7535c9/os-volume-transfer returned with HTTP 202
Nov 03 13:48:49 user devstack@c-api.service[75417]: [pid: 75417|app: 0|req: 141/400] 10.0.0.210 () {64 vars in 1345 bytes} [Fri Nov 3 13:48:49 2023] POST /volume/v3/12f70dd45ef943b8972a386e2d7535c9/os-volume-transfer => generated 505 bytes in 77 msecs (HTTP/1.1 202) 7 headers in 291 bytes (1 switches on core 0)
Nov 03 13:48:49 user devstack@c-api.service[75415]: DEBUG cinder.api.middleware.request_id [None req-3e7a9639-fba3-4597-a86d-534f081b775e None None] RequestId filter calling following filter/app {{(pid=75415) _context_setter /opt/stack/cinder/cinder/api/middleware/request_id.py:62}}
Nov 03 13:48:49 user devstack@c-api.service[75417]: DEBUG cinder.api.middleware.request_id [None req-9d0283b4-166a-4d85-9f5b-61305b4cbdb6 None None] RequestId filter calling following filter/app {{(pid=75417) _context_setter /opt/stack/cinder/cinder/api/middleware/request_id.py:62}}
Nov 03 13:48:49 user devstack@c-api.service[75415]: INFO cinder.api.openstack.wsgi [None req-3e7a9639-fba3-4597-a86d-534f081b775e tempest-GroupSnapshotsTest-747581478 tempest-GroupSnapshotsTest-747581478-project-member] GET http://10.0.0.210/volume/v3/9966a33afc02407b8a018996afd28e83/groups/c968e675-5796-49a8-9750-e94a73c1ddd8
Nov 03 13:48:49 user devstack@c-api.service[75415]: DEBUG cinder.api.openstack.wsgi [None req-3e7a9639-fba3-4597-a86d-534f081b775e tempest-GroupSnapshotsTest-747581478 tempest-GroupSnapshotsTest-747581478-project-member] Empty body provided in request {{(pid=75415) get_body /opt/stack/cinder/cinder/api/openstack/wsgi.py:715}}
Nov 03 13:48:49 user devstack@c-api.service[75415]: DEBUG cinder.api.openstack.wsgi [None req-3e7a9639-fba3-4597-a86d-534f081b775e tempest-GroupSnapshotsTest-747581478 tempest-GroupSnapshotsTest-747581478-project-member] Calling method 'version_select' {{(pid=75415) _process_stack /opt/stack/cinder/cinder/api/openstack/wsgi.py:868}}
Nov 03 13:48:49 user devstack@c-api.service[75415]: DEBUG cinder.api.v3.groups [None req-3e7a9639-fba3-4597-a86d-534f081b775e tempest-GroupSnapshotsTest-747581478 tempest-GroupSnapshotsTest-747581478-project-member] show called for member c968e675-5796-49a8-9750-e94a73c1ddd8 {{(pid=75415) show /opt/stack/cinder/cinder/api/v3/groups.py:58}}
Nov 03 13:48:49 user devstack@c-api.service[75417]: INFO cinder.api.openstack.wsgi [None req-9d0283b4-166a-4d85-9f5b-61305b4cbdb6 tempest-VolumesTransfersTest-126087343 tempest-VolumesTransfersTest-126087343-project-member] GET http://10.0.0.210/volume/v3/12f70dd45ef943b8972a386e2d7535c9/volumes/49a2d65e-7761-4ada-9a0b-f0527f98b627
Nov 03 13:48:49 user devstack@c-api.service[75417]: DEBUG cinder.api.openstack.wsgi [None req-9d0283b4-166a-4d85-9f5b-61305b4cbdb6 tempest-VolumesTransfersTest-126087343 tempest-VolumesTransfersTest-126087343-project-member] Empty body provided in request {{(pid=75417) get_body /opt/stack/cinder/cinder/api/openstack/wsgi.py:715}}
Nov 03 13:48:49 user devstack@c-api.service[75417]: DEBUG cinder.api.openstack.wsgi [None req-9d0283b4-166a-4d85-9f5b-61305b4cbdb6 tempest-VolumesTransfersTest-126087343 tempest-VolumesTransfersTest-126087343-project-member] Calling method 'show' {{(pid=75417) _process_stack /opt/stack/cinder/cinder/api/openstack/wsgi.py:868}}
Nov 03 13:48:49 user devstack@c-api.service[75415]: /opt/stack/data/venv/lib/python3.10/site-packages/oslo_context/context.py:100: DeprecationWarning: Policy enforcement is depending on the value of is_admin. This key is deprecated. Please update your policy file to use the standard policy values.
Nov 03 13:48:49 user devstack@c-api.service[75415]: warnings.warn('Policy enforcement is depending on the value of '
Nov 03 13:48:49 user devstack@c-api.service[75417]: /opt/stack/data/venv/lib/python3.10/site-packages/oslo_context/context.py:100: DeprecationWarning: Policy enforcement is depending on the value of is_admin. This key is deprecated. Please update your policy file to use the standard policy values.
Nov 03 13:48:49 user devstack@c-api.service[75417]: warnings.warn('Policy enforcement is depending on the value of '
Nov 03 13:48:49 user devstack@c-api.service[75415]: INFO cinder.api.openstack.wsgi [None req-3e7a9639-fba3-4597-a86d-534f081b775e tempest-GroupSnapshotsTest-747581478 tempest-GroupSnapshotsTest-747581478-project-member] http://10.0.0.210/volume/v3/9966a33afc02407b8a018996afd28e83/groups/c968e675-5796-49a8-9750-e94a73c1ddd8 returned with HTTP 200
Nov 03 13:48:49 user devstack@c-api.service[75415]: [pid: 75415|app: 0|req: 136/401] 10.0.0.210 () {64 vars in 1440 bytes} [Fri Nov 3 13:48:49 2023] GET /volume/v3/9966a33afc02407b8a018996afd28e83/groups/c968e675-5796-49a8-9750-e94a73c1ddd8 => generated 418 bytes in 38 msecs (HTTP/1.1 200) 7 headers in 286 bytes (1 switches on core 0)
Nov 03 13:48:49 user devstack@c-api.service[75417]: INFO cinder.volume.api [None req-9d0283b4-166a-4d85-9f5b-61305b4cbdb6 tempest-VolumesTransfersTest-126087343 tempest-VolumesTransfersTest-126087343-project-member] Volume info retrieved successfully.
Nov 03 13:48:49 user devstack@c-api.service[75415]: DEBUG cinder.api.middleware.request_id [None req-c5f3d98d-0ce4-4c2c-970a-cf2606ac9817 None None] RequestId filter calling following filter/app {{(pid=75415) _context_setter /opt/stack/cinder/cinder/api/middleware/request_id.py:62}}
Nov 03 13:48:49 user devstack@c-api.service[75417]: INFO cinder.api.openstack.wsgi [None req-9d0283b4-166a-4d85-9f5b-61305b4cbdb6 tempest-VolumesTransfersTest-126087343 tempest-VolumesTransfersTest-126087343-project-member] http://10.0.0.210/volume/v3/12f70dd45ef943b8972a386e2d7535c9/volumes/49a2d65e-7761-4ada-9a0b-f0527f98b627 returned with HTTP 200
Nov 03 13:48:49 user devstack@c-api.service[75417]: [pid: 75417|app: 0|req: 142/402] 10.0.0.210 () {62 vars in 1402 bytes} [Fri Nov 3 13:48:49 2023] GET /volume/v3/12f70dd45ef943b8972a386e2d7535c9/volumes/49a2d65e-7761-4ada-9a0b-f0527f98b627 => generated 919 bytes in 40 msecs (HTTP/1.1 200) 7 headers in 285 bytes (2 switches on core 0)
Nov 03 13:48:49 user devstack@c-api.service[75415]: INFO cinder.api.openstack.wsgi [None req-c5f3d98d-0ce4-4c2c-970a-cf2606ac9817 tempest-GroupSnapshotsTest-747581478 tempest-GroupSnapshotsTest-747581478-project-member] GET http://10.0.0.210/volume/v3/9966a33afc02407b8a018996afd28e83/volumes/detail
Nov 03 13:48:49 user devstack@c-api.service[75415]: DEBUG cinder.api.openstack.wsgi [None req-c5f3d98d-0ce4-4c2c-970a-cf2606ac9817 tempest-GroupSnapshotsTest-747581478 tempest-GroupSnapshotsTest-747581478-project-member] Empty body provided in request {{(pid=75415) get_body /opt/stack/cinder/cinder/api/openstack/wsgi.py:715}}
Nov 03 13:48:49 user devstack@c-api.service[75415]: DEBUG cinder.api.openstack.wsgi [None req-c5f3d98d-0ce4-4c2c-970a-cf2606ac9817 tempest-GroupSnapshotsTest-747581478 tempest-GroupSnapshotsTest-747581478-project-member] Calling method 'detail' {{(pid=75415) _process_stack /opt/stack/cinder/cinder/api/openstack/wsgi.py:868}}
Nov 03 13:48:49 user devstack@c-api.service[75415]: DEBUG cinder.api.api_utils [None req-c5f3d98d-0ce4-4c2c-970a-cf2606ac9817 tempest-GroupSnapshotsTest-747581478 tempest-GroupSnapshotsTest-747581478-project-member] Removing options '' from query. {{(pid=75415) remove_invalid_filter_options /opt/stack/cinder/cinder/api/api_utils.py:83}}
Nov 03 13:48:49 user devstack@c-api.service[75415]: /opt/stack/data/venv/lib/python3.10/site-packages/oslo_context/context.py:100: DeprecationWarning: Policy enforcement is depending on the value of is_admin. This key is deprecated. Please update your policy file to use the standard policy values.
Nov 03 13:48:49 user devstack@c-api.service[75415]: warnings.warn('Policy enforcement is depending on the value of '
Nov 03 13:48:49 user devstack@c-api.service[75415]: DEBUG cinder.volume.api [None req-c5f3d98d-0ce4-4c2c-970a-cf2606ac9817 tempest-GroupSnapshotsTest-747581478 tempest-GroupSnapshotsTest-747581478-project-member] Searching by: MultiDict([('no_migration_targets', True)]). {{(pid=75415) get_all /opt/stack/cinder/cinder/volume/api.py:664}}
Nov 03 13:48:49 user devstack@c-api.service[75417]: DEBUG cinder.api.middleware.request_id [None req-71ea2791-4751-4773-8eb6-fb0d720d4258 None None] RequestId filter calling following filter/app {{(pid=75417) _context_setter /opt/stack/cinder/cinder/api/middleware/request_id.py:62}}
Nov 03 13:48:49 user devstack@c-api.service[75417]: INFO cinder.api.openstack.wsgi [None req-71ea2791-4751-4773-8eb6-fb0d720d4258 tempest-VolumesTransfersTest-126087343 tempest-VolumesTransfersTest-126087343-project-member] GET http://10.0.0.210/volume/v3/12f70dd45ef943b8972a386e2d7535c9/os-volume-transfer/797badfc-b532-4282-9b5f-33e3be79e80f
Nov 03 13:48:49 user devstack@c-api.service[75417]: DEBUG cinder.api.openstack.wsgi [None req-71ea2791-4751-4773-8eb6-fb0d720d4258 tempest-VolumesTransfersTest-126087343 tempest-VolumesTransfersTest-126087343-project-member] Empty body provided in request {{(pid=75417) get_body /opt/stack/cinder/cinder/api/openstack/wsgi.py:715}}
Nov 03 13:48:49 user devstack@c-api.service[75417]: DEBUG cinder.api.openstack.wsgi [None req-71ea2791-4751-4773-8eb6-fb0d720d4258 tempest-VolumesTransfersTest-126087343 tempest-VolumesTransfersTest-126087343-project-member] Calling method 'show' {{(pid=75417) _process_stack /opt/stack/cinder/cinder/api/openstack/wsgi.py:868}}
Nov 03 13:48:49 user devstack@c-api.service[75417]: INFO cinder.api.openstack.wsgi [None req-71ea2791-4751-4773-8eb6-fb0d720d4258 tempest-VolumesTransfersTest-126087343 tempest-VolumesTransfersTest-126087343-project-member] http://10.0.0.210/volume/v3/12f70dd45ef943b8972a386e2d7535c9/os-volume-transfer/797badfc-b532-4282-9b5f-33e3be79e80f returned with HTTP 200
Nov 03 13:48:49 user devstack@c-api.service[75417]: [pid: 75417|app: 0|req: 143/403] 10.0.0.210 () {62 vars in 1435 bytes} [Fri Nov 3 13:48:49 2023] GET /volume/v3/12f70dd45ef943b8972a386e2d7535c9/os-volume-transfer/797badfc-b532-4282-9b5f-33e3be79e80f => generated 473 bytes in 20 msecs (HTTP/1.1 200) 7 headers in 285 bytes (2 switches on core 0)
Nov 03 13:48:49 user devstack@c-api.service[75417]: DEBUG cinder.api.middleware.request_id [None req-9f7bb814-0420-4fa1-b1ca-625ad9896c3e None None] RequestId filter calling following filter/app {{(pid=75417) _context_setter /opt/stack/cinder/cinder/api/middleware/request_id.py:62}}
Nov 03 13:48:49 user devstack@c-api.service[75417]: INFO cinder.api.openstack.wsgi [None req-9f7bb814-0420-4fa1-b1ca-625ad9896c3e tempest-VolumesTransfersTest-126087343 tempest-VolumesTransfersTest-126087343-project-member] GET http://10.0.0.210/volume/v3/12f70dd45ef943b8972a386e2d7535c9/os-volume-transfer
Nov 03 13:48:49 user devstack@c-api.service[75417]: DEBUG cinder.api.openstack.wsgi [None req-9f7bb814-0420-4fa1-b1ca-625ad9896c3e tempest-VolumesTransfersTest-126087343 tempest-VolumesTransfersTest-126087343-project-member] Empty body provided in request {{(pid=75417) get_body /opt/stack/cinder/cinder/api/openstack/wsgi.py:715}}
Nov 03 13:48:49 user devstack@c-api.service[75417]: DEBUG cinder.api.openstack.wsgi [None req-9f7bb814-0420-4fa1-b1ca-625ad9896c3e tempest-VolumesTransfersTest-126087343 tempest-VolumesTransfersTest-126087343-project-member] Calling method 'index' {{(pid=75417) _process_stack /opt/stack/cinder/cinder/api/openstack/wsgi.py:868}}
Nov 03 13:48:49 user devstack@c-api.service[75417]: DEBUG cinder.api.contrib.volume_transfer [None req-9f7bb814-0420-4fa1-b1ca-625ad9896c3e tempest-VolumesTransfersTest-126087343 tempest-VolumesTransfersTest-126087343-project-member] Listing volume transfers {{(pid=75417) _get_transfers /opt/stack/cinder/cinder/api/contrib/volume_transfer.py:63}}
Nov 03 13:48:49 user devstack@c-api.service[75417]: INFO cinder.api.openstack.wsgi [None req-9f7bb814-0420-4fa1-b1ca-625ad9896c3e tempest-VolumesTransfersTest-126087343 tempest-VolumesTransfersTest-126087343-project-member] http://10.0.0.210/volume/v3/12f70dd45ef943b8972a386e2d7535c9/os-volume-transfer returned with HTTP 200
Nov 03 13:48:49 user devstack@c-api.service[75417]: [pid: 75417|app: 0|req: 144/404] 10.0.0.210 () {62 vars in 1324 bytes} [Fri Nov 3 13:48:49 2023] GET /volume/v3/12f70dd45ef943b8972a386e2d7535c9/os-volume-transfer => generated 432 bytes in 21 msecs (HTTP/1.1 200) 7 headers in 285 bytes (2 switches on core 0)
