Nov 03 13:37:00 user devstack@keystone.service[45878]: [pid: 45878|app: 0|req: 43/117] 10.0.0.210 () {56 vars in 1096 bytes} [Fri Nov 3 13:37:00 2023] GET /identity/v3/roles?name=reader => generated 339 bytes in 148 msecs (HTTP/1.1 200) 5 headers in 177 bytes (1 switches on core 0)
Nov 03 13:37:00 user devstack@keystone.service[45879]: DEBUG keystone.server.flask.request_processing.middleware.auth_context [None req-6b5f05c1-5ba7-47c0-b173-f0695a1c4875 None admin] Authenticating user token {{(pid=45879) process_request /opt/stack/data/venv/lib/python3.10/site-packages/keystonemiddleware/auth_token/__init__.py:406}}
Nov 03 13:37:00 user devstack@keystone.service[45879]: DEBUG keystone.server.flask.request_processing.middleware.auth_context [None req-6b5f05c1-5ba7-47c0-b173-f0695a1c4875 None admin] Validating token access rules against request {{(pid=45879) validate_allowed_request /opt/stack/data/venv/lib/python3.10/site-packages/keystonemiddleware/auth_token/__init__.py:544}}
Nov 03 13:37:01 user devstack@keystone.service[45879]: DEBUG keystone.server.flask.request_processing.middleware.auth_context [None req-b8b302aa-7085-4d16-8a61-8f921ab38d8c None admin] RBAC: auth_context: {'token': , 'domain_id': None, 'trust_id': None, 'trustor_id': None, 'trustee_id': None, 'domain_name': None, 'group_ids': [], 'user_id': '610438e5c7854c1d90d987bb7a4a2d4f', 'user_domain_id': 'default', 'system_scope': 'all', 'project_id': None, 'project_domain_id': None, 'roles': ['admin', 'manager', 'member', 'reader'], 'is_admin_project': True, 'service_user_id': None, 'service_user_domain_id': None, 'service_project_id': None, 'service_project_domain_id': None, 'service_roles': []} {{(pid=45879) fill_context /opt/stack/keystone/keystone/server/flask/request_processing/middleware/auth_context.py:480}}
Nov 03 13:37:01 user devstack@keystone.service[45879]: DEBUG keystone.server.flask.request_processing.req_logging [None req-b8b302aa-7085-4d16-8a61-8f921ab38d8c None admin] REQUEST_METHOD: `GET` {{(pid=45879) log_request_info /opt/stack/keystone/keystone/server/flask/request_processing/req_logging.py:27}}
Nov 03 13:37:01 user devstack@keystone.service[45879]: DEBUG keystone.server.flask.request_processing.req_logging [None req-b8b302aa-7085-4d16-8a61-8f921ab38d8c None admin] SCRIPT_NAME: `/identity` {{(pid=45879) log_request_info /opt/stack/keystone/keystone/server/flask/request_processing/req_logging.py:28}}
Nov 03 13:37:01 user devstack@keystone.service[45879]: DEBUG keystone.server.flask.request_processing.req_logging [None req-b8b302aa-7085-4d16-8a61-8f921ab38d8c None admin] PATH_INFO: `/v3/users/d1dabc675333410bbd766394d3254e98` {{(pid=45879) log_request_info /opt/stack/keystone/keystone/server/flask/request_processing/req_logging.py:29}}
Nov 03 13:37:01 user devstack@keystone.service[45879]: DEBUG keystone.common.rbac_enforcer.enforcer [None req-b8b302aa-7085-4d16-8a61-8f921ab38d8c None admin] RBAC: Authorizing `identity:get_user(user_id=d1dabc675333410bbd766394d3254e98)` {{(pid=45879) enforce_call /opt/stack/keystone/keystone/common/rbac_enforcer/enforcer.py:449}}
Nov 03 13:37:01 user devstack@keystone.service[45879]: DEBUG keystone.common.rbac_enforcer.enforcer [None req-b8b302aa-7085-4d16-8a61-8f921ab38d8c None admin] RBAC: Authorization granted {{(pid=45879) enforce_call /opt/stack/keystone/keystone/common/rbac_enforcer/enforcer.py:457}}
Nov 03 13:37:01 user devstack@keystone.service[45879]: [pid: 45879|app: 0|req: 38/118] 10.0.0.210 () {56 vars in 1172 bytes} [Fri Nov 3 13:37:00 2023] GET /identity/v3/users/d1dabc675333410bbd766394d3254e98 => generated 288 bytes in 148 msecs (HTTP/1.1 200) 5 headers in 177 bytes (1 switches on core 0)
Nov 03 13:37:01 user devstack@keystone.service[45877]: DEBUG keystone.server.flask.request_processing.middleware.auth_context [None req-a5a5497f-7a1f-463c-8f8b-3806e18984eb None admin] Authenticating user token {{(pid=45877) process_request /opt/stack/data/venv/lib/python3.10/site-packages/keystonemiddleware/auth_token/__init__.py:406}}
Nov 03 13:37:01 user devstack@keystone.service[45877]: DEBUG keystone.server.flask.request_processing.middleware.auth_context [None req-a5a5497f-7a1f-463c-8f8b-3806e18984eb None admin] Validating token access rules against request {{(pid=45877) validate_allowed_request /opt/stack/data/venv/lib/python3.10/site-packages/keystonemiddleware/auth_token/__init__.py:544}}
Nov 03 13:37:01 user devstack@keystone.service[45877]: DEBUG keystone.server.flask.request_processing.middleware.auth_context [None req-077162a4-414e-4164-9e77-d3102b20dd61 None admin] RBAC: auth_context: {'token': , 'domain_id': None, 'trust_id': None, 'trustor_id': None, 'trustee_id': None, 'domain_name': None, 'group_ids': [], 'user_id': '610438e5c7854c1d90d987bb7a4a2d4f', 'user_domain_id': 'default', 'system_scope': 'all', 'project_id': None, 'project_domain_id': None, 'roles': ['admin', 'manager', 'member', 'reader'], 'is_admin_project': True, 'service_user_id': None, 'service_user_domain_id': None, 'service_project_id': None, 'service_project_domain_id': None, 'service_roles': []} {{(pid=45877) fill_context /opt/stack/keystone/keystone/server/flask/request_processing/middleware/auth_context.py:480}}
Nov 03 13:37:01 user devstack@keystone.service[45877]: DEBUG keystone.server.flask.request_processing.req_logging [None req-077162a4-414e-4164-9e77-d3102b20dd61 None admin] REQUEST_METHOD: `GET` {{(pid=45877) log_request_info /opt/stack/keystone/keystone/server/flask/request_processing/req_logging.py:27}}
Nov 03 13:37:01 user devstack@keystone.service[45877]: DEBUG keystone.server.flask.request_processing.req_logging [None req-077162a4-414e-4164-9e77-d3102b20dd61 None admin] SCRIPT_NAME: `/identity` {{(pid=45877) log_request_info /opt/stack/keystone/keystone/server/flask/request_processing/req_logging.py:28}}
Nov 03 13:37:01 user devstack@keystone.service[45877]: DEBUG keystone.server.flask.request_processing.req_logging [None req-077162a4-414e-4164-9e77-d3102b20dd61 None admin] PATH_INFO: `/v3/auth/tokens` {{(pid=45877) log_request_info /opt/stack/keystone/keystone/server/flask/request_processing/req_logging.py:29}}
Nov 03 13:37:01 user devstack@keystone.service[45877]: DEBUG keystone.common.rbac_enforcer.enforcer [None req-077162a4-414e-4164-9e77-d3102b20dd61 None admin] RBAC: Authorizing `identity:validate_token()` {{(pid=45877) enforce_call /opt/stack/keystone/keystone/common/rbac_enforcer/enforcer.py:449}}
Nov 03 13:37:01 user devstack@keystone.service[45877]: DEBUG keystone.common.rbac_enforcer.enforcer [None req-077162a4-414e-4164-9e77-d3102b20dd61 None admin] RBAC: Authorization granted {{(pid=45877) enforce_call /opt/stack/keystone/keystone/common/rbac_enforcer/enforcer.py:457}}
Nov 03 13:37:01 user devstack@keystone.service[45877]: [pid: 45877|app: 0|req: 38/119] 10.0.0.210 () {58 vars in 1277 bytes} [Fri Nov 3 13:37:01 2023] GET /identity/v3/auth/tokens => generated 861 bytes in 296 msecs (HTTP/1.1 200) 6 headers in 358 bytes (1 switches on core 0)
Nov 03 13:37:01 user devstack@keystone.service[45878]: DEBUG keystone.server.flask.request_processing.middleware.auth_context [None req-0766e00f-50e7-42d5-a54b-91a773bf3559 None admin] Authenticating user token {{(pid=45878) process_request /opt/stack/data/venv/lib/python3.10/site-packages/keystonemiddleware/auth_token/__init__.py:406}}
Nov 03 13:37:01 user devstack@keystone.service[45878]: DEBUG keystone.server.flask.request_processing.middleware.auth_context [None req-0766e00f-50e7-42d5-a54b-91a773bf3559 None admin] Validating token access rules against request {{(pid=45878) validate_allowed_request /opt/stack/data/venv/lib/python3.10/site-packages/keystonemiddleware/auth_token/__init__.py:544}}
Nov 03 13:37:01 user devstack@keystone.service[45878]: DEBUG keystone.server.flask.request_processing.middleware.auth_context [None req-6d9b5cc9-6d16-44fa-bc18-711ba00a489c None admin] RBAC: auth_context: {'token': , 'domain_id': None, 'trust_id': None, 'trustor_id': None, 'trustee_id': None, 'domain_name': None, 'group_ids': [], 'user_id': '610438e5c7854c1d90d987bb7a4a2d4f', 'user_domain_id': 'default', 'system_scope': 'all', 'project_id': None, 'project_domain_id': None, 'roles': ['admin', 'manager', 'member', 'reader'], 'is_admin_project': True, 'service_user_id': None, 'service_user_domain_id': None, 'service_project_id': None, 'service_project_domain_id': None, 'service_roles': []} {{(pid=45878) fill_context /opt/stack/keystone/keystone/server/flask/request_processing/middleware/auth_context.py:480}}
Nov 03 13:37:01 user devstack@keystone.service[45878]: DEBUG keystone.server.flask.request_processing.req_logging [None req-6d9b5cc9-6d16-44fa-bc18-711ba00a489c None admin] REQUEST_METHOD: `GET` {{(pid=45878) log_request_info /opt/stack/keystone/keystone/server/flask/request_processing/req_logging.py:27}}
Nov 03 13:37:01 user devstack@keystone.service[45878]: DEBUG keystone.server.flask.request_processing.req_logging [None req-6d9b5cc9-6d16-44fa-bc18-711ba00a489c None admin] SCRIPT_NAME: `/identity` {{(pid=45878) log_request_info /opt/stack/keystone/keystone/server/flask/request_processing/req_logging.py:28}}
Nov 03 13:37:01 user devstack@keystone.service[45878]: DEBUG keystone.server.flask.request_processing.req_logging [None req-6d9b5cc9-6d16-44fa-bc18-711ba00a489c None admin] PATH_INFO: `/v3/projects/5e822d48f84d4f3f9285c721b1dc47d3` {{(pid=45878) log_request_info /opt/stack/keystone/keystone/server/flask/request_processing/req_logging.py:29}}
Nov 03 13:37:01 user devstack@keystone.service[45878]: DEBUG keystone.common.rbac_enforcer.enforcer [None req-6d9b5cc9-6d16-44fa-bc18-711ba00a489c None admin] RBAC: Authorizing `identity:get_project(project_id=5e822d48f84d4f3f9285c721b1dc47d3)` {{(pid=45878) enforce_call /opt/stack/keystone/keystone/common/rbac_enforcer/enforcer.py:449}}
Nov 03 13:37:01 user devstack@keystone.service[45878]: DEBUG keystone.common.rbac_enforcer.enforcer [None req-6d9b5cc9-6d16-44fa-bc18-711ba00a489c None admin] RBAC: Authorization granted {{(pid=45878) enforce_call /opt/stack/keystone/keystone/common/rbac_enforcer/enforcer.py:457}}
Nov 03 13:37:01 user devstack@keystone.service[45878]: [pid: 45878|app: 0|req: 44/120] 10.0.0.210 () {56 vars in 1181 bytes} [Fri Nov 3 13:37:01 2023] GET /identity/v3/projects/5e822d48f84d4f3f9285c721b1dc47d3 => generated 297 bytes in 139 msecs (HTTP/1.1 200) 5 headers in 177 bytes (1 switches on core 0)
Nov 03 13:37:01 user devstack@keystone.service[45879]: DEBUG keystone.server.flask.request_processing.middleware.auth_context [None req-b8b302aa-7085-4d16-8a61-8f921ab38d8c None admin] Authenticating user token {{(pid=45879) process_request /opt/stack/data/venv/lib/python3.10/site-packages/keystonemiddleware/auth_token/__init__.py:406}}
Nov 03 13:37:01 user devstack@keystone.service[45879]: DEBUG keystone.server.flask.request_processing.middleware.auth_context [None req-b8b302aa-7085-4d16-8a61-8f921ab38d8c None admin] Validating token access rules against request {{(pid=45879) validate_allowed_request /opt/stack/data/venv/lib/python3.10/site-packages/keystonemiddleware/auth_token/__init__.py:544}}
Nov 03 13:37:01 user devstack@keystone.service[45879]: DEBUG keystone.server.flask.request_processing.middleware.auth_context [None req-5301e316-21ad-415f-afdc-4219a0527f53 None admin] RBAC: auth_context: {'token': , 'domain_id': None, 'trust_id': None, 'trustor_id': None, 'trustee_id': None, 'domain_name': None, 'group_ids': [], 'user_id': '610438e5c7854c1d90d987bb7a4a2d4f', 'user_domain_id': 'default', 'system_scope': 'all', 'project_id': None, 'project_domain_id': None, 'roles': ['admin', 'manager', 'member', 'reader'], 'is_admin_project': True, 'service_user_id': None, 'service_user_domain_id': None, 'service_project_id': None, 'service_project_domain_id': None, 'service_roles': []} {{(pid=45879) fill_context /opt/stack/keystone/keystone/server/flask/request_processing/middleware/auth_context.py:480}}
Nov 03 13:37:01 user devstack@keystone.service[45879]: DEBUG keystone.server.flask.request_processing.req_logging [None req-5301e316-21ad-415f-afdc-4219a0527f53 None admin] REQUEST_METHOD: `GET` {{(pid=45879) log_request_info /opt/stack/keystone/keystone/server/flask/request_processing/req_logging.py:27}}
Nov 03 13:37:01 user devstack@keystone.service[45879]: DEBUG keystone.server.flask.request_processing.req_logging [None req-5301e316-21ad-415f-afdc-4219a0527f53 None admin] SCRIPT_NAME: `/identity` {{(pid=45879) log_request_info /opt/stack/keystone/keystone/server/flask/request_processing/req_logging.py:28}}
Nov 03 13:37:01 user devstack@keystone.service[45879]: DEBUG keystone.server.flask.request_processing.req_logging [None req-5301e316-21ad-415f-afdc-4219a0527f53 None admin] PATH_INFO: `/v3/role_assignments` {{(pid=45879) log_request_info /opt/stack/keystone/keystone/server/flask/request_processing/req_logging.py:29}}
Nov 03 13:37:01 user devstack@keystone.service[45879]: DEBUG keystone.common.rbac_enforcer.enforcer [None req-5301e316-21ad-415f-afdc-4219a0527f53 None admin] RBAC: Adding query filter params (role.id=426a53d9833043a2a6e1f07c6c0e601e, scope.project.id=5e822d48f84d4f3f9285c721b1dc47d3, user.id=d1dabc675333410bbd766394d3254e98) {{(pid=45879) _extract_filter_values /opt/stack/keystone/keystone/common/rbac_enforcer/enforcer.py:167}}
Nov 03 13:37:01 user devstack@keystone.service[45879]: DEBUG keystone.common.rbac_enforcer.enforcer [None req-5301e316-21ad-415f-afdc-4219a0527f53 None admin] RBAC: Authorizing `identity:list_role_assignments()` {{(pid=45879) enforce_call /opt/stack/keystone/keystone/common/rbac_enforcer/enforcer.py:449}}
Nov 03 13:37:01 user devstack@keystone.service[45879]: DEBUG keystone.common.rbac_enforcer.enforcer [None req-5301e316-21ad-415f-afdc-4219a0527f53 None admin] RBAC: Authorization granted {{(pid=45879) enforce_call /opt/stack/keystone/keystone/common/rbac_enforcer/enforcer.py:457}}
Nov 03 13:37:01 user devstack@keystone.service[45879]: [pid: 45879|app: 0|req: 39/121] 10.0.0.210 () {56 vars in 1369 bytes} [Fri Nov 3 13:37:01 2023] GET /identity/v3/role_assignments?user.id=d1dabc675333410bbd766394d3254e98&scope.project.id=5e822d48f84d4f3f9285c721b1dc47d3&role.id=426a53d9833043a2a6e1f07c6c0e601e => generated 606 bytes in 141 msecs (HTTP/1.1 200) 5 headers in 177 bytes (1 switches on core 0)
Nov 03 13:37:02 user devstack@keystone.service[45877]: DEBUG keystone.server.flask.request_processing.req_logging [None req-021f33a7-2453-46cc-bc41-e2e0e31e5e02 None None] REQUEST_METHOD: `GET` {{(pid=45877) log_request_info /opt/stack/keystone/keystone/server/flask/request_processing/req_logging.py:27}}
Nov 03 13:37:02 user devstack@keystone.service[45877]: DEBUG keystone.server.flask.request_processing.req_logging [None req-021f33a7-2453-46cc-bc41-e2e0e31e5e02 None None] SCRIPT_NAME: `/identity` {{(pid=45877) log_request_info /opt/stack/keystone/keystone/server/flask/request_processing/req_logging.py:28}}
Nov 03 13:37:02 user devstack@keystone.service[45877]: DEBUG keystone.server.flask.request_processing.req_logging [None req-021f33a7-2453-46cc-bc41-e2e0e31e5e02 None None] PATH_INFO: `/` {{(pid=45877) log_request_info /opt/stack/keystone/keystone/server/flask/request_processing/req_logging.py:29}}
Nov 03 13:37:02 user devstack@keystone.service[45877]: [pid: 45877|app: 0|req: 39/122] 10.0.0.210 () {54 vars in 921 bytes} [Fri Nov 3 13:37:02 2023] GET /identity => generated 269 bytes in 3 msecs (HTTP/1.1 300) 6 headers in 233 bytes (1 switches on core 0)
Nov 03 13:37:02 user devstack@keystone.service[45878]: DEBUG keystone.server.flask.request_processing.middleware.auth_context [None req-6d9b5cc9-6d16-44fa-bc18-711ba00a489c None admin] Authenticating user token {{(pid=45878) process_request /opt/stack/data/venv/lib/python3.10/site-packages/keystonemiddleware/auth_token/__init__.py:406}}
Nov 03 13:37:02 user devstack@keystone.service[45878]: DEBUG keystone.server.flask.request_processing.middleware.auth_context [None req-6d9b5cc9-6d16-44fa-bc18-711ba00a489c None admin] Validating token access rules against request {{(pid=45878) validate_allowed_request /opt/stack/data/venv/lib/python3.10/site-packages/keystonemiddleware/auth_token/__init__.py:544}}
Nov 03 13:37:02 user devstack@keystone.service[45878]: DEBUG keystone.server.flask.request_processing.middleware.auth_context [None req-fdd63dc5-5087-4590-9dac-fdd5e384b628 None admin] RBAC: auth_context: {'token': , 'domain_id': None, 'trust_id': None, 'trustor_id': None, 'trustee_id': None, 'domain_name': None, 'group_ids': [], 'user_id': '610438e5c7854c1d90d987bb7a4a2d4f', 'user_domain_id': 'default', 'system_scope': 'all', 'project_id': None, 'project_domain_id': None, 'roles': ['admin', 'manager', 'member', 'reader'], 'is_admin_project': True, 'service_user_id': None, 'service_user_domain_id': None, 'service_project_id': None, 'service_project_domain_id': None, 'service_roles': []} {{(pid=45878) fill_context /opt/stack/keystone/keystone/server/flask/request_processing/middleware/auth_context.py:480}}
Nov 03 13:37:02 user devstack@keystone.service[45878]: DEBUG keystone.server.flask.request_processing.req_logging [None req-fdd63dc5-5087-4590-9dac-fdd5e384b628 None admin] REQUEST_METHOD: `GET` {{(pid=45878) log_request_info /opt/stack/keystone/keystone/server/flask/request_processing/req_logging.py:27}}
Nov 03 13:37:02 user devstack@keystone.service[45878]: DEBUG keystone.server.flask.request_processing.req_logging [None req-fdd63dc5-5087-4590-9dac-fdd5e384b628 None admin] SCRIPT_NAME: `/identity` {{(pid=45878) log_request_info /opt/stack/keystone/keystone/server/flask/request_processing/req_logging.py:28}}
Nov 03 13:37:02 user devstack@keystone.service[45878]: DEBUG keystone.server.flask.request_processing.req_logging [None req-fdd63dc5-5087-4590-9dac-fdd5e384b628 None admin] PATH_INFO: `/v3/roles/admin` {{(pid=45878) log_request_info /opt/stack/keystone/keystone/server/flask/request_processing/req_logging.py:29}}
Nov 03 13:37:02 user devstack@keystone.service[45878]: DEBUG keystone.common.rbac_enforcer.enforcer [None req-fdd63dc5-5087-4590-9dac-fdd5e384b628 None admin] Extracting inferred target data resulted in "NOT FOUND (404)". {{(pid=45878) enforce_call /opt/stack/keystone/keystone/common/rbac_enforcer/enforcer.py:409}}
Nov 03 13:37:02 user devstack@keystone.service[45878]: ERROR keystone.server.flask.application [None req-fdd63dc5-5087-4590-9dac-fdd5e384b628 None admin] Could not find role: admin.: keystone.exception.RoleNotFound: Could not find role: admin.
Nov 03 13:37:02 user devstack@keystone.service[45878]: ERROR keystone.server.flask.application
Traceback (most recent call last):
Nov 03 13:37:02 user devstack@keystone.service[45878]: ERROR keystone.server.flask.application
File "/opt/stack/data/venv/lib/python3.10/site-packages/flask/app.py", line 1823, in full_dispatch_request
Nov 03 13:37:02 user devstack@keystone.service[45878]: ERROR keystone.server.flask.application rv = self.dispatch_request()
Nov 03 13:37:02 user devstack@keystone.service[45878]: ERROR keystone.server.flask.application
File "/opt/stack/data/venv/lib/python3.10/site-packages/flask/app.py", line 1799, in dispatch_request
Nov 03 13:37:02 user devstack@keystone.service[45878]: ERROR keystone.server.flask.application return self.ensure_sync(self.view_functions[rule.endpoint])(**view_args)
Nov 03 13:37:02 user devstack@keystone.service[45878]: ERROR keystone.server.flask.application
File "/opt/stack/data/venv/lib/python3.10/site-packages/flask_restful/__init__.py", line 489, in wrapper
Nov 03 13:37:02 user devstack@keystone.service[45878]: ERROR keystone.server.flask.application resp = resource(*args, **kwargs)
Nov 03 13:37:02 user devstack@keystone.service[45878]: ERROR keystone.server.flask.application
File "/opt/stack/data/venv/lib/python3.10/site-packages/flask/views.py", line 107, in view
Nov 03 13:37:02 user devstack@keystone.service[45878]: ERROR keystone.server.flask.application return current_app.ensure_sync(self.dispatch_request)(**kwargs)
Nov 03 13:37:02 user devstack@keystone.service[45878]: ERROR keystone.server.flask.application
File "/opt/stack/data/venv/lib/python3.10/site-packages/flask_restful/__init__.py", line 604, in dispatch_request
Nov 03 13:37:02 user devstack@keystone.service[45878]: ERROR keystone.server.flask.application resp = meth(*args, **kwargs)
Nov 03 13:37:02 user devstack@keystone.service[45878]: ERROR keystone.server.flask.application
File "/opt/stack/keystone/keystone/api/roles.py", line 50, in get
Nov 03 13:37:02 user devstack@keystone.service[45878]: ERROR keystone.server.flask.application return self._get_role(role_id)
Nov 03 13:37:02 user devstack@keystone.service[45878]: ERROR keystone.server.flask.application
File "/opt/stack/keystone/keystone/api/roles.py", line 70, in _get_role
Nov 03 13:37:02 user devstack@keystone.service[45878]: ERROR keystone.server.flask.application ENFORCER.enforce_call(action='identity:get_role')
Nov 03 13:37:02 user devstack@keystone.service[45878]: ERROR keystone.server.flask.application
File "/opt/stack/keystone/keystone/common/rbac_enforcer/enforcer.py", line 402, in enforce_call
Nov 03 13:37:02 user devstack@keystone.service[45878]: ERROR keystone.server.flask.application policy_dict.update(cls._extract_member_target_data(
Nov 03 13:37:02 user devstack@keystone.service[45878]: ERROR keystone.server.flask.application
File "/opt/stack/keystone/keystone/common/rbac_enforcer/enforcer.py", line 234, in _extract_member_target_data
Nov 03 13:37:02 user devstack@keystone.service[45878]: ERROR keystone.server.flask.application member_name: func(flask.request.view_args[key])
Nov 03 13:37:02 user devstack@keystone.service[45878]: ERROR keystone.server.flask.application
File "/opt/stack/keystone/keystone/common/manager.py", line 115, in wrapped
Nov 03 13:37:02 user devstack@keystone.service[45878]: ERROR keystone.server.flask.application __ret_val = __f(*args, **kwargs)
Nov 03 13:37:02 user devstack@keystone.service[45878]: ERROR keystone.server.flask.application
File "/opt/stack/data/venv/lib/python3.10/site-packages/decorator.py", line 232, in fun
Nov 03 13:37:02 user devstack@keystone.service[45878]: ERROR keystone.server.flask.application return caller(func, *(extras + args), **kw)
Nov 03 13:37:02 user devstack@keystone.service[45878]: ERROR keystone.server.flask.application
File "/opt/stack/data/venv/lib/python3.10/site-packages/dogpile/cache/region.py", line 1594, in get_or_create_for_user_func
Nov 03 13:37:02 user devstack@keystone.service[45878]: ERROR keystone.server.flask.application return self.get_or_create(
Nov 03 13:37:02 user devstack@keystone.service[45878]: ERROR keystone.server.flask.application
File "/opt/stack/data/venv/lib/python3.10/site-packages/dogpile/cache/region.py", line 1054, in get_or_create
Nov 03 13:37:02 user devstack@keystone.service[45878]: ERROR keystone.server.flask.application with Lock(
Nov 03 13:37:02 user devstack@keystone.service[45878]: ERROR keystone.server.flask.application
File "/opt/stack/data/venv/lib/python3.10/site-packages/dogpile/lock.py", line 185, in __enter__
Nov 03 13:37:02 user devstack@keystone.service[45878]: ERROR keystone.server.flask.application return self._enter()
Nov 03 13:37:02 user devstack@keystone.service[45878]: ERROR keystone.server.flask.application
File "/opt/stack/data/venv/lib/python3.10/site-packages/dogpile/lock.py", line 94, in _enter
Nov 03 13:37:02 user devstack@keystone.service[45878]: ERROR keystone.server.flask.application generated = self._enter_create(value, createdtime)
Nov 03 13:37:02 user devstack@keystone.service[45878]: ERROR keystone.server.flask.application
File "/opt/stack/data/venv/lib/python3.10/site-packages/dogpile/lock.py", line 178, in _enter_create
Nov 03 13:37:02 user devstack@keystone.service[45878]: ERROR keystone.server.flask.application return self.creator()
Nov 03 13:37:02 user devstack@keystone.service[45878]: ERROR keystone.server.flask.application
File "/opt/stack/data/venv/lib/python3.10/site-packages/dogpile/cache/region.py", line 1007, in gen_value
Nov 03 13:37:02 user devstack@keystone.service[45878]: ERROR keystone.server.flask.application created_value = creator(
Nov 03 13:37:02 user devstack@keystone.service[45878]: ERROR keystone.server.flask.application
File "/opt/stack/keystone/keystone/assignment/core.py", line 1276, in get_role
Nov 03 13:37:02 user devstack@keystone.service[45878]: ERROR keystone.server.flask.application return self.driver.get_role(role_id)
Nov 03 13:37:02 user devstack@keystone.service[45878]: ERROR keystone.server.flask.application
File "/opt/stack/keystone/keystone/assignment/role_backends/sql.py", line 70, in get_role
Nov 03 13:37:02 user devstack@keystone.service[45878]: ERROR keystone.server.flask.application return self._get_role(session, role_id).to_dict()
Nov 03 13:37:02 user devstack@keystone.service[45878]: ERROR keystone.server.flask.application
File "/opt/stack/keystone/keystone/assignment/role_backends/sql.py", line 65, in _get_role
Nov 03 13:37:02 user devstack@keystone.service[45878]: ERROR keystone.server.flask.application raise exception.RoleNotFound(role_id=role_id)
Nov 03 13:37:02 user devstack@keystone.service[45878]: ERROR keystone.server.flask.application keystone.exception.RoleNotFound: Could not find role: admin.
Nov 03 13:37:02 user devstack@keystone.service[45878]: ERROR keystone.server.flask.application
Nov 03 13:37:02 user devstack@keystone.service[45878]: [pid: 45878|app: 0|req: 45/123] 10.0.0.210 () {56 vars in 1091 bytes} [Fri Nov 3 13:37:02 2023] GET /identity/v3/roles/admin => generated 83 bytes in 147 msecs (HTTP/1.1 404) 5 headers in 183 bytes (1 switches on core 0)
Nov 03 13:37:02 user devstack@keystone.service[45879]: DEBUG keystone.server.flask.request_processing.middleware.auth_context [None req-5301e316-21ad-415f-afdc-4219a0527f53 None admin] Authenticating user token {{(pid=45879) process_request /opt/stack/data/venv/lib/python3.10/site-packages/keystonemiddleware/auth_token/__init__.py:406}}
Nov 03 13:37:02 user devstack@keystone.service[45877]: DEBUG keystone.server.flask.request_processing.req_logging [None req-1170ccaf-f935-477b-975b-48d9f40ba9df None None] REQUEST_METHOD: `GET` {{(pid=45877) log_request_info /opt/stack/keystone/keystone/server/flask/request_processing/req_logging.py:27}}
Nov 03 13:37:02 user devstack@keystone.service[45877]: DEBUG keystone.server.flask.request_processing.req_logging [None req-1170ccaf-f935-477b-975b-48d9f40ba9df None None] SCRIPT_NAME: `/identity` {{(pid=45877) log_request_info /opt/stack/keystone/keystone/server/flask/request_processing/req_logging.py:28}}
Nov 03 13:37:02 user devstack@keystone.service[45877]: DEBUG keystone.server.flask.request_processing.req_logging [None req-1170ccaf-f935-477b-975b-48d9f40ba9df None None] PATH_INFO: `/` {{(pid=45877) log_request_info /opt/stack/keystone/keystone/server/flask/request_processing/req_logging.py:29}}
Nov 03 13:37:02 user devstack@keystone.service[45877]: [pid: 45877|app: 0|req: 40/124] 10.0.0.210 () {54 vars in 921 bytes} [Fri Nov 3 13:37:02 2023] GET /identity => generated 269 bytes in 3 msecs (HTTP/1.1 300) 6 headers in 233 bytes (1 switches on core 0)
Nov 03 13:37:02 user devstack@keystone.service[45878]: DEBUG keystone.server.flask.request_processing.middleware.auth_context [None req-fdd63dc5-5087-4590-9dac-fdd5e384b628 None admin] Authenticating user token {{(pid=45878) process_request /opt/stack/data/venv/lib/python3.10/site-packages/keystonemiddleware/auth_token/__init__.py:406}}
Nov 03 13:37:02 user devstack@keystone.service[45879]: DEBUG keystone.server.flask.request_processing.middleware.auth_context [None req-5301e316-21ad-415f-afdc-4219a0527f53 None admin] Validating token access rules against request {{(pid=45879) validate_allowed_request /opt/stack/data/venv/lib/python3.10/site-packages/keystonemiddleware/auth_token/__init__.py:544}}
Nov 03 13:37:02 user devstack@keystone.service[45878]: DEBUG keystone.server.flask.request_processing.middleware.auth_context [None req-fdd63dc5-5087-4590-9dac-fdd5e384b628 None admin] Validating token access rules against request {{(pid=45878) validate_allowed_request /opt/stack/data/venv/lib/python3.10/site-packages/keystonemiddleware/auth_token/__init__.py:544}}
Nov 03 13:37:02 user devstack@keystone.service[45878]: DEBUG keystone.server.flask.request_processing.middleware.auth_context [None req-338d7ed8-4d97-46f4-a049-70610ad2b8c2 None admin] RBAC: auth_context: {'token': , 'domain_id': None, 'trust_id': None, 'trustor_id': None, 'trustee_id': None, 'domain_name': None, 'group_ids': [], 'user_id': '610438e5c7854c1d90d987bb7a4a2d4f', 'user_domain_id': 'default', 'system_scope': 'all', 'project_id': None, 'project_domain_id': None, 'roles': ['admin', 'manager', 'member', 'reader'], 'is_admin_project': True, 'service_user_id': None, 'service_user_domain_id': None, 'service_project_id': None, 'service_project_domain_id': None, 'service_roles': []} {{(pid=45878) fill_context /opt/stack/keystone/keystone/server/flask/request_processing/middleware/auth_context.py:480}}
Nov 03 13:37:02 user devstack@keystone.service[45879]: DEBUG keystone.server.flask.request_processing.middleware.auth_context [None req-27d605dd-f9fe-45e5-a835-e4fa66bf77ea None admin] RBAC: auth_context: {'token': , 'domain_id': None, 'trust_id': None, 'trustor_id': None, 'trustee_id': None, 'domain_name': None, 'group_ids': [], 'user_id': '610438e5c7854c1d90d987bb7a4a2d4f', 'user_domain_id': 'default', 'system_scope': 'all', 'project_id': None, 'project_domain_id': None, 'roles': ['admin', 'manager', 'member', 'reader'], 'is_admin_project': True, 'service_user_id': None, 'service_user_domain_id': None, 'service_project_id': None, 'service_project_domain_id': None, 'service_roles': []} {{(pid=45879) fill_context /opt/stack/keystone/keystone/server/flask/request_processing/middleware/auth_context.py:480}}
Nov 03 13:37:02 user devstack@keystone.service[45878]: DEBUG keystone.server.flask.request_processing.req_logging [None req-338d7ed8-4d97-46f4-a049-70610ad2b8c2 None admin] REQUEST_METHOD: `GET` {{(pid=45878) log_request_info /opt/stack/keystone/keystone/server/flask/request_processing/req_logging.py:27}}
Nov 03 13:37:02 user devstack@keystone.service[45879]: DEBUG keystone.server.flask.request_processing.req_logging [None req-27d605dd-f9fe-45e5-a835-e4fa66bf77ea None admin] REQUEST_METHOD: `GET` {{(pid=45879) log_request_info /opt/stack/keystone/keystone/server/flask/request_processing/req_logging.py:27}}
Nov 03 13:37:02 user devstack@keystone.service[45879]: DEBUG keystone.server.flask.request_processing.req_logging [None req-27d605dd-f9fe-45e5-a835-e4fa66bf77ea None admin] SCRIPT_NAME: `/identity` {{(pid=45879) log_request_info /opt/stack/keystone/keystone/server/flask/request_processing/req_logging.py:28}}
Nov 03 13:37:02 user devstack@keystone.service[45878]: DEBUG keystone.server.flask.request_processing.req_logging [None req-338d7ed8-4d97-46f4-a049-70610ad2b8c2 None admin] SCRIPT_NAME: `/identity` {{(pid=45878) log_request_info /opt/stack/keystone/keystone/server/flask/request_processing/req_logging.py:28}}
Nov 03 13:37:02 user devstack@keystone.service[45879]: DEBUG keystone.server.flask.request_processing.req_logging [None req-27d605dd-f9fe-45e5-a835-e4fa66bf77ea None admin] PATH_INFO: `/v3/roles` {{(pid=45879) log_request_info /opt/stack/keystone/keystone/server/flask/request_processing/req_logging.py:29}}
Nov 03 13:37:02 user devstack@keystone.service[45878]: DEBUG keystone.server.flask.request_processing.req_logging [None req-338d7ed8-4d97-46f4-a049-70610ad2b8c2 None admin] PATH_INFO: `/v3/roles/anotherrole` {{(pid=45878) log_request_info /opt/stack/keystone/keystone/server/flask/request_processing/req_logging.py:29}}
Nov 03 13:37:02 user devstack@keystone.service[45879]: DEBUG keystone.common.rbac_enforcer.enforcer [None req-27d605dd-f9fe-45e5-a835-e4fa66bf77ea None admin] RBAC: Adding query filter params (name=admin) {{(pid=45879) _extract_filter_values /opt/stack/keystone/keystone/common/rbac_enforcer/enforcer.py:167}}
Nov 03 13:37:02 user devstack@keystone.service[45879]: DEBUG keystone.common.rbac_enforcer.enforcer [None req-27d605dd-f9fe-45e5-a835-e4fa66bf77ea None admin] RBAC: Authorizing `identity:list_roles()` {{(pid=45879) enforce_call /opt/stack/keystone/keystone/common/rbac_enforcer/enforcer.py:449}}
Nov 03 13:37:02 user devstack@keystone.service[45879]: DEBUG keystone.common.rbac_enforcer.enforcer [None req-27d605dd-f9fe-45e5-a835-e4fa66bf77ea None admin] RBAC: Authorization granted {{(pid=45879) enforce_call /opt/stack/keystone/keystone/common/rbac_enforcer/enforcer.py:457}}
Nov 03 13:37:02 user devstack@keystone.service[45878]: DEBUG keystone.common.rbac_enforcer.enforcer [None req-338d7ed8-4d97-46f4-a049-70610ad2b8c2 None admin] Extracting inferred target data resulted in "NOT FOUND (404)". {{(pid=45878) enforce_call /opt/stack/keystone/keystone/common/rbac_enforcer/enforcer.py:409}}
Nov 03 13:37:02 user devstack@keystone.service[45879]: [pid: 45879|app: 0|req: 40/125] 10.0.0.210 () {56 vars in 1094 bytes} [Fri Nov 3 13:37:02 2023] GET /identity/v3/roles?name=admin => generated 337 bytes in 162 msecs (HTTP/1.1 200) 5 headers in 177 bytes (1 switches on core 0)
Nov 03 13:37:02 user devstack@keystone.service[45878]: ERROR keystone.server.flask.application [None req-338d7ed8-4d97-46f4-a049-70610ad2b8c2 None admin] Could not find role: anotherrole.: keystone.exception.RoleNotFound: Could not find role: anotherrole.
Nov 03 13:37:02 user devstack@keystone.service[45878]: ERROR keystone.server.flask.application
Traceback (most recent call last):
Nov 03 13:37:02 user devstack@keystone.service[45878]: ERROR keystone.server.flask.application
File "/opt/stack/data/venv/lib/python3.10/site-packages/flask/app.py", line 1823, in full_dispatch_request
Nov 03 13:37:02 user devstack@keystone.service[45878]: ERROR keystone.server.flask.application rv = self.dispatch_request()
Nov 03 13:37:02 user devstack@keystone.service[45878]: ERROR keystone.server.flask.application
File "/opt/stack/data/venv/lib/python3.10/site-packages/flask/app.py", line 1799, in dispatch_request
Nov 03 13:37:02 user devstack@keystone.service[45878]: ERROR keystone.server.flask.application return self.ensure_sync(self.view_functions[rule.endpoint])(**view_args)
Nov 03 13:37:02 user devstack@keystone.service[45878]: ERROR keystone.server.flask.application
File "/opt/stack/data/venv/lib/python3.10/site-packages/flask_restful/__init__.py", line 489, in wrapper
Nov 03 13:37:02 user devstack@keystone.service[45878]: ERROR keystone.server.flask.application resp = resource(*args, **kwargs)
Nov 03 13:37:02 user devstack@keystone.service[45878]: ERROR keystone.server.flask.application
File "/opt/stack/data/venv/lib/python3.10/site-packages/flask/views.py", line 107, in view
Nov 03 13:37:02 user devstack@keystone.service[45878]: ERROR keystone.server.flask.application return current_app.ensure_sync(self.dispatch_request)(**kwargs)
Nov 03 13:37:02 user devstack@keystone.service[45878]: ERROR keystone.server.flask.application
File "/opt/stack/data/venv/lib/python3.10/site-packages/flask_restful/__init__.py", line 604, in dispatch_request
Nov 03 13:37:02 user devstack@keystone.service[45878]: ERROR keystone.server.flask.application resp = meth(*args, **kwargs)
Nov 03 13:37:02 user devstack@keystone.service[45878]: ERROR keystone.server.flask.application
File "/opt/stack/keystone/keystone/api/roles.py", line 50, in get
Nov 03 13:37:02 user devstack@keystone.service[45878]: ERROR keystone.server.flask.application return self._get_role(role_id)
Nov 03 13:37:02 user devstack@keystone.service[45878]: ERROR keystone.server.flask.application
File "/opt/stack/keystone/keystone/api/roles.py", line 70, in _get_role
Nov 03 13:37:02 user devstack@keystone.service[45878]: ERROR keystone.server.flask.application ENFORCER.enforce_call(action='identity:get_role')
Nov 03 13:37:02 user devstack@keystone.service[45878]: ERROR keystone.server.flask.application
File "/opt/stack/keystone/keystone/common/rbac_enforcer/enforcer.py", line 402, in enforce_call
Nov 03 13:37:02 user devstack@keystone.service[45878]: ERROR keystone.server.flask.application policy_dict.update(cls._extract_member_target_data(
Nov 03 13:37:02 user devstack@keystone.service[45878]: ERROR keystone.server.flask.application
File "/opt/stack/keystone/keystone/common/rbac_enforcer/enforcer.py", line 234, in _extract_member_target_data
Nov 03 13:37:02 user devstack@keystone.service[45878]: ERROR keystone.server.flask.application member_name: func(flask.request.view_args[key])
Nov 03 13:37:02 user devstack@keystone.service[45878]: ERROR keystone.server.flask.application
File "/opt/stack/keystone/keystone/common/manager.py", line 115, in wrapped
Nov 03 13:37:02 user devstack@keystone.service[45878]: ERROR keystone.server.flask.application __ret_val = __f(*args, **kwargs)
Nov 03 13:37:02 user devstack@keystone.service[45878]: ERROR keystone.server.flask.application
File "/opt/stack/data/venv/lib/python3.10/site-packages/decorator.py", line 232, in fun
Nov 03 13:37:02 user devstack@keystone.service[45878]: ERROR keystone.server.flask.application return caller(func, *(extras + args), **kw)
Nov 03 13:37:02 user devstack@keystone.service[45878]: ERROR keystone.server.flask.application
File "/opt/stack/data/venv/lib/python3.10/site-packages/dogpile/cache/region.py", line 1594, in get_or_create_for_user_func
Nov 03 13:37:02 user devstack@keystone.service[45878]: ERROR keystone.server.flask.application return self.get_or_create(
Nov 03 13:37:02 user devstack@keystone.service[45878]: ERROR keystone.server.flask.application
File "/opt/stack/data/venv/lib/python3.10/site-packages/dogpile/cache/region.py", line 1054, in get_or_create
Nov 03 13:37:02 user devstack@keystone.service[45878]: ERROR keystone.server.flask.application with Lock(
Nov 03 13:37:02 user devstack@keystone.service[45878]: ERROR keystone.server.flask.application
File "/opt/stack/data/venv/lib/python3.10/site-packages/dogpile/lock.py", line 185, in __enter__
Nov 03 13:37:02 user devstack@keystone.service[45878]: ERROR keystone.server.flask.application return self._enter()
Nov 03 13:37:02 user devstack@keystone.service[45878]: ERROR keystone.server.flask.application
File "/opt/stack/data/venv/lib/python3.10/site-packages/dogpile/lock.py", line 94, in _enter
Nov 03 13:37:02 user devstack@keystone.service[45878]: ERROR keystone.server.flask.application generated = self._enter_create(value, createdtime)
Nov 03 13:37:02 user devstack@keystone.service[45878]: ERROR keystone.server.flask.application
File "/opt/stack/data/venv/lib/python3.10/site-packages/dogpile/lock.py", line 178, in _enter_create
Nov 03 13:37:02 user devstack@keystone.service[45878]: ERROR keystone.server.flask.application return self.creator()
Nov 03 13:37:02 user devstack@keystone.service[45878]: ERROR keystone.server.flask.application
File "/opt/stack/data/venv/lib/python3.10/site-packages/dogpile/cache/region.py", line 1007, in gen_value
Nov 03 13:37:02 user devstack@keystone.service[45878]: ERROR keystone.server.flask.application created_value = creator(
Nov 03 13:37:02 user devstack@keystone.service[45878]: ERROR keystone.server.flask.application
File "/opt/stack/keystone/keystone/assignment/core.py", line 1276, in get_role
Nov 03 13:37:02 user devstack@keystone.service[45878]: ERROR keystone.server.flask.application return self.driver.get_role(role_id)
Nov 03 13:37:02 user devstack@keystone.service[45878]: ERROR keystone.server.flask.application
File "/opt/stack/keystone/keystone/assignment/role_backends/sql.py", line 70, in get_role
Nov 03 13:37:02 user devstack@keystone.service[45878]: ERROR keystone.server.flask.application return self._get_role(session, role_id).to_dict()
Nov 03 13:37:02 user devstack@keystone.service[45878]: ERROR keystone.server.flask.application
File "/opt/stack/keystone/keystone/assignment/role_backends/sql.py", line 65, in _get_role
Nov 03 13:37:02 user devstack@keystone.service[45878]: ERROR keystone.server.flask.application raise exception.RoleNotFound(role_id=role_id)
Nov 03 13:37:02 user devstack@keystone.service[45878]: ERROR keystone.server.flask.application keystone.exception.RoleNotFound: Could not find role: anotherrole.
Nov 03 13:37:02 user devstack@keystone.service[45878]: ERROR keystone.server.flask.application
Nov 03 13:37:02 user devstack@keystone.service[45877]: DEBUG keystone.server.flask.request_processing.middleware.auth_context [None req-1170ccaf-f935-477b-975b-48d9f40ba9df None None] Authenticating user token {{(pid=45877) process_request /opt/stack/data/venv/lib/python3.10/site-packages/keystonemiddleware/auth_token/__init__.py:406}}
Nov 03 13:37:02 user devstack@keystone.service[45878]: [pid: 45878|app: 0|req: 46/126] 10.0.0.210 () {56 vars in 1109 bytes} [Fri Nov 3 13:37:02 2023] GET /identity/v3/roles/anotherrole => generated 89 bytes in 145 msecs (HTTP/1.1 404) 5 headers in 183 bytes (1 switches on core 0)
Nov 03 13:37:02 user devstack@keystone.service[45879]: DEBUG keystone.server.flask.request_processing.middleware.auth_context [None req-27d605dd-f9fe-45e5-a835-e4fa66bf77ea None admin] Authenticating user token {{(pid=45879) process_request /opt/stack/data/venv/lib/python3.10/site-packages/keystonemiddleware/auth_token/__init__.py:406}}
Nov 03 13:37:02 user devstack@keystone.service[45878]: DEBUG keystone.server.flask.request_processing.req_logging [None req-f02d4bfa-95f9-496d-996e-32b62398b171 None None] REQUEST_METHOD: `GET` {{(pid=45878) log_request_info /opt/stack/keystone/keystone/server/flask/request_processing/req_logging.py:27}}
Nov 03 13:37:02 user devstack@keystone.service[45878]: DEBUG keystone.server.flask.request_processing.req_logging [None req-f02d4bfa-95f9-496d-996e-32b62398b171 None None] SCRIPT_NAME: `/identity` {{(pid=45878) log_request_info /opt/stack/keystone/keystone/server/flask/request_processing/req_logging.py:28}}
Nov 03 13:37:02 user devstack@keystone.service[45878]: DEBUG keystone.server.flask.request_processing.req_logging [None req-f02d4bfa-95f9-496d-996e-32b62398b171 None None] PATH_INFO: `/` {{(pid=45878) log_request_info /opt/stack/keystone/keystone/server/flask/request_processing/req_logging.py:29}}
Nov 03 13:37:02 user devstack@keystone.service[45878]: [pid: 45878|app: 0|req: 47/127] 10.0.0.210 () {54 vars in 921 bytes} [Fri Nov 3 13:37:02 2023] GET /identity => generated 269 bytes in 3 msecs (HTTP/1.1 300) 6 headers in 233 bytes (1 switches on core 0)
Nov 03 13:37:02 user devstack@keystone.service[45878]: DEBUG keystone.server.flask.request_processing.middleware.auth_context [None req-f02d4bfa-95f9-496d-996e-32b62398b171 None None] Authenticating user token {{(pid=45878) process_request /opt/stack/data/venv/lib/python3.10/site-packages/keystonemiddleware/auth_token/__init__.py:406}}
Nov 03 13:37:03 user devstack@keystone.service[45877]: DEBUG keystone.server.flask.request_processing.middleware.auth_context [None req-1170ccaf-f935-477b-975b-48d9f40ba9df None None] Validating token access rules against request {{(pid=45877) validate_allowed_request /opt/stack/data/venv/lib/python3.10/site-packages/keystonemiddleware/auth_token/__init__.py:544}}
Nov 03 13:37:03 user devstack@keystone.service[45877]: DEBUG keystone.server.flask.request_processing.middleware.auth_context [None req-388e3042-dc75-4a2f-9c6c-250ec76ab78d None admin] RBAC: auth_context: {'token': , 'domain_id': None, 'trust_id': None, 'trustor_id': None, 'trustee_id': None, 'domain_name': None, 'group_ids': [], 'user_id': '610438e5c7854c1d90d987bb7a4a2d4f', 'user_domain_id': 'default', 'system_scope': 'all', 'project_id': None, 'project_domain_id': None, 'roles': ['admin', 'manager', 'member', 'reader'], 'is_admin_project': True, 'service_user_id': None, 'service_user_domain_id': None, 'service_project_id': None, 'service_project_domain_id': None, 'service_roles': []} {{(pid=45877) fill_context /opt/stack/keystone/keystone/server/flask/request_processing/middleware/auth_context.py:480}}
Nov 03 13:37:03 user devstack@keystone.service[45877]: DEBUG keystone.server.flask.request_processing.req_logging [None req-388e3042-dc75-4a2f-9c6c-250ec76ab78d None admin] REQUEST_METHOD: `GET` {{(pid=45877) log_request_info /opt/stack/keystone/keystone/server/flask/request_processing/req_logging.py:27}}
Nov 03 13:37:03 user devstack@keystone.service[45877]: DEBUG keystone.server.flask.request_processing.req_logging [None req-388e3042-dc75-4a2f-9c6c-250ec76ab78d None admin] SCRIPT_NAME: `/identity` {{(pid=45877) log_request_info /opt/stack/keystone/keystone/server/flask/request_processing/req_logging.py:28}}
Nov 03 13:37:03 user devstack@keystone.service[45877]: DEBUG keystone.server.flask.request_processing.req_logging [None req-388e3042-dc75-4a2f-9c6c-250ec76ab78d None admin] PATH_INFO: `/v3/users/12b79afde96a4e3a9439356d3d8501a6` {{(pid=45877) log_request_info /opt/stack/keystone/keystone/server/flask/request_processing/req_logging.py:29}}
Nov 03 13:37:03 user devstack@keystone.service[45878]: DEBUG keystone.server.flask.request_processing.middleware.auth_context [None req-f02d4bfa-95f9-496d-996e-32b62398b171 None None] Validating token access rules against request {{(pid=45878) validate_allowed_request /opt/stack/data/venv/lib/python3.10/site-packages/keystonemiddleware/auth_token/__init__.py:544}}
Nov 03 13:37:03 user devstack@keystone.service[45877]: DEBUG keystone.common.rbac_enforcer.enforcer [None req-388e3042-dc75-4a2f-9c6c-250ec76ab78d None admin] RBAC: Authorizing `identity:get_user(user_id=12b79afde96a4e3a9439356d3d8501a6)` {{(pid=45877) enforce_call /opt/stack/keystone/keystone/common/rbac_enforcer/enforcer.py:449}}
Nov 03 13:37:03 user devstack@keystone.service[45877]: DEBUG keystone.common.rbac_enforcer.enforcer [None req-388e3042-dc75-4a2f-9c6c-250ec76ab78d None admin] RBAC: Authorization granted {{(pid=45877) enforce_call /opt/stack/keystone/keystone/common/rbac_enforcer/enforcer.py:457}}
Nov 03 13:37:03 user devstack@keystone.service[45877]: [pid: 45877|app: 0|req: 41/128] 10.0.0.210 () {56 vars in 1172 bytes} [Fri Nov 3 13:37:02 2023] GET /identity/v3/users/12b79afde96a4e3a9439356d3d8501a6 => generated 282 bytes in 153 msecs (HTTP/1.1 200) 5 headers in 177 bytes (1 switches on core 0)
Nov 03 13:37:03 user devstack@keystone.service[45877]: DEBUG keystone.server.flask.request_processing.middleware.auth_context [None req-388e3042-dc75-4a2f-9c6c-250ec76ab78d None admin] Authenticating user token {{(pid=45877) process_request /opt/stack/data/venv/lib/python3.10/site-packages/keystonemiddleware/auth_token/__init__.py:406}}
Nov 03 13:37:03 user devstack@keystone.service[45878]: DEBUG keystone.server.flask.request_processing.middleware.auth_context [None req-9fcf36ce-2fcf-4d09-b9c5-3186b2f7ccdb None admin] RBAC: auth_context: {'token': , 'domain_id': None, 'trust_id': None, 'trustor_id': None, 'trustee_id': None, 'domain_name': None, 'group_ids': [], 'user_id': '610438e5c7854c1d90d987bb7a4a2d4f', 'user_domain_id': 'default', 'system_scope': 'all', 'project_id': None, 'project_domain_id': None, 'roles': ['admin', 'manager', 'member', 'reader'], 'is_admin_project': True, 'service_user_id': None, 'service_user_domain_id': None, 'service_project_id': None, 'service_project_domain_id': None, 'service_roles': []} {{(pid=45878) fill_context /opt/stack/keystone/keystone/server/flask/request_processing/middleware/auth_context.py:480}}
Nov 03 13:37:03 user devstack@keystone.service[45878]: DEBUG keystone.server.flask.request_processing.req_logging [None req-9fcf36ce-2fcf-4d09-b9c5-3186b2f7ccdb None admin] REQUEST_METHOD: `GET` {{(pid=45878) log_request_info /opt/stack/keystone/keystone/server/flask/request_processing/req_logging.py:27}}
Nov 03 13:37:03 user devstack@keystone.service[45878]: DEBUG keystone.server.flask.request_processing.req_logging [None req-9fcf36ce-2fcf-4d09-b9c5-3186b2f7ccdb None admin] SCRIPT_NAME: `/identity` {{(pid=45878) log_request_info /opt/stack/keystone/keystone/server/flask/request_processing/req_logging.py:28}}
Nov 03 13:37:03 user devstack@keystone.service[45878]: DEBUG keystone.server.flask.request_processing.req_logging [None req-9fcf36ce-2fcf-4d09-b9c5-3186b2f7ccdb None admin] PATH_INFO: `/v3/domains/default` {{(pid=45878) log_request_info /opt/stack/keystone/keystone/server/flask/request_processing/req_logging.py:29}}
Nov 03 13:37:03 user devstack@keystone.service[45878]: DEBUG keystone.common.rbac_enforcer.enforcer [None req-9fcf36ce-2fcf-4d09-b9c5-3186b2f7ccdb None admin] RBAC: Authorizing `identity:get_domain(domain_id=default)` {{(pid=45878) enforce_call /opt/stack/keystone/keystone/common/rbac_enforcer/enforcer.py:449}}
Nov 03 13:37:03 user devstack@keystone.service[45878]: DEBUG keystone.common.rbac_enforcer.enforcer [None req-9fcf36ce-2fcf-4d09-b9c5-3186b2f7ccdb None admin] RBAC: Authorization granted {{(pid=45878) enforce_call /opt/stack/keystone/keystone/common/rbac_enforcer/enforcer.py:457}}
Nov 03 13:37:03 user devstack@keystone.service[45878]: [pid: 45878|app: 0|req: 48/129] 10.0.0.210 () {56 vars in 1103 bytes} [Fri Nov 3 13:37:02 2023] GET /identity/v3/domains/default => generated 198 bytes in 141 msecs (HTTP/1.1 200) 5 headers in 177 bytes (2 switches on core 0)
Nov 03 13:37:03 user devstack@keystone.service[45878]: DEBUG keystone.server.flask.request_processing.middleware.auth_context [None req-9fcf36ce-2fcf-4d09-b9c5-3186b2f7ccdb None admin] Authenticating user token {{(pid=45878) process_request /opt/stack/data/venv/lib/python3.10/site-packages/keystonemiddleware/auth_token/__init__.py:406}}
Nov 03 13:37:03 user devstack@keystone.service[45877]: DEBUG keystone.server.flask.request_processing.middleware.auth_context [None req-388e3042-dc75-4a2f-9c6c-250ec76ab78d None admin] Validating token access rules against request {{(pid=45877) validate_allowed_request /opt/stack/data/venv/lib/python3.10/site-packages/keystonemiddleware/auth_token/__init__.py:544}}
