Nov 03 16:13:14 user devstack@keystone.service[45813]: DEBUG keystone.server.flask.request_processing.middleware.auth_context [None req-cdfc8f80-7a1e-4ffe-9383-66ad3acf46bf None admin] Validating token access rules against request {{(pid=45813) validate_allowed_request /opt/stack/data/venv/lib/python3.10/site-packages/keystonemiddleware/auth_token/__init__.py:544}}
Nov 03 16:13:14 user devstack@keystone.service[45813]: DEBUG keystone.server.flask.request_processing.middleware.auth_context [None req-dc690046-2938-4e9b-b408-28b09949ff0c admin admin] RBAC: auth_context: {'token': , 'domain_id': None, 'trust_id': None, 'trustor_id': None, 'trustee_id': None, 'domain_name': None, 'group_ids': [], 'user_id': '3edee3353bc4447fbadad2cdbf6e06e9', 'user_domain_id': 'default', 'system_scope': None, 'project_id': '963b05cb9b5441c6ac0a6ce413636c77', 'project_domain_id': 'default', 'roles': ['manager', 'reader', 'member', 'admin'], 'is_admin_project': True, 'service_user_id': None, 'service_user_domain_id': None, 'service_project_id': None, 'service_project_domain_id': None, 'service_roles': []} {{(pid=45813) fill_context /opt/stack/keystone/keystone/server/flask/request_processing/middleware/auth_context.py:480}}
Nov 03 16:13:14 user devstack@keystone.service[45813]: DEBUG keystone.server.flask.request_processing.req_logging [None req-dc690046-2938-4e9b-b408-28b09949ff0c admin admin] REQUEST_METHOD: `GET` {{(pid=45813) log_request_info /opt/stack/keystone/keystone/server/flask/request_processing/req_logging.py:27}}
Nov 03 16:13:14 user devstack@keystone.service[45813]: DEBUG keystone.server.flask.request_processing.req_logging [None req-dc690046-2938-4e9b-b408-28b09949ff0c admin admin] SCRIPT_NAME: `/identity` {{(pid=45813) log_request_info /opt/stack/keystone/keystone/server/flask/request_processing/req_logging.py:28}}
Nov 03 16:13:14 user devstack@keystone.service[45813]: DEBUG keystone.server.flask.request_processing.req_logging [None req-dc690046-2938-4e9b-b408-28b09949ff0c admin admin] PATH_INFO: `/v3/roles` {{(pid=45813) log_request_info /opt/stack/keystone/keystone/server/flask/request_processing/req_logging.py:29}}
Nov 03 16:13:14 user devstack@keystone.service[45813]: DEBUG keystone.common.rbac_enforcer.enforcer [None req-dc690046-2938-4e9b-b408-28b09949ff0c admin admin] RBAC: Adding query filter params (name=anotherrole) {{(pid=45813) _extract_filter_values /opt/stack/keystone/keystone/common/rbac_enforcer/enforcer.py:167}}
Nov 03 16:13:14 user devstack@keystone.service[45813]: DEBUG keystone.common.rbac_enforcer.enforcer [None req-dc690046-2938-4e9b-b408-28b09949ff0c admin admin] RBAC: Authorizing `identity:list_roles()` {{(pid=45813) enforce_call /opt/stack/keystone/keystone/common/rbac_enforcer/enforcer.py:449}}
Nov 03 16:13:14 user devstack@keystone.service[45813]: DEBUG keystone.common.rbac_enforcer.enforcer [None req-dc690046-2938-4e9b-b408-28b09949ff0c admin admin] RBAC: Authorization granted {{(pid=45813) enforce_call /opt/stack/keystone/keystone/common/rbac_enforcer/enforcer.py:457}}
Nov 03 16:13:14 user devstack@keystone.service[45813]: [pid: 45813|app: 0|req: 73/240] 10.0.0.210 () {56 vars in 1127 bytes} [Fri Nov 3 16:13:14 2023] GET /identity/v3/roles?name=anotherrole => generated 332 bytes in 31 msecs (HTTP/1.1 200) 5 headers in 177 bytes (1 switches on core 0)
Nov 03 16:13:14 user devstack@keystone.service[45811]: DEBUG keystone.server.flask.request_processing.middleware.auth_context [None req-9593a993-4415-411a-af2f-abc9f183d9ab admin admin] Authenticating user token {{(pid=45811) process_request /opt/stack/data/venv/lib/python3.10/site-packages/keystonemiddleware/auth_token/__init__.py:406}}
Nov 03 16:13:14 user devstack@keystone.service[45812]: DEBUG keystone.server.flask.request_processing.middleware.auth_context [None req-8c25bff7-5d97-4f16-8928-d888c96fe559 None None] Validating token access rules against request {{(pid=45812) validate_allowed_request /opt/stack/data/venv/lib/python3.10/site-packages/keystonemiddleware/auth_token/__init__.py:544}}
Nov 03 16:13:14 user devstack@keystone.service[45811]: DEBUG keystone.server.flask.request_processing.middleware.auth_context [None req-9593a993-4415-411a-af2f-abc9f183d9ab admin admin] Validating token access rules against request {{(pid=45811) validate_allowed_request /opt/stack/data/venv/lib/python3.10/site-packages/keystonemiddleware/auth_token/__init__.py:544}}
Nov 03 16:13:14 user devstack@keystone.service[45811]: DEBUG keystone.server.flask.request_processing.middleware.auth_context [None req-b44788fc-6522-4587-8387-e18b53df4cd0 admin admin] RBAC: auth_context: {'token': , 'domain_id': None, 'trust_id': None, 'trustor_id': None, 'trustee_id': None, 'domain_name': None, 'group_ids': [], 'user_id': '3edee3353bc4447fbadad2cdbf6e06e9', 'user_domain_id': 'default', 'system_scope': None, 'project_id': '963b05cb9b5441c6ac0a6ce413636c77', 'project_domain_id': 'default', 'roles': ['manager', 'reader', 'member', 'admin'], 'is_admin_project': True, 'service_user_id': None, 'service_user_domain_id': None, 'service_project_id': None, 'service_project_domain_id': None, 'service_roles': []} {{(pid=45811) fill_context /opt/stack/keystone/keystone/server/flask/request_processing/middleware/auth_context.py:480}}
Nov 03 16:13:14 user devstack@keystone.service[45811]: DEBUG keystone.server.flask.request_processing.req_logging [None req-b44788fc-6522-4587-8387-e18b53df4cd0 admin admin] REQUEST_METHOD: `GET` {{(pid=45811) log_request_info /opt/stack/keystone/keystone/server/flask/request_processing/req_logging.py:27}}
Nov 03 16:13:14 user devstack@keystone.service[45811]: DEBUG keystone.server.flask.request_processing.req_logging [None req-b44788fc-6522-4587-8387-e18b53df4cd0 admin admin] SCRIPT_NAME: `/identity` {{(pid=45811) log_request_info /opt/stack/keystone/keystone/server/flask/request_processing/req_logging.py:28}}
Nov 03 16:13:14 user devstack@keystone.service[45811]: DEBUG keystone.server.flask.request_processing.req_logging [None req-b44788fc-6522-4587-8387-e18b53df4cd0 admin admin] PATH_INFO: `/v3/groups/a7ec33909f7c47478e8a86d8b560dce0` {{(pid=45811) log_request_info /opt/stack/keystone/keystone/server/flask/request_processing/req_logging.py:29}}
Nov 03 16:13:14 user devstack@keystone.service[45811]: DEBUG keystone.common.rbac_enforcer.enforcer [None req-b44788fc-6522-4587-8387-e18b53df4cd0 admin admin] RBAC: Authorizing `identity:get_group(group_id=a7ec33909f7c47478e8a86d8b560dce0)` {{(pid=45811) enforce_call /opt/stack/keystone/keystone/common/rbac_enforcer/enforcer.py:449}}
Nov 03 16:13:14 user devstack@keystone.service[45811]: DEBUG keystone.common.rbac_enforcer.enforcer [None req-b44788fc-6522-4587-8387-e18b53df4cd0 admin admin] RBAC: Authorization granted {{(pid=45811) enforce_call /opt/stack/keystone/keystone/common/rbac_enforcer/enforcer.py:457}}
Nov 03 16:13:14 user devstack@keystone.service[45811]: [pid: 45811|app: 0|req: 84/241] 10.0.0.210 () {56 vars in 1196 bytes} [Fri Nov 3 16:13:14 2023] GET /identity/v3/groups/a7ec33909f7c47478e8a86d8b560dce0 => generated 225 bytes in 32 msecs (HTTP/1.1 200) 5 headers in 177 bytes (1 switches on core 0)
Nov 03 16:13:14 user devstack@keystone.service[45813]: DEBUG keystone.server.flask.request_processing.middleware.auth_context [None req-dc690046-2938-4e9b-b408-28b09949ff0c admin admin] Authenticating user token {{(pid=45813) process_request /opt/stack/data/venv/lib/python3.10/site-packages/keystonemiddleware/auth_token/__init__.py:406}}
Nov 03 16:13:14 user devstack@keystone.service[45812]: DEBUG keystone.server.flask.request_processing.middleware.auth_context [None req-023e5285-b8aa-4b5d-9065-3b3d8ef74b65 None admin] RBAC: auth_context: {'token': , 'domain_id': None, 'trust_id': None, 'trustor_id': None, 'trustee_id': None, 'domain_name': None, 'group_ids': [], 'user_id': '3edee3353bc4447fbadad2cdbf6e06e9', 'user_domain_id': 'default', 'system_scope': 'all', 'project_id': None, 'project_domain_id': None, 'roles': ['admin', 'manager', 'member', 'reader'], 'is_admin_project': True, 'service_user_id': None, 'service_user_domain_id': None, 'service_project_id': None, 'service_project_domain_id': None, 'service_roles': []} {{(pid=45812) fill_context /opt/stack/keystone/keystone/server/flask/request_processing/middleware/auth_context.py:480}}
Nov 03 16:13:14 user devstack@keystone.service[45812]: DEBUG keystone.server.flask.request_processing.req_logging [None req-023e5285-b8aa-4b5d-9065-3b3d8ef74b65 None admin] REQUEST_METHOD: `GET` {{(pid=45812) log_request_info /opt/stack/keystone/keystone/server/flask/request_processing/req_logging.py:27}}
Nov 03 16:13:14 user devstack@keystone.service[45812]: DEBUG keystone.server.flask.request_processing.req_logging [None req-023e5285-b8aa-4b5d-9065-3b3d8ef74b65 None admin] SCRIPT_NAME: `/identity` {{(pid=45812) log_request_info /opt/stack/keystone/keystone/server/flask/request_processing/req_logging.py:28}}
Nov 03 16:13:14 user devstack@keystone.service[45812]: DEBUG keystone.server.flask.request_processing.req_logging [None req-023e5285-b8aa-4b5d-9065-3b3d8ef74b65 None admin] PATH_INFO: `/v3/users/274be7e6ef7c4da6bca1e7e661c7b2e7` {{(pid=45812) log_request_info /opt/stack/keystone/keystone/server/flask/request_processing/req_logging.py:29}}
Nov 03 16:13:14 user devstack@keystone.service[45812]: DEBUG keystone.common.rbac_enforcer.enforcer [None req-023e5285-b8aa-4b5d-9065-3b3d8ef74b65 None admin] RBAC: Authorizing `identity:get_user(user_id=274be7e6ef7c4da6bca1e7e661c7b2e7)` {{(pid=45812) enforce_call /opt/stack/keystone/keystone/common/rbac_enforcer/enforcer.py:449}}
Nov 03 16:13:14 user devstack@keystone.service[45812]: DEBUG keystone.common.rbac_enforcer.enforcer [None req-023e5285-b8aa-4b5d-9065-3b3d8ef74b65 None admin] RBAC: Authorization granted {{(pid=45812) enforce_call /opt/stack/keystone/keystone/common/rbac_enforcer/enforcer.py:457}}
Nov 03 16:13:14 user devstack@keystone.service[45812]: [pid: 45812|app: 0|req: 85/242] 10.0.0.210 () {56 vars in 1172 bytes} [Fri Nov 3 16:13:14 2023] GET /identity/v3/users/274be7e6ef7c4da6bca1e7e661c7b2e7 => generated 292 bytes in 160 msecs (HTTP/1.1 200) 5 headers in 177 bytes (1 switches on core 0)
Nov 03 16:13:14 user devstack@keystone.service[45813]: DEBUG keystone.server.flask.request_processing.middleware.auth_context [None req-dc690046-2938-4e9b-b408-28b09949ff0c admin admin] Validating token access rules against request {{(pid=45813) validate_allowed_request /opt/stack/data/venv/lib/python3.10/site-packages/keystonemiddleware/auth_token/__init__.py:544}}
Nov 03 16:13:14 user devstack@keystone.service[45811]: DEBUG keystone.server.flask.request_processing.middleware.auth_context [None req-b44788fc-6522-4587-8387-e18b53df4cd0 admin admin] Authenticating user token {{(pid=45811) process_request /opt/stack/data/venv/lib/python3.10/site-packages/keystonemiddleware/auth_token/__init__.py:406}}
Nov 03 16:13:14 user devstack@keystone.service[45813]: DEBUG keystone.server.flask.request_processing.middleware.auth_context [None req-3069c375-d588-4155-bfc5-971d17970956 admin admin] RBAC: auth_context: {'token': , 'domain_id': None, 'trust_id': None, 'trustor_id': None, 'trustee_id': None, 'domain_name': None, 'group_ids': [], 'user_id': '3edee3353bc4447fbadad2cdbf6e06e9', 'user_domain_id': 'default', 'system_scope': None, 'project_id': '963b05cb9b5441c6ac0a6ce413636c77', 'project_domain_id': 'default', 'roles': ['manager', 'reader', 'member', 'admin'], 'is_admin_project': True, 'service_user_id': None, 'service_user_domain_id': None, 'service_project_id': None, 'service_project_domain_id': None, 'service_roles': []} {{(pid=45813) fill_context /opt/stack/keystone/keystone/server/flask/request_processing/middleware/auth_context.py:480}}
Nov 03 16:13:14 user devstack@keystone.service[45813]: DEBUG keystone.server.flask.request_processing.req_logging [None req-3069c375-d588-4155-bfc5-971d17970956 admin admin] REQUEST_METHOD: `GET` {{(pid=45813) log_request_info /opt/stack/keystone/keystone/server/flask/request_processing/req_logging.py:27}}
Nov 03 16:13:14 user devstack@keystone.service[45813]: DEBUG keystone.server.flask.request_processing.req_logging [None req-3069c375-d588-4155-bfc5-971d17970956 admin admin] SCRIPT_NAME: `/identity` {{(pid=45813) log_request_info /opt/stack/keystone/keystone/server/flask/request_processing/req_logging.py:28}}
Nov 03 16:13:14 user devstack@keystone.service[45813]: DEBUG keystone.server.flask.request_processing.req_logging [None req-3069c375-d588-4155-bfc5-971d17970956 admin admin] PATH_INFO: `/v3/projects/ec3872a5e5374a8db9052a55ff73abc5` {{(pid=45813) log_request_info /opt/stack/keystone/keystone/server/flask/request_processing/req_logging.py:29}}
Nov 03 16:13:14 user devstack@keystone.service[45813]: DEBUG keystone.common.rbac_enforcer.enforcer [None req-3069c375-d588-4155-bfc5-971d17970956 admin admin] RBAC: Authorizing `identity:get_project(project_id=ec3872a5e5374a8db9052a55ff73abc5)` {{(pid=45813) enforce_call /opt/stack/keystone/keystone/common/rbac_enforcer/enforcer.py:449}}
Nov 03 16:13:14 user devstack@keystone.service[45813]: DEBUG keystone.common.rbac_enforcer.enforcer [None req-3069c375-d588-4155-bfc5-971d17970956 admin admin] RBAC: Authorization granted {{(pid=45813) enforce_call /opt/stack/keystone/keystone/common/rbac_enforcer/enforcer.py:457}}
Nov 03 16:13:14 user devstack@keystone.service[45813]: [pid: 45813|app: 0|req: 74/243] 10.0.0.210 () {56 vars in 1202 bytes} [Fri Nov 3 16:13:14 2023] GET /identity/v3/projects/ec3872a5e5374a8db9052a55ff73abc5 => generated 301 bytes in 23 msecs (HTTP/1.1 200) 5 headers in 177 bytes (1 switches on core 0)
Nov 03 16:13:14 user devstack@keystone.service[45812]: DEBUG keystone.server.flask.request_processing.middleware.auth_context [None req-023e5285-b8aa-4b5d-9065-3b3d8ef74b65 None admin] Authenticating user token {{(pid=45812) process_request /opt/stack/data/venv/lib/python3.10/site-packages/keystonemiddleware/auth_token/__init__.py:406}}
Nov 03 16:13:14 user devstack@keystone.service[45812]: DEBUG keystone.server.flask.request_processing.middleware.auth_context [None req-023e5285-b8aa-4b5d-9065-3b3d8ef74b65 None admin] Validating token access rules against request {{(pid=45812) validate_allowed_request /opt/stack/data/venv/lib/python3.10/site-packages/keystonemiddleware/auth_token/__init__.py:544}}
Nov 03 16:13:14 user devstack@keystone.service[45812]: DEBUG keystone.server.flask.request_processing.middleware.auth_context [None req-3d293584-f8bf-4920-b6ee-7357a8ee147f admin admin] RBAC: auth_context: {'token': , 'domain_id': None, 'trust_id': None, 'trustor_id': None, 'trustee_id': None, 'domain_name': None, 'group_ids': [], 'user_id': '3edee3353bc4447fbadad2cdbf6e06e9', 'user_domain_id': 'default', 'system_scope': None, 'project_id': '963b05cb9b5441c6ac0a6ce413636c77', 'project_domain_id': 'default', 'roles': ['manager', 'reader', 'member', 'admin'], 'is_admin_project': True, 'service_user_id': None, 'service_user_domain_id': None, 'service_project_id': None, 'service_project_domain_id': None, 'service_roles': []} {{(pid=45812) fill_context /opt/stack/keystone/keystone/server/flask/request_processing/middleware/auth_context.py:480}}
Nov 03 16:13:14 user devstack@keystone.service[45812]: DEBUG keystone.server.flask.request_processing.req_logging [None req-3d293584-f8bf-4920-b6ee-7357a8ee147f admin admin] REQUEST_METHOD: `PUT` {{(pid=45812) log_request_info /opt/stack/keystone/keystone/server/flask/request_processing/req_logging.py:27}}
Nov 03 16:13:14 user devstack@keystone.service[45812]: DEBUG keystone.server.flask.request_processing.req_logging [None req-3d293584-f8bf-4920-b6ee-7357a8ee147f admin admin] SCRIPT_NAME: `/identity` {{(pid=45812) log_request_info /opt/stack/keystone/keystone/server/flask/request_processing/req_logging.py:28}}
Nov 03 16:13:14 user devstack@keystone.service[45812]: DEBUG keystone.server.flask.request_processing.req_logging [None req-3d293584-f8bf-4920-b6ee-7357a8ee147f admin admin] PATH_INFO: `/v3/projects/ec3872a5e5374a8db9052a55ff73abc5/groups/a7ec33909f7c47478e8a86d8b560dce0/roles/60a1bf2d45294762a9e933b5ce2da53e` {{(pid=45812) log_request_info /opt/stack/keystone/keystone/server/flask/request_processing/req_logging.py:29}}
Nov 03 16:13:14 user devstack@keystone.service[45812]: DEBUG keystone.common.rbac_enforcer.enforcer [None req-3d293584-f8bf-4920-b6ee-7357a8ee147f admin admin] RBAC: Authorizing `identity:create_grant(project_id=ec3872a5e5374a8db9052a55ff73abc5, group_id=a7ec33909f7c47478e8a86d8b560dce0, role_id=60a1bf2d45294762a9e933b5ce2da53e)` {{(pid=45812) enforce_call /opt/stack/keystone/keystone/common/rbac_enforcer/enforcer.py:449}}
Nov 03 16:13:14 user devstack@keystone.service[45812]: DEBUG keystone.common.rbac_enforcer.enforcer [None req-3d293584-f8bf-4920-b6ee-7357a8ee147f admin admin] RBAC: Authorization granted {{(pid=45812) enforce_call /opt/stack/keystone/keystone/common/rbac_enforcer/enforcer.py:457}}
Nov 03 16:13:14 user devstack@keystone.service[45812]: [pid: 45812|app: 0|req: 86/244] 10.0.0.210 () {58 vars in 1458 bytes} [Fri Nov 3 16:13:14 2023] PUT /identity/v3/projects/ec3872a5e5374a8db9052a55ff73abc5/groups/a7ec33909f7c47478e8a86d8b560dce0/roles/60a1bf2d45294762a9e933b5ce2da53e => generated 0 bytes in 34 msecs (HTTP/1.1 204) 3 headers in 132 bytes (0 switches on core 0)
Nov 03 16:13:14 user devstack@keystone.service[45813]: DEBUG keystone.server.flask.request_processing.req_logging [None req-a8b01012-769f-4f15-98f2-1ababb5e03ca None None] REQUEST_METHOD: `GET` {{(pid=45813) log_request_info /opt/stack/keystone/keystone/server/flask/request_processing/req_logging.py:27}}
Nov 03 16:13:14 user devstack@keystone.service[45813]: DEBUG keystone.server.flask.request_processing.req_logging [None req-a8b01012-769f-4f15-98f2-1ababb5e03ca None None] SCRIPT_NAME: `/identity` {{(pid=45813) log_request_info /opt/stack/keystone/keystone/server/flask/request_processing/req_logging.py:28}}
Nov 03 16:13:14 user devstack@keystone.service[45813]: DEBUG keystone.server.flask.request_processing.req_logging [None req-a8b01012-769f-4f15-98f2-1ababb5e03ca None None] PATH_INFO: `/` {{(pid=45813) log_request_info /opt/stack/keystone/keystone/server/flask/request_processing/req_logging.py:29}}
Nov 03 16:13:14 user devstack@keystone.service[45813]: [pid: 45813|app: 0|req: 75/245] 10.0.0.210 () {54 vars in 921 bytes} [Fri Nov 3 16:13:14 2023] GET /identity => generated 269 bytes in 3 msecs (HTTP/1.1 300) 6 headers in 233 bytes (1 switches on core 0)
Nov 03 16:13:14 user devstack@keystone.service[45812]: DEBUG keystone.server.flask.request_processing.middleware.auth_context [None req-3d293584-f8bf-4920-b6ee-7357a8ee147f admin admin] Authenticating user token {{(pid=45812) process_request /opt/stack/data/venv/lib/python3.10/site-packages/keystonemiddleware/auth_token/__init__.py:406}}
Nov 03 16:13:15 user devstack@keystone.service[45812]: DEBUG keystone.server.flask.request_processing.middleware.auth_context [None req-3d293584-f8bf-4920-b6ee-7357a8ee147f admin admin] Validating token access rules against request {{(pid=45812) validate_allowed_request /opt/stack/data/venv/lib/python3.10/site-packages/keystonemiddleware/auth_token/__init__.py:544}}
Nov 03 16:13:15 user devstack@keystone.service[45812]: DEBUG keystone.server.flask.request_processing.middleware.auth_context [None req-ecd92341-f9b0-4ccc-ac4f-ed378b02968b admin admin] RBAC: auth_context: {'token': , 'domain_id': None, 'trust_id': None, 'trustor_id': None, 'trustee_id': None, 'domain_name': None, 'group_ids': [], 'user_id': '3edee3353bc4447fbadad2cdbf6e06e9', 'user_domain_id': 'default', 'system_scope': None, 'project_id': '963b05cb9b5441c6ac0a6ce413636c77', 'project_domain_id': 'default', 'roles': ['manager', 'reader', 'member', 'admin'], 'is_admin_project': True, 'service_user_id': None, 'service_user_domain_id': None, 'service_project_id': None, 'service_project_domain_id': None, 'service_roles': []} {{(pid=45812) fill_context /opt/stack/keystone/keystone/server/flask/request_processing/middleware/auth_context.py:480}}
Nov 03 16:13:15 user devstack@keystone.service[45812]: DEBUG keystone.server.flask.request_processing.req_logging [None req-ecd92341-f9b0-4ccc-ac4f-ed378b02968b admin admin] REQUEST_METHOD: `GET` {{(pid=45812) log_request_info /opt/stack/keystone/keystone/server/flask/request_processing/req_logging.py:27}}
Nov 03 16:13:15 user devstack@keystone.service[45812]: DEBUG keystone.server.flask.request_processing.req_logging [None req-ecd92341-f9b0-4ccc-ac4f-ed378b02968b admin admin] SCRIPT_NAME: `/identity` {{(pid=45812) log_request_info /opt/stack/keystone/keystone/server/flask/request_processing/req_logging.py:28}}
Nov 03 16:13:15 user devstack@keystone.service[45812]: DEBUG keystone.server.flask.request_processing.req_logging [None req-ecd92341-f9b0-4ccc-ac4f-ed378b02968b admin admin] PATH_INFO: `/v3/roles/admin` {{(pid=45812) log_request_info /opt/stack/keystone/keystone/server/flask/request_processing/req_logging.py:29}}
Nov 03 16:13:15 user devstack@keystone.service[45812]: DEBUG keystone.common.rbac_enforcer.enforcer [None req-ecd92341-f9b0-4ccc-ac4f-ed378b02968b admin admin] Extracting inferred target data resulted in "NOT FOUND (404)". {{(pid=45812) enforce_call /opt/stack/keystone/keystone/common/rbac_enforcer/enforcer.py:409}}
Nov 03 16:13:15 user devstack@keystone.service[45812]: ERROR keystone.server.flask.application [None req-ecd92341-f9b0-4ccc-ac4f-ed378b02968b admin admin] Could not find role: admin.: keystone.exception.RoleNotFound: Could not find role: admin.
Nov 03 16:13:15 user devstack@keystone.service[45812]: ERROR keystone.server.flask.application
Traceback (most recent call last):
Nov 03 16:13:15 user devstack@keystone.service[45812]: ERROR keystone.server.flask.application
File "/opt/stack/data/venv/lib/python3.10/site-packages/flask/app.py", line 1823, in full_dispatch_request
Nov 03 16:13:15 user devstack@keystone.service[45812]: ERROR keystone.server.flask.application rv = self.dispatch_request()
Nov 03 16:13:15 user devstack@keystone.service[45812]: ERROR keystone.server.flask.application
File "/opt/stack/data/venv/lib/python3.10/site-packages/flask/app.py", line 1799, in dispatch_request
Nov 03 16:13:15 user devstack@keystone.service[45812]: ERROR keystone.server.flask.application return self.ensure_sync(self.view_functions[rule.endpoint])(**view_args)
Nov 03 16:13:15 user devstack@keystone.service[45812]: ERROR keystone.server.flask.application
File "/opt/stack/data/venv/lib/python3.10/site-packages/flask_restful/__init__.py", line 489, in wrapper
Nov 03 16:13:15 user devstack@keystone.service[45812]: ERROR keystone.server.flask.application resp = resource(*args, **kwargs)
Nov 03 16:13:15 user devstack@keystone.service[45812]: ERROR keystone.server.flask.application
File "/opt/stack/data/venv/lib/python3.10/site-packages/flask/views.py", line 107, in view
Nov 03 16:13:15 user devstack@keystone.service[45812]: ERROR keystone.server.flask.application return current_app.ensure_sync(self.dispatch_request)(**kwargs)
Nov 03 16:13:15 user devstack@keystone.service[45812]: ERROR keystone.server.flask.application
File "/opt/stack/data/venv/lib/python3.10/site-packages/flask_restful/__init__.py", line 604, in dispatch_request
Nov 03 16:13:15 user devstack@keystone.service[45812]: ERROR keystone.server.flask.application resp = meth(*args, **kwargs)
Nov 03 16:13:15 user devstack@keystone.service[45812]: ERROR keystone.server.flask.application
File "/opt/stack/keystone/keystone/api/roles.py", line 50, in get
Nov 03 16:13:15 user devstack@keystone.service[45812]: ERROR keystone.server.flask.application return self._get_role(role_id)
Nov 03 16:13:15 user devstack@keystone.service[45812]: ERROR keystone.server.flask.application
File "/opt/stack/keystone/keystone/api/roles.py", line 70, in _get_role
Nov 03 16:13:15 user devstack@keystone.service[45812]: ERROR keystone.server.flask.application ENFORCER.enforce_call(action='identity:get_role')
Nov 03 16:13:15 user devstack@keystone.service[45812]: ERROR keystone.server.flask.application
File "/opt/stack/keystone/keystone/common/rbac_enforcer/enforcer.py", line 402, in enforce_call
Nov 03 16:13:15 user devstack@keystone.service[45812]: ERROR keystone.server.flask.application policy_dict.update(cls._extract_member_target_data(
Nov 03 16:13:15 user devstack@keystone.service[45812]: ERROR keystone.server.flask.application
File "/opt/stack/keystone/keystone/common/rbac_enforcer/enforcer.py", line 234, in _extract_member_target_data
Nov 03 16:13:15 user devstack@keystone.service[45812]: ERROR keystone.server.flask.application member_name: func(flask.request.view_args[key])
Nov 03 16:13:15 user devstack@keystone.service[45812]: ERROR keystone.server.flask.application
File "/opt/stack/keystone/keystone/common/manager.py", line 115, in wrapped
Nov 03 16:13:15 user devstack@keystone.service[45812]: ERROR keystone.server.flask.application __ret_val = __f(*args, **kwargs)
Nov 03 16:13:15 user devstack@keystone.service[45812]: ERROR keystone.server.flask.application
File "/opt/stack/data/venv/lib/python3.10/site-packages/decorator.py", line 232, in fun
Nov 03 16:13:15 user devstack@keystone.service[45812]: ERROR keystone.server.flask.application return caller(func, *(extras + args), **kw)
Nov 03 16:13:15 user devstack@keystone.service[45812]: ERROR keystone.server.flask.application
File "/opt/stack/data/venv/lib/python3.10/site-packages/dogpile/cache/region.py", line 1594, in get_or_create_for_user_func
Nov 03 16:13:15 user devstack@keystone.service[45812]: ERROR keystone.server.flask.application return self.get_or_create(
Nov 03 16:13:15 user devstack@keystone.service[45812]: ERROR keystone.server.flask.application
File "/opt/stack/data/venv/lib/python3.10/site-packages/dogpile/cache/region.py", line 1054, in get_or_create
Nov 03 16:13:15 user devstack@keystone.service[45812]: ERROR keystone.server.flask.application with Lock(
Nov 03 16:13:15 user devstack@keystone.service[45812]: ERROR keystone.server.flask.application
File "/opt/stack/data/venv/lib/python3.10/site-packages/dogpile/lock.py", line 185, in __enter__
Nov 03 16:13:15 user devstack@keystone.service[45812]: ERROR keystone.server.flask.application return self._enter()
Nov 03 16:13:15 user devstack@keystone.service[45812]: ERROR keystone.server.flask.application
File "/opt/stack/data/venv/lib/python3.10/site-packages/dogpile/lock.py", line 94, in _enter
Nov 03 16:13:15 user devstack@keystone.service[45812]: ERROR keystone.server.flask.application generated = self._enter_create(value, createdtime)
Nov 03 16:13:15 user devstack@keystone.service[45812]: ERROR keystone.server.flask.application
File "/opt/stack/data/venv/lib/python3.10/site-packages/dogpile/lock.py", line 178, in _enter_create
Nov 03 16:13:15 user devstack@keystone.service[45812]: ERROR keystone.server.flask.application return self.creator()
Nov 03 16:13:15 user devstack@keystone.service[45812]: ERROR keystone.server.flask.application
File "/opt/stack/data/venv/lib/python3.10/site-packages/dogpile/cache/region.py", line 1007, in gen_value
Nov 03 16:13:15 user devstack@keystone.service[45812]: ERROR keystone.server.flask.application created_value = creator(
Nov 03 16:13:15 user devstack@keystone.service[45812]: ERROR keystone.server.flask.application
File "/opt/stack/keystone/keystone/assignment/core.py", line 1276, in get_role
Nov 03 16:13:15 user devstack@keystone.service[45812]: ERROR keystone.server.flask.application return self.driver.get_role(role_id)
Nov 03 16:13:15 user devstack@keystone.service[45812]: ERROR keystone.server.flask.application
File "/opt/stack/keystone/keystone/assignment/role_backends/sql.py", line 70, in get_role
Nov 03 16:13:15 user devstack@keystone.service[45812]: ERROR keystone.server.flask.application return self._get_role(session, role_id).to_dict()
Nov 03 16:13:15 user devstack@keystone.service[45812]: ERROR keystone.server.flask.application
File "/opt/stack/keystone/keystone/assignment/role_backends/sql.py", line 65, in _get_role
Nov 03 16:13:15 user devstack@keystone.service[45812]: ERROR keystone.server.flask.application raise exception.RoleNotFound(role_id=role_id)
Nov 03 16:13:15 user devstack@keystone.service[45812]: ERROR keystone.server.flask.application keystone.exception.RoleNotFound: Could not find role: admin.
Nov 03 16:13:15 user devstack@keystone.service[45812]: ERROR keystone.server.flask.application
Nov 03 16:13:15 user devstack@keystone.service[45812]: [pid: 45812|app: 0|req: 87/246] 10.0.0.210 () {56 vars in 1112 bytes} [Fri Nov 3 16:13:14 2023] GET /identity/v3/roles/admin => generated 83 bytes in 97 msecs (HTTP/1.1 404) 5 headers in 183 bytes (1 switches on core 0)
Nov 03 16:13:15 user devstack@keystone.service[45813]: DEBUG keystone.server.flask.request_processing.middleware.auth_context [None req-a8b01012-769f-4f15-98f2-1ababb5e03ca None None] Authenticating user token {{(pid=45813) process_request /opt/stack/data/venv/lib/python3.10/site-packages/keystonemiddleware/auth_token/__init__.py:406}}
Nov 03 16:13:15 user devstack@keystone.service[45811]: DEBUG keystone.server.flask.request_processing.middleware.auth_context [None req-b44788fc-6522-4587-8387-e18b53df4cd0 admin admin] Validating token access rules against request {{(pid=45811) validate_allowed_request /opt/stack/data/venv/lib/python3.10/site-packages/keystonemiddleware/auth_token/__init__.py:544}}
Nov 03 16:13:15 user devstack@keystone.service[45813]: DEBUG keystone.server.flask.request_processing.middleware.auth_context [None req-a8b01012-769f-4f15-98f2-1ababb5e03ca None None] Validating token access rules against request {{(pid=45813) validate_allowed_request /opt/stack/data/venv/lib/python3.10/site-packages/keystonemiddleware/auth_token/__init__.py:544}}
Nov 03 16:13:15 user devstack@keystone.service[45813]: DEBUG keystone.server.flask.request_processing.middleware.auth_context [None req-434c5e15-9120-42f1-a2f3-7b854033a04d admin admin] RBAC: auth_context: {'token': , 'domain_id': None, 'trust_id': None, 'trustor_id': None, 'trustee_id': None, 'domain_name': None, 'group_ids': [], 'user_id': '3edee3353bc4447fbadad2cdbf6e06e9', 'user_domain_id': 'default', 'system_scope': None, 'project_id': '963b05cb9b5441c6ac0a6ce413636c77', 'project_domain_id': 'default', 'roles': ['manager', 'reader', 'member', 'admin'], 'is_admin_project': True, 'service_user_id': None, 'service_user_domain_id': None, 'service_project_id': None, 'service_project_domain_id': None, 'service_roles': []} {{(pid=45813) fill_context /opt/stack/keystone/keystone/server/flask/request_processing/middleware/auth_context.py:480}}
Nov 03 16:13:15 user devstack@keystone.service[45813]: DEBUG keystone.server.flask.request_processing.req_logging [None req-434c5e15-9120-42f1-a2f3-7b854033a04d admin admin] REQUEST_METHOD: `GET` {{(pid=45813) log_request_info /opt/stack/keystone/keystone/server/flask/request_processing/req_logging.py:27}}
Nov 03 16:13:15 user devstack@keystone.service[45813]: DEBUG keystone.server.flask.request_processing.req_logging [None req-434c5e15-9120-42f1-a2f3-7b854033a04d admin admin] SCRIPT_NAME: `/identity` {{(pid=45813) log_request_info /opt/stack/keystone/keystone/server/flask/request_processing/req_logging.py:28}}
Nov 03 16:13:15 user devstack@keystone.service[45813]: DEBUG keystone.server.flask.request_processing.req_logging [None req-434c5e15-9120-42f1-a2f3-7b854033a04d admin admin] PATH_INFO: `/v3/roles` {{(pid=45813) log_request_info /opt/stack/keystone/keystone/server/flask/request_processing/req_logging.py:29}}
Nov 03 16:13:15 user devstack@keystone.service[45813]: DEBUG keystone.common.rbac_enforcer.enforcer [None req-434c5e15-9120-42f1-a2f3-7b854033a04d admin admin] RBAC: Adding query filter params (name=admin) {{(pid=45813) _extract_filter_values /opt/stack/keystone/keystone/common/rbac_enforcer/enforcer.py:167}}
Nov 03 16:13:15 user devstack@keystone.service[45813]: DEBUG keystone.common.rbac_enforcer.enforcer [None req-434c5e15-9120-42f1-a2f3-7b854033a04d admin admin] RBAC: Authorizing `identity:list_roles()` {{(pid=45813) enforce_call /opt/stack/keystone/keystone/common/rbac_enforcer/enforcer.py:449}}
Nov 03 16:13:15 user devstack@keystone.service[45813]: DEBUG keystone.common.rbac_enforcer.enforcer [None req-434c5e15-9120-42f1-a2f3-7b854033a04d admin admin] RBAC: Authorization granted {{(pid=45813) enforce_call /opt/stack/keystone/keystone/common/rbac_enforcer/enforcer.py:457}}
Nov 03 16:13:15 user devstack@keystone.service[45813]: [pid: 45813|app: 0|req: 76/247] 10.0.0.210 () {56 vars in 1115 bytes} [Fri Nov 3 16:13:15 2023] GET /identity/v3/roles?name=admin => generated 337 bytes in 34 msecs (HTTP/1.1 200) 5 headers in 177 bytes (1 switches on core 0)
Nov 03 16:13:15 user devstack@keystone.service[45812]: DEBUG keystone.server.flask.request_processing.middleware.auth_context [None req-ecd92341-f9b0-4ccc-ac4f-ed378b02968b admin admin] Authenticating user token {{(pid=45812) process_request /opt/stack/data/venv/lib/python3.10/site-packages/keystonemiddleware/auth_token/__init__.py:406}}
Nov 03 16:13:15 user devstack@keystone.service[45812]: DEBUG keystone.server.flask.request_processing.middleware.auth_context [None req-ecd92341-f9b0-4ccc-ac4f-ed378b02968b admin admin] Validating token access rules against request {{(pid=45812) validate_allowed_request /opt/stack/data/venv/lib/python3.10/site-packages/keystonemiddleware/auth_token/__init__.py:544}}
Nov 03 16:13:15 user devstack@keystone.service[45812]: DEBUG keystone.server.flask.request_processing.middleware.auth_context [None req-30f777a7-a7af-4fa4-b8dc-cefa6ff38292 admin admin] RBAC: auth_context: {'token': , 'domain_id': None, 'trust_id': None, 'trustor_id': None, 'trustee_id': None, 'domain_name': None, 'group_ids': [], 'user_id': '3edee3353bc4447fbadad2cdbf6e06e9', 'user_domain_id': 'default', 'system_scope': None, 'project_id': '963b05cb9b5441c6ac0a6ce413636c77', 'project_domain_id': 'default', 'roles': ['manager', 'reader', 'member', 'admin'], 'is_admin_project': True, 'service_user_id': None, 'service_user_domain_id': None, 'service_project_id': None, 'service_project_domain_id': None, 'service_roles': []} {{(pid=45812) fill_context /opt/stack/keystone/keystone/server/flask/request_processing/middleware/auth_context.py:480}}
Nov 03 16:13:15 user devstack@keystone.service[45812]: DEBUG keystone.server.flask.request_processing.req_logging [None req-30f777a7-a7af-4fa4-b8dc-cefa6ff38292 admin admin] REQUEST_METHOD: `GET` {{(pid=45812) log_request_info /opt/stack/keystone/keystone/server/flask/request_processing/req_logging.py:27}}
Nov 03 16:13:15 user devstack@keystone.service[45812]: DEBUG keystone.server.flask.request_processing.req_logging [None req-30f777a7-a7af-4fa4-b8dc-cefa6ff38292 admin admin] SCRIPT_NAME: `/identity` {{(pid=45812) log_request_info /opt/stack/keystone/keystone/server/flask/request_processing/req_logging.py:28}}
Nov 03 16:13:15 user devstack@keystone.service[45812]: DEBUG keystone.server.flask.request_processing.req_logging [None req-30f777a7-a7af-4fa4-b8dc-cefa6ff38292 admin admin] PATH_INFO: `/v3/groups/20b6246c393c43dcbaf4e94ea884d19c` {{(pid=45812) log_request_info /opt/stack/keystone/keystone/server/flask/request_processing/req_logging.py:29}}
Nov 03 16:13:15 user devstack@keystone.service[45812]: DEBUG keystone.common.rbac_enforcer.enforcer [None req-30f777a7-a7af-4fa4-b8dc-cefa6ff38292 admin admin] RBAC: Authorizing `identity:get_group(group_id=20b6246c393c43dcbaf4e94ea884d19c)` {{(pid=45812) enforce_call /opt/stack/keystone/keystone/common/rbac_enforcer/enforcer.py:449}}
Nov 03 16:13:15 user devstack@keystone.service[45811]: DEBUG keystone.server.flask.request_processing.middleware.auth_context [None req-4ba0722f-e328-4869-b89b-80be27375217 None admin] RBAC: auth_context: {'token': , 'domain_id': None, 'trust_id': None, 'trustor_id': None, 'trustee_id': None, 'domain_name': None, 'group_ids': [], 'user_id': '3edee3353bc4447fbadad2cdbf6e06e9', 'user_domain_id': 'default', 'system_scope': 'all', 'project_id': None, 'project_domain_id': None, 'roles': ['admin', 'manager', 'member', 'reader'], 'is_admin_project': True, 'service_user_id': None, 'service_user_domain_id': None, 'service_project_id': None, 'service_project_domain_id': None, 'service_roles': []} {{(pid=45811) fill_context /opt/stack/keystone/keystone/server/flask/request_processing/middleware/auth_context.py:480}}
Nov 03 16:13:15 user devstack@keystone.service[45812]: DEBUG keystone.common.rbac_enforcer.enforcer [None req-30f777a7-a7af-4fa4-b8dc-cefa6ff38292 admin admin] RBAC: Authorization granted {{(pid=45812) enforce_call /opt/stack/keystone/keystone/common/rbac_enforcer/enforcer.py:457}}
Nov 03 16:13:15 user devstack@keystone.service[45811]: DEBUG keystone.server.flask.request_processing.req_logging [None req-4ba0722f-e328-4869-b89b-80be27375217 None admin] REQUEST_METHOD: `GET` {{(pid=45811) log_request_info /opt/stack/keystone/keystone/server/flask/request_processing/req_logging.py:27}}
Nov 03 16:13:15 user devstack@keystone.service[45811]: DEBUG keystone.server.flask.request_processing.req_logging [None req-4ba0722f-e328-4869-b89b-80be27375217 None admin] SCRIPT_NAME: `/identity` {{(pid=45811) log_request_info /opt/stack/keystone/keystone/server/flask/request_processing/req_logging.py:28}}
Nov 03 16:13:15 user devstack@keystone.service[45811]: DEBUG keystone.server.flask.request_processing.req_logging [None req-4ba0722f-e328-4869-b89b-80be27375217 None admin] PATH_INFO: `/v3/role_assignments` {{(pid=45811) log_request_info /opt/stack/keystone/keystone/server/flask/request_processing/req_logging.py:29}}
Nov 03 16:13:15 user devstack@keystone.service[45812]: [pid: 45812|app: 0|req: 88/248] 10.0.0.210 () {56 vars in 1196 bytes} [Fri Nov 3 16:13:15 2023] GET /identity/v3/groups/20b6246c393c43dcbaf4e94ea884d19c => generated 228 bytes in 27 msecs (HTTP/1.1 200) 5 headers in 177 bytes (1 switches on core 0)
Nov 03 16:13:15 user devstack@keystone.service[45811]: DEBUG keystone.common.rbac_enforcer.enforcer [None req-4ba0722f-e328-4869-b89b-80be27375217 None admin] RBAC: Adding query filter params (role.id=3e62667e8e2b4ec89f7c40a7687d0180, user.id=274be7e6ef7c4da6bca1e7e661c7b2e7, scope.system=all) {{(pid=45811) _extract_filter_values /opt/stack/keystone/keystone/common/rbac_enforcer/enforcer.py:167}}
Nov 03 16:13:15 user devstack@keystone.service[45811]: DEBUG keystone.common.rbac_enforcer.enforcer [None req-4ba0722f-e328-4869-b89b-80be27375217 None admin] RBAC: Authorizing `identity:list_role_assignments()` {{(pid=45811) enforce_call /opt/stack/keystone/keystone/common/rbac_enforcer/enforcer.py:449}}
Nov 03 16:13:15 user devstack@keystone.service[45811]: DEBUG keystone.common.rbac_enforcer.enforcer [None req-4ba0722f-e328-4869-b89b-80be27375217 None admin] RBAC: Authorization granted {{(pid=45811) enforce_call /opt/stack/keystone/keystone/common/rbac_enforcer/enforcer.py:457}}
Nov 03 16:13:15 user devstack@keystone.service[45813]: DEBUG keystone.server.flask.request_processing.middleware.auth_context [None req-434c5e15-9120-42f1-a2f3-7b854033a04d admin admin] Authenticating user token {{(pid=45813) process_request /opt/stack/data/venv/lib/python3.10/site-packages/keystonemiddleware/auth_token/__init__.py:406}}
Nov 03 16:13:15 user devstack@keystone.service[45811]: [pid: 45811|app: 0|req: 85/249] 10.0.0.210 () {56 vars in 1303 bytes} [Fri Nov 3 16:13:14 2023] GET /identity/v3/role_assignments?user.id=274be7e6ef7c4da6bca1e7e661c7b2e7&scope.system=all&role.id=3e62667e8e2b4ec89f7c40a7687d0180 => generated 508 bytes in 268 msecs (HTTP/1.1 200) 5 headers in 177 bytes (1 switches on core 0)
Nov 03 16:13:15 user devstack@keystone.service[45813]: DEBUG keystone.server.flask.request_processing.middleware.auth_context [None req-434c5e15-9120-42f1-a2f3-7b854033a04d admin admin] Validating token access rules against request {{(pid=45813) validate_allowed_request /opt/stack/data/venv/lib/python3.10/site-packages/keystonemiddleware/auth_token/__init__.py:544}}
Nov 03 16:13:15 user devstack@keystone.service[45813]: DEBUG keystone.server.flask.request_processing.middleware.auth_context [None req-87476399-a84f-48e1-9ef2-d0925b8f105c admin admin] RBAC: auth_context: {'token': , 'domain_id': None, 'trust_id': None, 'trustor_id': None, 'trustee_id': None, 'domain_name': None, 'group_ids': [], 'user_id': '3edee3353bc4447fbadad2cdbf6e06e9', 'user_domain_id': 'default', 'system_scope': None, 'project_id': '963b05cb9b5441c6ac0a6ce413636c77', 'project_domain_id': 'default', 'roles': ['manager', 'reader', 'member', 'admin'], 'is_admin_project': True, 'service_user_id': None, 'service_user_domain_id': None, 'service_project_id': None, 'service_project_domain_id': None, 'service_roles': []} {{(pid=45813) fill_context /opt/stack/keystone/keystone/server/flask/request_processing/middleware/auth_context.py:480}}
Nov 03 16:13:15 user devstack@keystone.service[45813]: DEBUG keystone.server.flask.request_processing.req_logging [None req-87476399-a84f-48e1-9ef2-d0925b8f105c admin admin] REQUEST_METHOD: `GET` {{(pid=45813) log_request_info /opt/stack/keystone/keystone/server/flask/request_processing/req_logging.py:27}}
Nov 03 16:13:15 user devstack@keystone.service[45813]: DEBUG keystone.server.flask.request_processing.req_logging [None req-87476399-a84f-48e1-9ef2-d0925b8f105c admin admin] SCRIPT_NAME: `/identity` {{(pid=45813) log_request_info /opt/stack/keystone/keystone/server/flask/request_processing/req_logging.py:28}}
Nov 03 16:13:15 user devstack@keystone.service[45813]: DEBUG keystone.server.flask.request_processing.req_logging [None req-87476399-a84f-48e1-9ef2-d0925b8f105c admin admin] PATH_INFO: `/v3/projects/963b05cb9b5441c6ac0a6ce413636c77` {{(pid=45813) log_request_info /opt/stack/keystone/keystone/server/flask/request_processing/req_logging.py:29}}
Nov 03 16:13:15 user devstack@keystone.service[45813]: DEBUG keystone.common.rbac_enforcer.enforcer [None req-87476399-a84f-48e1-9ef2-d0925b8f105c admin admin] RBAC: Authorizing `identity:get_project(project_id=963b05cb9b5441c6ac0a6ce413636c77)` {{(pid=45813) enforce_call /opt/stack/keystone/keystone/common/rbac_enforcer/enforcer.py:449}}
Nov 03 16:13:15 user devstack@keystone.service[45813]: DEBUG keystone.common.rbac_enforcer.enforcer [None req-87476399-a84f-48e1-9ef2-d0925b8f105c admin admin] RBAC: Authorization granted {{(pid=45813) enforce_call /opt/stack/keystone/keystone/common/rbac_enforcer/enforcer.py:457}}
Nov 03 16:13:15 user devstack@keystone.service[45813]: [pid: 45813|app: 0|req: 77/250] 10.0.0.210 () {56 vars in 1202 bytes} [Fri Nov 3 16:13:15 2023] GET /identity/v3/projects/963b05cb9b5441c6ac0a6ce413636c77 => generated 343 bytes in 23 msecs (HTTP/1.1 200) 5 headers in 177 bytes (1 switches on core 0)
Nov 03 16:13:15 user devstack@keystone.service[45812]: DEBUG keystone.server.flask.request_processing.middleware.auth_context [None req-30f777a7-a7af-4fa4-b8dc-cefa6ff38292 admin admin] Authenticating user token {{(pid=45812) process_request /opt/stack/data/venv/lib/python3.10/site-packages/keystonemiddleware/auth_token/__init__.py:406}}
Nov 03 16:13:15 user devstack@keystone.service[45812]: DEBUG keystone.server.flask.request_processing.middleware.auth_context [None req-30f777a7-a7af-4fa4-b8dc-cefa6ff38292 admin admin] Validating token access rules against request {{(pid=45812) validate_allowed_request /opt/stack/data/venv/lib/python3.10/site-packages/keystonemiddleware/auth_token/__init__.py:544}}
Nov 03 16:13:15 user devstack@keystone.service[45812]: DEBUG keystone.server.flask.request_processing.middleware.auth_context [None req-2301ad86-5a66-474d-bc95-475ad02466b6 admin admin] RBAC: auth_context: {'token': , 'domain_id': None, 'trust_id': None, 'trustor_id': None, 'trustee_id': None, 'domain_name': None, 'group_ids': [], 'user_id': '3edee3353bc4447fbadad2cdbf6e06e9', 'user_domain_id': 'default', 'system_scope': None, 'project_id': '963b05cb9b5441c6ac0a6ce413636c77', 'project_domain_id': 'default', 'roles': ['manager', 'reader', 'member', 'admin'], 'is_admin_project': True, 'service_user_id': None, 'service_user_domain_id': None, 'service_project_id': None, 'service_project_domain_id': None, 'service_roles': []} {{(pid=45812) fill_context /opt/stack/keystone/keystone/server/flask/request_processing/middleware/auth_context.py:480}}
Nov 03 16:13:15 user devstack@keystone.service[45812]: DEBUG keystone.server.flask.request_processing.req_logging [None req-2301ad86-5a66-474d-bc95-475ad02466b6 admin admin] REQUEST_METHOD: `PUT` {{(pid=45812) log_request_info /opt/stack/keystone/keystone/server/flask/request_processing/req_logging.py:27}}
Nov 03 16:13:15 user devstack@keystone.service[45812]: DEBUG keystone.server.flask.request_processing.req_logging [None req-2301ad86-5a66-474d-bc95-475ad02466b6 admin admin] SCRIPT_NAME: `/identity` {{(pid=45812) log_request_info /opt/stack/keystone/keystone/server/flask/request_processing/req_logging.py:28}}
Nov 03 16:13:15 user devstack@keystone.service[45812]: DEBUG keystone.server.flask.request_processing.req_logging [None req-2301ad86-5a66-474d-bc95-475ad02466b6 admin admin] PATH_INFO: `/v3/projects/963b05cb9b5441c6ac0a6ce413636c77/groups/20b6246c393c43dcbaf4e94ea884d19c/roles/b942c63546654b1d82daa53a5f4d6081` {{(pid=45812) log_request_info /opt/stack/keystone/keystone/server/flask/request_processing/req_logging.py:29}}
Nov 03 16:13:15 user devstack@keystone.service[45812]: DEBUG keystone.common.rbac_enforcer.enforcer [None req-2301ad86-5a66-474d-bc95-475ad02466b6 admin admin] RBAC: Authorizing `identity:create_grant(project_id=963b05cb9b5441c6ac0a6ce413636c77, group_id=20b6246c393c43dcbaf4e94ea884d19c, role_id=b942c63546654b1d82daa53a5f4d6081)` {{(pid=45812) enforce_call /opt/stack/keystone/keystone/common/rbac_enforcer/enforcer.py:449}}
Nov 03 16:13:15 user devstack@keystone.service[45812]: DEBUG keystone.common.rbac_enforcer.enforcer [None req-2301ad86-5a66-474d-bc95-475ad02466b6 admin admin] RBAC: Authorization granted {{(pid=45812) enforce_call /opt/stack/keystone/keystone/common/rbac_enforcer/enforcer.py:457}}
Nov 03 16:13:15 user devstack@keystone.service[45812]: [pid: 45812|app: 0|req: 89/251] 10.0.0.210 () {58 vars in 1458 bytes} [Fri Nov 3 16:13:15 2023] PUT /identity/v3/projects/963b05cb9b5441c6ac0a6ce413636c77/groups/20b6246c393c43dcbaf4e94ea884d19c/roles/b942c63546654b1d82daa53a5f4d6081 => generated 0 bytes in 34 msecs (HTTP/1.1 204) 3 headers in 132 bytes (0 switches on core 0)
Nov 03 16:13:16 user devstack@keystone.service[45811]: DEBUG keystone.server.flask.request_processing.req_logging [None req-d4eddfe1-b3b7-46c4-af72-017e986cc76d None None] REQUEST_METHOD: `GET` {{(pid=45811) log_request_info /opt/stack/keystone/keystone/server/flask/request_processing/req_logging.py:27}}
Nov 03 16:13:16 user devstack@keystone.service[45811]: DEBUG keystone.server.flask.request_processing.req_logging [None req-d4eddfe1-b3b7-46c4-af72-017e986cc76d None None] SCRIPT_NAME: `/identity` {{(pid=45811) log_request_info /opt/stack/keystone/keystone/server/flask/request_processing/req_logging.py:28}}
Nov 03 16:13:16 user devstack@keystone.service[45811]: DEBUG keystone.server.flask.request_processing.req_logging [None req-d4eddfe1-b3b7-46c4-af72-017e986cc76d None None] PATH_INFO: `/` {{(pid=45811) log_request_info /opt/stack/keystone/keystone/server/flask/request_processing/req_logging.py:29}}
Nov 03 16:13:16 user devstack@keystone.service[45811]: [pid: 45811|app: 0|req: 86/252] 10.0.0.210 () {54 vars in 921 bytes} [Fri Nov 3 16:13:16 2023] GET /identity => generated 269 bytes in 4 msecs (HTTP/1.1 300) 6 headers in 233 bytes (1 switches on core 0)
Nov 03 16:13:16 user devstack@keystone.service[45813]: DEBUG keystone.server.flask.request_processing.middleware.auth_context [None req-87476399-a84f-48e1-9ef2-d0925b8f105c admin admin] Authenticating user token {{(pid=45813) process_request /opt/stack/data/venv/lib/python3.10/site-packages/keystonemiddleware/auth_token/__init__.py:406}}
Nov 03 16:13:16 user devstack@keystone.service[45812]: DEBUG keystone.server.flask.request_processing.req_logging [None req-2b74918c-b83f-4f95-9363-4ce3d9f6da03 None None] REQUEST_METHOD: `GET` {{(pid=45812) log_request_info /opt/stack/keystone/keystone/server/flask/request_processing/req_logging.py:27}}
Nov 03 16:13:16 user devstack@keystone.service[45812]: DEBUG keystone.server.flask.request_processing.req_logging [None req-2b74918c-b83f-4f95-9363-4ce3d9f6da03 None None] SCRIPT_NAME: `/identity` {{(pid=45812) log_request_info /opt/stack/keystone/keystone/server/flask/request_processing/req_logging.py:28}}
Nov 03 16:13:16 user devstack@keystone.service[45812]: DEBUG keystone.server.flask.request_processing.req_logging [None req-2b74918c-b83f-4f95-9363-4ce3d9f6da03 None None] PATH_INFO: `/` {{(pid=45812) log_request_info /opt/stack/keystone/keystone/server/flask/request_processing/req_logging.py:29}}
Nov 03 16:13:16 user devstack@keystone.service[45812]: [pid: 45812|app: 0|req: 90/253] 10.0.0.210 () {54 vars in 921 bytes} [Fri Nov 3 16:13:16 2023] GET /identity => generated 269 bytes in 3 msecs (HTTP/1.1 300) 6 headers in 233 bytes (1 switches on core 0)
Nov 03 16:13:16 user devstack@keystone.service[45811]: DEBUG keystone.server.flask.request_processing.middleware.auth_context [None req-d4eddfe1-b3b7-46c4-af72-017e986cc76d None None] Authenticating user token {{(pid=45811) process_request /opt/stack/data/venv/lib/python3.10/site-packages/keystonemiddleware/auth_token/__init__.py:406}}
Nov 03 16:13:16 user devstack@keystone.service[45813]: DEBUG keystone.server.flask.request_processing.middleware.auth_context [None req-87476399-a84f-48e1-9ef2-d0925b8f105c admin admin] Validating token access rules against request {{(pid=45813) validate_allowed_request /opt/stack/data/venv/lib/python3.10/site-packages/keystonemiddleware/auth_token/__init__.py:544}}
