Nov 03 17:29:07 user devstack@c-api.service[76290]: DEBUG cinder.api.openstack.wsgi [None req-b4ed17ee-f188-4856-ba35-b9d1b9cec92f tempest-VolumeTypesTest-1779489076 tempest-VolumeTypesTest-1779489076-project-admin] Calling method 'show' {{(pid=76290) _process_stack /opt/stack/cinder/cinder/api/openstack/wsgi.py:868}}
Nov 03 17:29:08 user devstack@c-api.service[76290]: INFO cinder.api.openstack.wsgi [None req-b4ed17ee-f188-4856-ba35-b9d1b9cec92f tempest-VolumeTypesTest-1779489076 tempest-VolumeTypesTest-1779489076-project-admin] http://10.0.0.210/volume/v3/c3e7e63c0e7b4e119043320c8d67af08/types/7b50f00b-b177-4f90-a08b-d18b19808b80 returned with HTTP 200
Nov 03 17:29:08 user devstack@c-api.service[76290]: [pid: 76290|app: 0|req: 21/61] 10.0.0.210 () {62 vars in 1396 bytes} [Fri Nov 3 17:29:07 2023] GET /volume/v3/c3e7e63c0e7b4e119043320c8d67af08/types/7b50f00b-b177-4f90-a08b-d18b19808b80 => generated 334 bytes in 37 msecs (HTTP/1.1 200) 7 headers in 285 bytes (1 switches on core 0)
Nov 03 17:29:08 user devstack@c-api.service[76288]: DEBUG cinder.api.middleware.request_id [None req-d248b79c-57ef-453d-bb5d-574bd94701cb None None] RequestId filter calling following filter/app {{(pid=76288) _context_setter /opt/stack/cinder/cinder/api/middleware/request_id.py:62}}
Nov 03 17:29:08 user devstack@c-api.service[76288]: INFO cinder.api.openstack.wsgi [None req-d248b79c-57ef-453d-bb5d-574bd94701cb tempest-VolumeTypesTest-1779489076 tempest-VolumeTypesTest-1779489076-project-admin] DELETE http://10.0.0.210/volume/v3/c3e7e63c0e7b4e119043320c8d67af08/types/7b50f00b-b177-4f90-a08b-d18b19808b80
Nov 03 17:29:08 user devstack@c-api.service[76288]: DEBUG cinder.api.openstack.wsgi [None req-d248b79c-57ef-453d-bb5d-574bd94701cb tempest-VolumeTypesTest-1779489076 tempest-VolumeTypesTest-1779489076-project-admin] Empty body provided in request {{(pid=76288) get_body /opt/stack/cinder/cinder/api/openstack/wsgi.py:715}}
Nov 03 17:29:08 user devstack@c-api.service[76288]: DEBUG cinder.api.openstack.wsgi [None req-d248b79c-57ef-453d-bb5d-574bd94701cb tempest-VolumeTypesTest-1779489076 tempest-VolumeTypesTest-1779489076-project-admin] Calling method '_delete' {{(pid=76288) _process_stack /opt/stack/cinder/cinder/api/openstack/wsgi.py:868}}
Nov 03 17:29:08 user devstack@c-api.service[76288]: INFO cinder.api.openstack.wsgi [None req-d248b79c-57ef-453d-bb5d-574bd94701cb tempest-VolumeTypesTest-1779489076 tempest-VolumeTypesTest-1779489076-project-admin] http://10.0.0.210/volume/v3/c3e7e63c0e7b4e119043320c8d67af08/types/7b50f00b-b177-4f90-a08b-d18b19808b80 returned with HTTP 202
Nov 03 17:29:08 user devstack@c-api.service[76288]: [pid: 76288|app: 0|req: 21/62] 10.0.0.210 () {62 vars in 1399 bytes} [Fri Nov 3 17:29:08 2023] DELETE /volume/v3/c3e7e63c0e7b4e119043320c8d67af08/types/7b50f00b-b177-4f90-a08b-d18b19808b80 => generated 0 bytes in 93 msecs (HTTP/1.1 202) 6 headers in 233 bytes (1 switches on core 0)
Nov 03 17:29:08 user devstack@c-api.service[76289]: DEBUG cinder.api.middleware.request_id [None req-e499d018-2293-4402-865e-c7691193e9f0 None None] RequestId filter calling following filter/app {{(pid=76289) _context_setter /opt/stack/cinder/cinder/api/middleware/request_id.py:62}}
Nov 03 17:29:08 user devstack@c-api.service[76290]: DEBUG cinder.api.middleware.request_id [None req-f24bef0c-fb09-44f1-9014-8aef547989cd None None] RequestId filter calling following filter/app {{(pid=76290) _context_setter /opt/stack/cinder/cinder/api/middleware/request_id.py:62}}
Nov 03 17:29:08 user devstack@c-api.service[76289]: INFO cinder.api.openstack.wsgi [None req-e499d018-2293-4402-865e-c7691193e9f0 tempest-ServerActionsV293TestJSON-322207706 tempest-ServerActionsV293TestJSON-322207706-project-member] GET http://10.0.0.210/volume/v3/462cbd38529a42029b3f65c2db8425bb/volumes/5f8552c3-a6cd-4a56-8643-c73eef62e850
Nov 03 17:29:08 user devstack@c-api.service[76290]: INFO cinder.api.openstack.wsgi [None req-f24bef0c-fb09-44f1-9014-8aef547989cd tempest-VolumeTypesTest-1779489076 tempest-VolumeTypesTest-1779489076-project-admin] GET http://10.0.0.210/volume/v3/c3e7e63c0e7b4e119043320c8d67af08/types/7b50f00b-b177-4f90-a08b-d18b19808b80
Nov 03 17:29:08 user devstack@c-api.service[76289]: DEBUG cinder.api.openstack.wsgi [None req-e499d018-2293-4402-865e-c7691193e9f0 tempest-ServerActionsV293TestJSON-322207706 tempest-ServerActionsV293TestJSON-322207706-project-member] Empty body provided in request {{(pid=76289) get_body /opt/stack/cinder/cinder/api/openstack/wsgi.py:715}}
Nov 03 17:29:08 user devstack@c-api.service[76290]: DEBUG cinder.api.openstack.wsgi [None req-f24bef0c-fb09-44f1-9014-8aef547989cd tempest-VolumeTypesTest-1779489076 tempest-VolumeTypesTest-1779489076-project-admin] Empty body provided in request {{(pid=76290) get_body /opt/stack/cinder/cinder/api/openstack/wsgi.py:715}}
Nov 03 17:29:08 user devstack@c-api.service[76290]: DEBUG cinder.api.openstack.wsgi [None req-f24bef0c-fb09-44f1-9014-8aef547989cd tempest-VolumeTypesTest-1779489076 tempest-VolumeTypesTest-1779489076-project-admin] Calling method 'show' {{(pid=76290) _process_stack /opt/stack/cinder/cinder/api/openstack/wsgi.py:868}}
Nov 03 17:29:08 user devstack@c-api.service[76289]: DEBUG cinder.api.openstack.wsgi [None req-e499d018-2293-4402-865e-c7691193e9f0 tempest-ServerActionsV293TestJSON-322207706 tempest-ServerActionsV293TestJSON-322207706-project-member] Calling method 'show' {{(pid=76289) _process_stack /opt/stack/cinder/cinder/api/openstack/wsgi.py:868}}
Nov 03 17:29:08 user devstack@c-api.service[76290]: INFO cinder.api.openstack.wsgi [None req-f24bef0c-fb09-44f1-9014-8aef547989cd tempest-VolumeTypesTest-1779489076 tempest-VolumeTypesTest-1779489076-project-admin] http://10.0.0.210/volume/v3/c3e7e63c0e7b4e119043320c8d67af08/types/7b50f00b-b177-4f90-a08b-d18b19808b80 returned with HTTP 404
Nov 03 17:29:08 user devstack@c-api.service[76290]: [pid: 76290|app: 0|req: 22/63] 10.0.0.210 () {62 vars in 1396 bytes} [Fri Nov 3 17:29:08 2023] GET /volume/v3/c3e7e63c0e7b4e119043320c8d67af08/types/7b50f00b-b177-4f90-a08b-d18b19808b80 => generated 114 bytes in 24 msecs (HTTP/1.1 404) 7 headers in 292 bytes (1 switches on core 0)
Nov 03 17:29:08 user devstack@c-api.service[76289]: /opt/stack/data/venv/lib/python3.10/site-packages/oslo_context/context.py:100: DeprecationWarning: Policy enforcement is depending on the value of is_admin. This key is deprecated. Please update your policy file to use the standard policy values.
Nov 03 17:29:08 user devstack@c-api.service[76289]: warnings.warn('Policy enforcement is depending on the value of '
Nov 03 17:29:08 user devstack@c-api.service[76288]: DEBUG cinder.api.middleware.request_id [None req-3d1691a9-9082-495d-9541-1983ac811c28 None None] RequestId filter calling following filter/app {{(pid=76288) _context_setter /opt/stack/cinder/cinder/api/middleware/request_id.py:62}}
Nov 03 17:29:08 user devstack@c-api.service[76289]: INFO cinder.volume.api [None req-e499d018-2293-4402-865e-c7691193e9f0 tempest-ServerActionsV293TestJSON-322207706 tempest-ServerActionsV293TestJSON-322207706-project-member] Volume info retrieved successfully.
Nov 03 17:29:08 user devstack@c-api.service[76288]: INFO cinder.api.openstack.wsgi [None req-3d1691a9-9082-495d-9541-1983ac811c28 tempest-VolumeTypesTest-1779489076 tempest-VolumeTypesTest-1779489076-project-admin] POST http://10.0.0.210/volume/v3/c3e7e63c0e7b4e119043320c8d67af08/types
Nov 03 17:29:08 user devstack@c-api.service[76288]: DEBUG cinder.api.openstack.wsgi [None req-3d1691a9-9082-495d-9541-1983ac811c28 tempest-VolumeTypesTest-1779489076 tempest-VolumeTypesTest-1779489076-project-admin] Action: 'create', calling method: _create, body: {"volume_type": {"name": "tempest-VolumeTypesTest-volume-type-1871536390"}} {{(pid=76288) _process_stack /opt/stack/cinder/cinder/api/openstack/wsgi.py:866}}
Nov 03 17:29:08 user devstack@c-api.service[76289]: INFO cinder.api.openstack.wsgi [None req-e499d018-2293-4402-865e-c7691193e9f0 tempest-ServerActionsV293TestJSON-322207706 tempest-ServerActionsV293TestJSON-322207706-project-member] http://10.0.0.210/volume/v3/462cbd38529a42029b3f65c2db8425bb/volumes/5f8552c3-a6cd-4a56-8643-c73eef62e850 returned with HTTP 200
Nov 03 17:29:08 user devstack@c-api.service[76289]: [pid: 76289|app: 0|req: 21/64] 10.0.0.210 () {64 vars in 1443 bytes} [Fri Nov 3 17:29:08 2023] GET /volume/v3/462cbd38529a42029b3f65c2db8425bb/volumes/5f8552c3-a6cd-4a56-8643-c73eef62e850 => generated 1119 bytes in 51 msecs (HTTP/1.1 200) 7 headers in 287 bytes (1 switches on core 0)
Nov 03 17:29:08 user devstack@c-api.service[76288]: INFO cinder.api.openstack.wsgi [None req-3d1691a9-9082-495d-9541-1983ac811c28 tempest-VolumeTypesTest-1779489076 tempest-VolumeTypesTest-1779489076-project-admin] http://10.0.0.210/volume/v3/c3e7e63c0e7b4e119043320c8d67af08/types returned with HTTP 200
Nov 03 17:29:08 user devstack@c-api.service[76288]: [pid: 76288|app: 0|req: 22/65] 10.0.0.210 () {64 vars in 1306 bytes} [Fri Nov 3 17:29:08 2023] POST /volume/v3/c3e7e63c0e7b4e119043320c8d67af08/types => generated 221 bytes in 37 msecs (HTTP/1.1 200) 7 headers in 285 bytes (1 switches on core 0)
Nov 03 17:29:08 user devstack@c-api.service[76290]: DEBUG cinder.api.middleware.request_id [None req-437a088b-6b48-498e-901e-7bf51380f938 None None] RequestId filter calling following filter/app {{(pid=76290) _context_setter /opt/stack/cinder/cinder/api/middleware/request_id.py:62}}
Nov 03 17:29:08 user devstack@c-api.service[76290]: INFO cinder.api.openstack.wsgi [None req-437a088b-6b48-498e-901e-7bf51380f938 tempest-VolumeTypesTest-1779489076 tempest-VolumeTypesTest-1779489076-project-admin] POST http://10.0.0.210/volume/v3/c3e7e63c0e7b4e119043320c8d67af08/types/9ec5561d-c58d-490b-ac02-0213454a1622/encryption
Nov 03 17:29:08 user devstack@c-api.service[76290]: DEBUG cinder.api.openstack.wsgi [None req-437a088b-6b48-498e-901e-7bf51380f938 tempest-VolumeTypesTest-1779489076 tempest-VolumeTypesTest-1779489076-project-admin] Action: 'create', calling method: create, body: {"encryption": {"provider": "LuksEncryptor", "key_size": 256, "cipher": "aes-xts-plain64", "control_location": "front-end"}} {{(pid=76290) _process_stack /opt/stack/cinder/cinder/api/openstack/wsgi.py:866}}
Nov 03 17:29:08 user devstack@c-api.service[76290]: INFO cinder.api.openstack.wsgi [None req-437a088b-6b48-498e-901e-7bf51380f938 tempest-VolumeTypesTest-1779489076 tempest-VolumeTypesTest-1779489076-project-admin] http://10.0.0.210/volume/v3/c3e7e63c0e7b4e119043320c8d67af08/types/9ec5561d-c58d-490b-ac02-0213454a1622/encryption returned with HTTP 200
Nov 03 17:29:08 user devstack@c-api.service[76290]: [pid: 76290|app: 0|req: 23/66] 10.0.0.210 () {64 vars in 1451 bytes} [Fri Nov 3 17:29:08 2023] POST /volume/v3/c3e7e63c0e7b4e119043320c8d67af08/types/9ec5561d-c58d-490b-ac02-0213454a1622/encryption => generated 239 bytes in 85 msecs (HTTP/1.1 200) 7 headers in 285 bytes (2 switches on core 0)
Nov 03 17:29:08 user devstack@c-api.service[76289]: DEBUG cinder.api.middleware.request_id [None req-dbe16e2c-db35-49ec-b2a8-e6f27fc40bb9 None None] RequestId filter calling following filter/app {{(pid=76289) _context_setter /opt/stack/cinder/cinder/api/middleware/request_id.py:62}}
Nov 03 17:29:08 user devstack@c-api.service[76289]: INFO cinder.api.openstack.wsgi [None req-dbe16e2c-db35-49ec-b2a8-e6f27fc40bb9 tempest-VolumeTypesTest-1779489076 tempest-VolumeTypesTest-1779489076-project-admin] GET http://10.0.0.210/volume/v3/c3e7e63c0e7b4e119043320c8d67af08/types/9ec5561d-c58d-490b-ac02-0213454a1622/encryption
Nov 03 17:29:08 user devstack@c-api.service[76289]: DEBUG cinder.api.openstack.wsgi [None req-dbe16e2c-db35-49ec-b2a8-e6f27fc40bb9 tempest-VolumeTypesTest-1779489076 tempest-VolumeTypesTest-1779489076-project-admin] Empty body provided in request {{(pid=76289) get_body /opt/stack/cinder/cinder/api/openstack/wsgi.py:715}}
Nov 03 17:29:08 user devstack@c-api.service[76289]: DEBUG cinder.api.openstack.wsgi [None req-dbe16e2c-db35-49ec-b2a8-e6f27fc40bb9 tempest-VolumeTypesTest-1779489076 tempest-VolumeTypesTest-1779489076-project-admin] Calling method 'index' {{(pid=76289) _process_stack /opt/stack/cinder/cinder/api/openstack/wsgi.py:868}}
Nov 03 17:29:08 user devstack@c-api.service[76289]: INFO cinder.api.openstack.wsgi [None req-dbe16e2c-db35-49ec-b2a8-e6f27fc40bb9 tempest-VolumeTypesTest-1779489076 tempest-VolumeTypesTest-1779489076-project-admin] http://10.0.0.210/volume/v3/c3e7e63c0e7b4e119043320c8d67af08/types/9ec5561d-c58d-490b-ac02-0213454a1622/encryption returned with HTTP 200
Nov 03 17:29:08 user devstack@c-api.service[76289]: [pid: 76289|app: 0|req: 22/67] 10.0.0.210 () {62 vars in 1429 bytes} [Fri Nov 3 17:29:08 2023] GET /volume/v3/c3e7e63c0e7b4e119043320c8d67af08/types/9ec5561d-c58d-490b-ac02-0213454a1622/encryption => generated 325 bytes in 28 msecs (HTTP/1.1 200) 7 headers in 285 bytes (1 switches on core 0)
Nov 03 17:29:08 user devstack@c-api.service[76288]: DEBUG cinder.api.middleware.request_id [None req-b0dadf6b-233e-4c61-a07d-5361718d669a None None] RequestId filter calling following filter/app {{(pid=76288) _context_setter /opt/stack/cinder/cinder/api/middleware/request_id.py:62}}
Nov 03 17:29:08 user devstack@c-api.service[76288]: INFO cinder.api.openstack.wsgi [None req-b0dadf6b-233e-4c61-a07d-5361718d669a tempest-VolumeTypesTest-1779489076 tempest-VolumeTypesTest-1779489076-project-admin] PUT http://10.0.0.210/volume/v3/c3e7e63c0e7b4e119043320c8d67af08/types/9ec5561d-c58d-490b-ac02-0213454a1622/encryption/provider
Nov 03 17:29:08 user devstack@c-api.service[76288]: DEBUG cinder.api.openstack.wsgi [None req-b0dadf6b-233e-4c61-a07d-5361718d669a tempest-VolumeTypesTest-1779489076 tempest-VolumeTypesTest-1779489076-project-admin] Action: 'update', calling method: update, body: {"encryption": {"key_size": 128, "provider": "SomeProvider", "cipher": "aes-xts-plain64", "control_location": "back-end"}} {{(pid=76288) _process_stack /opt/stack/cinder/cinder/api/openstack/wsgi.py:866}}
Nov 03 17:29:08 user devstack@c-api.service[76288]: INFO cinder.api.openstack.wsgi [None req-b0dadf6b-233e-4c61-a07d-5361718d669a tempest-VolumeTypesTest-1779489076 tempest-VolumeTypesTest-1779489076-project-admin] http://10.0.0.210/volume/v3/c3e7e63c0e7b4e119043320c8d67af08/types/9ec5561d-c58d-490b-ac02-0213454a1622/encryption/provider returned with HTTP 200
Nov 03 17:29:08 user devstack@c-api.service[76288]: [pid: 76288|app: 0|req: 23/68] 10.0.0.210 () {64 vars in 1477 bytes} [Fri Nov 3 17:29:08 2023] PUT /volume/v3/c3e7e63c0e7b4e119043320c8d67af08/types/9ec5561d-c58d-490b-ac02-0213454a1622/encryption/provider => generated 122 bytes in 70 msecs (HTTP/1.1 200) 7 headers in 285 bytes (1 switches on core 0)
Nov 03 17:29:08 user devstack@c-api.service[76290]: DEBUG cinder.api.middleware.request_id [None req-490c0697-93cc-4b7f-8704-6fe8a3cc83f2 None None] RequestId filter calling following filter/app {{(pid=76290) _context_setter /opt/stack/cinder/cinder/api/middleware/request_id.py:62}}
Nov 03 17:29:08 user devstack@c-api.service[76290]: INFO cinder.api.openstack.wsgi [None req-490c0697-93cc-4b7f-8704-6fe8a3cc83f2 tempest-VolumeTypesTest-1779489076 tempest-VolumeTypesTest-1779489076-project-admin] GET http://10.0.0.210/volume/v3/c3e7e63c0e7b4e119043320c8d67af08/types/9ec5561d-c58d-490b-ac02-0213454a1622/encryption
Nov 03 17:29:08 user devstack@c-api.service[76290]: DEBUG cinder.api.openstack.wsgi [None req-490c0697-93cc-4b7f-8704-6fe8a3cc83f2 tempest-VolumeTypesTest-1779489076 tempest-VolumeTypesTest-1779489076-project-admin] Empty body provided in request {{(pid=76290) get_body /opt/stack/cinder/cinder/api/openstack/wsgi.py:715}}
Nov 03 17:29:08 user devstack@c-api.service[76290]: DEBUG cinder.api.openstack.wsgi [None req-490c0697-93cc-4b7f-8704-6fe8a3cc83f2 tempest-VolumeTypesTest-1779489076 tempest-VolumeTypesTest-1779489076-project-admin] Calling method 'index' {{(pid=76290) _process_stack /opt/stack/cinder/cinder/api/openstack/wsgi.py:868}}
Nov 03 17:29:08 user devstack@c-api.service[76290]: INFO cinder.api.openstack.wsgi [None req-490c0697-93cc-4b7f-8704-6fe8a3cc83f2 tempest-VolumeTypesTest-1779489076 tempest-VolumeTypesTest-1779489076-project-admin] http://10.0.0.210/volume/v3/c3e7e63c0e7b4e119043320c8d67af08/types/9ec5561d-c58d-490b-ac02-0213454a1622/encryption returned with HTTP 200
Nov 03 17:29:08 user devstack@c-api.service[76290]: [pid: 76290|app: 0|req: 24/69] 10.0.0.210 () {62 vars in 1429 bytes} [Fri Nov 3 17:29:08 2023] GET /volume/v3/c3e7e63c0e7b4e119043320c8d67af08/types/9ec5561d-c58d-490b-ac02-0213454a1622/encryption => generated 347 bytes in 45 msecs (HTTP/1.1 200) 7 headers in 285 bytes (1 switches on core 0)
Nov 03 17:29:08 user devstack@c-api.service[76289]: DEBUG cinder.api.middleware.request_id [None req-4fad6952-464c-4395-91d1-5493e5230124 None None] RequestId filter calling following filter/app {{(pid=76289) _context_setter /opt/stack/cinder/cinder/api/middleware/request_id.py:62}}
Nov 03 17:29:08 user devstack@c-api.service[76289]: INFO cinder.api.openstack.wsgi [None req-4fad6952-464c-4395-91d1-5493e5230124 tempest-VolumeTypesTest-1779489076 tempest-VolumeTypesTest-1779489076-project-admin] GET http://10.0.0.210/volume/v3/c3e7e63c0e7b4e119043320c8d67af08/types/9ec5561d-c58d-490b-ac02-0213454a1622/encryption/cipher
Nov 03 17:29:08 user devstack@c-api.service[76289]: DEBUG cinder.api.openstack.wsgi [None req-4fad6952-464c-4395-91d1-5493e5230124 tempest-VolumeTypesTest-1779489076 tempest-VolumeTypesTest-1779489076-project-admin] Empty body provided in request {{(pid=76289) get_body /opt/stack/cinder/cinder/api/openstack/wsgi.py:715}}
Nov 03 17:29:08 user devstack@c-api.service[76289]: DEBUG cinder.api.openstack.wsgi [None req-4fad6952-464c-4395-91d1-5493e5230124 tempest-VolumeTypesTest-1779489076 tempest-VolumeTypesTest-1779489076-project-admin] Calling method 'show' {{(pid=76289) _process_stack /opt/stack/cinder/cinder/api/openstack/wsgi.py:868}}
Nov 03 17:29:08 user devstack@c-api.service[76289]: INFO cinder.api.openstack.wsgi [None req-4fad6952-464c-4395-91d1-5493e5230124 tempest-VolumeTypesTest-1779489076 tempest-VolumeTypesTest-1779489076-project-admin] http://10.0.0.210/volume/v3/c3e7e63c0e7b4e119043320c8d67af08/types/9ec5561d-c58d-490b-ac02-0213454a1622/encryption/cipher returned with HTTP 200
Nov 03 17:29:08 user devstack@c-api.service[76289]: [pid: 76289|app: 0|req: 23/70] 10.0.0.210 () {62 vars in 1450 bytes} [Fri Nov 3 17:29:08 2023] GET /volume/v3/c3e7e63c0e7b4e119043320c8d67af08/types/9ec5561d-c58d-490b-ac02-0213454a1622/encryption/cipher => generated 29 bytes in 22 msecs (HTTP/1.1 200) 7 headers in 284 bytes (1 switches on core 0)
Nov 03 17:29:08 user devstack@c-api.service[76288]: DEBUG cinder.api.middleware.request_id [None req-df8e6393-2ef5-42cf-a224-fdcea72051bf None None] RequestId filter calling following filter/app {{(pid=76288) _context_setter /opt/stack/cinder/cinder/api/middleware/request_id.py:62}}
Nov 03 17:29:08 user devstack@c-api.service[76288]: INFO cinder.api.openstack.wsgi [None req-df8e6393-2ef5-42cf-a224-fdcea72051bf tempest-VolumeTypesTest-1779489076 tempest-VolumeTypesTest-1779489076-project-admin] DELETE http://10.0.0.210/volume/v3/c3e7e63c0e7b4e119043320c8d67af08/types/9ec5561d-c58d-490b-ac02-0213454a1622/encryption/provider
Nov 03 17:29:08 user devstack@c-api.service[76288]: DEBUG cinder.api.openstack.wsgi [None req-df8e6393-2ef5-42cf-a224-fdcea72051bf tempest-VolumeTypesTest-1779489076 tempest-VolumeTypesTest-1779489076-project-admin] Empty body provided in request {{(pid=76288) get_body /opt/stack/cinder/cinder/api/openstack/wsgi.py:715}}
Nov 03 17:29:08 user devstack@c-api.service[76288]: DEBUG cinder.api.openstack.wsgi [None req-df8e6393-2ef5-42cf-a224-fdcea72051bf tempest-VolumeTypesTest-1779489076 tempest-VolumeTypesTest-1779489076-project-admin] Calling method 'delete' {{(pid=76288) _process_stack /opt/stack/cinder/cinder/api/openstack/wsgi.py:868}}
Nov 03 17:29:08 user devstack@c-api.service[76288]: INFO cinder.api.openstack.wsgi [None req-df8e6393-2ef5-42cf-a224-fdcea72051bf tempest-VolumeTypesTest-1779489076 tempest-VolumeTypesTest-1779489076-project-admin] http://10.0.0.210/volume/v3/c3e7e63c0e7b4e119043320c8d67af08/types/9ec5561d-c58d-490b-ac02-0213454a1622/encryption/provider returned with HTTP 202
Nov 03 17:29:08 user devstack@c-api.service[76288]: [pid: 76288|app: 0|req: 24/71] 10.0.0.210 () {62 vars in 1459 bytes} [Fri Nov 3 17:29:08 2023] DELETE /volume/v3/c3e7e63c0e7b4e119043320c8d67af08/types/9ec5561d-c58d-490b-ac02-0213454a1622/encryption/provider => generated 0 bytes in 69 msecs (HTTP/1.1 202) 6 headers in 233 bytes (1 switches on core 0)
Nov 03 17:29:08 user devstack@c-api.service[76290]: DEBUG cinder.api.middleware.request_id [None req-8661e3d2-073c-4959-8c3a-e90974bbf459 None None] RequestId filter calling following filter/app {{(pid=76290) _context_setter /opt/stack/cinder/cinder/api/middleware/request_id.py:62}}
Nov 03 17:29:08 user devstack@c-api.service[76290]: INFO cinder.api.openstack.wsgi [None req-8661e3d2-073c-4959-8c3a-e90974bbf459 tempest-VolumeTypesTest-1779489076 tempest-VolumeTypesTest-1779489076-project-admin] GET http://10.0.0.210/volume/v3/c3e7e63c0e7b4e119043320c8d67af08/types/9ec5561d-c58d-490b-ac02-0213454a1622/encryption
Nov 03 17:29:08 user devstack@c-api.service[76290]: DEBUG cinder.api.openstack.wsgi [None req-8661e3d2-073c-4959-8c3a-e90974bbf459 tempest-VolumeTypesTest-1779489076 tempest-VolumeTypesTest-1779489076-project-admin] Empty body provided in request {{(pid=76290) get_body /opt/stack/cinder/cinder/api/openstack/wsgi.py:715}}
Nov 03 17:29:08 user devstack@c-api.service[76290]: DEBUG cinder.api.openstack.wsgi [None req-8661e3d2-073c-4959-8c3a-e90974bbf459 tempest-VolumeTypesTest-1779489076 tempest-VolumeTypesTest-1779489076-project-admin] Calling method 'index' {{(pid=76290) _process_stack /opt/stack/cinder/cinder/api/openstack/wsgi.py:868}}
Nov 03 17:29:08 user devstack@c-api.service[76290]: INFO cinder.api.openstack.wsgi [None req-8661e3d2-073c-4959-8c3a-e90974bbf459 tempest-VolumeTypesTest-1779489076 tempest-VolumeTypesTest-1779489076-project-admin] http://10.0.0.210/volume/v3/c3e7e63c0e7b4e119043320c8d67af08/types/9ec5561d-c58d-490b-ac02-0213454a1622/encryption returned with HTTP 200
Nov 03 17:29:08 user devstack@c-api.service[76290]: [pid: 76290|app: 0|req: 25/72] 10.0.0.210 () {62 vars in 1429 bytes} [Fri Nov 3 17:29:08 2023] GET /volume/v3/c3e7e63c0e7b4e119043320c8d67af08/types/9ec5561d-c58d-490b-ac02-0213454a1622/encryption => generated 2 bytes in 37 msecs (HTTP/1.1 200) 7 headers in 283 bytes (1 switches on core 0)
Nov 03 17:29:08 user devstack@c-api.service[76289]: DEBUG cinder.api.middleware.request_id [None req-57b7a94b-cf3f-4405-b1e5-a91f10e58c0a None None] RequestId filter calling following filter/app {{(pid=76289) _context_setter /opt/stack/cinder/cinder/api/middleware/request_id.py:62}}
Nov 03 17:29:08 user devstack@c-api.service[76289]: INFO cinder.api.openstack.wsgi [None req-57b7a94b-cf3f-4405-b1e5-a91f10e58c0a tempest-VolumeTypesTest-1779489076 tempest-VolumeTypesTest-1779489076-project-admin] GET http://10.0.0.210/volume/v3/c3e7e63c0e7b4e119043320c8d67af08/types/9ec5561d-c58d-490b-ac02-0213454a1622/encryption
Nov 03 17:29:08 user devstack@c-api.service[76289]: DEBUG cinder.api.openstack.wsgi [None req-57b7a94b-cf3f-4405-b1e5-a91f10e58c0a tempest-VolumeTypesTest-1779489076 tempest-VolumeTypesTest-1779489076-project-admin] Empty body provided in request {{(pid=76289) get_body /opt/stack/cinder/cinder/api/openstack/wsgi.py:715}}
Nov 03 17:29:08 user devstack@c-api.service[76289]: DEBUG cinder.api.openstack.wsgi [None req-57b7a94b-cf3f-4405-b1e5-a91f10e58c0a tempest-VolumeTypesTest-1779489076 tempest-VolumeTypesTest-1779489076-project-admin] Calling method 'index' {{(pid=76289) _process_stack /opt/stack/cinder/cinder/api/openstack/wsgi.py:868}}
Nov 03 17:29:08 user devstack@c-api.service[76289]: INFO cinder.api.openstack.wsgi [None req-57b7a94b-cf3f-4405-b1e5-a91f10e58c0a tempest-VolumeTypesTest-1779489076 tempest-VolumeTypesTest-1779489076-project-admin] http://10.0.0.210/volume/v3/c3e7e63c0e7b4e119043320c8d67af08/types/9ec5561d-c58d-490b-ac02-0213454a1622/encryption returned with HTTP 200
Nov 03 17:29:08 user devstack@c-api.service[76289]: [pid: 76289|app: 0|req: 24/73] 10.0.0.210 () {62 vars in 1429 bytes} [Fri Nov 3 17:29:08 2023] GET /volume/v3/c3e7e63c0e7b4e119043320c8d67af08/types/9ec5561d-c58d-490b-ac02-0213454a1622/encryption => generated 2 bytes in 38 msecs (HTTP/1.1 200) 7 headers in 283 bytes (1 switches on core 0)
Nov 03 17:29:08 user devstack@c-api.service[76288]: DEBUG cinder.api.middleware.request_id [None req-ace2a30a-7288-4d90-9e84-86acff69bcc3 None None] RequestId filter calling following filter/app {{(pid=76288) _context_setter /opt/stack/cinder/cinder/api/middleware/request_id.py:62}}
Nov 03 17:29:08 user devstack@c-api.service[76288]: INFO cinder.api.openstack.wsgi [None req-ace2a30a-7288-4d90-9e84-86acff69bcc3 tempest-VolumeTypesTest-1779489076 tempest-VolumeTypesTest-1779489076-project-admin] DELETE http://10.0.0.210/volume/v3/c3e7e63c0e7b4e119043320c8d67af08/types/9ec5561d-c58d-490b-ac02-0213454a1622
Nov 03 17:29:08 user devstack@c-api.service[76288]: DEBUG cinder.api.openstack.wsgi [None req-ace2a30a-7288-4d90-9e84-86acff69bcc3 tempest-VolumeTypesTest-1779489076 tempest-VolumeTypesTest-1779489076-project-admin] Empty body provided in request {{(pid=76288) get_body /opt/stack/cinder/cinder/api/openstack/wsgi.py:715}}
Nov 03 17:29:08 user devstack@c-api.service[76288]: DEBUG cinder.api.openstack.wsgi [None req-ace2a30a-7288-4d90-9e84-86acff69bcc3 tempest-VolumeTypesTest-1779489076 tempest-VolumeTypesTest-1779489076-project-admin] Calling method '_delete' {{(pid=76288) _process_stack /opt/stack/cinder/cinder/api/openstack/wsgi.py:868}}
Nov 03 17:29:08 user devstack@c-api.service[76288]: INFO cinder.api.openstack.wsgi [None req-ace2a30a-7288-4d90-9e84-86acff69bcc3 tempest-VolumeTypesTest-1779489076 tempest-VolumeTypesTest-1779489076-project-admin] http://10.0.0.210/volume/v3/c3e7e63c0e7b4e119043320c8d67af08/types/9ec5561d-c58d-490b-ac02-0213454a1622 returned with HTTP 202
Nov 03 17:29:08 user devstack@c-api.service[76288]: [pid: 76288|app: 0|req: 25/74] 10.0.0.210 () {62 vars in 1399 bytes} [Fri Nov 3 17:29:08 2023] DELETE /volume/v3/c3e7e63c0e7b4e119043320c8d67af08/types/9ec5561d-c58d-490b-ac02-0213454a1622 => generated 0 bytes in 55 msecs (HTTP/1.1 202) 6 headers in 233 bytes (1 switches on core 0)
Nov 03 17:29:08 user devstack@c-api.service[76290]: DEBUG cinder.api.middleware.request_id [None req-d5c3e050-bef6-4370-bd78-65c38028f8b3 None None] RequestId filter calling following filter/app {{(pid=76290) _context_setter /opt/stack/cinder/cinder/api/middleware/request_id.py:62}}
Nov 03 17:29:08 user devstack@c-api.service[76290]: INFO cinder.api.openstack.wsgi [None req-d5c3e050-bef6-4370-bd78-65c38028f8b3 tempest-VolumeTypesTest-1779489076 tempest-VolumeTypesTest-1779489076-project-admin] GET http://10.0.0.210/volume/v3/c3e7e63c0e7b4e119043320c8d67af08/types/9ec5561d-c58d-490b-ac02-0213454a1622
Nov 03 17:29:08 user devstack@c-api.service[76290]: DEBUG cinder.api.openstack.wsgi [None req-d5c3e050-bef6-4370-bd78-65c38028f8b3 tempest-VolumeTypesTest-1779489076 tempest-VolumeTypesTest-1779489076-project-admin] Empty body provided in request {{(pid=76290) get_body /opt/stack/cinder/cinder/api/openstack/wsgi.py:715}}
Nov 03 17:29:08 user devstack@c-api.service[76290]: DEBUG cinder.api.openstack.wsgi [None req-d5c3e050-bef6-4370-bd78-65c38028f8b3 tempest-VolumeTypesTest-1779489076 tempest-VolumeTypesTest-1779489076-project-admin] Calling method 'show' {{(pid=76290) _process_stack /opt/stack/cinder/cinder/api/openstack/wsgi.py:868}}
Nov 03 17:29:08 user devstack@c-api.service[76290]: INFO cinder.api.openstack.wsgi [None req-d5c3e050-bef6-4370-bd78-65c38028f8b3 tempest-VolumeTypesTest-1779489076 tempest-VolumeTypesTest-1779489076-project-admin] http://10.0.0.210/volume/v3/c3e7e63c0e7b4e119043320c8d67af08/types/9ec5561d-c58d-490b-ac02-0213454a1622 returned with HTTP 404
Nov 03 17:29:08 user devstack@c-api.service[76290]: [pid: 76290|app: 0|req: 26/75] 10.0.0.210 () {62 vars in 1396 bytes} [Fri Nov 3 17:29:08 2023] GET /volume/v3/c3e7e63c0e7b4e119043320c8d67af08/types/9ec5561d-c58d-490b-ac02-0213454a1622 => generated 114 bytes in 40 msecs (HTTP/1.1 404) 7 headers in 292 bytes (1 switches on core 0)
Nov 03 17:29:08 user devstack@c-api.service[76289]: DEBUG cinder.api.middleware.request_id [None req-0abe7522-33f3-4fa8-b250-18edfb5e9980 None None] RequestId filter calling following filter/app {{(pid=76289) _context_setter /opt/stack/cinder/cinder/api/middleware/request_id.py:62}}
Nov 03 17:29:08 user devstack@c-api.service[76289]: INFO cinder.api.openstack.wsgi [None req-0abe7522-33f3-4fa8-b250-18edfb5e9980 tempest-VolumeTypesTest-1779489076 tempest-VolumeTypesTest-1779489076-project-admin] GET http://10.0.0.210/volume/v3/c3e7e63c0e7b4e119043320c8d67af08/types
Nov 03 17:29:08 user devstack@c-api.service[76289]: DEBUG cinder.api.openstack.wsgi [None req-0abe7522-33f3-4fa8-b250-18edfb5e9980 tempest-VolumeTypesTest-1779489076 tempest-VolumeTypesTest-1779489076-project-admin] Empty body provided in request {{(pid=76289) get_body /opt/stack/cinder/cinder/api/openstack/wsgi.py:715}}
Nov 03 17:29:08 user devstack@c-api.service[76289]: DEBUG cinder.api.openstack.wsgi [None req-0abe7522-33f3-4fa8-b250-18edfb5e9980 tempest-VolumeTypesTest-1779489076 tempest-VolumeTypesTest-1779489076-project-admin] Calling method 'index' {{(pid=76289) _process_stack /opt/stack/cinder/cinder/api/openstack/wsgi.py:868}}
Nov 03 17:29:08 user devstack@c-api.service[76289]: INFO cinder.api.openstack.wsgi [None req-0abe7522-33f3-4fa8-b250-18edfb5e9980 tempest-VolumeTypesTest-1779489076 tempest-VolumeTypesTest-1779489076-project-admin] http://10.0.0.210/volume/v3/c3e7e63c0e7b4e119043320c8d67af08/types returned with HTTP 200
Nov 03 17:29:08 user devstack@c-api.service[76288]: DEBUG cinder.api.middleware.request_id [None req-032853cf-a25a-436a-b25e-152d331e49e6 None None] RequestId filter calling following filter/app {{(pid=76288) _context_setter /opt/stack/cinder/cinder/api/middleware/request_id.py:62}}
Nov 03 17:29:08 user devstack@c-api.service[76289]: [pid: 76289|app: 0|req: 25/76] 10.0.0.210 () {62 vars in 1285 bytes} [Fri Nov 3 17:29:08 2023] GET /volume/v3/c3e7e63c0e7b4e119043320c8d67af08/types => generated 457 bytes in 58 msecs (HTTP/1.1 200) 7 headers in 285 bytes (1 switches on core 0)
Nov 03 17:29:08 user devstack@c-api.service[76288]: INFO cinder.api.openstack.wsgi [None req-032853cf-a25a-436a-b25e-152d331e49e6 tempest-TaggedAttachmentsTest-901062206 tempest-TaggedAttachmentsTest-901062206-project-member] POST http://10.0.0.210/volume/v3/b2f7989faf6b4c08b25287cd6fb74ab4/volumes
Nov 03 17:29:08 user devstack@c-api.service[76288]: DEBUG cinder.api.openstack.wsgi [None req-032853cf-a25a-436a-b25e-152d331e49e6 tempest-TaggedAttachmentsTest-901062206 tempest-TaggedAttachmentsTest-901062206-project-member] Action: 'create', calling method: create, body: {"volume": {"size": 1, "display_name": "tempest-TaggedAttachmentsTest-volume-1431197451"}} {{(pid=76288) _process_stack /opt/stack/cinder/cinder/api/openstack/wsgi.py:866}}
Nov 03 17:29:08 user devstack@c-api.service[76288]: DEBUG cinder.api.v3.volumes [None req-032853cf-a25a-436a-b25e-152d331e49e6 tempest-TaggedAttachmentsTest-901062206 tempest-TaggedAttachmentsTest-901062206-project-member] Create volume request body: {'volume': {'size': 1, 'display_name': 'tempest-TaggedAttachmentsTest-volume-1431197451'}} {{(pid=76288) create /opt/stack/cinder/cinder/api/v3/volumes.py:297}}
Nov 03 17:29:08 user devstack@c-api.service[76288]: INFO cinder.api.v3.volumes [None req-032853cf-a25a-436a-b25e-152d331e49e6 tempest-TaggedAttachmentsTest-901062206 tempest-TaggedAttachmentsTest-901062206-project-member] Create volume of 1 GB
Nov 03 17:29:08 user devstack@c-api.service[76288]: INFO cinder.volume.api [None req-032853cf-a25a-436a-b25e-152d331e49e6 tempest-TaggedAttachmentsTest-901062206 tempest-TaggedAttachmentsTest-901062206-project-member] Availability Zones retrieved successfully.
Nov 03 17:29:08 user devstack@c-api.service[76290]: DEBUG cinder.api.middleware.request_id [None req-09f0fe09-3095-452e-bc97-e0eb2f1253db None None] RequestId filter calling following filter/app {{(pid=76290) _context_setter /opt/stack/cinder/cinder/api/middleware/request_id.py:62}}
Nov 03 17:29:08 user devstack@c-api.service[76288]: DEBUG cinder.volume.api [None req-032853cf-a25a-436a-b25e-152d331e49e6 tempest-TaggedAttachmentsTest-901062206 tempest-TaggedAttachmentsTest-901062206-project-member] Flow 'volume_create_api' (3609b077-c37a-4746-afbc-11e235bb37d3) transitioned into state 'RUNNING' from state 'PENDING' {{(pid=76288) _flow_receiver /opt/stack/data/venv/lib/python3.10/site-packages/taskflow/listeners/logging.py:141}}
Nov 03 17:29:08 user devstack@c-api.service[76288]: DEBUG cinder.volume.api [None req-032853cf-a25a-436a-b25e-152d331e49e6 tempest-TaggedAttachmentsTest-901062206 tempest-TaggedAttachmentsTest-901062206-project-member] Task 'cinder.volume.flows.api.create_volume.ExtractVolumeRequestTask;volume:create' (b378f558-adbd-435c-a788-1a6aa1238b19) transitioned into state 'RUNNING' from state 'PENDING' {{(pid=76288) _task_receiver /opt/stack/data/venv/lib/python3.10/site-packages/taskflow/listeners/logging.py:190}}
Nov 03 17:29:08 user devstack@c-api.service[76290]: INFO cinder.api.openstack.wsgi [None req-09f0fe09-3095-452e-bc97-e0eb2f1253db tempest-VolumeTypesTest-1779489076 tempest-VolumeTypesTest-1779489076-project-admin] POST http://10.0.0.210/volume/v3/c3e7e63c0e7b4e119043320c8d67af08/types
Nov 03 17:29:08 user devstack@c-api.service[76288]: DEBUG cinder.volume.flows.api.create_volume [None req-032853cf-a25a-436a-b25e-152d331e49e6 tempest-TaggedAttachmentsTest-901062206 tempest-TaggedAttachmentsTest-901062206-project-member] Validating volume size '1' using validate_int {{(pid=76288) _extract_size /opt/stack/cinder/cinder/volume/flows/api/create_volume.py:228}}
Nov 03 17:29:08 user devstack@c-api.service[76290]: DEBUG cinder.api.openstack.wsgi [None req-09f0fe09-3095-452e-bc97-e0eb2f1253db tempest-VolumeTypesTest-1779489076 tempest-VolumeTypesTest-1779489076-project-admin] Action: 'create', calling method: _create, body: {"volume_type": {"name": "tempest-VolumeTypesTest-volume-type-775911948"}} {{(pid=76290) _process_stack /opt/stack/cinder/cinder/api/openstack/wsgi.py:866}}
Nov 03 17:29:08 user devstack@c-api.service[76290]: INFO cinder.api.openstack.wsgi [None req-09f0fe09-3095-452e-bc97-e0eb2f1253db tempest-VolumeTypesTest-1779489076 tempest-VolumeTypesTest-1779489076-project-admin] http://10.0.0.210/volume/v3/c3e7e63c0e7b4e119043320c8d67af08/types returned with HTTP 200
Nov 03 17:29:08 user devstack@c-api.service[76290]: [pid: 76290|app: 0|req: 27/77] 10.0.0.210 () {64 vars in 1306 bytes} [Fri Nov 3 17:29:08 2023] POST /volume/v3/c3e7e63c0e7b4e119043320c8d67af08/types => generated 220 bytes in 54 msecs (HTTP/1.1 200) 7 headers in 285 bytes (1 switches on core 0)
Nov 03 17:29:08 user devstack@c-api.service[76289]: DEBUG cinder.api.middleware.request_id [None req-aaa12460-b0c6-46a1-9405-a2c9f53804a8 None None] RequestId filter calling following filter/app {{(pid=76289) _context_setter /opt/stack/cinder/cinder/api/middleware/request_id.py:62}}
Nov 03 17:29:08 user devstack@c-api.service[76288]: DEBUG cinder.volume.api [None req-032853cf-a25a-436a-b25e-152d331e49e6 tempest-TaggedAttachmentsTest-901062206 tempest-TaggedAttachmentsTest-901062206-project-member] Task 'cinder.volume.flows.api.create_volume.ExtractVolumeRequestTask;volume:create' (b378f558-adbd-435c-a788-1a6aa1238b19) transitioned into state 'SUCCESS' from state 'RUNNING' with result '{'size': 1, 'snapshot_id': None, 'source_volid': None, 'volume_type': VolumeType(created_at=2023-11-03T17:24:55Z,deleted=False,deleted_at=None,description=None,extra_specs={volume_backend_name='joviandss-2'},id=f7c64d22-a47c-4cf7-97e5-aad4424c2305,is_public=True,name='joviandss-2',projects=[],qos_specs=,qos_specs_id=None,updated_at=None), 'volume_type_id': 'f7c64d22-a47c-4cf7-97e5-aad4424c2305', 'encryption_key_id': None, 'qos_specs': None, 'consistencygroup_id': None, 'cgsnapshot_id': None, 'group_id': None, 'replication_status': 'disabled', 'refresh_az': False, 'backup_id': None, 'multiattach': False, 'availability_zones': ['nova']}' {{(pid=76288) _task_receiver /opt/stack/data/venv/lib/python3.10/site-packages/taskflow/listeners/logging.py:178}}
Nov 03 17:29:08 user devstack@c-api.service[76288]: DEBUG cinder.volume.api [None req-032853cf-a25a-436a-b25e-152d331e49e6 tempest-TaggedAttachmentsTest-901062206 tempest-TaggedAttachmentsTest-901062206-project-member] Task 'cinder.volume.flows.api.create_volume.QuotaReserveTask;volume:create' (e958927e-3cb0-44c6-ac1c-682e017683a9) transitioned into state 'RUNNING' from state 'PENDING' {{(pid=76288) _task_receiver /opt/stack/data/venv/lib/python3.10/site-packages/taskflow/listeners/logging.py:190}}
Nov 03 17:29:08 user devstack@c-api.service[76289]: INFO cinder.api.openstack.wsgi [None req-aaa12460-b0c6-46a1-9405-a2c9f53804a8 tempest-VolumeTypesTest-1779489076 tempest-VolumeTypesTest-1779489076-project-admin] PUT http://10.0.0.210/volume/v3/c3e7e63c0e7b4e119043320c8d67af08/types/74daa51d-d4a2-45d1-aeb2-9bf366fe73d1
Nov 03 17:29:08 user devstack@c-api.service[76289]: DEBUG cinder.api.openstack.wsgi [None req-aaa12460-b0c6-46a1-9405-a2c9f53804a8 tempest-VolumeTypesTest-1779489076 tempest-VolumeTypesTest-1779489076-project-admin] Action: 'update', calling method: _update, body: {"volume_type": {"name": "tempest-volume-type-1232305297", "description": "tempest-volume-type-description-22214724", "is_public": false}} {{(pid=76289) _process_stack /opt/stack/cinder/cinder/api/openstack/wsgi.py:866}}
Nov 03 17:29:09 user devstack@c-api.service[76288]: DEBUG cinder.quota [None req-032853cf-a25a-436a-b25e-152d331e49e6 tempest-TaggedAttachmentsTest-901062206 tempest-TaggedAttachmentsTest-901062206-project-member] Created reservations ['7c2c0b0f-ffff-45b9-92fc-775896574027', '84d22d21-9919-4d1a-a91c-fcd2ca50004a', 'dc08d4a7-ec4c-44f8-be64-2b3e590052ad', '8da90cc7-f045-40df-846b-d9ec42198f97'] {{(pid=76288) reserve /opt/stack/cinder/cinder/quota.py:755}}
Nov 03 17:29:09 user devstack@c-api.service[76288]: DEBUG cinder.volume.api [None req-032853cf-a25a-436a-b25e-152d331e49e6 tempest-TaggedAttachmentsTest-901062206 tempest-TaggedAttachmentsTest-901062206-project-member] Task 'cinder.volume.flows.api.create_volume.QuotaReserveTask;volume:create' (e958927e-3cb0-44c6-ac1c-682e017683a9) transitioned into state 'SUCCESS' from state 'RUNNING' with result '{'reservations': ['7c2c0b0f-ffff-45b9-92fc-775896574027', '84d22d21-9919-4d1a-a91c-fcd2ca50004a', 'dc08d4a7-ec4c-44f8-be64-2b3e590052ad', '8da90cc7-f045-40df-846b-d9ec42198f97']}' {{(pid=76288) _task_receiver /opt/stack/data/venv/lib/python3.10/site-packages/taskflow/listeners/logging.py:178}}
Nov 03 17:29:09 user devstack@c-api.service[76288]: DEBUG cinder.volume.api [None req-032853cf-a25a-436a-b25e-152d331e49e6 tempest-TaggedAttachmentsTest-901062206 tempest-TaggedAttachmentsTest-901062206-project-member] Task 'cinder.volume.flows.api.create_volume.EntryCreateTask;volume:create' (f4e01d3b-287e-495d-a35c-a217ab0d8c6d) transitioned into state 'RUNNING' from state 'PENDING' {{(pid=76288) _task_receiver /opt/stack/data/venv/lib/python3.10/site-packages/taskflow/listeners/logging.py:190}}
Nov 03 17:29:09 user devstack@c-api.service[76289]: INFO cinder.api.openstack.wsgi [None req-aaa12460-b0c6-46a1-9405-a2c9f53804a8 tempest-VolumeTypesTest-1779489076 tempest-VolumeTypesTest-1779489076-project-admin] http://10.0.0.210/volume/v3/c3e7e63c0e7b4e119043320c8d67af08/types/74daa51d-d4a2-45d1-aeb2-9bf366fe73d1 returned with HTTP 200
Nov 03 17:29:09 user devstack@c-api.service[76289]: [pid: 76289|app: 0|req: 26/78] 10.0.0.210 () {64 vars in 1417 bytes} [Fri Nov 3 17:29:08 2023] PUT /volume/v3/c3e7e63c0e7b4e119043320c8d67af08/types/74daa51d-d4a2-45d1-aeb2-9bf366fe73d1 => generated 203 bytes in 188 msecs (HTTP/1.1 200) 7 headers in 285 bytes (1 switches on core 0)
Nov 03 17:29:09 user devstack@c-api.service[76290]: DEBUG cinder.api.middleware.request_id [None req-8addc00b-7523-44d9-a9db-4646112355c5 None None] RequestId filter calling following filter/app {{(pid=76290) _context_setter /opt/stack/cinder/cinder/api/middleware/request_id.py:62}}
Nov 03 17:29:09 user devstack@c-api.service[76290]: INFO cinder.api.openstack.wsgi [None req-8addc00b-7523-44d9-a9db-4646112355c5 tempest-VolumeTypesTest-1779489076 tempest-VolumeTypesTest-1779489076-project-admin] GET http://10.0.0.210/volume/v3/c3e7e63c0e7b4e119043320c8d67af08/types/74daa51d-d4a2-45d1-aeb2-9bf366fe73d1
Nov 03 17:29:09 user devstack@c-api.service[76290]: DEBUG cinder.api.openstack.wsgi [None req-8addc00b-7523-44d9-a9db-4646112355c5 tempest-VolumeTypesTest-1779489076 tempest-VolumeTypesTest-1779489076-project-admin] Empty body provided in request {{(pid=76290) get_body /opt/stack/cinder/cinder/api/openstack/wsgi.py:715}}
Nov 03 17:29:09 user devstack@c-api.service[76290]: DEBUG cinder.api.openstack.wsgi [None req-8addc00b-7523-44d9-a9db-4646112355c5 tempest-VolumeTypesTest-1779489076 tempest-VolumeTypesTest-1779489076-project-admin] Calling method 'show' {{(pid=76290) _process_stack /opt/stack/cinder/cinder/api/openstack/wsgi.py:868}}
Nov 03 17:29:09 user devstack@c-api.service[76288]: DEBUG cinder.volume.api [None req-032853cf-a25a-436a-b25e-152d331e49e6 tempest-TaggedAttachmentsTest-901062206 tempest-TaggedAttachmentsTest-901062206-project-member] Task 'cinder.volume.flows.api.create_volume.EntryCreateTask;volume:create' (f4e01d3b-287e-495d-a35c-a217ab0d8c6d) transitioned into state 'SUCCESS' from state 'RUNNING' with result '{'volume_id': '88af7a10-48aa-4ae7-a6cc-c02ed48af75c', 'volume_properties': VolumeProperties(attach_status='detached',availability_zone='nova',cgsnapshot_id=None,consistencygroup_id=None,display_description=None,display_name='tempest-TaggedAttachmentsTest-volume-1431197451',encryption_key_id=None,group_id=None,group_type_id=,metadata={},multiattach=False,project_id='b2f7989faf6b4c08b25287cd6fb74ab4',qos_specs=None,replication_status=,reservations=['7c2c0b0f-ffff-45b9-92fc-775896574027','84d22d21-9919-4d1a-a91c-fcd2ca50004a','dc08d4a7-ec4c-44f8-be64-2b3e590052ad','8da90cc7-f045-40df-846b-d9ec42198f97'],size=1,snapshot_id=None,source_replicaid=,source_volid=None,status='creating',user_id='7015a1cbbd024518b9590d2561dc02db',volume_type_id=f7c64d22-a47c-4cf7-97e5-aad4424c2305), 'volume': Volume(_name_id=None,admin_metadata=,attach_status='detached',availability_zone='nova',bootable=False,cluster=,cluster_name=None,consistencygroup=,consistencygroup_id=None,created_at=2023-11-03T17:29:09Z,deleted=False,deleted_at=None,display_description=None,display_name='tempest-TaggedAttachmentsTest-volume-1431197451',ec2_id=None,encryption_key_id=None,glance_metadata=,group=,group_id=None,host=None,id=88af7a10-48aa-4ae7-a6cc-c02ed48af75c,launched_at=None,metadata={},migration_status=None,multiattach=False,previous_status=None,project_id='b2f7989faf6b4c08b25287cd6fb74ab4',provider_auth=None,provider_geometry=None,provider_id=None,provider_location=None,replication_driver_data=None,replication_extended_status=None,replication_status=None,scheduled_at=None,service_uuid=None,shared_targets=True,size=1,snapshot_id=None,snapshots=,source_volid=None,status='creating',terminated_at=None,updated_at=None,use_quota=True,user_id='7015a1cbbd024518b9590d2561dc02db',volume_attachment=VolumeAttachmentList,volume_type=VolumeType(f7c64d22-a47c-4cf7-97e5-aad4424c2305),volume_type_id=f7c64d22-a47c-4cf7-97e5-aad4424c2305)}' {{(pid=76288) _task_receiver /opt/stack/data/venv/lib/python3.10/site-packages/taskflow/listeners/logging.py:178}}
Nov 03 17:29:09 user devstack@c-api.service[76288]: DEBUG cinder.volume.api [None req-032853cf-a25a-436a-b25e-152d331e49e6 tempest-TaggedAttachmentsTest-901062206 tempest-TaggedAttachmentsTest-901062206-project-member] Task 'cinder.volume.flows.api.create_volume.QuotaCommitTask;volume:create' (b13eedab-a37b-45f4-92a7-7bbaa2da31cd) transitioned into state 'RUNNING' from state 'PENDING' {{(pid=76288) _task_receiver /opt/stack/data/venv/lib/python3.10/site-packages/taskflow/listeners/logging.py:190}}
Nov 03 17:29:09 user devstack@c-api.service[76290]: INFO cinder.api.openstack.wsgi [None req-8addc00b-7523-44d9-a9db-4646112355c5 tempest-VolumeTypesTest-1779489076 tempest-VolumeTypesTest-1779489076-project-admin] http://10.0.0.210/volume/v3/c3e7e63c0e7b4e119043320c8d67af08/types/74daa51d-d4a2-45d1-aeb2-9bf366fe73d1 returned with HTTP 200
Nov 03 17:29:09 user devstack@c-api.service[76290]: [pid: 76290|app: 0|req: 28/79] 10.0.0.210 () {62 vars in 1396 bytes} [Fri Nov 3 17:29:09 2023] GET /volume/v3/c3e7e63c0e7b4e119043320c8d67af08/types/74daa51d-d4a2-45d1-aeb2-9bf366fe73d1 => generated 267 bytes in 27 msecs (HTTP/1.1 200) 7 headers in 285 bytes (1 switches on core 0)
Nov 03 17:29:09 user devstack@c-api.service[76289]: DEBUG cinder.api.middleware.request_id [None req-a9f20d2c-277f-48d6-b6a5-461264521281 None None] RequestId filter calling following filter/app {{(pid=76289) _context_setter /opt/stack/cinder/cinder/api/middleware/request_id.py:62}}
Nov 03 17:29:09 user devstack@c-api.service[76288]: DEBUG cinder.volume.api [None req-032853cf-a25a-436a-b25e-152d331e49e6 tempest-TaggedAttachmentsTest-901062206 tempest-TaggedAttachmentsTest-901062206-project-member] Task 'cinder.volume.flows.api.create_volume.QuotaCommitTask;volume:create' (b13eedab-a37b-45f4-92a7-7bbaa2da31cd) transitioned into state 'SUCCESS' from state 'RUNNING' with result '{'volume_properties': VolumeProperties(attach_status='detached',availability_zone='nova',cgsnapshot_id=None,consistencygroup_id=None,display_description=None,display_name='tempest-TaggedAttachmentsTest-volume-1431197451',encryption_key_id=None,group_id=None,group_type_id=,metadata={},multiattach=False,project_id='b2f7989faf6b4c08b25287cd6fb74ab4',qos_specs=None,replication_status=,reservations=['7c2c0b0f-ffff-45b9-92fc-775896574027','84d22d21-9919-4d1a-a91c-fcd2ca50004a','dc08d4a7-ec4c-44f8-be64-2b3e590052ad','8da90cc7-f045-40df-846b-d9ec42198f97'],size=1,snapshot_id=None,source_replicaid=,source_volid=None,status='creating',user_id='7015a1cbbd024518b9590d2561dc02db',volume_type_id=f7c64d22-a47c-4cf7-97e5-aad4424c2305)}' {{(pid=76288) _task_receiver /opt/stack/data/venv/lib/python3.10/site-packages/taskflow/listeners/logging.py:178}}
Nov 03 17:29:09 user devstack@c-api.service[76288]: DEBUG cinder.volume.api [None req-032853cf-a25a-436a-b25e-152d331e49e6 tempest-TaggedAttachmentsTest-901062206 tempest-TaggedAttachmentsTest-901062206-project-member] Task 'cinder.volume.flows.api.create_volume.VolumeCastTask;volume:create' (8091c2cb-3d84-4d70-9183-c921aaa9092d) transitioned into state 'RUNNING' from state 'PENDING' {{(pid=76288) _task_receiver /opt/stack/data/venv/lib/python3.10/site-packages/taskflow/listeners/logging.py:190}}
Nov 03 17:29:09 user devstack@c-api.service[76289]: INFO cinder.api.openstack.wsgi [None req-a9f20d2c-277f-48d6-b6a5-461264521281 tempest-VolumeTypesTest-1779489076 tempest-VolumeTypesTest-1779489076-project-admin] DELETE http://10.0.0.210/volume/v3/c3e7e63c0e7b4e119043320c8d67af08/types/74daa51d-d4a2-45d1-aeb2-9bf366fe73d1
Nov 03 17:29:09 user devstack@c-api.service[76289]: DEBUG cinder.api.openstack.wsgi [None req-a9f20d2c-277f-48d6-b6a5-461264521281 tempest-VolumeTypesTest-1779489076 tempest-VolumeTypesTest-1779489076-project-admin] Empty body provided in request {{(pid=76289) get_body /opt/stack/cinder/cinder/api/openstack/wsgi.py:715}}
Nov 03 17:29:09 user devstack@c-api.service[76289]: DEBUG cinder.api.openstack.wsgi [None req-a9f20d2c-277f-48d6-b6a5-461264521281 tempest-VolumeTypesTest-1779489076 tempest-VolumeTypesTest-1779489076-project-admin] Calling method '_delete' {{(pid=76289) _process_stack /opt/stack/cinder/cinder/api/openstack/wsgi.py:868}}
Nov 03 17:29:09 user devstack@c-api.service[76288]: DEBUG cinder.volume.api [None req-032853cf-a25a-436a-b25e-152d331e49e6 tempest-TaggedAttachmentsTest-901062206 tempest-TaggedAttachmentsTest-901062206-project-member] Task 'cinder.volume.flows.api.create_volume.VolumeCastTask;volume:create' (8091c2cb-3d84-4d70-9183-c921aaa9092d) transitioned into state 'SUCCESS' from state 'RUNNING' with result 'None' {{(pid=76288) _task_receiver /opt/stack/data/venv/lib/python3.10/site-packages/taskflow/listeners/logging.py:178}}
Nov 03 17:29:09 user devstack@c-api.service[76288]: DEBUG cinder.volume.api [None req-032853cf-a25a-436a-b25e-152d331e49e6 tempest-TaggedAttachmentsTest-901062206 tempest-TaggedAttachmentsTest-901062206-project-member] Flow 'volume_create_api' (3609b077-c37a-4746-afbc-11e235bb37d3) transitioned into state 'SUCCESS' from state 'RUNNING' {{(pid=76288) _flow_receiver /opt/stack/data/venv/lib/python3.10/site-packages/taskflow/listeners/logging.py:141}}
Nov 03 17:29:09 user devstack@c-api.service[76288]: INFO cinder.volume.api [None req-032853cf-a25a-436a-b25e-152d331e49e6 tempest-TaggedAttachmentsTest-901062206 tempest-TaggedAttachmentsTest-901062206-project-member] Create volume request issued successfully.
Nov 03 17:29:09 user devstack@c-api.service[76288]: INFO cinder.api.openstack.wsgi [None req-032853cf-a25a-436a-b25e-152d331e49e6 tempest-TaggedAttachmentsTest-901062206 tempest-TaggedAttachmentsTest-901062206-project-member] http://10.0.0.210/volume/v3/b2f7989faf6b4c08b25287cd6fb74ab4/volumes returned with HTTP 202
Nov 03 17:29:09 user devstack@c-api.service[76288]: [pid: 76288|app: 0|req: 26/80] 10.0.0.210 () {64 vars in 1312 bytes} [Fri Nov 3 17:29:08 2023] POST /volume/v3/b2f7989faf6b4c08b25287cd6fb74ab4/volumes => generated 819 bytes in 332 msecs (HTTP/1.1 202) 7 headers in 291 bytes (1 switches on core 0)
