Nov 03 17:29:15 user devstack@c-api.service[76289]: INFO cinder.volume.api [None req-09786fe2-e567-4bde-bc7e-5ecb1a7a8a03 tempest-ServerActionsV293TestJSON-322207706 tempest-ServerActionsV293TestJSON-322207706-project-member] Volume info retrieved successfully.
Nov 03 17:29:15 user devstack@c-api.service[76289]: INFO cinder.api.openstack.wsgi [None req-09786fe2-e567-4bde-bc7e-5ecb1a7a8a03 tempest-ServerActionsV293TestJSON-322207706 tempest-ServerActionsV293TestJSON-322207706-project-member] http://10.0.0.210/volume/v3/462cbd38529a42029b3f65c2db8425bb/volumes/5f8552c3-a6cd-4a56-8643-c73eef62e850 returned with HTTP 200
Nov 03 17:29:15 user devstack@c-api.service[76289]: [pid: 76289|app: 0|req: 31/96] 10.0.0.210 () {64 vars in 1443 bytes} [Fri Nov 3 17:29:14 2023] GET /volume/v3/462cbd38529a42029b3f65c2db8425bb/volumes/5f8552c3-a6cd-4a56-8643-c73eef62e850 => generated 1119 bytes in 112 msecs (HTTP/1.1 200) 7 headers in 287 bytes (1 switches on core 0)
Nov 03 17:29:15 user devstack@c-api.service[76288]: DEBUG cinder.api.middleware.request_id [None req-f4810f3e-d693-4373-869e-12659eee2615 None None] RequestId filter calling following filter/app {{(pid=76288) _context_setter /opt/stack/cinder/cinder/api/middleware/request_id.py:62}}
Nov 03 17:29:15 user devstack@c-api.service[76290]: DEBUG cinder.api.middleware.request_id [None req-418349a9-00d2-4fe8-8fe9-6f2f517a1dd0 None None] RequestId filter calling following filter/app {{(pid=76290) _context_setter /opt/stack/cinder/cinder/api/middleware/request_id.py:62}}
Nov 03 17:29:15 user devstack@c-api.service[76288]: INFO cinder.api.openstack.wsgi [None req-f4810f3e-d693-4373-869e-12659eee2615 tempest-TaggedAttachmentsTest-901062206 tempest-TaggedAttachmentsTest-901062206-project-member] GET http://10.0.0.210/volume/v3/b2f7989faf6b4c08b25287cd6fb74ab4/volumes/88af7a10-48aa-4ae7-a6cc-c02ed48af75c
Nov 03 17:29:15 user devstack@c-api.service[76288]: DEBUG cinder.api.openstack.wsgi [None req-f4810f3e-d693-4373-869e-12659eee2615 tempest-TaggedAttachmentsTest-901062206 tempest-TaggedAttachmentsTest-901062206-project-member] Empty body provided in request {{(pid=76288) get_body /opt/stack/cinder/cinder/api/openstack/wsgi.py:715}}
Nov 03 17:29:15 user devstack@c-api.service[76288]: DEBUG cinder.api.openstack.wsgi [None req-f4810f3e-d693-4373-869e-12659eee2615 tempest-TaggedAttachmentsTest-901062206 tempest-TaggedAttachmentsTest-901062206-project-member] Calling method 'show' {{(pid=76288) _process_stack /opt/stack/cinder/cinder/api/openstack/wsgi.py:868}}
Nov 03 17:29:15 user devstack@c-api.service[76290]: INFO cinder.api.openstack.wsgi [None req-418349a9-00d2-4fe8-8fe9-6f2f517a1dd0 tempest-TaggedBootDevicesTest_v242-960766363 tempest-TaggedBootDevicesTest_v242-960766363-project-member] GET http://10.0.0.210/volume/v3/a9a0d997a83745debe050f94c1896711/volumes/dc6b6d7a-fcf3-4107-a613-de6eb5ffb554
Nov 03 17:29:15 user devstack@c-api.service[76290]: DEBUG cinder.api.openstack.wsgi [None req-418349a9-00d2-4fe8-8fe9-6f2f517a1dd0 tempest-TaggedBootDevicesTest_v242-960766363 tempest-TaggedBootDevicesTest_v242-960766363-project-member] Empty body provided in request {{(pid=76290) get_body /opt/stack/cinder/cinder/api/openstack/wsgi.py:715}}
Nov 03 17:29:15 user devstack@c-api.service[76290]: DEBUG cinder.api.openstack.wsgi [None req-418349a9-00d2-4fe8-8fe9-6f2f517a1dd0 tempest-TaggedBootDevicesTest_v242-960766363 tempest-TaggedBootDevicesTest_v242-960766363-project-member] Calling method 'show' {{(pid=76290) _process_stack /opt/stack/cinder/cinder/api/openstack/wsgi.py:868}}
Nov 03 17:29:15 user devstack@c-api.service[76288]: /opt/stack/data/venv/lib/python3.10/site-packages/oslo_context/context.py:100: DeprecationWarning: Policy enforcement is depending on the value of is_admin. This key is deprecated. Please update your policy file to use the standard policy values.
Nov 03 17:29:15 user devstack@c-api.service[76288]: warnings.warn('Policy enforcement is depending on the value of '
Nov 03 17:29:15 user devstack@c-api.service[76290]: /opt/stack/data/venv/lib/python3.10/site-packages/oslo_context/context.py:100: DeprecationWarning: Policy enforcement is depending on the value of is_admin. This key is deprecated. Please update your policy file to use the standard policy values.
Nov 03 17:29:15 user devstack@c-api.service[76290]: warnings.warn('Policy enforcement is depending on the value of '
Nov 03 17:29:15 user devstack@c-api.service[76288]: INFO cinder.volume.api [None req-f4810f3e-d693-4373-869e-12659eee2615 tempest-TaggedAttachmentsTest-901062206 tempest-TaggedAttachmentsTest-901062206-project-member] Volume info retrieved successfully.
Nov 03 17:29:15 user devstack@c-api.service[76290]: INFO cinder.volume.api [None req-418349a9-00d2-4fe8-8fe9-6f2f517a1dd0 tempest-TaggedBootDevicesTest_v242-960766363 tempest-TaggedBootDevicesTest_v242-960766363-project-member] Volume info retrieved successfully.
Nov 03 17:29:15 user devstack@c-api.service[76290]: INFO cinder.api.openstack.wsgi [None req-418349a9-00d2-4fe8-8fe9-6f2f517a1dd0 tempest-TaggedBootDevicesTest_v242-960766363 tempest-TaggedBootDevicesTest_v242-960766363-project-member] http://10.0.0.210/volume/v3/a9a0d997a83745debe050f94c1896711/volumes/dc6b6d7a-fcf3-4107-a613-de6eb5ffb554 returned with HTTP 200
Nov 03 17:29:15 user devstack@c-api.service[76290]: [pid: 76290|app: 0|req: 35/97] 10.0.0.210 () {62 vars in 1402 bytes} [Fri Nov 3 17:29:15 2023] GET /volume/v3/a9a0d997a83745debe050f94c1896711/volumes/dc6b6d7a-fcf3-4107-a613-de6eb5ffb554 => generated 916 bytes in 106 msecs (HTTP/1.1 200) 7 headers in 285 bytes (1 switches on core 0)
Nov 03 17:29:15 user devstack@c-api.service[76288]: INFO cinder.api.openstack.wsgi [None req-f4810f3e-d693-4373-869e-12659eee2615 tempest-TaggedAttachmentsTest-901062206 tempest-TaggedAttachmentsTest-901062206-project-member] http://10.0.0.210/volume/v3/b2f7989faf6b4c08b25287cd6fb74ab4/volumes/88af7a10-48aa-4ae7-a6cc-c02ed48af75c returned with HTTP 200
Nov 03 17:29:15 user devstack@c-api.service[76288]: [pid: 76288|app: 0|req: 32/98] 10.0.0.210 () {62 vars in 1402 bytes} [Fri Nov 3 17:29:15 2023] GET /volume/v3/b2f7989faf6b4c08b25287cd6fb74ab4/volumes/88af7a10-48aa-4ae7-a6cc-c02ed48af75c => generated 911 bytes in 132 msecs (HTTP/1.1 200) 7 headers in 285 bytes (1 switches on core 0)
Nov 03 17:29:16 user devstack@c-api.service[76289]: DEBUG cinder.api.middleware.request_id [None req-06807080-c17e-44b0-a8fa-e9cfd7da4b57 None None] RequestId filter calling following filter/app {{(pid=76289) _context_setter /opt/stack/cinder/cinder/api/middleware/request_id.py:62}}
Nov 03 17:29:16 user devstack@c-api.service[76289]: INFO cinder.api.openstack.wsgi [None req-06807080-c17e-44b0-a8fa-e9cfd7da4b57 tempest-ServerActionsV293TestJSON-322207706 tempest-ServerActionsV293TestJSON-322207706-project-member] GET http://10.0.0.210/volume/v3/462cbd38529a42029b3f65c2db8425bb/volumes/5f8552c3-a6cd-4a56-8643-c73eef62e850
Nov 03 17:29:16 user devstack@c-api.service[76289]: DEBUG cinder.api.openstack.wsgi [None req-06807080-c17e-44b0-a8fa-e9cfd7da4b57 tempest-ServerActionsV293TestJSON-322207706 tempest-ServerActionsV293TestJSON-322207706-project-member] Empty body provided in request {{(pid=76289) get_body /opt/stack/cinder/cinder/api/openstack/wsgi.py:715}}
Nov 03 17:29:16 user devstack@c-api.service[76289]: DEBUG cinder.api.openstack.wsgi [None req-06807080-c17e-44b0-a8fa-e9cfd7da4b57 tempest-ServerActionsV293TestJSON-322207706 tempest-ServerActionsV293TestJSON-322207706-project-member] Calling method 'show' {{(pid=76289) _process_stack /opt/stack/cinder/cinder/api/openstack/wsgi.py:868}}
Nov 03 17:29:16 user devstack@c-api.service[76289]: /opt/stack/data/venv/lib/python3.10/site-packages/oslo_context/context.py:100: DeprecationWarning: Policy enforcement is depending on the value of is_admin. This key is deprecated. Please update your policy file to use the standard policy values.
Nov 03 17:29:16 user devstack@c-api.service[76289]: warnings.warn('Policy enforcement is depending on the value of '
Nov 03 17:29:16 user devstack@c-api.service[76289]: INFO cinder.volume.api [None req-06807080-c17e-44b0-a8fa-e9cfd7da4b57 tempest-ServerActionsV293TestJSON-322207706 tempest-ServerActionsV293TestJSON-322207706-project-member] Volume info retrieved successfully.
Nov 03 17:29:16 user devstack@c-api.service[76289]: INFO cinder.api.openstack.wsgi [None req-06807080-c17e-44b0-a8fa-e9cfd7da4b57 tempest-ServerActionsV293TestJSON-322207706 tempest-ServerActionsV293TestJSON-322207706-project-member] http://10.0.0.210/volume/v3/462cbd38529a42029b3f65c2db8425bb/volumes/5f8552c3-a6cd-4a56-8643-c73eef62e850 returned with HTTP 200
Nov 03 17:29:16 user devstack@c-api.service[76289]: [pid: 76289|app: 0|req: 32/99] 10.0.0.210 () {64 vars in 1443 bytes} [Fri Nov 3 17:29:16 2023] GET /volume/v3/462cbd38529a42029b3f65c2db8425bb/volumes/5f8552c3-a6cd-4a56-8643-c73eef62e850 => generated 1119 bytes in 97 msecs (HTTP/1.1 200) 7 headers in 287 bytes (1 switches on core 0)
Nov 03 17:29:16 user devstack@c-api.service[76290]: DEBUG cinder.api.middleware.request_id [None req-eca2fa42-f2ea-45a7-b165-398ed8771e64 None None] RequestId filter calling following filter/app {{(pid=76290) _context_setter /opt/stack/cinder/cinder/api/middleware/request_id.py:62}}
Nov 03 17:29:17 user devstack@c-api.service[76290]: INFO cinder.api.openstack.wsgi [None req-eca2fa42-f2ea-45a7-b165-398ed8771e64 tempest-TaggedBootDevicesTest_v242-960766363 tempest-TaggedBootDevicesTest_v242-960766363-project-member] GET http://10.0.0.210/volume/v3/a9a0d997a83745debe050f94c1896711/volumes/dc6b6d7a-fcf3-4107-a613-de6eb5ffb554
Nov 03 17:29:17 user devstack@c-api.service[76290]: DEBUG cinder.api.openstack.wsgi [None req-eca2fa42-f2ea-45a7-b165-398ed8771e64 tempest-TaggedBootDevicesTest_v242-960766363 tempest-TaggedBootDevicesTest_v242-960766363-project-member] Empty body provided in request {{(pid=76290) get_body /opt/stack/cinder/cinder/api/openstack/wsgi.py:715}}
Nov 03 17:29:17 user devstack@c-api.service[76290]: DEBUG cinder.api.openstack.wsgi [None req-eca2fa42-f2ea-45a7-b165-398ed8771e64 tempest-TaggedBootDevicesTest_v242-960766363 tempest-TaggedBootDevicesTest_v242-960766363-project-member] Calling method 'show' {{(pid=76290) _process_stack /opt/stack/cinder/cinder/api/openstack/wsgi.py:868}}
Nov 03 17:29:17 user devstack@c-api.service[76288]: DEBUG cinder.api.middleware.request_id [None req-bcba9975-0d17-4ab9-9c85-204c3fb04dcc None None] RequestId filter calling following filter/app {{(pid=76288) _context_setter /opt/stack/cinder/cinder/api/middleware/request_id.py:62}}
Nov 03 17:29:17 user devstack@c-api.service[76288]: INFO cinder.api.openstack.wsgi [None req-bcba9975-0d17-4ab9-9c85-204c3fb04dcc tempest-TaggedAttachmentsTest-901062206 tempest-TaggedAttachmentsTest-901062206-project-member] GET http://10.0.0.210/volume/v3/b2f7989faf6b4c08b25287cd6fb74ab4/volumes/88af7a10-48aa-4ae7-a6cc-c02ed48af75c
Nov 03 17:29:17 user devstack@c-api.service[76288]: DEBUG cinder.api.openstack.wsgi [None req-bcba9975-0d17-4ab9-9c85-204c3fb04dcc tempest-TaggedAttachmentsTest-901062206 tempest-TaggedAttachmentsTest-901062206-project-member] Empty body provided in request {{(pid=76288) get_body /opt/stack/cinder/cinder/api/openstack/wsgi.py:715}}
Nov 03 17:29:17 user devstack@c-api.service[76288]: DEBUG cinder.api.openstack.wsgi [None req-bcba9975-0d17-4ab9-9c85-204c3fb04dcc tempest-TaggedAttachmentsTest-901062206 tempest-TaggedAttachmentsTest-901062206-project-member] Calling method 'show' {{(pid=76288) _process_stack /opt/stack/cinder/cinder/api/openstack/wsgi.py:868}}
Nov 03 17:29:17 user devstack@c-api.service[76288]: /opt/stack/data/venv/lib/python3.10/site-packages/oslo_context/context.py:100: DeprecationWarning: Policy enforcement is depending on the value of is_admin. This key is deprecated. Please update your policy file to use the standard policy values.
Nov 03 17:29:17 user devstack@c-api.service[76288]: warnings.warn('Policy enforcement is depending on the value of '
Nov 03 17:29:17 user devstack@c-api.service[76290]: /opt/stack/data/venv/lib/python3.10/site-packages/oslo_context/context.py:100: DeprecationWarning: Policy enforcement is depending on the value of is_admin. This key is deprecated. Please update your policy file to use the standard policy values.
Nov 03 17:29:17 user devstack@c-api.service[76290]: warnings.warn('Policy enforcement is depending on the value of '
Nov 03 17:29:17 user devstack@c-api.service[76288]: INFO cinder.volume.api [None req-bcba9975-0d17-4ab9-9c85-204c3fb04dcc tempest-TaggedAttachmentsTest-901062206 tempest-TaggedAttachmentsTest-901062206-project-member] Volume info retrieved successfully.
Nov 03 17:29:17 user devstack@c-api.service[76290]: INFO cinder.volume.api [None req-eca2fa42-f2ea-45a7-b165-398ed8771e64 tempest-TaggedBootDevicesTest_v242-960766363 tempest-TaggedBootDevicesTest_v242-960766363-project-member] Volume info retrieved successfully.
Nov 03 17:29:17 user devstack@c-api.service[76288]: INFO cinder.api.openstack.wsgi [None req-bcba9975-0d17-4ab9-9c85-204c3fb04dcc tempest-TaggedAttachmentsTest-901062206 tempest-TaggedAttachmentsTest-901062206-project-member] http://10.0.0.210/volume/v3/b2f7989faf6b4c08b25287cd6fb74ab4/volumes/88af7a10-48aa-4ae7-a6cc-c02ed48af75c returned with HTTP 200
Nov 03 17:29:17 user devstack@c-api.service[76288]: [pid: 76288|app: 0|req: 33/100] 10.0.0.210 () {62 vars in 1402 bytes} [Fri Nov 3 17:29:17 2023] GET /volume/v3/b2f7989faf6b4c08b25287cd6fb74ab4/volumes/88af7a10-48aa-4ae7-a6cc-c02ed48af75c => generated 912 bytes in 76 msecs (HTTP/1.1 200) 7 headers in 285 bytes (1 switches on core 0)
Nov 03 17:29:17 user devstack@c-api.service[76290]: INFO cinder.api.openstack.wsgi [None req-eca2fa42-f2ea-45a7-b165-398ed8771e64 tempest-TaggedBootDevicesTest_v242-960766363 tempest-TaggedBootDevicesTest_v242-960766363-project-member] http://10.0.0.210/volume/v3/a9a0d997a83745debe050f94c1896711/volumes/dc6b6d7a-fcf3-4107-a613-de6eb5ffb554 returned with HTTP 200
Nov 03 17:29:17 user devstack@c-api.service[76290]: [pid: 76290|app: 0|req: 36/101] 10.0.0.210 () {62 vars in 1402 bytes} [Fri Nov 3 17:29:16 2023] GET /volume/v3/a9a0d997a83745debe050f94c1896711/volumes/dc6b6d7a-fcf3-4107-a613-de6eb5ffb554 => generated 916 bytes in 144 msecs (HTTP/1.1 200) 7 headers in 285 bytes (1 switches on core 0)
Nov 03 17:29:17 user devstack@c-api.service[76289]: DEBUG cinder.api.middleware.request_id [None req-518b1749-24c5-4d7e-8e52-d9e99f6907f4 None None] RequestId filter calling following filter/app {{(pid=76289) _context_setter /opt/stack/cinder/cinder/api/middleware/request_id.py:62}}
Nov 03 17:29:17 user devstack@c-api.service[76289]: INFO cinder.api.openstack.wsgi [None req-518b1749-24c5-4d7e-8e52-d9e99f6907f4 tempest-ServerActionsV293TestJSON-322207706 tempest-ServerActionsV293TestJSON-322207706-project-member] GET http://10.0.0.210/volume/v3/462cbd38529a42029b3f65c2db8425bb/volumes/5f8552c3-a6cd-4a56-8643-c73eef62e850
Nov 03 17:29:17 user devstack@c-api.service[76289]: DEBUG cinder.api.openstack.wsgi [None req-518b1749-24c5-4d7e-8e52-d9e99f6907f4 tempest-ServerActionsV293TestJSON-322207706 tempest-ServerActionsV293TestJSON-322207706-project-member] Empty body provided in request {{(pid=76289) get_body /opt/stack/cinder/cinder/api/openstack/wsgi.py:715}}
Nov 03 17:29:17 user devstack@c-api.service[76289]: DEBUG cinder.api.openstack.wsgi [None req-518b1749-24c5-4d7e-8e52-d9e99f6907f4 tempest-ServerActionsV293TestJSON-322207706 tempest-ServerActionsV293TestJSON-322207706-project-member] Calling method 'show' {{(pid=76289) _process_stack /opt/stack/cinder/cinder/api/openstack/wsgi.py:868}}
Nov 03 17:29:17 user devstack@c-api.service[76289]: /opt/stack/data/venv/lib/python3.10/site-packages/oslo_context/context.py:100: DeprecationWarning: Policy enforcement is depending on the value of is_admin. This key is deprecated. Please update your policy file to use the standard policy values.
Nov 03 17:29:17 user devstack@c-api.service[76289]: warnings.warn('Policy enforcement is depending on the value of '
Nov 03 17:29:17 user devstack@c-api.service[76289]: INFO cinder.volume.api [None req-518b1749-24c5-4d7e-8e52-d9e99f6907f4 tempest-ServerActionsV293TestJSON-322207706 tempest-ServerActionsV293TestJSON-322207706-project-member] Volume info retrieved successfully.
Nov 03 17:29:17 user devstack@c-api.service[76289]: INFO cinder.api.openstack.wsgi [None req-518b1749-24c5-4d7e-8e52-d9e99f6907f4 tempest-ServerActionsV293TestJSON-322207706 tempest-ServerActionsV293TestJSON-322207706-project-member] http://10.0.0.210/volume/v3/462cbd38529a42029b3f65c2db8425bb/volumes/5f8552c3-a6cd-4a56-8643-c73eef62e850 returned with HTTP 200
Nov 03 17:29:17 user devstack@c-api.service[76289]: [pid: 76289|app: 0|req: 33/102] 10.0.0.210 () {64 vars in 1443 bytes} [Fri Nov 3 17:29:17 2023] GET /volume/v3/462cbd38529a42029b3f65c2db8425bb/volumes/5f8552c3-a6cd-4a56-8643-c73eef62e850 => generated 1119 bytes in 59 msecs (HTTP/1.1 200) 7 headers in 287 bytes (1 switches on core 0)
Nov 03 17:29:18 user devstack@c-api.service[76288]: DEBUG cinder.api.middleware.request_id [None req-7fbbd012-b778-43b4-84fa-cf740c0be531 None None] RequestId filter calling following filter/app {{(pid=76288) _context_setter /opt/stack/cinder/cinder/api/middleware/request_id.py:62}}
Nov 03 17:29:18 user devstack@c-api.service[76288]: INFO cinder.api.openstack.wsgi [None req-7fbbd012-b778-43b4-84fa-cf740c0be531 tempest-TaggedBootDevicesTest_v242-960766363 tempest-TaggedBootDevicesTest_v242-960766363-project-member] GET http://10.0.0.210/volume/v3/a9a0d997a83745debe050f94c1896711/volumes/dc6b6d7a-fcf3-4107-a613-de6eb5ffb554
Nov 03 17:29:18 user devstack@c-api.service[76288]: DEBUG cinder.api.openstack.wsgi [None req-7fbbd012-b778-43b4-84fa-cf740c0be531 tempest-TaggedBootDevicesTest_v242-960766363 tempest-TaggedBootDevicesTest_v242-960766363-project-member] Empty body provided in request {{(pid=76288) get_body /opt/stack/cinder/cinder/api/openstack/wsgi.py:715}}
Nov 03 17:29:18 user devstack@c-api.service[76288]: DEBUG cinder.api.openstack.wsgi [None req-7fbbd012-b778-43b4-84fa-cf740c0be531 tempest-TaggedBootDevicesTest_v242-960766363 tempest-TaggedBootDevicesTest_v242-960766363-project-member] Calling method 'show' {{(pid=76288) _process_stack /opt/stack/cinder/cinder/api/openstack/wsgi.py:868}}
Nov 03 17:29:18 user devstack@c-api.service[76288]: /opt/stack/data/venv/lib/python3.10/site-packages/oslo_context/context.py:100: DeprecationWarning: Policy enforcement is depending on the value of is_admin. This key is deprecated. Please update your policy file to use the standard policy values.
Nov 03 17:29:18 user devstack@c-api.service[76288]: warnings.warn('Policy enforcement is depending on the value of '
Nov 03 17:29:18 user devstack@c-api.service[76288]: INFO cinder.volume.api [None req-7fbbd012-b778-43b4-84fa-cf740c0be531 tempest-TaggedBootDevicesTest_v242-960766363 tempest-TaggedBootDevicesTest_v242-960766363-project-member] Volume info retrieved successfully.
Nov 03 17:29:18 user devstack@c-api.service[76288]: INFO cinder.api.openstack.wsgi [None req-7fbbd012-b778-43b4-84fa-cf740c0be531 tempest-TaggedBootDevicesTest_v242-960766363 tempest-TaggedBootDevicesTest_v242-960766363-project-member] http://10.0.0.210/volume/v3/a9a0d997a83745debe050f94c1896711/volumes/dc6b6d7a-fcf3-4107-a613-de6eb5ffb554 returned with HTTP 200
Nov 03 17:29:18 user devstack@c-api.service[76288]: [pid: 76288|app: 0|req: 34/103] 10.0.0.210 () {62 vars in 1402 bytes} [Fri Nov 3 17:29:18 2023] GET /volume/v3/a9a0d997a83745debe050f94c1896711/volumes/dc6b6d7a-fcf3-4107-a613-de6eb5ffb554 => generated 916 bytes in 111 msecs (HTTP/1.1 200) 7 headers in 285 bytes (1 switches on core 0)
Nov 03 17:29:18 user devstack@c-api.service[76290]: DEBUG cinder.api.middleware.request_id [None req-83d6e38e-8f7a-4028-b8c1-e762f7f3fb8d None None] RequestId filter calling following filter/app {{(pid=76290) _context_setter /opt/stack/cinder/cinder/api/middleware/request_id.py:62}}
Nov 03 17:29:18 user devstack@c-api.service[76289]: DEBUG cinder.api.middleware.request_id [None req-a076015c-01a6-4aff-ad07-ee8ea1221cf9 None None] RequestId filter calling following filter/app {{(pid=76289) _context_setter /opt/stack/cinder/cinder/api/middleware/request_id.py:62}}
Nov 03 17:29:18 user devstack@c-api.service[76289]: INFO cinder.api.openstack.wsgi [None req-a076015c-01a6-4aff-ad07-ee8ea1221cf9 tempest-ServerActionsV293TestJSON-322207706 tempest-ServerActionsV293TestJSON-322207706-project-member] GET http://10.0.0.210/volume/v3/462cbd38529a42029b3f65c2db8425bb/volumes/5f8552c3-a6cd-4a56-8643-c73eef62e850
Nov 03 17:29:18 user devstack@c-api.service[76289]: DEBUG cinder.api.openstack.wsgi [None req-a076015c-01a6-4aff-ad07-ee8ea1221cf9 tempest-ServerActionsV293TestJSON-322207706 tempest-ServerActionsV293TestJSON-322207706-project-member] Empty body provided in request {{(pid=76289) get_body /opt/stack/cinder/cinder/api/openstack/wsgi.py:715}}
Nov 03 17:29:18 user devstack@c-api.service[76289]: DEBUG cinder.api.openstack.wsgi [None req-a076015c-01a6-4aff-ad07-ee8ea1221cf9 tempest-ServerActionsV293TestJSON-322207706 tempest-ServerActionsV293TestJSON-322207706-project-member] Calling method 'show' {{(pid=76289) _process_stack /opt/stack/cinder/cinder/api/openstack/wsgi.py:868}}
Nov 03 17:29:18 user devstack@c-api.service[76289]: /opt/stack/data/venv/lib/python3.10/site-packages/oslo_context/context.py:100: DeprecationWarning: Policy enforcement is depending on the value of is_admin. This key is deprecated. Please update your policy file to use the standard policy values.
Nov 03 17:29:18 user devstack@c-api.service[76289]: warnings.warn('Policy enforcement is depending on the value of '
Nov 03 17:29:18 user devstack@c-api.service[76289]: INFO cinder.volume.api [None req-a076015c-01a6-4aff-ad07-ee8ea1221cf9 tempest-ServerActionsV293TestJSON-322207706 tempest-ServerActionsV293TestJSON-322207706-project-member] Volume info retrieved successfully.
Nov 03 17:29:18 user devstack@c-api.service[76289]: INFO cinder.api.openstack.wsgi [None req-a076015c-01a6-4aff-ad07-ee8ea1221cf9 tempest-ServerActionsV293TestJSON-322207706 tempest-ServerActionsV293TestJSON-322207706-project-member] http://10.0.0.210/volume/v3/462cbd38529a42029b3f65c2db8425bb/volumes/5f8552c3-a6cd-4a56-8643-c73eef62e850 returned with HTTP 200
Nov 03 17:29:18 user devstack@c-api.service[76289]: [pid: 76289|app: 0|req: 34/104] 10.0.0.210 () {64 vars in 1443 bytes} [Fri Nov 3 17:29:18 2023] GET /volume/v3/462cbd38529a42029b3f65c2db8425bb/volumes/5f8552c3-a6cd-4a56-8643-c73eef62e850 => generated 1119 bytes in 85 msecs (HTTP/1.1 200) 7 headers in 287 bytes (1 switches on core 0)
Nov 03 17:29:18 user devstack@c-api.service[76290]: INFO cinder.api.openstack.wsgi [None req-83d6e38e-8f7a-4028-b8c1-e762f7f3fb8d tempest-VolumeTypesNegativeTest-67529761 tempest-VolumeTypesNegativeTest-67529761-project-admin] POST http://10.0.0.210/volume/v3/0cec81d3c9e04266869a768252aad27b/types/e4ddcdc5-ecf9-42bd-a218-f451f68a02b7/encryption
Nov 03 17:29:18 user devstack@c-api.service[76290]: DEBUG cinder.api.openstack.wsgi [None req-83d6e38e-8f7a-4028-b8c1-e762f7f3fb8d tempest-VolumeTypesNegativeTest-67529761 tempest-VolumeTypesNegativeTest-67529761-project-admin] Action: 'create', calling method: create, body: {"encryption": {"provider": "LuksEncryptor", "key_size": 256, "cipher": "aes-xts-plain64", "control_location": "front-end"}} {{(pid=76290) _process_stack /opt/stack/cinder/cinder/api/openstack/wsgi.py:866}}
Nov 03 17:29:18 user devstack@c-api.service[76290]: INFO cinder.api.openstack.wsgi [None req-83d6e38e-8f7a-4028-b8c1-e762f7f3fb8d tempest-VolumeTypesNegativeTest-67529761 tempest-VolumeTypesNegativeTest-67529761-project-admin] http://10.0.0.210/volume/v3/0cec81d3c9e04266869a768252aad27b/types/e4ddcdc5-ecf9-42bd-a218-f451f68a02b7/encryption returned with HTTP 404
Nov 03 17:29:18 user devstack@c-api.service[76290]: [pid: 76290|app: 0|req: 37/105] 10.0.0.210 () {64 vars in 1451 bytes} [Fri Nov 3 17:29:18 2023] POST /volume/v3/0cec81d3c9e04266869a768252aad27b/types/e4ddcdc5-ecf9-42bd-a218-f451f68a02b7/encryption => generated 114 bytes in 312 msecs (HTTP/1.1 404) 7 headers in 292 bytes (1 switches on core 0)
Nov 03 17:29:18 user devstack@c-api.service[76288]: DEBUG cinder.api.middleware.request_id [None req-9726fa47-b5ca-40a5-9955-12a76b33a655 None None] RequestId filter calling following filter/app {{(pid=76288) _context_setter /opt/stack/cinder/cinder/api/middleware/request_id.py:62}}
Nov 03 17:29:18 user devstack@c-api.service[76288]: INFO cinder.api.openstack.wsgi [None req-9726fa47-b5ca-40a5-9955-12a76b33a655 tempest-VolumeTypesNegativeTest-67529761 tempest-VolumeTypesNegativeTest-67529761-project-admin] POST http://10.0.0.210/volume/v3/0cec81d3c9e04266869a768252aad27b/types
Nov 03 17:29:18 user devstack@c-api.service[76288]: DEBUG cinder.api.openstack.wsgi [None req-9726fa47-b5ca-40a5-9955-12a76b33a655 tempest-VolumeTypesNegativeTest-67529761 tempest-VolumeTypesNegativeTest-67529761-project-admin] Action: 'create', calling method: _create, body: {"volume_type": {"name": "tempest-VolumeTypesNegativeTest-volume-type-645357808", "os-volume-type-access:is_public": false}} {{(pid=76288) _process_stack /opt/stack/cinder/cinder/api/openstack/wsgi.py:866}}
Nov 03 17:29:18 user devstack@c-api.service[76288]: INFO cinder.api.openstack.wsgi [None req-9726fa47-b5ca-40a5-9955-12a76b33a655 tempest-VolumeTypesNegativeTest-67529761 tempest-VolumeTypesNegativeTest-67529761-project-admin] http://10.0.0.210/volume/v3/0cec81d3c9e04266869a768252aad27b/types returned with HTTP 200
Nov 03 17:29:18 user devstack@c-api.service[76288]: [pid: 76288|app: 0|req: 35/106] 10.0.0.210 () {64 vars in 1307 bytes} [Fri Nov 3 17:29:18 2023] POST /volume/v3/0cec81d3c9e04266869a768252aad27b/types => generated 230 bytes in 127 msecs (HTTP/1.1 200) 7 headers in 285 bytes (2 switches on core 0)
Nov 03 17:29:18 user devstack@c-api.service[76289]: DEBUG cinder.api.middleware.request_id [None req-3ff33c05-d071-4404-8b78-658954f80008 None None] RequestId filter calling following filter/app {{(pid=76289) _context_setter /opt/stack/cinder/cinder/api/middleware/request_id.py:62}}
Nov 03 17:29:18 user devstack@c-api.service[76290]: DEBUG cinder.api.middleware.request_id [None req-efe8eb8d-76ac-4059-85d0-2d96c3516649 None None] RequestId filter calling following filter/app {{(pid=76290) _context_setter /opt/stack/cinder/cinder/api/middleware/request_id.py:62}}
Nov 03 17:29:18 user devstack@c-api.service[76289]: INFO cinder.api.openstack.wsgi [None req-3ff33c05-d071-4404-8b78-658954f80008 tempest-VolumeTypesNegativeTest-807251752 tempest-VolumeTypesNegativeTest-807251752-project-member] POST http://10.0.0.210/volume/v3/9d72fc7528fd49d1b9e06c2ccd10bcbc/volumes
Nov 03 17:29:19 user devstack@c-api.service[76289]: DEBUG cinder.api.openstack.wsgi [None req-3ff33c05-d071-4404-8b78-658954f80008 tempest-VolumeTypesNegativeTest-807251752 tempest-VolumeTypesNegativeTest-807251752-project-member] Action: 'create', calling method: create, body: {"volume": {"volume_type": "a49162c9-f822-4b3f-ad82-57d59e072bb1", "size": 1, "name": "tempest-VolumeTypesNegativeTest-Volume-691484359"}} {{(pid=76289) _process_stack /opt/stack/cinder/cinder/api/openstack/wsgi.py:866}}
Nov 03 17:29:19 user devstack@c-api.service[76289]: DEBUG cinder.api.v3.volumes [None req-3ff33c05-d071-4404-8b78-658954f80008 tempest-VolumeTypesNegativeTest-807251752 tempest-VolumeTypesNegativeTest-807251752-project-member] Create volume request body: {'volume': {'volume_type': 'a49162c9-f822-4b3f-ad82-57d59e072bb1', 'size': 1, 'name': 'tempest-VolumeTypesNegativeTest-Volume-691484359'}} {{(pid=76289) create /opt/stack/cinder/cinder/api/v3/volumes.py:297}}
Nov 03 17:29:19 user devstack@c-api.service[76289]: INFO cinder.api.openstack.wsgi [None req-3ff33c05-d071-4404-8b78-658954f80008 tempest-VolumeTypesNegativeTest-807251752 tempest-VolumeTypesNegativeTest-807251752-project-member] http://10.0.0.210/volume/v3/9d72fc7528fd49d1b9e06c2ccd10bcbc/volumes returned with HTTP 404
Nov 03 17:29:19 user devstack@c-api.service[76289]: [pid: 76289|app: 0|req: 35/107] 10.0.0.210 () {64 vars in 1313 bytes} [Fri Nov 3 17:29:18 2023] POST /volume/v3/9d72fc7528fd49d1b9e06c2ccd10bcbc/volumes => generated 114 bytes in 283 msecs (HTTP/1.1 404) 7 headers in 292 bytes (1 switches on core 0)
Nov 03 17:29:19 user devstack@c-api.service[76288]: DEBUG cinder.api.middleware.request_id [None req-01e8e96f-4ae6-4a4c-a711-a76e4c320265 None None] RequestId filter calling following filter/app {{(pid=76288) _context_setter /opt/stack/cinder/cinder/api/middleware/request_id.py:62}}
Nov 03 17:29:19 user devstack@c-api.service[76288]: INFO cinder.api.openstack.wsgi [None req-01e8e96f-4ae6-4a4c-a711-a76e4c320265 tempest-VolumeTypesNegativeTest-67529761 tempest-VolumeTypesNegativeTest-67529761-project-admin] DELETE http://10.0.0.210/volume/v3/0cec81d3c9e04266869a768252aad27b/types/a49162c9-f822-4b3f-ad82-57d59e072bb1
Nov 03 17:29:19 user devstack@c-api.service[76288]: DEBUG cinder.api.openstack.wsgi [None req-01e8e96f-4ae6-4a4c-a711-a76e4c320265 tempest-VolumeTypesNegativeTest-67529761 tempest-VolumeTypesNegativeTest-67529761-project-admin] Empty body provided in request {{(pid=76288) get_body /opt/stack/cinder/cinder/api/openstack/wsgi.py:715}}
Nov 03 17:29:19 user devstack@c-api.service[76288]: DEBUG cinder.api.openstack.wsgi [None req-01e8e96f-4ae6-4a4c-a711-a76e4c320265 tempest-VolumeTypesNegativeTest-67529761 tempest-VolumeTypesNegativeTest-67529761-project-admin] Calling method '_delete' {{(pid=76288) _process_stack /opt/stack/cinder/cinder/api/openstack/wsgi.py:868}}
Nov 03 17:29:19 user devstack@c-api.service[76290]: INFO cinder.api.openstack.wsgi [None req-efe8eb8d-76ac-4059-85d0-2d96c3516649 tempest-TestVolumeSwap-1132161682 tempest-TestVolumeSwap-1132161682-project-member] POST http://10.0.0.210/volume/v3/3ba6f421521a46c5b14a85c3cb3888d8/volumes
Nov 03 17:29:19 user devstack@c-api.service[76290]: DEBUG cinder.api.openstack.wsgi [None req-efe8eb8d-76ac-4059-85d0-2d96c3516649 tempest-TestVolumeSwap-1132161682 tempest-TestVolumeSwap-1132161682-project-member] Action: 'create', calling method: create, body: {"volume": {"size": 1, "display_name": "tempest-TestVolumeSwap-volume-1457098821"}} {{(pid=76290) _process_stack /opt/stack/cinder/cinder/api/openstack/wsgi.py:866}}
Nov 03 17:29:19 user devstack@c-api.service[76290]: DEBUG cinder.api.v3.volumes [None req-efe8eb8d-76ac-4059-85d0-2d96c3516649 tempest-TestVolumeSwap-1132161682 tempest-TestVolumeSwap-1132161682-project-member] Create volume request body: {'volume': {'size': 1, 'display_name': 'tempest-TestVolumeSwap-volume-1457098821'}} {{(pid=76290) create /opt/stack/cinder/cinder/api/v3/volumes.py:297}}
Nov 03 17:29:19 user devstack@c-api.service[76290]: INFO cinder.api.v3.volumes [None req-efe8eb8d-76ac-4059-85d0-2d96c3516649 tempest-TestVolumeSwap-1132161682 tempest-TestVolumeSwap-1132161682-project-member] Create volume of 1 GB
Nov 03 17:29:19 user devstack@c-api.service[76290]: INFO cinder.volume.api [None req-efe8eb8d-76ac-4059-85d0-2d96c3516649 tempest-TestVolumeSwap-1132161682 tempest-TestVolumeSwap-1132161682-project-member] Availability Zones retrieved successfully.
Nov 03 17:29:19 user devstack@c-api.service[76289]: DEBUG cinder.api.middleware.request_id [None req-f2b38830-ffdc-4479-bf9d-4e73abe336a3 None None] RequestId filter calling following filter/app {{(pid=76289) _context_setter /opt/stack/cinder/cinder/api/middleware/request_id.py:62}}
Nov 03 17:29:19 user devstack@c-api.service[76290]: DEBUG cinder.volume.api [None req-efe8eb8d-76ac-4059-85d0-2d96c3516649 tempest-TestVolumeSwap-1132161682 tempest-TestVolumeSwap-1132161682-project-member] Flow 'volume_create_api' (28f916bf-1004-4462-9b9c-7640ba988f6a) transitioned into state 'RUNNING' from state 'PENDING' {{(pid=76290) _flow_receiver /opt/stack/data/venv/lib/python3.10/site-packages/taskflow/listeners/logging.py:141}}
Nov 03 17:29:19 user devstack@c-api.service[76289]: INFO cinder.api.openstack.wsgi [None req-f2b38830-ffdc-4479-bf9d-4e73abe336a3 tempest-TaggedBootDevicesTest_v242-960766363 tempest-TaggedBootDevicesTest_v242-960766363-project-member] GET http://10.0.0.210/volume/v3/a9a0d997a83745debe050f94c1896711/volumes/dc6b6d7a-fcf3-4107-a613-de6eb5ffb554
Nov 03 17:29:19 user devstack@c-api.service[76289]: DEBUG cinder.api.openstack.wsgi [None req-f2b38830-ffdc-4479-bf9d-4e73abe336a3 tempest-TaggedBootDevicesTest_v242-960766363 tempest-TaggedBootDevicesTest_v242-960766363-project-member] Empty body provided in request {{(pid=76289) get_body /opt/stack/cinder/cinder/api/openstack/wsgi.py:715}}
Nov 03 17:29:19 user devstack@c-api.service[76289]: DEBUG cinder.api.openstack.wsgi [None req-f2b38830-ffdc-4479-bf9d-4e73abe336a3 tempest-TaggedBootDevicesTest_v242-960766363 tempest-TaggedBootDevicesTest_v242-960766363-project-member] Calling method 'show' {{(pid=76289) _process_stack /opt/stack/cinder/cinder/api/openstack/wsgi.py:868}}
Nov 03 17:29:19 user devstack@c-api.service[76290]: DEBUG cinder.volume.api [None req-efe8eb8d-76ac-4059-85d0-2d96c3516649 tempest-TestVolumeSwap-1132161682 tempest-TestVolumeSwap-1132161682-project-member] Task 'cinder.volume.flows.api.create_volume.ExtractVolumeRequestTask;volume:create' (4c04332a-f31b-4324-8ba4-4416818f2414) transitioned into state 'RUNNING' from state 'PENDING' {{(pid=76290) _task_receiver /opt/stack/data/venv/lib/python3.10/site-packages/taskflow/listeners/logging.py:190}}
Nov 03 17:29:19 user devstack@c-api.service[76289]: /opt/stack/data/venv/lib/python3.10/site-packages/oslo_context/context.py:100: DeprecationWarning: Policy enforcement is depending on the value of is_admin. This key is deprecated. Please update your policy file to use the standard policy values.
Nov 03 17:29:19 user devstack@c-api.service[76289]: warnings.warn('Policy enforcement is depending on the value of '
Nov 03 17:29:19 user devstack@c-api.service[76288]: INFO cinder.api.openstack.wsgi [None req-01e8e96f-4ae6-4a4c-a711-a76e4c320265 tempest-VolumeTypesNegativeTest-67529761 tempest-VolumeTypesNegativeTest-67529761-project-admin] http://10.0.0.210/volume/v3/0cec81d3c9e04266869a768252aad27b/types/a49162c9-f822-4b3f-ad82-57d59e072bb1 returned with HTTP 202
Nov 03 17:29:19 user devstack@c-api.service[76288]: [pid: 76288|app: 0|req: 36/108] 10.0.0.210 () {62 vars in 1399 bytes} [Fri Nov 3 17:29:19 2023] DELETE /volume/v3/0cec81d3c9e04266869a768252aad27b/types/a49162c9-f822-4b3f-ad82-57d59e072bb1 => generated 0 bytes in 284 msecs (HTTP/1.1 202) 6 headers in 233 bytes (1 switches on core 0)
Nov 03 17:29:19 user devstack@c-api.service[76290]: DEBUG cinder.volume.flows.api.create_volume [None req-efe8eb8d-76ac-4059-85d0-2d96c3516649 tempest-TestVolumeSwap-1132161682 tempest-TestVolumeSwap-1132161682-project-member] Validating volume size '1' using validate_int {{(pid=76290) _extract_size /opt/stack/cinder/cinder/volume/flows/api/create_volume.py:228}}
Nov 03 17:29:19 user devstack@c-api.service[76289]: INFO cinder.volume.api [None req-f2b38830-ffdc-4479-bf9d-4e73abe336a3 tempest-TaggedBootDevicesTest_v242-960766363 tempest-TaggedBootDevicesTest_v242-960766363-project-member] Volume info retrieved successfully.
Nov 03 17:29:19 user devstack@c-api.service[76288]: DEBUG cinder.api.middleware.request_id [None req-fc14e3be-4f13-46e0-892a-10f4db9f492f None None] RequestId filter calling following filter/app {{(pid=76288) _context_setter /opt/stack/cinder/cinder/api/middleware/request_id.py:62}}
Nov 03 17:29:19 user devstack@c-api.service[76289]: INFO cinder.api.openstack.wsgi [None req-f2b38830-ffdc-4479-bf9d-4e73abe336a3 tempest-TaggedBootDevicesTest_v242-960766363 tempest-TaggedBootDevicesTest_v242-960766363-project-member] http://10.0.0.210/volume/v3/a9a0d997a83745debe050f94c1896711/volumes/dc6b6d7a-fcf3-4107-a613-de6eb5ffb554 returned with HTTP 200
Nov 03 17:29:19 user devstack@c-api.service[76289]: [pid: 76289|app: 0|req: 36/109] 10.0.0.210 () {62 vars in 1402 bytes} [Fri Nov 3 17:29:19 2023] GET /volume/v3/a9a0d997a83745debe050f94c1896711/volumes/dc6b6d7a-fcf3-4107-a613-de6eb5ffb554 => generated 916 bytes in 84 msecs (HTTP/1.1 200) 7 headers in 285 bytes (1 switches on core 0)
Nov 03 17:29:19 user devstack@c-api.service[76288]: INFO cinder.api.openstack.wsgi [None req-fc14e3be-4f13-46e0-892a-10f4db9f492f tempest-VolumeTypesNegativeTest-67529761 tempest-VolumeTypesNegativeTest-67529761-project-admin] GET http://10.0.0.210/volume/v3/0cec81d3c9e04266869a768252aad27b/types/a49162c9-f822-4b3f-ad82-57d59e072bb1
Nov 03 17:29:19 user devstack@c-api.service[76288]: DEBUG cinder.api.openstack.wsgi [None req-fc14e3be-4f13-46e0-892a-10f4db9f492f tempest-VolumeTypesNegativeTest-67529761 tempest-VolumeTypesNegativeTest-67529761-project-admin] Empty body provided in request {{(pid=76288) get_body /opt/stack/cinder/cinder/api/openstack/wsgi.py:715}}
Nov 03 17:29:19 user devstack@c-api.service[76288]: DEBUG cinder.api.openstack.wsgi [None req-fc14e3be-4f13-46e0-892a-10f4db9f492f tempest-VolumeTypesNegativeTest-67529761 tempest-VolumeTypesNegativeTest-67529761-project-admin] Calling method 'show' {{(pid=76288) _process_stack /opt/stack/cinder/cinder/api/openstack/wsgi.py:868}}
Nov 03 17:29:19 user devstack@c-api.service[76288]: INFO cinder.api.openstack.wsgi [None req-fc14e3be-4f13-46e0-892a-10f4db9f492f tempest-VolumeTypesNegativeTest-67529761 tempest-VolumeTypesNegativeTest-67529761-project-admin] http://10.0.0.210/volume/v3/0cec81d3c9e04266869a768252aad27b/types/a49162c9-f822-4b3f-ad82-57d59e072bb1 returned with HTTP 404
Nov 03 17:29:19 user devstack@c-api.service[76288]: [pid: 76288|app: 0|req: 37/110] 10.0.0.210 () {62 vars in 1396 bytes} [Fri Nov 3 17:29:19 2023] GET /volume/v3/0cec81d3c9e04266869a768252aad27b/types/a49162c9-f822-4b3f-ad82-57d59e072bb1 => generated 114 bytes in 58 msecs (HTTP/1.1 404) 7 headers in 292 bytes (1 switches on core 0)
Nov 03 17:29:19 user devstack@c-api.service[76289]: DEBUG cinder.api.middleware.request_id [None req-957d478f-272b-4822-9961-743d2b7fe230 None None] RequestId filter calling following filter/app {{(pid=76289) _context_setter /opt/stack/cinder/cinder/api/middleware/request_id.py:62}}
Nov 03 17:29:19 user devstack@c-api.service[76289]: INFO cinder.api.openstack.wsgi [None req-957d478f-272b-4822-9961-743d2b7fe230 tempest-VolumeTypesNegativeTest-67529761 tempest-VolumeTypesNegativeTest-67529761-project-admin] POST http://10.0.0.210/volume/v3/0cec81d3c9e04266869a768252aad27b/types
Nov 03 17:29:19 user devstack@c-api.service[76289]: DEBUG cinder.api.openstack.wsgi [None req-957d478f-272b-4822-9961-743d2b7fe230 tempest-VolumeTypesNegativeTest-67529761 tempest-VolumeTypesNegativeTest-67529761-project-admin] Action: 'create', calling method: _create, body: {"volume_type": {"name": ""}} {{(pid=76289) _process_stack /opt/stack/cinder/cinder/api/openstack/wsgi.py:866}}
Nov 03 17:29:19 user devstack@c-api.service[76289]: INFO cinder.api.openstack.wsgi [None req-957d478f-272b-4822-9961-743d2b7fe230 tempest-VolumeTypesNegativeTest-67529761 tempest-VolumeTypesNegativeTest-67529761-project-admin] http://10.0.0.210/volume/v3/0cec81d3c9e04266869a768252aad27b/types returned with HTTP 400
Nov 03 17:29:19 user devstack@c-api.service[76289]: [pid: 76289|app: 0|req: 37/111] 10.0.0.210 () {64 vars in 1306 bytes} [Fri Nov 3 17:29:19 2023] POST /volume/v3/0cec81d3c9e04266869a768252aad27b/types => generated 108 bytes in 16 msecs (HTTP/1.1 400) 7 headers in 294 bytes (1 switches on core 0)
Nov 03 17:29:19 user devstack@c-api.service[76288]: DEBUG cinder.api.middleware.request_id [None req-a55d3631-008e-4e48-b814-18d99875027d None None] RequestId filter calling following filter/app {{(pid=76288) _context_setter /opt/stack/cinder/cinder/api/middleware/request_id.py:62}}
Nov 03 17:29:19 user devstack@c-api.service[76289]: DEBUG cinder.api.middleware.request_id [None req-b7ded316-e583-44b1-ac3e-3d3ecc9f68dd None None] RequestId filter calling following filter/app {{(pid=76289) _context_setter /opt/stack/cinder/cinder/api/middleware/request_id.py:62}}
Nov 03 17:29:19 user devstack@c-api.service[76288]: INFO cinder.api.openstack.wsgi [None req-a55d3631-008e-4e48-b814-18d99875027d tempest-ServerActionsV293TestJSON-322207706 tempest-ServerActionsV293TestJSON-322207706-project-member] GET http://10.0.0.210/volume/v3/462cbd38529a42029b3f65c2db8425bb/volumes/5f8552c3-a6cd-4a56-8643-c73eef62e850
Nov 03 17:29:19 user devstack@c-api.service[76288]: DEBUG cinder.api.openstack.wsgi [None req-a55d3631-008e-4e48-b814-18d99875027d tempest-ServerActionsV293TestJSON-322207706 tempest-ServerActionsV293TestJSON-322207706-project-member] Empty body provided in request {{(pid=76288) get_body /opt/stack/cinder/cinder/api/openstack/wsgi.py:715}}
Nov 03 17:29:19 user devstack@c-api.service[76288]: DEBUG cinder.api.openstack.wsgi [None req-a55d3631-008e-4e48-b814-18d99875027d tempest-ServerActionsV293TestJSON-322207706 tempest-ServerActionsV293TestJSON-322207706-project-member] Calling method 'show' {{(pid=76288) _process_stack /opt/stack/cinder/cinder/api/openstack/wsgi.py:868}}
Nov 03 17:29:19 user devstack@c-api.service[76289]: INFO cinder.api.openstack.wsgi [None req-b7ded316-e583-44b1-ac3e-3d3ecc9f68dd tempest-VolumeTypesNegativeTest-67529761 tempest-VolumeTypesNegativeTest-67529761-project-admin] POST http://10.0.0.210/volume/v3/0cec81d3c9e04266869a768252aad27b/types
Nov 03 17:29:19 user devstack@c-api.service[76289]: DEBUG cinder.api.openstack.wsgi [None req-b7ded316-e583-44b1-ac3e-3d3ecc9f68dd tempest-VolumeTypesNegativeTest-67529761 tempest-VolumeTypesNegativeTest-67529761-project-admin] Action: 'create', calling method: _create, body: {"volume_type": {"name": "tempest-VolumeTypesNegativeTest-volume-type-1140383351"}} {{(pid=76289) _process_stack /opt/stack/cinder/cinder/api/openstack/wsgi.py:866}}
Nov 03 17:29:19 user devstack@c-api.service[76288]: /opt/stack/data/venv/lib/python3.10/site-packages/oslo_context/context.py:100: DeprecationWarning: Policy enforcement is depending on the value of is_admin. This key is deprecated. Please update your policy file to use the standard policy values.
Nov 03 17:29:19 user devstack@c-api.service[76288]: warnings.warn('Policy enforcement is depending on the value of '
Nov 03 17:29:19 user devstack@c-api.service[76290]: DEBUG cinder.volume.api [None req-efe8eb8d-76ac-4059-85d0-2d96c3516649 tempest-TestVolumeSwap-1132161682 tempest-TestVolumeSwap-1132161682-project-member] Task 'cinder.volume.flows.api.create_volume.ExtractVolumeRequestTask;volume:create' (4c04332a-f31b-4324-8ba4-4416818f2414) transitioned into state 'SUCCESS' from state 'RUNNING' with result '{'size': 1, 'snapshot_id': None, 'source_volid': None, 'volume_type': VolumeType(created_at=2023-11-03T17:24:55Z,deleted=False,deleted_at=None,description=None,extra_specs={volume_backend_name='joviandss-2'},id=f7c64d22-a47c-4cf7-97e5-aad4424c2305,is_public=True,name='joviandss-2',projects=[],qos_specs=,qos_specs_id=None,updated_at=None), 'volume_type_id': 'f7c64d22-a47c-4cf7-97e5-aad4424c2305', 'encryption_key_id': None, 'qos_specs': None, 'consistencygroup_id': None, 'cgsnapshot_id': None, 'group_id': None, 'replication_status': 'disabled', 'refresh_az': False, 'backup_id': None, 'multiattach': False, 'availability_zones': ['nova']}' {{(pid=76290) _task_receiver /opt/stack/data/venv/lib/python3.10/site-packages/taskflow/listeners/logging.py:178}}
Nov 03 17:29:19 user devstack@c-api.service[76290]: DEBUG cinder.volume.api [None req-efe8eb8d-76ac-4059-85d0-2d96c3516649 tempest-TestVolumeSwap-1132161682 tempest-TestVolumeSwap-1132161682-project-member] Task 'cinder.volume.flows.api.create_volume.QuotaReserveTask;volume:create' (d6268206-51b6-4c14-95f9-5100a728e977) transitioned into state 'RUNNING' from state 'PENDING' {{(pid=76290) _task_receiver /opt/stack/data/venv/lib/python3.10/site-packages/taskflow/listeners/logging.py:190}}
Nov 03 17:29:19 user devstack@c-api.service[76288]: INFO cinder.volume.api [None req-a55d3631-008e-4e48-b814-18d99875027d tempest-ServerActionsV293TestJSON-322207706 tempest-ServerActionsV293TestJSON-322207706-project-member] Volume info retrieved successfully.
Nov 03 17:29:19 user devstack@c-api.service[76289]: INFO cinder.api.openstack.wsgi [None req-b7ded316-e583-44b1-ac3e-3d3ecc9f68dd tempest-VolumeTypesNegativeTest-67529761 tempest-VolumeTypesNegativeTest-67529761-project-admin] http://10.0.0.210/volume/v3/0cec81d3c9e04266869a768252aad27b/types returned with HTTP 200
Nov 03 17:29:19 user devstack@c-api.service[76289]: [pid: 76289|app: 0|req: 38/112] 10.0.0.210 () {64 vars in 1306 bytes} [Fri Nov 3 17:29:19 2023] POST /volume/v3/0cec81d3c9e04266869a768252aad27b/types => generated 229 bytes in 95 msecs (HTTP/1.1 200) 7 headers in 285 bytes (1 switches on core 0)
Nov 03 17:29:19 user devstack@c-api.service[76289]: DEBUG cinder.api.middleware.request_id [None req-521177d4-6b63-445f-aca9-9382a3decc63 None None] RequestId filter calling following filter/app {{(pid=76289) _context_setter /opt/stack/cinder/cinder/api/middleware/request_id.py:62}}
Nov 03 17:29:19 user devstack@c-api.service[76288]: INFO cinder.api.openstack.wsgi [None req-a55d3631-008e-4e48-b814-18d99875027d tempest-ServerActionsV293TestJSON-322207706 tempest-ServerActionsV293TestJSON-322207706-project-member] http://10.0.0.210/volume/v3/462cbd38529a42029b3f65c2db8425bb/volumes/5f8552c3-a6cd-4a56-8643-c73eef62e850 returned with HTTP 200
Nov 03 17:29:19 user devstack@c-api.service[76288]: [pid: 76288|app: 0|req: 38/113] 10.0.0.210 () {64 vars in 1443 bytes} [Fri Nov 3 17:29:19 2023] GET /volume/v3/462cbd38529a42029b3f65c2db8425bb/volumes/5f8552c3-a6cd-4a56-8643-c73eef62e850 => generated 1119 bytes in 137 msecs (HTTP/1.1 200) 7 headers in 287 bytes (1 switches on core 0)
Nov 03 17:29:19 user devstack@c-api.service[76289]: INFO cinder.api.openstack.wsgi [None req-521177d4-6b63-445f-aca9-9382a3decc63 tempest-VolumeTypesNegativeTest-67529761 tempest-VolumeTypesNegativeTest-67529761-project-admin] POST http://10.0.0.210/volume/v3/0cec81d3c9e04266869a768252aad27b/types
Nov 03 17:29:19 user devstack@c-api.service[76289]: DEBUG cinder.api.openstack.wsgi [None req-521177d4-6b63-445f-aca9-9382a3decc63 tempest-VolumeTypesNegativeTest-67529761 tempest-VolumeTypesNegativeTest-67529761-project-admin] Action: 'create', calling method: _create, body: {"volume_type": {"name": "tempest-VolumeTypesNegativeTest-volume-type-1140383351"}} {{(pid=76289) _process_stack /opt/stack/cinder/cinder/api/openstack/wsgi.py:866}}
Nov 03 17:29:19 user devstack@c-api.service[76289]: INFO cinder.api.openstack.wsgi [None req-521177d4-6b63-445f-aca9-9382a3decc63 tempest-VolumeTypesNegativeTest-67529761 tempest-VolumeTypesNegativeTest-67529761-project-admin] HTTP exception thrown: Volume Type tempest-VolumeTypesNegativeTest-volume-type-1140383351 already exists.
Nov 03 17:29:19 user devstack@c-api.service[76289]: INFO cinder.api.openstack.wsgi [None req-521177d4-6b63-445f-aca9-9382a3decc63 tempest-VolumeTypesNegativeTest-67529761 tempest-VolumeTypesNegativeTest-67529761-project-admin] http://10.0.0.210/volume/v3/0cec81d3c9e04266869a768252aad27b/types returned with HTTP 409
Nov 03 17:29:19 user devstack@c-api.service[76289]: [pid: 76289|app: 0|req: 39/114] 10.0.0.210 () {64 vars in 1306 bytes} [Fri Nov 3 17:29:19 2023] POST /volume/v3/0cec81d3c9e04266869a768252aad27b/types => generated 134 bytes in 82 msecs (HTTP/1.1 409) 7 headers in 291 bytes (1 switches on core 0)
Nov 03 17:29:19 user devstack@c-api.service[76288]: DEBUG cinder.api.middleware.request_id [None req-7f816c71-2911-4b17-8ce7-63c4d75331e0 None None] RequestId filter calling following filter/app {{(pid=76288) _context_setter /opt/stack/cinder/cinder/api/middleware/request_id.py:62}}
Nov 03 17:29:19 user devstack@c-api.service[76288]: INFO cinder.api.openstack.wsgi [None req-7f816c71-2911-4b17-8ce7-63c4d75331e0 tempest-VolumeTypesNegativeTest-67529761 tempest-VolumeTypesNegativeTest-67529761-project-admin] DELETE http://10.0.0.210/volume/v3/0cec81d3c9e04266869a768252aad27b/types/deabbd20-fb25-43bf-96ce-0d158e0d9225
Nov 03 17:29:19 user devstack@c-api.service[76288]: DEBUG cinder.api.openstack.wsgi [None req-7f816c71-2911-4b17-8ce7-63c4d75331e0 tempest-VolumeTypesNegativeTest-67529761 tempest-VolumeTypesNegativeTest-67529761-project-admin] Empty body provided in request {{(pid=76288) get_body /opt/stack/cinder/cinder/api/openstack/wsgi.py:715}}
Nov 03 17:29:19 user devstack@c-api.service[76288]: DEBUG cinder.api.openstack.wsgi [None req-7f816c71-2911-4b17-8ce7-63c4d75331e0 tempest-VolumeTypesNegativeTest-67529761 tempest-VolumeTypesNegativeTest-67529761-project-admin] Calling method '_delete' {{(pid=76288) _process_stack /opt/stack/cinder/cinder/api/openstack/wsgi.py:868}}
Nov 03 17:29:19 user devstack@c-api.service[76290]: WARNING cinder.quota [None req-efe8eb8d-76ac-4059-85d0-2d96c3516649 tempest-TestVolumeSwap-1132161682 tempest-TestVolumeSwap-1132161682-project-member] Deprecated: Default quota for resource: volumes_joviandss-2 is set by the default quota flag: quota_volumes_joviandss-2, it is now deprecated. Please use the default quota class for default quota.
Nov 03 17:29:19 user devstack@c-api.service[76290]: WARNING cinder.quota [None req-efe8eb8d-76ac-4059-85d0-2d96c3516649 tempest-TestVolumeSwap-1132161682 tempest-TestVolumeSwap-1132161682-project-member] Deprecated: Default quota for resource: gigabytes_joviandss-2 is set by the default quota flag: quota_gigabytes_joviandss-2, it is now deprecated. Please use the default quota class for default quota.
Nov 03 17:29:19 user devstack@c-api.service[76288]: INFO cinder.api.openstack.wsgi [None req-7f816c71-2911-4b17-8ce7-63c4d75331e0 tempest-VolumeTypesNegativeTest-67529761 tempest-VolumeTypesNegativeTest-67529761-project-admin] http://10.0.0.210/volume/v3/0cec81d3c9e04266869a768252aad27b/types/deabbd20-fb25-43bf-96ce-0d158e0d9225 returned with HTTP 202
