Apr 14 10:32:57 user devstack@keystone.service[43190]: DEBUG keystone.server.flask.request_processing.middleware.auth_context [None req-5811d1bb-e99d-4f90-8731-69cc748d0183 None admin] Authenticating user token {{(pid=43190) process_request /usr/local/lib/python3.10/dist-packages/keystonemiddleware/auth_token/__init__.py:406}}
Apr 14 10:32:57 user devstack@keystone.service[43191]: DEBUG keystone.server.flask.request_processing.middleware.auth_context [None req-5e7febf4-7135-42ee-8d30-b3415d0b77b1 None admin] RBAC: auth_context: {'token': , 'domain_id': None, 'trust_id': None, 'trustor_id': None, 'trustee_id': None, 'domain_name': None, 'group_ids': [], 'user_id': '14a11c7152d54db397dc73b8f00c3b6f', 'user_domain_id': 'default', 'system_scope': 'all', 'project_id': None, 'project_domain_id': None, 'roles': ['admin', 'member', 'reader'], 'is_admin_project': True, 'service_user_id': None, 'service_user_domain_id': None, 'service_project_id': None, 'service_project_domain_id': None, 'service_roles': []} {{(pid=43191) fill_context /opt/stack/keystone/keystone/server/flask/request_processing/middleware/auth_context.py:478}}
Apr 14 10:32:57 user devstack@keystone.service[43191]: DEBUG keystone.server.flask.request_processing.req_logging [None req-5e7febf4-7135-42ee-8d30-b3415d0b77b1 None admin] REQUEST_METHOD: `GET` {{(pid=43191) log_request_info /opt/stack/keystone/keystone/server/flask/request_processing/req_logging.py:27}}
Apr 14 10:32:57 user devstack@keystone.service[43191]: DEBUG keystone.server.flask.request_processing.req_logging [None req-5e7febf4-7135-42ee-8d30-b3415d0b77b1 None admin] SCRIPT_NAME: `/identity` {{(pid=43191) log_request_info /opt/stack/keystone/keystone/server/flask/request_processing/req_logging.py:28}}
Apr 14 10:32:57 user devstack@keystone.service[43191]: DEBUG keystone.server.flask.request_processing.req_logging [None req-5e7febf4-7135-42ee-8d30-b3415d0b77b1 None admin] PATH_INFO: `/v3/domains/default` {{(pid=43191) log_request_info /opt/stack/keystone/keystone/server/flask/request_processing/req_logging.py:29}}
Apr 14 10:32:57 user devstack@keystone.service[43191]: DEBUG keystone.common.rbac_enforcer.enforcer [None req-5e7febf4-7135-42ee-8d30-b3415d0b77b1 None admin] RBAC: Authorizing `identity:get_domain(domain_id=default)` {{(pid=43191) enforce_call /opt/stack/keystone/keystone/common/rbac_enforcer/enforcer.py:449}}
Apr 14 10:32:57 user devstack@keystone.service[43192]: DEBUG keystone.common.rbac_enforcer.enforcer [None req-79d09be9-687a-4fb6-ac18-84d0c58b2876 None admin] Extracting inferred target data resulted in "NOT FOUND (404)". {{(pid=43192) enforce_call /opt/stack/keystone/keystone/common/rbac_enforcer/enforcer.py:409}}
Apr 14 10:32:57 user devstack@keystone.service[43191]: DEBUG keystone.common.rbac_enforcer.enforcer [None req-5e7febf4-7135-42ee-8d30-b3415d0b77b1 None admin] RBAC: Authorization granted {{(pid=43191) enforce_call /opt/stack/keystone/keystone/common/rbac_enforcer/enforcer.py:457}}
Apr 14 10:32:57 user devstack@keystone.service[43191]: [pid: 43191|app: 0|req: 51/150] 10.0.0.210 () {56 vars in 1103 bytes} [Fri Apr 14 10:32:57 2023] GET /identity/v3/domains/default => generated 198 bytes in 122 msecs (HTTP/1.1 200) 5 headers in 177 bytes (1 switches on core 0)
Apr 14 10:32:57 user devstack@keystone.service[43192]: ERROR keystone.server.flask.application [None req-79d09be9-687a-4fb6-ac18-84d0c58b2876 None admin] Could not find role: anotherrole.: keystone.exception.RoleNotFound: Could not find role: anotherrole.
Apr 14 10:32:57 user devstack@keystone.service[43192]: ERROR keystone.server.flask.application
Traceback (most recent call last):
Apr 14 10:32:57 user devstack@keystone.service[43192]: ERROR keystone.server.flask.application
File "/usr/local/lib/python3.10/dist-packages/flask/app.py", line 1823, in full_dispatch_request
Apr 14 10:32:57 user devstack@keystone.service[43192]: ERROR keystone.server.flask.application rv = self.dispatch_request()
Apr 14 10:32:57 user devstack@keystone.service[43192]: ERROR keystone.server.flask.application
File "/usr/local/lib/python3.10/dist-packages/flask/app.py", line 1799, in dispatch_request
Apr 14 10:32:57 user devstack@keystone.service[43192]: ERROR keystone.server.flask.application return self.ensure_sync(self.view_functions[rule.endpoint])(**view_args)
Apr 14 10:32:57 user devstack@keystone.service[43192]: ERROR keystone.server.flask.application
File "/usr/local/lib/python3.10/dist-packages/flask_restful/__init__.py", line 467, in wrapper
Apr 14 10:32:57 user devstack@keystone.service[43192]: ERROR keystone.server.flask.application resp = resource(*args, **kwargs)
Apr 14 10:32:57 user devstack@keystone.service[43192]: ERROR keystone.server.flask.application
File "/usr/local/lib/python3.10/dist-packages/flask/views.py", line 107, in view
Apr 14 10:32:57 user devstack@keystone.service[43192]: ERROR keystone.server.flask.application return current_app.ensure_sync(self.dispatch_request)(**kwargs)
Apr 14 10:32:57 user devstack@keystone.service[43192]: ERROR keystone.server.flask.application
File "/usr/local/lib/python3.10/dist-packages/flask_restful/__init__.py", line 582, in dispatch_request
Apr 14 10:32:57 user devstack@keystone.service[43192]: ERROR keystone.server.flask.application resp = meth(*args, **kwargs)
Apr 14 10:32:57 user devstack@keystone.service[43192]: ERROR keystone.server.flask.application
File "/opt/stack/keystone/keystone/api/roles.py", line 50, in get
Apr 14 10:32:57 user devstack@keystone.service[43192]: ERROR keystone.server.flask.application return self._get_role(role_id)
Apr 14 10:32:57 user devstack@keystone.service[43192]: ERROR keystone.server.flask.application
File "/opt/stack/keystone/keystone/api/roles.py", line 70, in _get_role
Apr 14 10:32:57 user devstack@keystone.service[43192]: ERROR keystone.server.flask.application ENFORCER.enforce_call(action='identity:get_role')
Apr 14 10:32:57 user devstack@keystone.service[43192]: ERROR keystone.server.flask.application
File "/opt/stack/keystone/keystone/common/rbac_enforcer/enforcer.py", line 402, in enforce_call
Apr 14 10:32:57 user devstack@keystone.service[43192]: ERROR keystone.server.flask.application policy_dict.update(cls._extract_member_target_data(
Apr 14 10:32:57 user devstack@keystone.service[43192]: ERROR keystone.server.flask.application
File "/opt/stack/keystone/keystone/common/rbac_enforcer/enforcer.py", line 234, in _extract_member_target_data
Apr 14 10:32:57 user devstack@keystone.service[43192]: ERROR keystone.server.flask.application member_name: func(flask.request.view_args[key])
Apr 14 10:32:57 user devstack@keystone.service[43192]: ERROR keystone.server.flask.application
File "/opt/stack/keystone/keystone/common/manager.py", line 115, in wrapped
Apr 14 10:32:57 user devstack@keystone.service[43192]: ERROR keystone.server.flask.application __ret_val = __f(*args, **kwargs)
Apr 14 10:32:57 user devstack@keystone.service[43192]: ERROR keystone.server.flask.application
File "/usr/local/lib/python3.10/dist-packages/decorator.py", line 232, in fun
Apr 14 10:32:57 user devstack@keystone.service[43192]: ERROR keystone.server.flask.application return caller(func, *(extras + args), **kw)
Apr 14 10:32:57 user devstack@keystone.service[43192]: ERROR keystone.server.flask.application
File "/usr/local/lib/python3.10/dist-packages/dogpile/cache/region.py", line 1577, in get_or_create_for_user_func
Apr 14 10:32:57 user devstack@keystone.service[43192]: ERROR keystone.server.flask.application return self.get_or_create(
Apr 14 10:32:57 user devstack@keystone.service[43192]: ERROR keystone.server.flask.application
File "/usr/local/lib/python3.10/dist-packages/dogpile/cache/region.py", line 1042, in get_or_create
Apr 14 10:32:57 user devstack@keystone.service[43192]: ERROR keystone.server.flask.application with Lock(
Apr 14 10:32:57 user devstack@keystone.service[43192]: ERROR keystone.server.flask.application
File "/usr/local/lib/python3.10/dist-packages/dogpile/lock.py", line 185, in __enter__
Apr 14 10:32:57 user devstack@keystone.service[43192]: ERROR keystone.server.flask.application return self._enter()
Apr 14 10:32:57 user devstack@keystone.service[43192]: ERROR keystone.server.flask.application
File "/usr/local/lib/python3.10/dist-packages/dogpile/lock.py", line 94, in _enter
Apr 14 10:32:57 user devstack@keystone.service[43192]: ERROR keystone.server.flask.application generated = self._enter_create(value, createdtime)
Apr 14 10:32:57 user devstack@keystone.service[43192]: ERROR keystone.server.flask.application
File "/usr/local/lib/python3.10/dist-packages/dogpile/lock.py", line 178, in _enter_create
Apr 14 10:32:57 user devstack@keystone.service[43192]: ERROR keystone.server.flask.application return self.creator()
Apr 14 10:32:57 user devstack@keystone.service[43192]: ERROR keystone.server.flask.application
File "/usr/local/lib/python3.10/dist-packages/dogpile/cache/region.py", line 995, in gen_value
Apr 14 10:32:57 user devstack@keystone.service[43192]: ERROR keystone.server.flask.application created_value = creator(
Apr 14 10:32:57 user devstack@keystone.service[43192]: ERROR keystone.server.flask.application
File "/opt/stack/keystone/keystone/assignment/core.py", line 1276, in get_role
Apr 14 10:32:57 user devstack@keystone.service[43192]: ERROR keystone.server.flask.application return self.driver.get_role(role_id)
Apr 14 10:32:57 user devstack@keystone.service[43192]: ERROR keystone.server.flask.application
File "/opt/stack/keystone/keystone/assignment/role_backends/sql.py", line 70, in get_role
Apr 14 10:32:57 user devstack@keystone.service[43192]: ERROR keystone.server.flask.application return self._get_role(session, role_id).to_dict()
Apr 14 10:32:57 user devstack@keystone.service[43192]: ERROR keystone.server.flask.application
File "/opt/stack/keystone/keystone/assignment/role_backends/sql.py", line 65, in _get_role
Apr 14 10:32:57 user devstack@keystone.service[43192]: ERROR keystone.server.flask.application raise exception.RoleNotFound(role_id=role_id)
Apr 14 10:32:57 user devstack@keystone.service[43192]: ERROR keystone.server.flask.application keystone.exception.RoleNotFound: Could not find role: anotherrole.
Apr 14 10:32:57 user devstack@keystone.service[43192]: ERROR keystone.server.flask.application
Apr 14 10:32:57 user devstack@keystone.service[43192]: [pid: 43192|app: 0|req: 49/151] 10.0.0.210 () {56 vars in 1109 bytes} [Fri Apr 14 10:32:57 2023] GET /identity/v3/roles/anotherrole => generated 89 bytes in 135 msecs (HTTP/1.1 404) 5 headers in 183 bytes (1 switches on core 0)
Apr 14 10:32:57 user devstack@keystone.service[43191]: DEBUG keystone.server.flask.request_processing.middleware.auth_context [None req-5e7febf4-7135-42ee-8d30-b3415d0b77b1 None admin] Authenticating user token {{(pid=43191) process_request /usr/local/lib/python3.10/dist-packages/keystonemiddleware/auth_token/__init__.py:406}}
Apr 14 10:32:57 user devstack@keystone.service[43192]: DEBUG keystone.server.flask.request_processing.middleware.auth_context [None req-79d09be9-687a-4fb6-ac18-84d0c58b2876 None admin] Authenticating user token {{(pid=43192) process_request /usr/local/lib/python3.10/dist-packages/keystonemiddleware/auth_token/__init__.py:406}}
Apr 14 10:32:57 user devstack@keystone.service[43191]: DEBUG dbcounter [-] [43191] Writing DB stats keystone:SELECT=100 {{(pid=43191) stat_writer /usr/local/lib/python3.10/dist-packages/dbcounter.py:117}}
Apr 14 10:32:57 user devstack@keystone.service[43191]: DEBUG keystone.server.flask.request_processing.middleware.auth_context [None req-5e7febf4-7135-42ee-8d30-b3415d0b77b1 None admin] Validating token access rules against request {{(pid=43191) validate_allowed_request /usr/local/lib/python3.10/dist-packages/keystonemiddleware/auth_token/__init__.py:544}}
Apr 14 10:32:57 user devstack@keystone.service[43190]: DEBUG keystone.server.flask.request_processing.middleware.auth_context [None req-5811d1bb-e99d-4f90-8731-69cc748d0183 None admin] Validating token access rules against request {{(pid=43190) validate_allowed_request /usr/local/lib/python3.10/dist-packages/keystonemiddleware/auth_token/__init__.py:544}}
Apr 14 10:32:57 user devstack@keystone.service[43192]: DEBUG keystone.server.flask.request_processing.middleware.auth_context [None req-79d09be9-687a-4fb6-ac18-84d0c58b2876 None admin] Validating token access rules against request {{(pid=43192) validate_allowed_request /usr/local/lib/python3.10/dist-packages/keystonemiddleware/auth_token/__init__.py:544}}
Apr 14 10:32:57 user devstack@keystone.service[43191]: DEBUG keystone.server.flask.request_processing.middleware.auth_context [None req-1428f64a-1bcd-4b3b-918f-d5b3366d6c39 None admin] RBAC: auth_context: {'token': , 'domain_id': None, 'trust_id': None, 'trustor_id': None, 'trustee_id': None, 'domain_name': None, 'group_ids': [], 'user_id': '14a11c7152d54db397dc73b8f00c3b6f', 'user_domain_id': 'default', 'system_scope': 'all', 'project_id': None, 'project_domain_id': None, 'roles': ['admin', 'member', 'reader'], 'is_admin_project': True, 'service_user_id': None, 'service_user_domain_id': None, 'service_project_id': None, 'service_project_domain_id': None, 'service_roles': []} {{(pid=43191) fill_context /opt/stack/keystone/keystone/server/flask/request_processing/middleware/auth_context.py:478}}
Apr 14 10:32:57 user devstack@keystone.service[43191]: DEBUG keystone.server.flask.request_processing.req_logging [None req-1428f64a-1bcd-4b3b-918f-d5b3366d6c39 None admin] REQUEST_METHOD: `POST` {{(pid=43191) log_request_info /opt/stack/keystone/keystone/server/flask/request_processing/req_logging.py:27}}
Apr 14 10:32:57 user devstack@keystone.service[43191]: DEBUG keystone.server.flask.request_processing.req_logging [None req-1428f64a-1bcd-4b3b-918f-d5b3366d6c39 None admin] SCRIPT_NAME: `/identity` {{(pid=43191) log_request_info /opt/stack/keystone/keystone/server/flask/request_processing/req_logging.py:28}}
Apr 14 10:32:57 user devstack@keystone.service[43191]: DEBUG keystone.server.flask.request_processing.req_logging [None req-1428f64a-1bcd-4b3b-918f-d5b3366d6c39 None admin] PATH_INFO: `/v3/users` {{(pid=43191) log_request_info /opt/stack/keystone/keystone/server/flask/request_processing/req_logging.py:29}}
Apr 14 10:32:57 user devstack@keystone.service[43190]: DEBUG keystone.server.flask.request_processing.middleware.auth_context [None req-869d8a9c-cf6e-4a7e-a0d9-a34416b88975 None admin] RBAC: auth_context: {'token': , 'domain_id': None, 'trust_id': None, 'trustor_id': None, 'trustee_id': None, 'domain_name': None, 'group_ids': [], 'user_id': '14a11c7152d54db397dc73b8f00c3b6f', 'user_domain_id': 'default', 'system_scope': 'all', 'project_id': None, 'project_domain_id': None, 'roles': ['admin', 'member', 'reader'], 'is_admin_project': True, 'service_user_id': None, 'service_user_domain_id': None, 'service_project_id': None, 'service_project_domain_id': None, 'service_roles': []} {{(pid=43190) fill_context /opt/stack/keystone/keystone/server/flask/request_processing/middleware/auth_context.py:478}}
Apr 14 10:32:57 user devstack@keystone.service[43191]: DEBUG keystone.common.rbac_enforcer.enforcer [None req-1428f64a-1bcd-4b3b-918f-d5b3366d6c39 None admin] RBAC: Authorizing `identity:create_user()` {{(pid=43191) enforce_call /opt/stack/keystone/keystone/common/rbac_enforcer/enforcer.py:449}}
Apr 14 10:32:57 user devstack@keystone.service[43190]: DEBUG keystone.server.flask.request_processing.req_logging [None req-869d8a9c-cf6e-4a7e-a0d9-a34416b88975 None admin] REQUEST_METHOD: `GET` {{(pid=43190) log_request_info /opt/stack/keystone/keystone/server/flask/request_processing/req_logging.py:27}}
Apr 14 10:32:57 user devstack@keystone.service[43190]: DEBUG keystone.server.flask.request_processing.req_logging [None req-869d8a9c-cf6e-4a7e-a0d9-a34416b88975 None admin] SCRIPT_NAME: `/identity` {{(pid=43190) log_request_info /opt/stack/keystone/keystone/server/flask/request_processing/req_logging.py:28}}
Apr 14 10:32:57 user devstack@keystone.service[43190]: DEBUG keystone.server.flask.request_processing.req_logging [None req-869d8a9c-cf6e-4a7e-a0d9-a34416b88975 None admin] PATH_INFO: `/v3/users/b142edddd5034e80b6a0bc88d0adefb6` {{(pid=43190) log_request_info /opt/stack/keystone/keystone/server/flask/request_processing/req_logging.py:29}}
Apr 14 10:32:57 user devstack@keystone.service[43191]: DEBUG keystone.common.rbac_enforcer.enforcer [None req-1428f64a-1bcd-4b3b-918f-d5b3366d6c39 None admin] RBAC: Authorization granted {{(pid=43191) enforce_call /opt/stack/keystone/keystone/common/rbac_enforcer/enforcer.py:457}}
Apr 14 10:32:57 user devstack@keystone.service[43192]: DEBUG keystone.server.flask.request_processing.middleware.auth_context [None req-a9bd98d4-6960-429d-b681-d11a68068d75 None admin] RBAC: auth_context: {'token': , 'domain_id': None, 'trust_id': None, 'trustor_id': None, 'trustee_id': None, 'domain_name': None, 'group_ids': [], 'user_id': '14a11c7152d54db397dc73b8f00c3b6f', 'user_domain_id': 'default', 'system_scope': 'all', 'project_id': None, 'project_domain_id': None, 'roles': ['admin', 'member', 'reader'], 'is_admin_project': True, 'service_user_id': None, 'service_user_domain_id': None, 'service_project_id': None, 'service_project_domain_id': None, 'service_roles': []} {{(pid=43192) fill_context /opt/stack/keystone/keystone/server/flask/request_processing/middleware/auth_context.py:478}}
Apr 14 10:32:57 user devstack@keystone.service[43192]: DEBUG keystone.server.flask.request_processing.req_logging [None req-a9bd98d4-6960-429d-b681-d11a68068d75 None admin] REQUEST_METHOD: `GET` {{(pid=43192) log_request_info /opt/stack/keystone/keystone/server/flask/request_processing/req_logging.py:27}}
Apr 14 10:32:57 user devstack@keystone.service[43192]: DEBUG keystone.server.flask.request_processing.req_logging [None req-a9bd98d4-6960-429d-b681-d11a68068d75 None admin] SCRIPT_NAME: `/identity` {{(pid=43192) log_request_info /opt/stack/keystone/keystone/server/flask/request_processing/req_logging.py:28}}
Apr 14 10:32:57 user devstack@keystone.service[43192]: DEBUG keystone.server.flask.request_processing.req_logging [None req-a9bd98d4-6960-429d-b681-d11a68068d75 None admin] PATH_INFO: `/v3/roles` {{(pid=43192) log_request_info /opt/stack/keystone/keystone/server/flask/request_processing/req_logging.py:29}}
Apr 14 10:32:57 user devstack@keystone.service[43192]: DEBUG keystone.common.rbac_enforcer.enforcer [None req-a9bd98d4-6960-429d-b681-d11a68068d75 None admin] RBAC: Adding query filter params (name=anotherrole) {{(pid=43192) _extract_filter_values /opt/stack/keystone/keystone/common/rbac_enforcer/enforcer.py:167}}
Apr 14 10:32:57 user devstack@keystone.service[43192]: DEBUG keystone.common.rbac_enforcer.enforcer [None req-a9bd98d4-6960-429d-b681-d11a68068d75 None admin] RBAC: Authorizing `identity:list_roles()` {{(pid=43192) enforce_call /opt/stack/keystone/keystone/common/rbac_enforcer/enforcer.py:449}}
Apr 14 10:32:57 user devstack@keystone.service[43192]: DEBUG keystone.common.rbac_enforcer.enforcer [None req-a9bd98d4-6960-429d-b681-d11a68068d75 None admin] RBAC: Authorization granted {{(pid=43192) enforce_call /opt/stack/keystone/keystone/common/rbac_enforcer/enforcer.py:457}}
Apr 14 10:32:57 user devstack@keystone.service[43191]: WARNING keystone.common.password_hashing [None req-1428f64a-1bcd-4b3b-918f-d5b3366d6c39 None admin] Truncating password to algorithm specific maximum length 54 characters.
Apr 14 10:32:57 user devstack@keystone.service[43192]: [pid: 43192|app: 0|req: 50/152] 10.0.0.210 () {56 vars in 1106 bytes} [Fri Apr 14 10:32:57 2023] GET /identity/v3/roles?name=anotherrole => generated 332 bytes in 129 msecs (HTTP/1.1 200) 5 headers in 177 bytes (1 switches on core 0)
Apr 14 10:32:57 user devstack@keystone.service[43190]: DEBUG keystone.common.rbac_enforcer.enforcer [None req-869d8a9c-cf6e-4a7e-a0d9-a34416b88975 None admin] RBAC: Authorizing `identity:get_user(user_id=b142edddd5034e80b6a0bc88d0adefb6)` {{(pid=43190) enforce_call /opt/stack/keystone/keystone/common/rbac_enforcer/enforcer.py:449}}
Apr 14 10:32:57 user devstack@keystone.service[43190]: DEBUG keystone.common.rbac_enforcer.enforcer [None req-869d8a9c-cf6e-4a7e-a0d9-a34416b88975 None admin] RBAC: Authorization granted {{(pid=43190) enforce_call /opt/stack/keystone/keystone/common/rbac_enforcer/enforcer.py:457}}
Apr 14 10:32:57 user devstack@keystone.service[43190]: [pid: 43190|app: 0|req: 52/153] 10.0.0.210 () {56 vars in 1172 bytes} [Fri Apr 14 10:32:57 2023] GET /identity/v3/users/b142edddd5034e80b6a0bc88d0adefb6 => generated 282 bytes in 149 msecs (HTTP/1.1 200) 5 headers in 177 bytes (2 switches on core 0)
Apr 14 10:32:57 user devstack@keystone.service[43192]: DEBUG keystone.server.flask.request_processing.middleware.auth_context [None req-a9bd98d4-6960-429d-b681-d11a68068d75 None admin] Authenticating user token {{(pid=43192) process_request /usr/local/lib/python3.10/dist-packages/keystonemiddleware/auth_token/__init__.py:406}}
Apr 14 10:32:57 user devstack@keystone.service[43190]: DEBUG keystone.server.flask.request_processing.middleware.auth_context [None req-869d8a9c-cf6e-4a7e-a0d9-a34416b88975 None admin] Authenticating user token {{(pid=43190) process_request /usr/local/lib/python3.10/dist-packages/keystonemiddleware/auth_token/__init__.py:406}}
Apr 14 10:32:57 user devstack@keystone.service[43191]: [pid: 43191|app: 0|req: 52/154] 10.0.0.210 () {60 vars in 1127 bytes} [Fri Apr 14 10:32:57 2023] POST /identity/v3/users => generated 296 bytes in 150 msecs (HTTP/1.1 201) 5 headers in 182 bytes (1 switches on core 0)
Apr 14 10:32:57 user devstack@keystone.service[43192]: DEBUG dbcounter [-] [43192] Writing DB stats keystone:SELECT=100 {{(pid=43192) stat_writer /usr/local/lib/python3.10/dist-packages/dbcounter.py:117}}
Apr 14 10:32:57 user devstack@keystone.service[43190]: DEBUG dbcounter [-] [43190] Writing DB stats keystone:SELECT=100 {{(pid=43190) stat_writer /usr/local/lib/python3.10/dist-packages/dbcounter.py:117}}
Apr 14 10:32:57 user devstack@keystone.service[43192]: DEBUG keystone.server.flask.request_processing.middleware.auth_context [None req-a9bd98d4-6960-429d-b681-d11a68068d75 None admin] Validating token access rules against request {{(pid=43192) validate_allowed_request /usr/local/lib/python3.10/dist-packages/keystonemiddleware/auth_token/__init__.py:544}}
Apr 14 10:32:57 user devstack@keystone.service[43190]: DEBUG keystone.server.flask.request_processing.middleware.auth_context [None req-869d8a9c-cf6e-4a7e-a0d9-a34416b88975 None admin] Validating token access rules against request {{(pid=43190) validate_allowed_request /usr/local/lib/python3.10/dist-packages/keystonemiddleware/auth_token/__init__.py:544}}
Apr 14 10:32:57 user devstack@keystone.service[43192]: DEBUG keystone.server.flask.request_processing.middleware.auth_context [None req-0dd3cb6d-6f58-4ae3-ad2c-6da444d6141f None admin] RBAC: auth_context: {'token': , 'domain_id': None, 'trust_id': None, 'trustor_id': None, 'trustee_id': None, 'domain_name': None, 'group_ids': [], 'user_id': '14a11c7152d54db397dc73b8f00c3b6f', 'user_domain_id': 'default', 'system_scope': 'all', 'project_id': None, 'project_domain_id': None, 'roles': ['admin', 'member', 'reader'], 'is_admin_project': True, 'service_user_id': None, 'service_user_domain_id': None, 'service_project_id': None, 'service_project_domain_id': None, 'service_roles': []} {{(pid=43192) fill_context /opt/stack/keystone/keystone/server/flask/request_processing/middleware/auth_context.py:478}}
Apr 14 10:32:57 user devstack@keystone.service[43192]: DEBUG keystone.server.flask.request_processing.req_logging [None req-0dd3cb6d-6f58-4ae3-ad2c-6da444d6141f None admin] REQUEST_METHOD: `GET` {{(pid=43192) log_request_info /opt/stack/keystone/keystone/server/flask/request_processing/req_logging.py:27}}
Apr 14 10:32:57 user devstack@keystone.service[43192]: DEBUG keystone.server.flask.request_processing.req_logging [None req-0dd3cb6d-6f58-4ae3-ad2c-6da444d6141f None admin] SCRIPT_NAME: `/identity` {{(pid=43192) log_request_info /opt/stack/keystone/keystone/server/flask/request_processing/req_logging.py:28}}
Apr 14 10:32:57 user devstack@keystone.service[43192]: DEBUG keystone.server.flask.request_processing.req_logging [None req-0dd3cb6d-6f58-4ae3-ad2c-6da444d6141f None admin] PATH_INFO: `/v3/users/b142edddd5034e80b6a0bc88d0adefb6` {{(pid=43192) log_request_info /opt/stack/keystone/keystone/server/flask/request_processing/req_logging.py:29}}
Apr 14 10:32:57 user devstack@keystone.service[43192]: DEBUG keystone.common.rbac_enforcer.enforcer [None req-0dd3cb6d-6f58-4ae3-ad2c-6da444d6141f None admin] RBAC: Authorizing `identity:get_user(user_id=b142edddd5034e80b6a0bc88d0adefb6)` {{(pid=43192) enforce_call /opt/stack/keystone/keystone/common/rbac_enforcer/enforcer.py:449}}
Apr 14 10:32:57 user devstack@keystone.service[43192]: DEBUG keystone.common.rbac_enforcer.enforcer [None req-0dd3cb6d-6f58-4ae3-ad2c-6da444d6141f None admin] RBAC: Authorization granted {{(pid=43192) enforce_call /opt/stack/keystone/keystone/common/rbac_enforcer/enforcer.py:457}}
Apr 14 10:32:57 user devstack@keystone.service[43192]: [pid: 43192|app: 0|req: 51/155] 10.0.0.210 () {56 vars in 1172 bytes} [Fri Apr 14 10:32:57 2023] GET /identity/v3/users/b142edddd5034e80b6a0bc88d0adefb6 => generated 282 bytes in 120 msecs (HTTP/1.1 200) 5 headers in 177 bytes (1 switches on core 0)
Apr 14 10:32:57 user devstack@keystone.service[43191]: DEBUG keystone.server.flask.request_processing.middleware.auth_context [None req-1428f64a-1bcd-4b3b-918f-d5b3366d6c39 None admin] Authenticating user token {{(pid=43191) process_request /usr/local/lib/python3.10/dist-packages/keystonemiddleware/auth_token/__init__.py:406}}
Apr 14 10:32:57 user devstack@keystone.service[43190]: DEBUG keystone.server.flask.request_processing.middleware.auth_context [None req-3862c01c-af8c-4bf1-8ffc-4b702699886c None admin] RBAC: auth_context: {'token': , 'domain_id': None, 'trust_id': None, 'trustor_id': None, 'trustee_id': None, 'domain_name': None, 'group_ids': [], 'user_id': '14a11c7152d54db397dc73b8f00c3b6f', 'user_domain_id': 'default', 'system_scope': 'all', 'project_id': None, 'project_domain_id': None, 'roles': ['admin', 'member', 'reader'], 'is_admin_project': True, 'service_user_id': None, 'service_user_domain_id': None, 'service_project_id': None, 'service_project_domain_id': None, 'service_roles': []} {{(pid=43190) fill_context /opt/stack/keystone/keystone/server/flask/request_processing/middleware/auth_context.py:478}}
Apr 14 10:32:57 user devstack@keystone.service[43190]: DEBUG keystone.server.flask.request_processing.req_logging [None req-3862c01c-af8c-4bf1-8ffc-4b702699886c None admin] REQUEST_METHOD: `GET` {{(pid=43190) log_request_info /opt/stack/keystone/keystone/server/flask/request_processing/req_logging.py:27}}
Apr 14 10:32:57 user devstack@keystone.service[43190]: DEBUG keystone.server.flask.request_processing.req_logging [None req-3862c01c-af8c-4bf1-8ffc-4b702699886c None admin] SCRIPT_NAME: `/identity` {{(pid=43190) log_request_info /opt/stack/keystone/keystone/server/flask/request_processing/req_logging.py:28}}
Apr 14 10:32:57 user devstack@keystone.service[43190]: DEBUG keystone.server.flask.request_processing.req_logging [None req-3862c01c-af8c-4bf1-8ffc-4b702699886c None admin] PATH_INFO: `/v3/projects/a7e4edbd73fd4bcabe22f7288c490e09` {{(pid=43190) log_request_info /opt/stack/keystone/keystone/server/flask/request_processing/req_logging.py:29}}
Apr 14 10:32:57 user devstack@keystone.service[43190]: DEBUG keystone.common.rbac_enforcer.enforcer [None req-3862c01c-af8c-4bf1-8ffc-4b702699886c None admin] RBAC: Authorizing `identity:get_project(project_id=a7e4edbd73fd4bcabe22f7288c490e09)` {{(pid=43190) enforce_call /opt/stack/keystone/keystone/common/rbac_enforcer/enforcer.py:449}}
Apr 14 10:32:57 user devstack@keystone.service[43190]: DEBUG keystone.common.rbac_enforcer.enforcer [None req-3862c01c-af8c-4bf1-8ffc-4b702699886c None admin] RBAC: Authorization granted {{(pid=43190) enforce_call /opt/stack/keystone/keystone/common/rbac_enforcer/enforcer.py:457}}
Apr 14 10:32:57 user devstack@keystone.service[43190]: [pid: 43190|app: 0|req: 53/156] 10.0.0.210 () {56 vars in 1181 bytes} [Fri Apr 14 10:32:57 2023] GET /identity/v3/projects/a7e4edbd73fd4bcabe22f7288c490e09 => generated 301 bytes in 132 msecs (HTTP/1.1 200) 5 headers in 177 bytes (1 switches on core 0)
Apr 14 10:32:57 user devstack@keystone.service[43192]: DEBUG keystone.server.flask.request_processing.middleware.auth_context [None req-0dd3cb6d-6f58-4ae3-ad2c-6da444d6141f None admin] Authenticating user token {{(pid=43192) process_request /usr/local/lib/python3.10/dist-packages/keystonemiddleware/auth_token/__init__.py:406}}
Apr 14 10:32:57 user devstack@keystone.service[43191]: DEBUG keystone.server.flask.request_processing.middleware.auth_context [None req-1428f64a-1bcd-4b3b-918f-d5b3366d6c39 None admin] Validating token access rules against request {{(pid=43191) validate_allowed_request /usr/local/lib/python3.10/dist-packages/keystonemiddleware/auth_token/__init__.py:544}}
Apr 14 10:32:57 user devstack@keystone.service[43192]: DEBUG keystone.server.flask.request_processing.middleware.auth_context [None req-0dd3cb6d-6f58-4ae3-ad2c-6da444d6141f None admin] Validating token access rules against request {{(pid=43192) validate_allowed_request /usr/local/lib/python3.10/dist-packages/keystonemiddleware/auth_token/__init__.py:544}}
Apr 14 10:32:57 user devstack@keystone.service[43192]: DEBUG dbcounter [-] [43192] Writing DB stats keystone:SELECT=100 {{(pid=43192) stat_writer /usr/local/lib/python3.10/dist-packages/dbcounter.py:117}}
Apr 14 10:32:57 user devstack@keystone.service[43191]: DEBUG keystone.server.flask.request_processing.middleware.auth_context [None req-ccee66e5-5a30-4921-b978-88be8dfccdaa None admin] RBAC: auth_context: {'token': , 'domain_id': None, 'trust_id': None, 'trustor_id': None, 'trustee_id': None, 'domain_name': None, 'group_ids': [], 'user_id': '14a11c7152d54db397dc73b8f00c3b6f', 'user_domain_id': 'default', 'system_scope': 'all', 'project_id': None, 'project_domain_id': None, 'roles': ['admin', 'member', 'reader'], 'is_admin_project': True, 'service_user_id': None, 'service_user_domain_id': None, 'service_project_id': None, 'service_project_domain_id': None, 'service_roles': []} {{(pid=43191) fill_context /opt/stack/keystone/keystone/server/flask/request_processing/middleware/auth_context.py:478}}
Apr 14 10:32:57 user devstack@keystone.service[43191]: DEBUG keystone.server.flask.request_processing.req_logging [None req-ccee66e5-5a30-4921-b978-88be8dfccdaa None admin] REQUEST_METHOD: `GET` {{(pid=43191) log_request_info /opt/stack/keystone/keystone/server/flask/request_processing/req_logging.py:27}}
Apr 14 10:32:57 user devstack@keystone.service[43191]: DEBUG keystone.server.flask.request_processing.req_logging [None req-ccee66e5-5a30-4921-b978-88be8dfccdaa None admin] SCRIPT_NAME: `/identity` {{(pid=43191) log_request_info /opt/stack/keystone/keystone/server/flask/request_processing/req_logging.py:28}}
Apr 14 10:32:57 user devstack@keystone.service[43191]: DEBUG keystone.server.flask.request_processing.req_logging [None req-ccee66e5-5a30-4921-b978-88be8dfccdaa None admin] PATH_INFO: `/v3/projects/a7e4edbd73fd4bcabe22f7288c490e09` {{(pid=43191) log_request_info /opt/stack/keystone/keystone/server/flask/request_processing/req_logging.py:29}}
Apr 14 10:32:57 user devstack@keystone.service[43191]: DEBUG keystone.common.rbac_enforcer.enforcer [None req-ccee66e5-5a30-4921-b978-88be8dfccdaa None admin] RBAC: Authorizing `identity:get_project(project_id=a7e4edbd73fd4bcabe22f7288c490e09)` {{(pid=43191) enforce_call /opt/stack/keystone/keystone/common/rbac_enforcer/enforcer.py:449}}
Apr 14 10:32:57 user devstack@keystone.service[43191]: DEBUG keystone.common.rbac_enforcer.enforcer [None req-ccee66e5-5a30-4921-b978-88be8dfccdaa None admin] RBAC: Authorization granted {{(pid=43191) enforce_call /opt/stack/keystone/keystone/common/rbac_enforcer/enforcer.py:457}}
Apr 14 10:32:57 user devstack@keystone.service[43191]: [pid: 43191|app: 0|req: 53/157] 10.0.0.210 () {56 vars in 1181 bytes} [Fri Apr 14 10:32:57 2023] GET /identity/v3/projects/a7e4edbd73fd4bcabe22f7288c490e09 => generated 301 bytes in 124 msecs (HTTP/1.1 200) 5 headers in 177 bytes (1 switches on core 0)
Apr 14 10:32:57 user devstack@keystone.service[43192]: DEBUG keystone.server.flask.request_processing.middleware.auth_context [None req-08eca521-3374-4833-b377-e6f92436cdbb None admin] RBAC: auth_context: {'token': , 'domain_id': None, 'trust_id': None, 'trustor_id': None, 'trustee_id': None, 'domain_name': None, 'group_ids': [], 'user_id': '14a11c7152d54db397dc73b8f00c3b6f', 'user_domain_id': 'default', 'system_scope': 'all', 'project_id': None, 'project_domain_id': None, 'roles': ['admin', 'member', 'reader'], 'is_admin_project': True, 'service_user_id': None, 'service_user_domain_id': None, 'service_project_id': None, 'service_project_domain_id': None, 'service_roles': []} {{(pid=43192) fill_context /opt/stack/keystone/keystone/server/flask/request_processing/middleware/auth_context.py:478}}
Apr 14 10:32:57 user devstack@keystone.service[43192]: DEBUG keystone.server.flask.request_processing.req_logging [None req-08eca521-3374-4833-b377-e6f92436cdbb None admin] REQUEST_METHOD: `PUT` {{(pid=43192) log_request_info /opt/stack/keystone/keystone/server/flask/request_processing/req_logging.py:27}}
Apr 14 10:32:57 user devstack@keystone.service[43192]: DEBUG keystone.server.flask.request_processing.req_logging [None req-08eca521-3374-4833-b377-e6f92436cdbb None admin] SCRIPT_NAME: `/identity` {{(pid=43192) log_request_info /opt/stack/keystone/keystone/server/flask/request_processing/req_logging.py:28}}
Apr 14 10:32:57 user devstack@keystone.service[43192]: DEBUG keystone.server.flask.request_processing.req_logging [None req-08eca521-3374-4833-b377-e6f92436cdbb None admin] PATH_INFO: `/v3/projects/a7e4edbd73fd4bcabe22f7288c490e09/users/b142edddd5034e80b6a0bc88d0adefb6/roles/b87c0729dba3419daf547f3bc0c3b00c` {{(pid=43192) log_request_info /opt/stack/keystone/keystone/server/flask/request_processing/req_logging.py:29}}
Apr 14 10:32:57 user devstack@keystone.service[43190]: DEBUG keystone.server.flask.request_processing.middleware.auth_context [None req-3862c01c-af8c-4bf1-8ffc-4b702699886c None admin] Authenticating user token {{(pid=43190) process_request /usr/local/lib/python3.10/dist-packages/keystonemiddleware/auth_token/__init__.py:406}}
Apr 14 10:32:57 user devstack@keystone.service[43192]: DEBUG keystone.common.rbac_enforcer.enforcer [None req-08eca521-3374-4833-b377-e6f92436cdbb None admin] RBAC: Authorizing `identity:create_grant(project_id=a7e4edbd73fd4bcabe22f7288c490e09, user_id=b142edddd5034e80b6a0bc88d0adefb6, role_id=b87c0729dba3419daf547f3bc0c3b00c)` {{(pid=43192) enforce_call /opt/stack/keystone/keystone/common/rbac_enforcer/enforcer.py:449}}
Apr 14 10:32:57 user devstack@keystone.service[43192]: DEBUG keystone.common.rbac_enforcer.enforcer [None req-08eca521-3374-4833-b377-e6f92436cdbb None admin] RBAC: Authorization granted {{(pid=43192) enforce_call /opt/stack/keystone/keystone/common/rbac_enforcer/enforcer.py:457}}
Apr 14 10:32:57 user devstack@keystone.service[43192]: [pid: 43192|app: 0|req: 52/158] 10.0.0.210 () {58 vars in 1434 bytes} [Fri Apr 14 10:32:57 2023] PUT /identity/v3/projects/a7e4edbd73fd4bcabe22f7288c490e09/users/b142edddd5034e80b6a0bc88d0adefb6/roles/b87c0729dba3419daf547f3bc0c3b00c => generated 0 bytes in 128 msecs (HTTP/1.1 204) 3 headers in 132 bytes (0 switches on core 0)
Apr 14 10:32:57 user devstack@keystone.service[43190]: DEBUG keystone.server.flask.request_processing.middleware.auth_context [None req-3862c01c-af8c-4bf1-8ffc-4b702699886c None admin] Validating token access rules against request {{(pid=43190) validate_allowed_request /usr/local/lib/python3.10/dist-packages/keystonemiddleware/auth_token/__init__.py:544}}
Apr 14 10:32:57 user devstack@keystone.service[43190]: DEBUG dbcounter [-] [43190] Writing DB stats keystone:SELECT=100 {{(pid=43190) stat_writer /usr/local/lib/python3.10/dist-packages/dbcounter.py:117}}
Apr 14 10:32:57 user devstack@keystone.service[43190]: DEBUG keystone.server.flask.request_processing.middleware.auth_context [None req-495b2436-09c8-4f38-95e3-49ac93ab9f7c None admin] RBAC: auth_context: {'token': , 'domain_id': None, 'trust_id': None, 'trustor_id': None, 'trustee_id': None, 'domain_name': None, 'group_ids': [], 'user_id': '14a11c7152d54db397dc73b8f00c3b6f', 'user_domain_id': 'default', 'system_scope': 'all', 'project_id': None, 'project_domain_id': None, 'roles': ['admin', 'member', 'reader'], 'is_admin_project': True, 'service_user_id': None, 'service_user_domain_id': None, 'service_project_id': None, 'service_project_domain_id': None, 'service_roles': []} {{(pid=43190) fill_context /opt/stack/keystone/keystone/server/flask/request_processing/middleware/auth_context.py:478}}
Apr 14 10:32:57 user devstack@keystone.service[43190]: DEBUG keystone.server.flask.request_processing.req_logging [None req-495b2436-09c8-4f38-95e3-49ac93ab9f7c None admin] REQUEST_METHOD: `PUT` {{(pid=43190) log_request_info /opt/stack/keystone/keystone/server/flask/request_processing/req_logging.py:27}}
Apr 14 10:32:57 user devstack@keystone.service[43190]: DEBUG keystone.server.flask.request_processing.req_logging [None req-495b2436-09c8-4f38-95e3-49ac93ab9f7c None admin] SCRIPT_NAME: `/identity` {{(pid=43190) log_request_info /opt/stack/keystone/keystone/server/flask/request_processing/req_logging.py:28}}
Apr 14 10:32:57 user devstack@keystone.service[43190]: DEBUG keystone.server.flask.request_processing.req_logging [None req-495b2436-09c8-4f38-95e3-49ac93ab9f7c None admin] PATH_INFO: `/v3/projects/a7e4edbd73fd4bcabe22f7288c490e09/users/b142edddd5034e80b6a0bc88d0adefb6/roles/412e0cb7594e4660bdab61ae7fa7fa98` {{(pid=43190) log_request_info /opt/stack/keystone/keystone/server/flask/request_processing/req_logging.py:29}}
Apr 14 10:32:57 user devstack@keystone.service[43190]: DEBUG keystone.common.rbac_enforcer.enforcer [None req-495b2436-09c8-4f38-95e3-49ac93ab9f7c None admin] RBAC: Authorizing `identity:create_grant(project_id=a7e4edbd73fd4bcabe22f7288c490e09, user_id=b142edddd5034e80b6a0bc88d0adefb6, role_id=412e0cb7594e4660bdab61ae7fa7fa98)` {{(pid=43190) enforce_call /opt/stack/keystone/keystone/common/rbac_enforcer/enforcer.py:449}}
Apr 14 10:32:57 user devstack@keystone.service[43190]: DEBUG keystone.common.rbac_enforcer.enforcer [None req-495b2436-09c8-4f38-95e3-49ac93ab9f7c None admin] RBAC: Authorization granted {{(pid=43190) enforce_call /opt/stack/keystone/keystone/common/rbac_enforcer/enforcer.py:457}}
Apr 14 10:32:57 user devstack@keystone.service[43190]: [pid: 43190|app: 0|req: 54/159] 10.0.0.210 () {58 vars in 1434 bytes} [Fri Apr 14 10:32:57 2023] PUT /identity/v3/projects/a7e4edbd73fd4bcabe22f7288c490e09/users/b142edddd5034e80b6a0bc88d0adefb6/roles/412e0cb7594e4660bdab61ae7fa7fa98 => generated 0 bytes in 139 msecs (HTTP/1.1 204) 3 headers in 132 bytes (0 switches on core 0)
Apr 14 10:32:59 user devstack@keystone.service[43191]: DEBUG keystone.server.flask.request_processing.req_logging [None req-eaeb5e79-f0d1-4497-a75a-7111cdd4c81c None None] REQUEST_METHOD: `GET` {{(pid=43191) log_request_info /opt/stack/keystone/keystone/server/flask/request_processing/req_logging.py:27}}
Apr 14 10:32:59 user devstack@keystone.service[43191]: DEBUG keystone.server.flask.request_processing.req_logging [None req-eaeb5e79-f0d1-4497-a75a-7111cdd4c81c None None] SCRIPT_NAME: `/identity` {{(pid=43191) log_request_info /opt/stack/keystone/keystone/server/flask/request_processing/req_logging.py:28}}
Apr 14 10:32:59 user devstack@keystone.service[43191]: DEBUG keystone.server.flask.request_processing.req_logging [None req-eaeb5e79-f0d1-4497-a75a-7111cdd4c81c None None] PATH_INFO: `/` {{(pid=43191) log_request_info /opt/stack/keystone/keystone/server/flask/request_processing/req_logging.py:29}}
Apr 14 10:32:59 user devstack@keystone.service[43191]: [pid: 43191|app: 0|req: 54/160] 10.0.0.210 () {54 vars in 920 bytes} [Fri Apr 14 10:32:59 2023] GET /identity => generated 269 bytes in 3 msecs (HTTP/1.1 300) 6 headers in 233 bytes (1 switches on core 0)
Apr 14 10:32:59 user devstack@keystone.service[43192]: DEBUG keystone.server.flask.request_processing.req_logging [None req-80609129-3170-4408-922f-f5b8144cea67 None None] REQUEST_METHOD: `POST` {{(pid=43192) log_request_info /opt/stack/keystone/keystone/server/flask/request_processing/req_logging.py:27}}
Apr 14 10:32:59 user devstack@keystone.service[43192]: DEBUG keystone.server.flask.request_processing.req_logging [None req-80609129-3170-4408-922f-f5b8144cea67 None None] SCRIPT_NAME: `/identity` {{(pid=43192) log_request_info /opt/stack/keystone/keystone/server/flask/request_processing/req_logging.py:28}}
Apr 14 10:32:59 user devstack@keystone.service[43192]: DEBUG keystone.server.flask.request_processing.req_logging [None req-80609129-3170-4408-922f-f5b8144cea67 None None] PATH_INFO: `/v3/auth/tokens` {{(pid=43192) log_request_info /opt/stack/keystone/keystone/server/flask/request_processing/req_logging.py:29}}
Apr 14 10:32:59 user devstack@keystone.service[43192]: WARNING keystone.common.password_hashing [None req-80609129-3170-4408-922f-f5b8144cea67 None None] Truncating password to algorithm specific maximum length 54 characters.
Apr 14 10:32:59 user devstack@keystone.service[43192]: DEBUG keystone.auth.core [None req-80609129-3170-4408-922f-f5b8144cea67 None None] MFA Rules not processed for user `14a11c7152d54db397dc73b8f00c3b6f`. Rule list: `[]` (Enabled: `True`). {{(pid=43192) check_auth_methods_against_rules /opt/stack/keystone/keystone/auth/core.py:438}}
Apr 14 10:32:59 user devstack@keystone.service[43192]: DEBUG keystone.common.fernet_utils [None req-80609129-3170-4408-922f-f5b8144cea67 None None] Loaded 2 Fernet keys from /etc/keystone/fernet-keys/, but `[fernet_tokens] max_active_keys = 3`; perhaps there have not been enough key rotations to reach `max_active_keys` yet? {{(pid=43192) load_keys /opt/stack/keystone/keystone/common/fernet_utils.py:286}}
Apr 14 10:32:59 user devstack@keystone.service[43192]: [pid: 43192|app: 0|req: 53/161] 10.0.0.210 () {58 vars in 1017 bytes} [Fri Apr 14 10:32:59 2023] POST /identity/v3/auth/tokens => generated 798 bytes in 80 msecs (HTTP/1.1 201) 6 headers in 363 bytes (1 switches on core 0)
Apr 14 10:32:59 user devstack@keystone.service[43190]: DEBUG keystone.server.flask.request_processing.req_logging [None req-6d948200-79e7-4bdb-8290-a6497aef4d9c None None] REQUEST_METHOD: `GET` {{(pid=43190) log_request_info /opt/stack/keystone/keystone/server/flask/request_processing/req_logging.py:27}}
Apr 14 10:32:59 user devstack@keystone.service[43190]: DEBUG keystone.server.flask.request_processing.req_logging [None req-6d948200-79e7-4bdb-8290-a6497aef4d9c None None] SCRIPT_NAME: `/identity` {{(pid=43190) log_request_info /opt/stack/keystone/keystone/server/flask/request_processing/req_logging.py:28}}
Apr 14 10:32:59 user devstack@keystone.service[43190]: DEBUG keystone.server.flask.request_processing.req_logging [None req-6d948200-79e7-4bdb-8290-a6497aef4d9c None None] PATH_INFO: `/` {{(pid=43190) log_request_info /opt/stack/keystone/keystone/server/flask/request_processing/req_logging.py:29}}
Apr 14 10:32:59 user devstack@keystone.service[43190]: [pid: 43190|app: 0|req: 55/162] 10.0.0.210 () {54 vars in 920 bytes} [Fri Apr 14 10:32:59 2023] GET /identity => generated 269 bytes in 3 msecs (HTTP/1.1 300) 6 headers in 233 bytes (1 switches on core 0)
Apr 14 10:32:59 user devstack@keystone.service[43191]: DEBUG keystone.server.flask.request_processing.req_logging [None req-937b6ff6-8022-4344-b64e-2a1b157a7026 None None] REQUEST_METHOD: `POST` {{(pid=43191) log_request_info /opt/stack/keystone/keystone/server/flask/request_processing/req_logging.py:27}}
Apr 14 10:32:59 user devstack@keystone.service[43191]: DEBUG keystone.server.flask.request_processing.req_logging [None req-937b6ff6-8022-4344-b64e-2a1b157a7026 None None] SCRIPT_NAME: `/identity` {{(pid=43191) log_request_info /opt/stack/keystone/keystone/server/flask/request_processing/req_logging.py:28}}
Apr 14 10:32:59 user devstack@keystone.service[43191]: DEBUG keystone.server.flask.request_processing.req_logging [None req-937b6ff6-8022-4344-b64e-2a1b157a7026 None None] PATH_INFO: `/v3/auth/tokens` {{(pid=43191) log_request_info /opt/stack/keystone/keystone/server/flask/request_processing/req_logging.py:29}}
Apr 14 10:32:59 user devstack@keystone.service[43191]: WARNING keystone.common.password_hashing [None req-937b6ff6-8022-4344-b64e-2a1b157a7026 None None] Truncating password to algorithm specific maximum length 54 characters.
Apr 14 10:32:59 user devstack@keystone.service[43191]: DEBUG keystone.auth.core [None req-937b6ff6-8022-4344-b64e-2a1b157a7026 None None] MFA Rules not processed for user `14a11c7152d54db397dc73b8f00c3b6f`. Rule list: `[]` (Enabled: `True`). {{(pid=43191) check_auth_methods_against_rules /opt/stack/keystone/keystone/auth/core.py:438}}
Apr 14 10:32:59 user devstack@keystone.service[43191]: DEBUG keystone.common.fernet_utils [None req-937b6ff6-8022-4344-b64e-2a1b157a7026 None None] Loaded 2 Fernet keys from /etc/keystone/fernet-keys/, but `[fernet_tokens] max_active_keys = 3`; perhaps there have not been enough key rotations to reach `max_active_keys` yet? {{(pid=43191) load_keys /opt/stack/keystone/keystone/common/fernet_utils.py:286}}
Apr 14 10:32:59 user devstack@keystone.service[43192]: DEBUG keystone.server.flask.request_processing.req_logging [None req-34aba4b6-8ade-4c85-aa01-437673ff1720 None None] REQUEST_METHOD: `GET` {{(pid=43192) log_request_info /opt/stack/keystone/keystone/server/flask/request_processing/req_logging.py:27}}
Apr 14 10:32:59 user devstack@keystone.service[43192]: DEBUG keystone.server.flask.request_processing.req_logging [None req-34aba4b6-8ade-4c85-aa01-437673ff1720 None None] SCRIPT_NAME: `/identity` {{(pid=43192) log_request_info /opt/stack/keystone/keystone/server/flask/request_processing/req_logging.py:28}}
Apr 14 10:32:59 user devstack@keystone.service[43192]: DEBUG keystone.server.flask.request_processing.req_logging [None req-34aba4b6-8ade-4c85-aa01-437673ff1720 None None] PATH_INFO: `/` {{(pid=43192) log_request_info /opt/stack/keystone/keystone/server/flask/request_processing/req_logging.py:29}}
Apr 14 10:32:59 user devstack@keystone.service[43192]: [pid: 43192|app: 0|req: 54/163] 10.0.0.210 () {54 vars in 920 bytes} [Fri Apr 14 10:32:59 2023] GET /identity => generated 269 bytes in 2 msecs (HTTP/1.1 300) 6 headers in 233 bytes (1 switches on core 0)
Apr 14 10:32:59 user devstack@keystone.service[43191]: DEBUG dbcounter [-] [43191] Writing DB stats keystone:SELECT=97,keystone:INSERT=3 {{(pid=43191) stat_writer /usr/local/lib/python3.10/dist-packages/dbcounter.py:117}}
Apr 14 10:32:59 user devstack@keystone.service[43190]: DEBUG keystone.server.flask.request_processing.req_logging [None req-3c2f3b65-a9f1-4273-867a-12e9739a4e58 None None] REQUEST_METHOD: `POST` {{(pid=43190) log_request_info /opt/stack/keystone/keystone/server/flask/request_processing/req_logging.py:27}}
Apr 14 10:32:59 user devstack@keystone.service[43190]: DEBUG keystone.server.flask.request_processing.req_logging [None req-3c2f3b65-a9f1-4273-867a-12e9739a4e58 None None] SCRIPT_NAME: `/identity` {{(pid=43190) log_request_info /opt/stack/keystone/keystone/server/flask/request_processing/req_logging.py:28}}
Apr 14 10:32:59 user devstack@keystone.service[43190]: DEBUG keystone.server.flask.request_processing.req_logging [None req-3c2f3b65-a9f1-4273-867a-12e9739a4e58 None None] PATH_INFO: `/v3/auth/tokens` {{(pid=43190) log_request_info /opt/stack/keystone/keystone/server/flask/request_processing/req_logging.py:29}}
Apr 14 10:32:59 user devstack@keystone.service[43190]: WARNING keystone.common.password_hashing [None req-3c2f3b65-a9f1-4273-867a-12e9739a4e58 None None] Truncating password to algorithm specific maximum length 54 characters.
Apr 14 10:32:59 user devstack@keystone.service[43190]: DEBUG keystone.auth.core [None req-3c2f3b65-a9f1-4273-867a-12e9739a4e58 None None] MFA Rules not processed for user `14a11c7152d54db397dc73b8f00c3b6f`. Rule list: `[]` (Enabled: `True`). {{(pid=43190) check_auth_methods_against_rules /opt/stack/keystone/keystone/auth/core.py:438}}
Apr 14 10:32:59 user devstack@keystone.service[43190]: DEBUG keystone.common.fernet_utils [None req-3c2f3b65-a9f1-4273-867a-12e9739a4e58 None None] Loaded 2 Fernet keys from /etc/keystone/fernet-keys/, but `[fernet_tokens] max_active_keys = 3`; perhaps there have not been enough key rotations to reach `max_active_keys` yet? {{(pid=43190) load_keys /opt/stack/keystone/keystone/common/fernet_utils.py:286}}
Apr 14 10:32:59 user devstack@keystone.service[43191]: [pid: 43191|app: 0|req: 55/164] 10.0.0.210 () {58 vars in 1017 bytes} [Fri Apr 14 10:32:59 2023] POST /identity/v3/auth/tokens => generated 798 bytes in 79 msecs (HTTP/1.1 201) 6 headers in 363 bytes (1 switches on core 0)
Apr 14 10:32:59 user devstack@keystone.service[43190]: [pid: 43190|app: 0|req: 56/165] 10.0.0.210 () {58 vars in 1017 bytes} [Fri Apr 14 10:32:59 2023] POST /identity/v3/auth/tokens => generated 798 bytes in 88 msecs (HTTP/1.1 201) 6 headers in 363 bytes (1 switches on core 0)
Apr 14 10:32:59 user devstack@keystone.service[43192]: DEBUG keystone.server.flask.request_processing.req_logging [None req-531c9c64-3254-42fb-978a-69f7d80c5640 None None] REQUEST_METHOD: `GET` {{(pid=43192) log_request_info /opt/stack/keystone/keystone/server/flask/request_processing/req_logging.py:27}}
