Apr 14 10:33:18 user devstack@keystone.service[43191]: DEBUG keystone.server.flask.request_processing.middleware.auth_context [None req-6aa9ddcd-1ec8-4617-b3f7-4040e48335f8 None admin] RBAC: auth_context: {'token': , 'domain_id': None, 'trust_id': None, 'trustor_id': None, 'trustee_id': None, 'domain_name': None, 'group_ids': [], 'user_id': '14a11c7152d54db397dc73b8f00c3b6f', 'user_domain_id': 'default', 'system_scope': 'all', 'project_id': None, 'project_domain_id': None, 'roles': ['admin', 'member', 'reader'], 'is_admin_project': True, 'service_user_id': None, 'service_user_domain_id': None, 'service_project_id': None, 'service_project_domain_id': None, 'service_roles': []} {{(pid=43191) fill_context /opt/stack/keystone/keystone/server/flask/request_processing/middleware/auth_context.py:478}}
Apr 14 10:33:18 user devstack@keystone.service[43191]: DEBUG keystone.server.flask.request_processing.req_logging [None req-6aa9ddcd-1ec8-4617-b3f7-4040e48335f8 None admin] REQUEST_METHOD: `GET` {{(pid=43191) log_request_info /opt/stack/keystone/keystone/server/flask/request_processing/req_logging.py:27}}
Apr 14 10:33:18 user devstack@keystone.service[43191]: DEBUG keystone.server.flask.request_processing.req_logging [None req-6aa9ddcd-1ec8-4617-b3f7-4040e48335f8 None admin] SCRIPT_NAME: `/identity` {{(pid=43191) log_request_info /opt/stack/keystone/keystone/server/flask/request_processing/req_logging.py:28}}
Apr 14 10:33:18 user devstack@keystone.service[43191]: DEBUG keystone.server.flask.request_processing.req_logging [None req-6aa9ddcd-1ec8-4617-b3f7-4040e48335f8 None admin] PATH_INFO: `/v3/domains` {{(pid=43191) log_request_info /opt/stack/keystone/keystone/server/flask/request_processing/req_logging.py:29}}
Apr 14 10:33:18 user devstack@keystone.service[43191]: DEBUG keystone.common.rbac_enforcer.enforcer [None req-6aa9ddcd-1ec8-4617-b3f7-4040e48335f8 None admin] RBAC: Adding query filter params (name=Default) {{(pid=43191) _extract_filter_values /opt/stack/keystone/keystone/common/rbac_enforcer/enforcer.py:167}}
Apr 14 10:33:18 user devstack@keystone.service[43191]: DEBUG keystone.common.rbac_enforcer.enforcer [None req-6aa9ddcd-1ec8-4617-b3f7-4040e48335f8 None admin] RBAC: Authorizing `identity:list_domains()` {{(pid=43191) enforce_call /opt/stack/keystone/keystone/common/rbac_enforcer/enforcer.py:449}}
Apr 14 10:33:18 user devstack@keystone.service[43191]: DEBUG keystone.common.rbac_enforcer.enforcer [None req-6aa9ddcd-1ec8-4617-b3f7-4040e48335f8 None admin] RBAC: Authorization granted {{(pid=43191) enforce_call /opt/stack/keystone/keystone/common/rbac_enforcer/enforcer.py:457}}
Apr 14 10:33:18 user devstack@keystone.service[43192]: DEBUG dbcounter [-] [43192] Writing DB stats keystone:SELECT=100 {{(pid=43192) stat_writer /usr/local/lib/python3.10/dist-packages/dbcounter.py:117}}
Apr 14 10:33:18 user devstack@keystone.service[43191]: [pid: 43191|app: 0|req: 115/343] 10.0.0.210 () {56 vars in 1104 bytes} [Fri Apr 14 10:33:18 2023] GET /identity/v3/domains?name=Default => generated 306 bytes in 139 msecs (HTTP/1.1 200) 5 headers in 177 bytes (1 switches on core 0)
Apr 14 10:33:18 user devstack@keystone.service[43191]: DEBUG keystone.server.flask.request_processing.middleware.auth_context [None req-6aa9ddcd-1ec8-4617-b3f7-4040e48335f8 None admin] Authenticating user token {{(pid=43191) process_request /usr/local/lib/python3.10/dist-packages/keystonemiddleware/auth_token/__init__.py:406}}
Apr 14 10:33:18 user devstack@keystone.service[43192]: [pid: 43192|app: 0|req: 116/344] 10.0.0.210 () {58 vars in 1017 bytes} [Fri Apr 14 10:33:18 2023] POST /identity/v3/auth/tokens => generated 798 bytes in 89 msecs (HTTP/1.1 201) 6 headers in 363 bytes (1 switches on core 0)
Apr 14 10:33:18 user devstack@keystone.service[43190]: DEBUG keystone.server.flask.request_processing.middleware.auth_context [None req-abc8a4a9-f68b-48d0-8674-bd310582b314 None None] Validating token access rules against request {{(pid=43190) validate_allowed_request /usr/local/lib/python3.10/dist-packages/keystonemiddleware/auth_token/__init__.py:544}}
Apr 14 10:33:18 user devstack@keystone.service[43191]: DEBUG keystone.server.flask.request_processing.middleware.auth_context [None req-6aa9ddcd-1ec8-4617-b3f7-4040e48335f8 None admin] Validating token access rules against request {{(pid=43191) validate_allowed_request /usr/local/lib/python3.10/dist-packages/keystonemiddleware/auth_token/__init__.py:544}}
Apr 14 10:33:18 user devstack@keystone.service[43190]: DEBUG keystone.server.flask.request_processing.middleware.auth_context [None req-a0df99a2-784b-4334-b5ee-5393284b2c4a None admin] RBAC: auth_context: {'token': , 'domain_id': None, 'trust_id': None, 'trustor_id': None, 'trustee_id': None, 'domain_name': None, 'group_ids': [], 'user_id': '14a11c7152d54db397dc73b8f00c3b6f', 'user_domain_id': 'default', 'system_scope': 'all', 'project_id': None, 'project_domain_id': None, 'roles': ['admin', 'member', 'reader'], 'is_admin_project': True, 'service_user_id': None, 'service_user_domain_id': None, 'service_project_id': None, 'service_project_domain_id': None, 'service_roles': []} {{(pid=43190) fill_context /opt/stack/keystone/keystone/server/flask/request_processing/middleware/auth_context.py:478}}
Apr 14 10:33:18 user devstack@keystone.service[43190]: DEBUG keystone.server.flask.request_processing.req_logging [None req-a0df99a2-784b-4334-b5ee-5393284b2c4a None admin] REQUEST_METHOD: `GET` {{(pid=43190) log_request_info /opt/stack/keystone/keystone/server/flask/request_processing/req_logging.py:27}}
Apr 14 10:33:18 user devstack@keystone.service[43190]: DEBUG keystone.server.flask.request_processing.req_logging [None req-a0df99a2-784b-4334-b5ee-5393284b2c4a None admin] SCRIPT_NAME: `/identity` {{(pid=43190) log_request_info /opt/stack/keystone/keystone/server/flask/request_processing/req_logging.py:28}}
Apr 14 10:33:18 user devstack@keystone.service[43190]: DEBUG keystone.server.flask.request_processing.req_logging [None req-a0df99a2-784b-4334-b5ee-5393284b2c4a None admin] PATH_INFO: `/v3/domains/Default` {{(pid=43190) log_request_info /opt/stack/keystone/keystone/server/flask/request_processing/req_logging.py:29}}
Apr 14 10:33:18 user devstack@keystone.service[43190]: DEBUG keystone.common.rbac_enforcer.enforcer [None req-a0df99a2-784b-4334-b5ee-5393284b2c4a None admin] RBAC: Authorizing `identity:get_domain(domain_id=Default)` {{(pid=43190) enforce_call /opt/stack/keystone/keystone/common/rbac_enforcer/enforcer.py:449}}
Apr 14 10:33:18 user devstack@keystone.service[43190]: DEBUG keystone.common.rbac_enforcer.enforcer [None req-a0df99a2-784b-4334-b5ee-5393284b2c4a None admin] RBAC: Authorization granted {{(pid=43190) enforce_call /opt/stack/keystone/keystone/common/rbac_enforcer/enforcer.py:457}}
Apr 14 10:33:18 user devstack@keystone.service[43191]: DEBUG dbcounter [-] [43191] Writing DB stats keystone:SELECT=100 {{(pid=43191) stat_writer /usr/local/lib/python3.10/dist-packages/dbcounter.py:117}}
Apr 14 10:33:18 user devstack@keystone.service[43191]: DEBUG keystone.server.flask.request_processing.middleware.auth_context [None req-337f3921-febb-4175-87c1-4ad71402d4af None admin] RBAC: auth_context: {'token': , 'domain_id': None, 'trust_id': None, 'trustor_id': None, 'trustee_id': None, 'domain_name': None, 'group_ids': [], 'user_id': '14a11c7152d54db397dc73b8f00c3b6f', 'user_domain_id': 'default', 'system_scope': 'all', 'project_id': None, 'project_domain_id': None, 'roles': ['admin', 'member', 'reader'], 'is_admin_project': True, 'service_user_id': None, 'service_user_domain_id': None, 'service_project_id': None, 'service_project_domain_id': None, 'service_roles': []} {{(pid=43191) fill_context /opt/stack/keystone/keystone/server/flask/request_processing/middleware/auth_context.py:478}}
Apr 14 10:33:18 user devstack@keystone.service[43191]: DEBUG keystone.server.flask.request_processing.req_logging [None req-337f3921-febb-4175-87c1-4ad71402d4af None admin] REQUEST_METHOD: `POST` {{(pid=43191) log_request_info /opt/stack/keystone/keystone/server/flask/request_processing/req_logging.py:27}}
Apr 14 10:33:18 user devstack@keystone.service[43191]: DEBUG keystone.server.flask.request_processing.req_logging [None req-337f3921-febb-4175-87c1-4ad71402d4af None admin] SCRIPT_NAME: `/identity` {{(pid=43191) log_request_info /opt/stack/keystone/keystone/server/flask/request_processing/req_logging.py:28}}
Apr 14 10:33:18 user devstack@keystone.service[43191]: DEBUG keystone.server.flask.request_processing.req_logging [None req-337f3921-febb-4175-87c1-4ad71402d4af None admin] PATH_INFO: `/v3/users` {{(pid=43191) log_request_info /opt/stack/keystone/keystone/server/flask/request_processing/req_logging.py:29}}
Apr 14 10:33:18 user devstack@keystone.service[43191]: DEBUG keystone.common.rbac_enforcer.enforcer [None req-337f3921-febb-4175-87c1-4ad71402d4af None admin] RBAC: Authorizing `identity:create_user()` {{(pid=43191) enforce_call /opt/stack/keystone/keystone/common/rbac_enforcer/enforcer.py:449}}
Apr 14 10:33:18 user devstack@keystone.service[43191]: DEBUG keystone.common.rbac_enforcer.enforcer [None req-337f3921-febb-4175-87c1-4ad71402d4af None admin] RBAC: Authorization granted {{(pid=43191) enforce_call /opt/stack/keystone/keystone/common/rbac_enforcer/enforcer.py:457}}
Apr 14 10:33:18 user devstack@keystone.service[43190]: ERROR keystone.server.flask.application [None req-a0df99a2-784b-4334-b5ee-5393284b2c4a None admin] Could not find domain: Default.: keystone.exception.DomainNotFound: Could not find domain: Default.
Apr 14 10:33:18 user devstack@keystone.service[43190]: ERROR keystone.server.flask.application
Traceback (most recent call last):
Apr 14 10:33:18 user devstack@keystone.service[43190]: ERROR keystone.server.flask.application
File "/usr/local/lib/python3.10/dist-packages/flask/app.py", line 1823, in full_dispatch_request
Apr 14 10:33:18 user devstack@keystone.service[43190]: ERROR keystone.server.flask.application rv = self.dispatch_request()
Apr 14 10:33:18 user devstack@keystone.service[43190]: ERROR keystone.server.flask.application
File "/usr/local/lib/python3.10/dist-packages/flask/app.py", line 1799, in dispatch_request
Apr 14 10:33:18 user devstack@keystone.service[43190]: ERROR keystone.server.flask.application return self.ensure_sync(self.view_functions[rule.endpoint])(**view_args)
Apr 14 10:33:18 user devstack@keystone.service[43190]: ERROR keystone.server.flask.application
File "/usr/local/lib/python3.10/dist-packages/flask_restful/__init__.py", line 467, in wrapper
Apr 14 10:33:18 user devstack@keystone.service[43190]: ERROR keystone.server.flask.application resp = resource(*args, **kwargs)
Apr 14 10:33:18 user devstack@keystone.service[43190]: ERROR keystone.server.flask.application
File "/usr/local/lib/python3.10/dist-packages/flask/views.py", line 107, in view
Apr 14 10:33:18 user devstack@keystone.service[43190]: ERROR keystone.server.flask.application return current_app.ensure_sync(self.dispatch_request)(**kwargs)
Apr 14 10:33:18 user devstack@keystone.service[43190]: ERROR keystone.server.flask.application
File "/usr/local/lib/python3.10/dist-packages/flask_restful/__init__.py", line 582, in dispatch_request
Apr 14 10:33:18 user devstack@keystone.service[43190]: ERROR keystone.server.flask.application resp = meth(*args, **kwargs)
Apr 14 10:33:18 user devstack@keystone.service[43190]: ERROR keystone.server.flask.application
File "/opt/stack/keystone/keystone/api/domains.py", line 89, in get
Apr 14 10:33:18 user devstack@keystone.service[43190]: ERROR keystone.server.flask.application return self._get_domain(domain_id)
Apr 14 10:33:18 user devstack@keystone.service[43190]: ERROR keystone.server.flask.application
File "/opt/stack/keystone/keystone/api/domains.py", line 97, in _get_domain
Apr 14 10:33:18 user devstack@keystone.service[43190]: ERROR keystone.server.flask.application domain = PROVIDERS.resource_api.get_domain(domain_id)
Apr 14 10:33:18 user devstack@keystone.service[43190]: ERROR keystone.server.flask.application
File "/opt/stack/keystone/keystone/common/manager.py", line 115, in wrapped
Apr 14 10:33:18 user devstack@keystone.service[43190]: ERROR keystone.server.flask.application __ret_val = __f(*args, **kwargs)
Apr 14 10:33:18 user devstack@keystone.service[43190]: ERROR keystone.server.flask.application
File "/usr/local/lib/python3.10/dist-packages/decorator.py", line 232, in fun
Apr 14 10:33:18 user devstack@keystone.service[43190]: ERROR keystone.server.flask.application return caller(func, *(extras + args), **kw)
Apr 14 10:33:18 user devstack@keystone.service[43190]: ERROR keystone.server.flask.application
File "/usr/local/lib/python3.10/dist-packages/dogpile/cache/region.py", line 1577, in get_or_create_for_user_func
Apr 14 10:33:18 user devstack@keystone.service[43190]: ERROR keystone.server.flask.application return self.get_or_create(
Apr 14 10:33:18 user devstack@keystone.service[43190]: ERROR keystone.server.flask.application
File "/usr/local/lib/python3.10/dist-packages/dogpile/cache/region.py", line 1042, in get_or_create
Apr 14 10:33:18 user devstack@keystone.service[43190]: ERROR keystone.server.flask.application with Lock(
Apr 14 10:33:18 user devstack@keystone.service[43190]: ERROR keystone.server.flask.application
File "/usr/local/lib/python3.10/dist-packages/dogpile/lock.py", line 185, in __enter__
Apr 14 10:33:18 user devstack@keystone.service[43190]: ERROR keystone.server.flask.application return self._enter()
Apr 14 10:33:18 user devstack@keystone.service[43190]: ERROR keystone.server.flask.application
File "/usr/local/lib/python3.10/dist-packages/dogpile/lock.py", line 94, in _enter
Apr 14 10:33:18 user devstack@keystone.service[43190]: ERROR keystone.server.flask.application generated = self._enter_create(value, createdtime)
Apr 14 10:33:18 user devstack@keystone.service[43190]: ERROR keystone.server.flask.application
File "/usr/local/lib/python3.10/dist-packages/dogpile/lock.py", line 178, in _enter_create
Apr 14 10:33:18 user devstack@keystone.service[43190]: ERROR keystone.server.flask.application return self.creator()
Apr 14 10:33:18 user devstack@keystone.service[43190]: ERROR keystone.server.flask.application
File "/usr/local/lib/python3.10/dist-packages/dogpile/cache/region.py", line 995, in gen_value
Apr 14 10:33:18 user devstack@keystone.service[43190]: ERROR keystone.server.flask.application created_value = creator(
Apr 14 10:33:18 user devstack@keystone.service[43190]: ERROR keystone.server.flask.application
File "/opt/stack/keystone/keystone/resource/core.py", line 716, in get_domain
Apr 14 10:33:18 user devstack@keystone.service[43190]: ERROR keystone.server.flask.application raise exception.DomainNotFound(domain_id=domain_id)
Apr 14 10:33:18 user devstack@keystone.service[43190]: ERROR keystone.server.flask.application keystone.exception.DomainNotFound: Could not find domain: Default.
Apr 14 10:33:18 user devstack@keystone.service[43190]: ERROR keystone.server.flask.application
Apr 14 10:33:18 user devstack@keystone.service[43190]: [pid: 43190|app: 0|req: 114/345] 10.0.0.210 () {56 vars in 1103 bytes} [Fri Apr 14 10:33:18 2023] GET /identity/v3/domains/Default => generated 87 bytes in 161 msecs (HTTP/1.1 404) 5 headers in 183 bytes (1 switches on core 0)
Apr 14 10:33:18 user devstack@keystone.service[43191]: WARNING keystone.common.password_hashing [None req-337f3921-febb-4175-87c1-4ad71402d4af None admin] Truncating password to algorithm specific maximum length 54 characters.
Apr 14 10:33:18 user devstack@keystone.service[43192]: DEBUG keystone.server.flask.request_processing.middleware.auth_context [None req-2ee00bf4-2aaf-4df2-bfe2-c587d577f918 None None] Authenticating user token {{(pid=43192) process_request /usr/local/lib/python3.10/dist-packages/keystonemiddleware/auth_token/__init__.py:406}}
Apr 14 10:33:18 user devstack@keystone.service[43191]: [pid: 43191|app: 0|req: 116/346] 10.0.0.210 () {60 vars in 1127 bytes} [Fri Apr 14 10:33:18 2023] POST /identity/v3/users => generated 245 bytes in 140 msecs (HTTP/1.1 201) 5 headers in 182 bytes (2 switches on core 0)
Apr 14 10:33:18 user devstack@keystone.service[43190]: DEBUG keystone.server.flask.request_processing.req_logging [None req-fb6973da-1492-49b4-adcc-7ec3df2f7c6d None None] REQUEST_METHOD: `GET` {{(pid=43190) log_request_info /opt/stack/keystone/keystone/server/flask/request_processing/req_logging.py:27}}
Apr 14 10:33:18 user devstack@keystone.service[43190]: DEBUG keystone.server.flask.request_processing.req_logging [None req-fb6973da-1492-49b4-adcc-7ec3df2f7c6d None None] SCRIPT_NAME: `/identity` {{(pid=43190) log_request_info /opt/stack/keystone/keystone/server/flask/request_processing/req_logging.py:28}}
Apr 14 10:33:18 user devstack@keystone.service[43190]: DEBUG keystone.server.flask.request_processing.req_logging [None req-fb6973da-1492-49b4-adcc-7ec3df2f7c6d None None] PATH_INFO: `/` {{(pid=43190) log_request_info /opt/stack/keystone/keystone/server/flask/request_processing/req_logging.py:29}}
Apr 14 10:33:18 user devstack@keystone.service[43190]: [pid: 43190|app: 0|req: 115/347] 10.0.0.210 () {54 vars in 920 bytes} [Fri Apr 14 10:33:18 2023] GET /identity => generated 269 bytes in 3 msecs (HTTP/1.1 300) 6 headers in 233 bytes (1 switches on core 0)
Apr 14 10:33:18 user devstack@keystone.service[43191]: DEBUG keystone.server.flask.request_processing.req_logging [None req-9d8db001-3b4a-4970-afe4-8bd7d8bc084b None None] REQUEST_METHOD: `POST` {{(pid=43191) log_request_info /opt/stack/keystone/keystone/server/flask/request_processing/req_logging.py:27}}
Apr 14 10:33:18 user devstack@keystone.service[43191]: DEBUG keystone.server.flask.request_processing.req_logging [None req-9d8db001-3b4a-4970-afe4-8bd7d8bc084b None None] SCRIPT_NAME: `/identity` {{(pid=43191) log_request_info /opt/stack/keystone/keystone/server/flask/request_processing/req_logging.py:28}}
Apr 14 10:33:18 user devstack@keystone.service[43191]: DEBUG keystone.server.flask.request_processing.req_logging [None req-9d8db001-3b4a-4970-afe4-8bd7d8bc084b None None] PATH_INFO: `/v3/auth/tokens` {{(pid=43191) log_request_info /opt/stack/keystone/keystone/server/flask/request_processing/req_logging.py:29}}
Apr 14 10:33:18 user devstack@keystone.service[43191]: WARNING keystone.common.password_hashing [None req-9d8db001-3b4a-4970-afe4-8bd7d8bc084b None None] Truncating password to algorithm specific maximum length 54 characters.
Apr 14 10:33:18 user devstack@keystone.service[43192]: DEBUG keystone.server.flask.request_processing.middleware.auth_context [None req-2ee00bf4-2aaf-4df2-bfe2-c587d577f918 None None] Validating token access rules against request {{(pid=43192) validate_allowed_request /usr/local/lib/python3.10/dist-packages/keystonemiddleware/auth_token/__init__.py:544}}
Apr 14 10:33:18 user devstack@keystone.service[43191]: DEBUG keystone.auth.core [None req-9d8db001-3b4a-4970-afe4-8bd7d8bc084b None None] MFA Rules not processed for user `14a11c7152d54db397dc73b8f00c3b6f`. Rule list: `[]` (Enabled: `True`). {{(pid=43191) check_auth_methods_against_rules /opt/stack/keystone/keystone/auth/core.py:438}}
Apr 14 10:33:18 user devstack@keystone.service[43191]: DEBUG keystone.common.fernet_utils [None req-9d8db001-3b4a-4970-afe4-8bd7d8bc084b None None] Loaded 2 Fernet keys from /etc/keystone/fernet-keys/, but `[fernet_tokens] max_active_keys = 3`; perhaps there have not been enough key rotations to reach `max_active_keys` yet? {{(pid=43191) load_keys /opt/stack/keystone/keystone/common/fernet_utils.py:286}}
Apr 14 10:33:18 user devstack@keystone.service[43190]: DEBUG keystone.server.flask.request_processing.middleware.auth_context [None req-fb6973da-1492-49b4-adcc-7ec3df2f7c6d None None] Authenticating user token {{(pid=43190) process_request /usr/local/lib/python3.10/dist-packages/keystonemiddleware/auth_token/__init__.py:406}}
Apr 14 10:33:18 user devstack@keystone.service[43192]: DEBUG keystone.server.flask.request_processing.middleware.auth_context [None req-63d68c27-344b-4b76-9f6c-173d04c928fe None admin] RBAC: auth_context: {'token': , 'domain_id': None, 'trust_id': None, 'trustor_id': None, 'trustee_id': None, 'domain_name': None, 'group_ids': [], 'user_id': '14a11c7152d54db397dc73b8f00c3b6f', 'user_domain_id': 'default', 'system_scope': 'all', 'project_id': None, 'project_domain_id': None, 'roles': ['admin', 'member', 'reader'], 'is_admin_project': True, 'service_user_id': None, 'service_user_domain_id': None, 'service_project_id': None, 'service_project_domain_id': None, 'service_roles': []} {{(pid=43192) fill_context /opt/stack/keystone/keystone/server/flask/request_processing/middleware/auth_context.py:478}}
Apr 14 10:33:18 user devstack@keystone.service[43192]: DEBUG keystone.server.flask.request_processing.req_logging [None req-63d68c27-344b-4b76-9f6c-173d04c928fe None admin] REQUEST_METHOD: `GET` {{(pid=43192) log_request_info /opt/stack/keystone/keystone/server/flask/request_processing/req_logging.py:27}}
Apr 14 10:33:18 user devstack@keystone.service[43192]: DEBUG keystone.server.flask.request_processing.req_logging [None req-63d68c27-344b-4b76-9f6c-173d04c928fe None admin] SCRIPT_NAME: `/identity` {{(pid=43192) log_request_info /opt/stack/keystone/keystone/server/flask/request_processing/req_logging.py:28}}
Apr 14 10:33:18 user devstack@keystone.service[43192]: DEBUG keystone.server.flask.request_processing.req_logging [None req-63d68c27-344b-4b76-9f6c-173d04c928fe None admin] PATH_INFO: `/v3/domains` {{(pid=43192) log_request_info /opt/stack/keystone/keystone/server/flask/request_processing/req_logging.py:29}}
Apr 14 10:33:18 user devstack@keystone.service[43192]: DEBUG keystone.common.rbac_enforcer.enforcer [None req-63d68c27-344b-4b76-9f6c-173d04c928fe None admin] RBAC: Adding query filter params (name=Default) {{(pid=43192) _extract_filter_values /opt/stack/keystone/keystone/common/rbac_enforcer/enforcer.py:167}}
Apr 14 10:33:18 user devstack@keystone.service[43192]: DEBUG keystone.common.rbac_enforcer.enforcer [None req-63d68c27-344b-4b76-9f6c-173d04c928fe None admin] RBAC: Authorizing `identity:list_domains()` {{(pid=43192) enforce_call /opt/stack/keystone/keystone/common/rbac_enforcer/enforcer.py:449}}
Apr 14 10:33:18 user devstack@keystone.service[43192]: DEBUG keystone.common.rbac_enforcer.enforcer [None req-63d68c27-344b-4b76-9f6c-173d04c928fe None admin] RBAC: Authorization granted {{(pid=43192) enforce_call /opt/stack/keystone/keystone/common/rbac_enforcer/enforcer.py:457}}
Apr 14 10:33:18 user devstack@keystone.service[43192]: [pid: 43192|app: 0|req: 117/348] 10.0.0.210 () {56 vars in 1104 bytes} [Fri Apr 14 10:33:18 2023] GET /identity/v3/domains?name=Default => generated 306 bytes in 146 msecs (HTTP/1.1 200) 5 headers in 177 bytes (1 switches on core 0)
Apr 14 10:33:18 user devstack@keystone.service[43192]: DEBUG keystone.server.flask.request_processing.middleware.auth_context [None req-63d68c27-344b-4b76-9f6c-173d04c928fe None admin] Authenticating user token {{(pid=43192) process_request /usr/local/lib/python3.10/dist-packages/keystonemiddleware/auth_token/__init__.py:406}}
Apr 14 10:33:18 user devstack@keystone.service[43191]: [pid: 43191|app: 0|req: 117/349] 10.0.0.210 () {58 vars in 1017 bytes} [Fri Apr 14 10:33:18 2023] POST /identity/v3/auth/tokens => generated 798 bytes in 82 msecs (HTTP/1.1 201) 6 headers in 363 bytes (1 switches on core 0)
Apr 14 10:33:18 user devstack@keystone.service[43190]: DEBUG dbcounter [-] [43190] Writing DB stats keystone:SELECT=100 {{(pid=43190) stat_writer /usr/local/lib/python3.10/dist-packages/dbcounter.py:117}}
Apr 14 10:33:18 user devstack@keystone.service[43192]: DEBUG dbcounter [-] [43192] Writing DB stats keystone:SELECT=100 {{(pid=43192) stat_writer /usr/local/lib/python3.10/dist-packages/dbcounter.py:117}}
Apr 14 10:33:18 user devstack@keystone.service[43190]: DEBUG keystone.server.flask.request_processing.middleware.auth_context [None req-fb6973da-1492-49b4-adcc-7ec3df2f7c6d None None] Validating token access rules against request {{(pid=43190) validate_allowed_request /usr/local/lib/python3.10/dist-packages/keystonemiddleware/auth_token/__init__.py:544}}
Apr 14 10:33:18 user devstack@keystone.service[43190]: DEBUG keystone.server.flask.request_processing.middleware.auth_context [None req-6d30ebae-8308-45ee-80e5-09a317567f52 None admin] RBAC: auth_context: {'token': , 'domain_id': None, 'trust_id': None, 'trustor_id': None, 'trustee_id': None, 'domain_name': None, 'group_ids': [], 'user_id': '14a11c7152d54db397dc73b8f00c3b6f', 'user_domain_id': 'default', 'system_scope': 'all', 'project_id': None, 'project_domain_id': None, 'roles': ['admin', 'member', 'reader'], 'is_admin_project': True, 'service_user_id': None, 'service_user_domain_id': None, 'service_project_id': None, 'service_project_domain_id': None, 'service_roles': []} {{(pid=43190) fill_context /opt/stack/keystone/keystone/server/flask/request_processing/middleware/auth_context.py:478}}
Apr 14 10:33:18 user devstack@keystone.service[43190]: DEBUG keystone.server.flask.request_processing.req_logging [None req-6d30ebae-8308-45ee-80e5-09a317567f52 None admin] REQUEST_METHOD: `GET` {{(pid=43190) log_request_info /opt/stack/keystone/keystone/server/flask/request_processing/req_logging.py:27}}
Apr 14 10:33:18 user devstack@keystone.service[43190]: DEBUG keystone.server.flask.request_processing.req_logging [None req-6d30ebae-8308-45ee-80e5-09a317567f52 None admin] SCRIPT_NAME: `/identity` {{(pid=43190) log_request_info /opt/stack/keystone/keystone/server/flask/request_processing/req_logging.py:28}}
Apr 14 10:33:18 user devstack@keystone.service[43190]: DEBUG keystone.server.flask.request_processing.req_logging [None req-6d30ebae-8308-45ee-80e5-09a317567f52 None admin] PATH_INFO: `/v3/domains/Default` {{(pid=43190) log_request_info /opt/stack/keystone/keystone/server/flask/request_processing/req_logging.py:29}}
Apr 14 10:33:18 user devstack@keystone.service[43190]: DEBUG keystone.common.rbac_enforcer.enforcer [None req-6d30ebae-8308-45ee-80e5-09a317567f52 None admin] RBAC: Authorizing `identity:get_domain(domain_id=Default)` {{(pid=43190) enforce_call /opt/stack/keystone/keystone/common/rbac_enforcer/enforcer.py:449}}
Apr 14 10:33:18 user devstack@keystone.service[43192]: DEBUG keystone.server.flask.request_processing.middleware.auth_context [None req-63d68c27-344b-4b76-9f6c-173d04c928fe None admin] Validating token access rules against request {{(pid=43192) validate_allowed_request /usr/local/lib/python3.10/dist-packages/keystonemiddleware/auth_token/__init__.py:544}}
Apr 14 10:33:18 user devstack@keystone.service[43190]: DEBUG keystone.common.rbac_enforcer.enforcer [None req-6d30ebae-8308-45ee-80e5-09a317567f52 None admin] RBAC: Authorization granted {{(pid=43190) enforce_call /opt/stack/keystone/keystone/common/rbac_enforcer/enforcer.py:457}}
Apr 14 10:33:18 user devstack@keystone.service[43190]: ERROR keystone.server.flask.application [None req-6d30ebae-8308-45ee-80e5-09a317567f52 None admin] Could not find domain: Default.: keystone.exception.DomainNotFound: Could not find domain: Default.
Apr 14 10:33:18 user devstack@keystone.service[43190]: ERROR keystone.server.flask.application
Traceback (most recent call last):
Apr 14 10:33:18 user devstack@keystone.service[43190]: ERROR keystone.server.flask.application
File "/usr/local/lib/python3.10/dist-packages/flask/app.py", line 1823, in full_dispatch_request
Apr 14 10:33:18 user devstack@keystone.service[43190]: ERROR keystone.server.flask.application rv = self.dispatch_request()
Apr 14 10:33:18 user devstack@keystone.service[43190]: ERROR keystone.server.flask.application
File "/usr/local/lib/python3.10/dist-packages/flask/app.py", line 1799, in dispatch_request
Apr 14 10:33:18 user devstack@keystone.service[43190]: ERROR keystone.server.flask.application return self.ensure_sync(self.view_functions[rule.endpoint])(**view_args)
Apr 14 10:33:18 user devstack@keystone.service[43190]: ERROR keystone.server.flask.application
File "/usr/local/lib/python3.10/dist-packages/flask_restful/__init__.py", line 467, in wrapper
Apr 14 10:33:18 user devstack@keystone.service[43190]: ERROR keystone.server.flask.application resp = resource(*args, **kwargs)
Apr 14 10:33:18 user devstack@keystone.service[43190]: ERROR keystone.server.flask.application
File "/usr/local/lib/python3.10/dist-packages/flask/views.py", line 107, in view
Apr 14 10:33:18 user devstack@keystone.service[43190]: ERROR keystone.server.flask.application return current_app.ensure_sync(self.dispatch_request)(**kwargs)
Apr 14 10:33:18 user devstack@keystone.service[43190]: ERROR keystone.server.flask.application
File "/usr/local/lib/python3.10/dist-packages/flask_restful/__init__.py", line 582, in dispatch_request
Apr 14 10:33:18 user devstack@keystone.service[43190]: ERROR keystone.server.flask.application resp = meth(*args, **kwargs)
Apr 14 10:33:18 user devstack@keystone.service[43190]: ERROR keystone.server.flask.application
File "/opt/stack/keystone/keystone/api/domains.py", line 89, in get
Apr 14 10:33:18 user devstack@keystone.service[43190]: ERROR keystone.server.flask.application return self._get_domain(domain_id)
Apr 14 10:33:18 user devstack@keystone.service[43190]: ERROR keystone.server.flask.application
File "/opt/stack/keystone/keystone/api/domains.py", line 97, in _get_domain
Apr 14 10:33:18 user devstack@keystone.service[43190]: ERROR keystone.server.flask.application domain = PROVIDERS.resource_api.get_domain(domain_id)
Apr 14 10:33:18 user devstack@keystone.service[43190]: ERROR keystone.server.flask.application
File "/opt/stack/keystone/keystone/common/manager.py", line 115, in wrapped
Apr 14 10:33:18 user devstack@keystone.service[43190]: ERROR keystone.server.flask.application __ret_val = __f(*args, **kwargs)
Apr 14 10:33:18 user devstack@keystone.service[43190]: ERROR keystone.server.flask.application
File "/usr/local/lib/python3.10/dist-packages/decorator.py", line 232, in fun
Apr 14 10:33:18 user devstack@keystone.service[43190]: ERROR keystone.server.flask.application return caller(func, *(extras + args), **kw)
Apr 14 10:33:18 user devstack@keystone.service[43190]: ERROR keystone.server.flask.application
File "/usr/local/lib/python3.10/dist-packages/dogpile/cache/region.py", line 1577, in get_or_create_for_user_func
Apr 14 10:33:18 user devstack@keystone.service[43190]: ERROR keystone.server.flask.application return self.get_or_create(
Apr 14 10:33:18 user devstack@keystone.service[43190]: ERROR keystone.server.flask.application
File "/usr/local/lib/python3.10/dist-packages/dogpile/cache/region.py", line 1042, in get_or_create
Apr 14 10:33:18 user devstack@keystone.service[43190]: ERROR keystone.server.flask.application with Lock(
Apr 14 10:33:18 user devstack@keystone.service[43190]: ERROR keystone.server.flask.application
File "/usr/local/lib/python3.10/dist-packages/dogpile/lock.py", line 185, in __enter__
Apr 14 10:33:18 user devstack@keystone.service[43190]: ERROR keystone.server.flask.application return self._enter()
Apr 14 10:33:18 user devstack@keystone.service[43190]: ERROR keystone.server.flask.application
File "/usr/local/lib/python3.10/dist-packages/dogpile/lock.py", line 94, in _enter
Apr 14 10:33:18 user devstack@keystone.service[43190]: ERROR keystone.server.flask.application generated = self._enter_create(value, createdtime)
Apr 14 10:33:18 user devstack@keystone.service[43190]: ERROR keystone.server.flask.application
File "/usr/local/lib/python3.10/dist-packages/dogpile/lock.py", line 178, in _enter_create
Apr 14 10:33:18 user devstack@keystone.service[43190]: ERROR keystone.server.flask.application return self.creator()
Apr 14 10:33:18 user devstack@keystone.service[43190]: ERROR keystone.server.flask.application
File "/usr/local/lib/python3.10/dist-packages/dogpile/cache/region.py", line 995, in gen_value
Apr 14 10:33:18 user devstack@keystone.service[43190]: ERROR keystone.server.flask.application created_value = creator(
Apr 14 10:33:18 user devstack@keystone.service[43190]: ERROR keystone.server.flask.application
File "/opt/stack/keystone/keystone/resource/core.py", line 716, in get_domain
Apr 14 10:33:18 user devstack@keystone.service[43190]: ERROR keystone.server.flask.application raise exception.DomainNotFound(domain_id=domain_id)
Apr 14 10:33:18 user devstack@keystone.service[43190]: ERROR keystone.server.flask.application keystone.exception.DomainNotFound: Could not find domain: Default.
Apr 14 10:33:18 user devstack@keystone.service[43190]: ERROR keystone.server.flask.application
Apr 14 10:33:18 user devstack@keystone.service[43190]: [pid: 43190|app: 0|req: 116/350] 10.0.0.210 () {56 vars in 1103 bytes} [Fri Apr 14 10:33:18 2023] GET /identity/v3/domains/Default => generated 87 bytes in 153 msecs (HTTP/1.1 404) 5 headers in 183 bytes (1 switches on core 0)
Apr 14 10:33:18 user devstack@keystone.service[43191]: DEBUG keystone.server.flask.request_processing.middleware.auth_context [None req-9d8db001-3b4a-4970-afe4-8bd7d8bc084b None None] Authenticating user token {{(pid=43191) process_request /usr/local/lib/python3.10/dist-packages/keystonemiddleware/auth_token/__init__.py:406}}
Apr 14 10:33:18 user devstack@keystone.service[43192]: DEBUG keystone.server.flask.request_processing.middleware.auth_context [None req-42c55707-2dc3-4216-9266-52718108ba69 None admin] RBAC: auth_context: {'token': , 'domain_id': None, 'trust_id': None, 'trustor_id': None, 'trustee_id': None, 'domain_name': None, 'group_ids': [], 'user_id': '14a11c7152d54db397dc73b8f00c3b6f', 'user_domain_id': 'default', 'system_scope': 'all', 'project_id': None, 'project_domain_id': None, 'roles': ['admin', 'member', 'reader'], 'is_admin_project': True, 'service_user_id': None, 'service_user_domain_id': None, 'service_project_id': None, 'service_project_domain_id': None, 'service_roles': []} {{(pid=43192) fill_context /opt/stack/keystone/keystone/server/flask/request_processing/middleware/auth_context.py:478}}
Apr 14 10:33:18 user devstack@keystone.service[43192]: DEBUG keystone.server.flask.request_processing.req_logging [None req-42c55707-2dc3-4216-9266-52718108ba69 None admin] REQUEST_METHOD: `POST` {{(pid=43192) log_request_info /opt/stack/keystone/keystone/server/flask/request_processing/req_logging.py:27}}
Apr 14 10:33:18 user devstack@keystone.service[43192]: DEBUG keystone.server.flask.request_processing.req_logging [None req-42c55707-2dc3-4216-9266-52718108ba69 None admin] SCRIPT_NAME: `/identity` {{(pid=43192) log_request_info /opt/stack/keystone/keystone/server/flask/request_processing/req_logging.py:28}}
Apr 14 10:33:18 user devstack@keystone.service[43192]: DEBUG keystone.server.flask.request_processing.req_logging [None req-42c55707-2dc3-4216-9266-52718108ba69 None admin] PATH_INFO: `/v3/users` {{(pid=43192) log_request_info /opt/stack/keystone/keystone/server/flask/request_processing/req_logging.py:29}}
Apr 14 10:33:18 user devstack@keystone.service[43192]: DEBUG keystone.common.rbac_enforcer.enforcer [None req-42c55707-2dc3-4216-9266-52718108ba69 None admin] RBAC: Authorizing `identity:create_user()` {{(pid=43192) enforce_call /opt/stack/keystone/keystone/common/rbac_enforcer/enforcer.py:449}}
Apr 14 10:33:18 user devstack@keystone.service[43192]: DEBUG keystone.common.rbac_enforcer.enforcer [None req-42c55707-2dc3-4216-9266-52718108ba69 None admin] RBAC: Authorization granted {{(pid=43192) enforce_call /opt/stack/keystone/keystone/common/rbac_enforcer/enforcer.py:457}}
Apr 14 10:33:18 user devstack@keystone.service[43192]: WARNING keystone.common.password_hashing [None req-42c55707-2dc3-4216-9266-52718108ba69 None admin] Truncating password to algorithm specific maximum length 54 characters.
Apr 14 10:33:18 user devstack@keystone.service[43192]: [pid: 43192|app: 0|req: 118/351] 10.0.0.210 () {60 vars in 1127 bytes} [Fri Apr 14 10:33:18 2023] POST /identity/v3/users => generated 247 bytes in 162 msecs (HTTP/1.1 201) 5 headers in 182 bytes (2 switches on core 0)
Apr 14 10:33:18 user devstack@keystone.service[43191]: DEBUG keystone.server.flask.request_processing.middleware.auth_context [None req-9d8db001-3b4a-4970-afe4-8bd7d8bc084b None None] Validating token access rules against request {{(pid=43191) validate_allowed_request /usr/local/lib/python3.10/dist-packages/keystonemiddleware/auth_token/__init__.py:544}}
Apr 14 10:33:18 user devstack@keystone.service[43191]: DEBUG dbcounter [-] [43191] Writing DB stats keystone:SELECT=97,keystone:INSERT=3 {{(pid=43191) stat_writer /usr/local/lib/python3.10/dist-packages/dbcounter.py:117}}
Apr 14 10:33:18 user devstack@keystone.service[43190]: DEBUG keystone.server.flask.request_processing.middleware.auth_context [None req-6d30ebae-8308-45ee-80e5-09a317567f52 None admin] Authenticating user token {{(pid=43190) process_request /usr/local/lib/python3.10/dist-packages/keystonemiddleware/auth_token/__init__.py:406}}
Apr 14 10:33:18 user devstack@keystone.service[43191]: DEBUG keystone.server.flask.request_processing.middleware.auth_context [None req-1be73603-859a-448f-bb9d-e961373392c0 None admin] RBAC: auth_context: {'token': , 'domain_id': None, 'trust_id': None, 'trustor_id': None, 'trustee_id': None, 'domain_name': None, 'group_ids': [], 'user_id': '14a11c7152d54db397dc73b8f00c3b6f', 'user_domain_id': 'default', 'system_scope': 'all', 'project_id': None, 'project_domain_id': None, 'roles': ['admin', 'member', 'reader'], 'is_admin_project': True, 'service_user_id': None, 'service_user_domain_id': None, 'service_project_id': None, 'service_project_domain_id': None, 'service_roles': []} {{(pid=43191) fill_context /opt/stack/keystone/keystone/server/flask/request_processing/middleware/auth_context.py:478}}
Apr 14 10:33:18 user devstack@keystone.service[43191]: DEBUG keystone.server.flask.request_processing.req_logging [None req-1be73603-859a-448f-bb9d-e961373392c0 None admin] REQUEST_METHOD: `GET` {{(pid=43191) log_request_info /opt/stack/keystone/keystone/server/flask/request_processing/req_logging.py:27}}
Apr 14 10:33:18 user devstack@keystone.service[43191]: DEBUG keystone.server.flask.request_processing.req_logging [None req-1be73603-859a-448f-bb9d-e961373392c0 None admin] SCRIPT_NAME: `/identity` {{(pid=43191) log_request_info /opt/stack/keystone/keystone/server/flask/request_processing/req_logging.py:28}}
Apr 14 10:33:18 user devstack@keystone.service[43191]: DEBUG keystone.server.flask.request_processing.req_logging [None req-1be73603-859a-448f-bb9d-e961373392c0 None admin] PATH_INFO: `/v3/domains` {{(pid=43191) log_request_info /opt/stack/keystone/keystone/server/flask/request_processing/req_logging.py:29}}
Apr 14 10:33:18 user devstack@keystone.service[43191]: DEBUG keystone.common.rbac_enforcer.enforcer [None req-1be73603-859a-448f-bb9d-e961373392c0 None admin] RBAC: Adding query filter params (name=Default) {{(pid=43191) _extract_filter_values /opt/stack/keystone/keystone/common/rbac_enforcer/enforcer.py:167}}
Apr 14 10:33:18 user devstack@keystone.service[43191]: DEBUG keystone.common.rbac_enforcer.enforcer [None req-1be73603-859a-448f-bb9d-e961373392c0 None admin] RBAC: Authorizing `identity:list_domains()` {{(pid=43191) enforce_call /opt/stack/keystone/keystone/common/rbac_enforcer/enforcer.py:449}}
Apr 14 10:33:18 user devstack@keystone.service[43191]: DEBUG keystone.common.rbac_enforcer.enforcer [None req-1be73603-859a-448f-bb9d-e961373392c0 None admin] RBAC: Authorization granted {{(pid=43191) enforce_call /opt/stack/keystone/keystone/common/rbac_enforcer/enforcer.py:457}}
Apr 14 10:33:18 user devstack@keystone.service[43191]: [pid: 43191|app: 0|req: 118/352] 10.0.0.210 () {56 vars in 1104 bytes} [Fri Apr 14 10:33:18 2023] GET /identity/v3/domains?name=Default => generated 306 bytes in 149 msecs (HTTP/1.1 200) 5 headers in 177 bytes (1 switches on core 0)
Apr 14 10:33:18 user devstack@keystone.service[43192]: DEBUG keystone.server.flask.request_processing.middleware.auth_context [None req-42c55707-2dc3-4216-9266-52718108ba69 None admin] Authenticating user token {{(pid=43192) process_request /usr/local/lib/python3.10/dist-packages/keystonemiddleware/auth_token/__init__.py:406}}
Apr 14 10:33:19 user devstack@keystone.service[43190]: DEBUG dbcounter [-] [43190] Writing DB stats keystone:SELECT=100 {{(pid=43190) stat_writer /usr/local/lib/python3.10/dist-packages/dbcounter.py:117}}
Apr 14 10:33:19 user devstack@keystone.service[43190]: DEBUG keystone.server.flask.request_processing.middleware.auth_context [None req-6d30ebae-8308-45ee-80e5-09a317567f52 None admin] Validating token access rules against request {{(pid=43190) validate_allowed_request /usr/local/lib/python3.10/dist-packages/keystonemiddleware/auth_token/__init__.py:544}}
Apr 14 10:33:19 user devstack@keystone.service[43192]: DEBUG dbcounter [-] [43192] Writing DB stats keystone:SELECT=97,keystone:INSERT=3 {{(pid=43192) stat_writer /usr/local/lib/python3.10/dist-packages/dbcounter.py:117}}
Apr 14 10:33:19 user devstack@keystone.service[43190]: DEBUG keystone.server.flask.request_processing.middleware.auth_context [None req-9fc936a6-31c5-4c87-b7ed-8402a74ebc9c None admin] RBAC: auth_context: {'token': , 'domain_id': None, 'trust_id': None, 'trustor_id': None, 'trustee_id': None, 'domain_name': None, 'group_ids': [], 'user_id': '14a11c7152d54db397dc73b8f00c3b6f', 'user_domain_id': 'default', 'system_scope': 'all', 'project_id': None, 'project_domain_id': None, 'roles': ['admin', 'member', 'reader'], 'is_admin_project': True, 'service_user_id': None, 'service_user_domain_id': None, 'service_project_id': None, 'service_project_domain_id': None, 'service_roles': []} {{(pid=43190) fill_context /opt/stack/keystone/keystone/server/flask/request_processing/middleware/auth_context.py:478}}
Apr 14 10:33:19 user devstack@keystone.service[43190]: DEBUG keystone.server.flask.request_processing.req_logging [None req-9fc936a6-31c5-4c87-b7ed-8402a74ebc9c None admin] REQUEST_METHOD: `GET` {{(pid=43190) log_request_info /opt/stack/keystone/keystone/server/flask/request_processing/req_logging.py:27}}
Apr 14 10:33:19 user devstack@keystone.service[43190]: DEBUG keystone.server.flask.request_processing.req_logging [None req-9fc936a6-31c5-4c87-b7ed-8402a74ebc9c None admin] SCRIPT_NAME: `/identity` {{(pid=43190) log_request_info /opt/stack/keystone/keystone/server/flask/request_processing/req_logging.py:28}}
Apr 14 10:33:19 user devstack@keystone.service[43190]: DEBUG keystone.server.flask.request_processing.req_logging [None req-9fc936a6-31c5-4c87-b7ed-8402a74ebc9c None admin] PATH_INFO: `/v3/domains/Default` {{(pid=43190) log_request_info /opt/stack/keystone/keystone/server/flask/request_processing/req_logging.py:29}}
Apr 14 10:33:19 user devstack@keystone.service[43192]: DEBUG keystone.server.flask.request_processing.middleware.auth_context [None req-42c55707-2dc3-4216-9266-52718108ba69 None admin] Validating token access rules against request {{(pid=43192) validate_allowed_request /usr/local/lib/python3.10/dist-packages/keystonemiddleware/auth_token/__init__.py:544}}
Apr 14 10:33:19 user devstack@keystone.service[43190]: DEBUG keystone.common.rbac_enforcer.enforcer [None req-9fc936a6-31c5-4c87-b7ed-8402a74ebc9c None admin] RBAC: Authorizing `identity:get_domain(domain_id=Default)` {{(pid=43190) enforce_call /opt/stack/keystone/keystone/common/rbac_enforcer/enforcer.py:449}}
Apr 14 10:33:19 user devstack@keystone.service[43190]: DEBUG keystone.common.rbac_enforcer.enforcer [None req-9fc936a6-31c5-4c87-b7ed-8402a74ebc9c None admin] RBAC: Authorization granted {{(pid=43190) enforce_call /opt/stack/keystone/keystone/common/rbac_enforcer/enforcer.py:457}}
Apr 14 10:33:19 user devstack@keystone.service[43190]: ERROR keystone.server.flask.application [None req-9fc936a6-31c5-4c87-b7ed-8402a74ebc9c None admin] Could not find domain: Default.: keystone.exception.DomainNotFound: Could not find domain: Default.
Apr 14 10:33:19 user devstack@keystone.service[43190]: ERROR keystone.server.flask.application
Traceback (most recent call last):
Apr 14 10:33:19 user devstack@keystone.service[43190]: ERROR keystone.server.flask.application
File "/usr/local/lib/python3.10/dist-packages/flask/app.py", line 1823, in full_dispatch_request
Apr 14 10:33:19 user devstack@keystone.service[43190]: ERROR keystone.server.flask.application rv = self.dispatch_request()
Apr 14 10:33:19 user devstack@keystone.service[43190]: ERROR keystone.server.flask.application
File "/usr/local/lib/python3.10/dist-packages/flask/app.py", line 1799, in dispatch_request
Apr 14 10:33:19 user devstack@keystone.service[43190]: ERROR keystone.server.flask.application return self.ensure_sync(self.view_functions[rule.endpoint])(**view_args)
Apr 14 10:33:19 user devstack@keystone.service[43190]: ERROR keystone.server.flask.application
File "/usr/local/lib/python3.10/dist-packages/flask_restful/__init__.py", line 467, in wrapper
Apr 14 10:33:19 user devstack@keystone.service[43190]: ERROR keystone.server.flask.application resp = resource(*args, **kwargs)
Apr 14 10:33:19 user devstack@keystone.service[43190]: ERROR keystone.server.flask.application
File "/usr/local/lib/python3.10/dist-packages/flask/views.py", line 107, in view
Apr 14 10:33:19 user devstack@keystone.service[43190]: ERROR keystone.server.flask.application return current_app.ensure_sync(self.dispatch_request)(**kwargs)
Apr 14 10:33:19 user devstack@keystone.service[43190]: ERROR keystone.server.flask.application
File "/usr/local/lib/python3.10/dist-packages/flask_restful/__init__.py", line 582, in dispatch_request
Apr 14 10:33:19 user devstack@keystone.service[43190]: ERROR keystone.server.flask.application resp = meth(*args, **kwargs)
Apr 14 10:33:19 user devstack@keystone.service[43190]: ERROR keystone.server.flask.application
File "/opt/stack/keystone/keystone/api/domains.py", line 89, in get
Apr 14 10:33:19 user devstack@keystone.service[43190]: ERROR keystone.server.flask.application return self._get_domain(domain_id)
Apr 14 10:33:19 user devstack@keystone.service[43190]: ERROR keystone.server.flask.application
File "/opt/stack/keystone/keystone/api/domains.py", line 97, in _get_domain
Apr 14 10:33:19 user devstack@keystone.service[43190]: ERROR keystone.server.flask.application domain = PROVIDERS.resource_api.get_domain(domain_id)
Apr 14 10:33:19 user devstack@keystone.service[43190]: ERROR keystone.server.flask.application
File "/opt/stack/keystone/keystone/common/manager.py", line 115, in wrapped
Apr 14 10:33:19 user devstack@keystone.service[43190]: ERROR keystone.server.flask.application __ret_val = __f(*args, **kwargs)
Apr 14 10:33:19 user devstack@keystone.service[43190]: ERROR keystone.server.flask.application
File "/usr/local/lib/python3.10/dist-packages/decorator.py", line 232, in fun
Apr 14 10:33:19 user devstack@keystone.service[43190]: ERROR keystone.server.flask.application return caller(func, *(extras + args), **kw)
Apr 14 10:33:19 user devstack@keystone.service[43190]: ERROR keystone.server.flask.application
File "/usr/local/lib/python3.10/dist-packages/dogpile/cache/region.py", line 1577, in get_or_create_for_user_func
Apr 14 10:33:19 user devstack@keystone.service[43190]: ERROR keystone.server.flask.application return self.get_or_create(
Apr 14 10:33:19 user devstack@keystone.service[43190]: ERROR keystone.server.flask.application
File "/usr/local/lib/python3.10/dist-packages/dogpile/cache/region.py", line 1042, in get_or_create
Apr 14 10:33:19 user devstack@keystone.service[43190]: ERROR keystone.server.flask.application with Lock(
Apr 14 10:33:19 user devstack@keystone.service[43190]: ERROR keystone.server.flask.application
File "/usr/local/lib/python3.10/dist-packages/dogpile/lock.py", line 185, in __enter__
Apr 14 10:33:19 user devstack@keystone.service[43190]: ERROR keystone.server.flask.application return self._enter()
Apr 14 10:33:19 user devstack@keystone.service[43190]: ERROR keystone.server.flask.application
File "/usr/local/lib/python3.10/dist-packages/dogpile/lock.py", line 94, in _enter
Apr 14 10:33:19 user devstack@keystone.service[43190]: ERROR keystone.server.flask.application generated = self._enter_create(value, createdtime)
Apr 14 10:33:19 user devstack@keystone.service[43190]: ERROR keystone.server.flask.application
File "/usr/local/lib/python3.10/dist-packages/dogpile/lock.py", line 178, in _enter_create
Apr 14 10:33:19 user devstack@keystone.service[43190]: ERROR keystone.server.flask.application return self.creator()
Apr 14 10:33:19 user devstack@keystone.service[43190]: ERROR keystone.server.flask.application
File "/usr/local/lib/python3.10/dist-packages/dogpile/cache/region.py", line 995, in gen_value
Apr 14 10:33:19 user devstack@keystone.service[43190]: ERROR keystone.server.flask.application created_value = creator(
Apr 14 10:33:19 user devstack@keystone.service[43190]: ERROR keystone.server.flask.application
File "/opt/stack/keystone/keystone/resource/core.py", line 716, in get_domain
Apr 14 10:33:19 user devstack@keystone.service[43190]: ERROR keystone.server.flask.application raise exception.DomainNotFound(domain_id=domain_id)
Apr 14 10:33:19 user devstack@keystone.service[43190]: ERROR keystone.server.flask.application keystone.exception.DomainNotFound: Could not find domain: Default.
Apr 14 10:33:19 user devstack@keystone.service[43190]: ERROR keystone.server.flask.application
Apr 14 10:33:19 user devstack@keystone.service[43190]: [pid: 43190|app: 0|req: 117/353] 10.0.0.210 () {56 vars in 1103 bytes} [Fri Apr 14 10:33:18 2023] GET /identity/v3/domains/Default => generated 87 bytes in 165 msecs (HTTP/1.1 404) 5 headers in 183 bytes (1 switches on core 0)
Apr 14 10:33:19 user devstack@keystone.service[43191]: DEBUG keystone.server.flask.request_processing.middleware.auth_context [None req-1be73603-859a-448f-bb9d-e961373392c0 None admin] Authenticating user token {{(pid=43191) process_request /usr/local/lib/python3.10/dist-packages/keystonemiddleware/auth_token/__init__.py:406}}
