Apr 14 15:32:32 user devstack@n-api.service[61875]: DEBUG nova.api.openstack.wsgi [None req-787d6abd-25f9-460a-8c8f-fe3cfcae7b36 admin admin] Action: 'create', calling method: >, body: {"extra_specs": {"hw_rng:allowed": "True"}} {{(pid=61875) _process_stack /opt/stack/nova/nova/api/openstack/wsgi.py:511}}
Apr 14 15:32:32 user devstack@n-api.service[61875]: INFO nova.api.openstack.requestlog [None req-787d6abd-25f9-460a-8c8f-fe3cfcae7b36 admin admin] 10.0.0.210 "POST /compute/v2.1/flavors/d2/os-extra_specs" status: 200 len: 43 microversion: 2.61 time: 0.027660
Apr 14 15:32:32 user devstack@n-api.service[61875]: [pid: 61875|app: 0|req: 4/12] 10.0.0.210 () {64 vars in 1329 bytes} [Fri Apr 14 15:32:32 2023] POST /compute/v2.1/flavors/d2/os-extra_specs => generated 43 bytes in 30 msecs (HTTP/1.1 200) 9 headers in 358 bytes (1 switches on core 0)
Apr 14 15:32:34 user devstack@n-api.service[61876]: DEBUG nova.api.openstack.wsgi [None req-6c0596ea-4dda-456b-bc45-c402bf8771af None None] Calling method '>' {{(pid=61876) _process_stack /opt/stack/nova/nova/api/openstack/wsgi.py:513}}
Apr 14 15:32:34 user devstack@n-api.service[61876]: INFO nova.api.openstack.requestlog [None req-6c0596ea-4dda-456b-bc45-c402bf8771af None None] 10.0.0.210 "GET /compute/v2.1" status: 200 len: 387 microversion: 2.1 time: 0.001449
Apr 14 15:32:34 user devstack@n-api.service[61876]: [pid: 61876|app: 0|req: 4/13] 10.0.0.210 () {54 vars in 924 bytes} [Fri Apr 14 15:32:34 2023] GET /compute/v2.1 => generated 387 bytes in 2 msecs (HTTP/1.1 200) 9 headers in 357 bytes (1 switches on core 0)
Apr 14 15:32:34 user devstack@n-api.service[61874]: DEBUG nova.api.openstack.wsgi [None req-ae7c06c4-d280-4786-8345-75ebe7360234 admin admin] Action: 'create', calling method: >, body: {"flavor": {"name": "ds2G", "ram": 2048, "vcpus": 2, "swap": 0, "OS-FLV-EXT-DATA:ephemeral": 0, "os-flavor-access:is_public": true, "rxtx_factor": 1.0, "id": "d3", "disk": 10}} {{(pid=61874) _process_stack /opt/stack/nova/nova/api/openstack/wsgi.py:511}}
Apr 14 15:32:34 user devstack@n-api.service[61874]: INFO nova.api.openstack.requestlog [None req-ae7c06c4-d280-4786-8345-75ebe7360234 admin admin] 10.0.0.210 "POST /compute/v2.1/flavors" status: 200 len: 402 microversion: 2.61 time: 0.095127
Apr 14 15:32:34 user devstack@n-api.service[61874]: [pid: 61874|app: 0|req: 6/14] 10.0.0.210 () {64 vars in 1276 bytes} [Fri Apr 14 15:32:34 2023] POST /compute/v2.1/flavors => generated 402 bytes in 98 msecs (HTTP/1.1 200) 9 headers in 359 bytes (1 switches on core 0)
Apr 14 15:32:34 user devstack@n-api.service[61875]: DEBUG nova.api.openstack.wsgi [None req-9058f692-c3f1-444a-bec9-a64536b00b75 admin admin] Action: 'create', calling method: >, body: {"extra_specs": {"hw_rng:allowed": "True"}} {{(pid=61875) _process_stack /opt/stack/nova/nova/api/openstack/wsgi.py:511}}
Apr 14 15:32:35 user devstack@n-api.service[61875]: INFO nova.api.openstack.requestlog [None req-9058f692-c3f1-444a-bec9-a64536b00b75 admin admin] 10.0.0.210 "POST /compute/v2.1/flavors/d3/os-extra_specs" status: 200 len: 43 microversion: 2.61 time: 0.078641
Apr 14 15:32:35 user devstack@n-api.service[61875]: [pid: 61875|app: 0|req: 5/15] 10.0.0.210 () {64 vars in 1329 bytes} [Fri Apr 14 15:32:34 2023] POST /compute/v2.1/flavors/d3/os-extra_specs => generated 43 bytes in 81 msecs (HTTP/1.1 200) 9 headers in 358 bytes (1 switches on core 0)
Apr 14 15:32:37 user devstack@n-api.service[61876]: DEBUG nova.api.openstack.wsgi [None req-6c0596ea-4dda-456b-bc45-c402bf8771af None None] Calling method '>' {{(pid=61876) _process_stack /opt/stack/nova/nova/api/openstack/wsgi.py:513}}
Apr 14 15:32:37 user devstack@n-api.service[61876]: INFO nova.api.openstack.requestlog [None req-6c0596ea-4dda-456b-bc45-c402bf8771af None None] 10.0.0.210 "GET /compute/v2.1" status: 200 len: 387 microversion: 2.1 time: 0.001829
Apr 14 15:32:37 user devstack@n-api.service[61876]: [pid: 61876|app: 0|req: 5/16] 10.0.0.210 () {54 vars in 924 bytes} [Fri Apr 14 15:32:37 2023] GET /compute/v2.1 => generated 387 bytes in 3 msecs (HTTP/1.1 200) 9 headers in 357 bytes (1 switches on core 0)
Apr 14 15:32:37 user devstack@n-api.service[61874]: DEBUG nova.api.openstack.wsgi [None req-1bb8c0bf-a8d3-4226-8ae7-e8028ac1248e admin admin] Action: 'create', calling method: >, body: {"flavor": {"OS-FLV-EXT-DATA:ephemeral": 0, "ram": 4096, "id": "d4", "swap": 0, "disk": 20, "rxtx_factor": 1.0, "name": "ds4G", "vcpus": 4, "os-flavor-access:is_public": true}} {{(pid=61874) _process_stack /opt/stack/nova/nova/api/openstack/wsgi.py:511}}
Apr 14 15:32:37 user devstack@n-api.service[61874]: INFO nova.api.openstack.requestlog [None req-1bb8c0bf-a8d3-4226-8ae7-e8028ac1248e admin admin] 10.0.0.210 "POST /compute/v2.1/flavors" status: 200 len: 402 microversion: 2.61 time: 0.068081
Apr 14 15:32:37 user devstack@n-api.service[61874]: [pid: 61874|app: 0|req: 7/17] 10.0.0.210 () {64 vars in 1276 bytes} [Fri Apr 14 15:32:37 2023] POST /compute/v2.1/flavors => generated 402 bytes in 69 msecs (HTTP/1.1 200) 9 headers in 359 bytes (1 switches on core 0)
Apr 14 15:32:37 user devstack@n-api.service[61875]: DEBUG nova.api.openstack.wsgi [None req-bafef21f-4bfa-4cea-b3f7-56fc3be43632 admin admin] Action: 'create', calling method: >, body: {"extra_specs": {"hw_rng:allowed": "True"}} {{(pid=61875) _process_stack /opt/stack/nova/nova/api/openstack/wsgi.py:511}}
Apr 14 15:32:37 user devstack@n-api.service[61875]: INFO nova.api.openstack.requestlog [None req-bafef21f-4bfa-4cea-b3f7-56fc3be43632 admin admin] 10.0.0.210 "POST /compute/v2.1/flavors/d4/os-extra_specs" status: 200 len: 43 microversion: 2.61 time: 0.025977
Apr 14 15:32:37 user devstack@n-api.service[61875]: [pid: 61875|app: 0|req: 6/18] 10.0.0.210 () {64 vars in 1329 bytes} [Fri Apr 14 15:32:37 2023] POST /compute/v2.1/flavors/d4/os-extra_specs => generated 43 bytes in 27 msecs (HTTP/1.1 200) 9 headers in 358 bytes (1 switches on core 0)
Apr 14 15:32:39 user devstack@n-api.service[61876]: DEBUG nova.api.openstack.wsgi [None req-6c0596ea-4dda-456b-bc45-c402bf8771af None None] Calling method '>' {{(pid=61876) _process_stack /opt/stack/nova/nova/api/openstack/wsgi.py:513}}
Apr 14 15:32:39 user devstack@n-api.service[61876]: INFO nova.api.openstack.requestlog [None req-6c0596ea-4dda-456b-bc45-c402bf8771af None None] 10.0.0.210 "GET /compute/v2.1" status: 200 len: 387 microversion: 2.1 time: 0.001296
Apr 14 15:32:39 user devstack@n-api.service[61876]: [pid: 61876|app: 0|req: 6/19] 10.0.0.210 () {54 vars in 924 bytes} [Fri Apr 14 15:32:39 2023] GET /compute/v2.1 => generated 387 bytes in 2 msecs (HTTP/1.1 200) 9 headers in 357 bytes (1 switches on core 0)
Apr 14 15:32:39 user devstack@n-api.service[61874]: DEBUG nova.api.openstack.wsgi [None req-7e4cb50f-cf99-430e-96f4-1529e927f09e admin admin] Calling method '>' {{(pid=61874) _process_stack /opt/stack/nova/nova/api/openstack/wsgi.py:513}}
Apr 14 15:32:39 user devstack@n-api.service[61874]: INFO nova.api.openstack.requestlog [None req-7e4cb50f-cf99-430e-96f4-1529e927f09e admin admin] 10.0.0.210 "GET /compute/v2.1/flavors/detail?is_public=True" status: 200 len: 2096 microversion: 2.61 time: 0.069370
Apr 14 15:32:39 user devstack@n-api.service[61874]: [pid: 61874|app: 0|req: 8/20] 10.0.0.210 () {60 vars in 1285 bytes} [Fri Apr 14 15:32:39 2023] GET /compute/v2.1/flavors/detail?is_public=True => generated 2096 bytes in 70 msecs (HTTP/1.1 200) 9 headers in 360 bytes (1 switches on core 0)
Apr 14 15:32:41 user devstack@n-api.service[61875]: DEBUG nova.api.openstack.wsgi [None req-bafef21f-4bfa-4cea-b3f7-56fc3be43632 admin admin] Calling method '>' {{(pid=61875) _process_stack /opt/stack/nova/nova/api/openstack/wsgi.py:513}}
Apr 14 15:32:41 user devstack@n-api.service[61875]: INFO nova.api.openstack.requestlog [None req-bafef21f-4bfa-4cea-b3f7-56fc3be43632 admin admin] 10.0.0.210 "GET /compute/v2.1" status: 200 len: 387 microversion: 2.1 time: 0.001660
Apr 14 15:32:41 user devstack@n-api.service[61875]: [pid: 61875|app: 0|req: 7/21] 10.0.0.210 () {54 vars in 924 bytes} [Fri Apr 14 15:32:41 2023] GET /compute/v2.1 => generated 387 bytes in 3 msecs (HTTP/1.1 200) 9 headers in 357 bytes (1 switches on core 0)
Apr 14 15:32:41 user devstack@n-api.service[61876]: DEBUG dbcounter [-] [61876] Writing DB stats nova_api:SELECT=3 {{(pid=61876) stat_writer /usr/local/lib/python3.10/dist-packages/dbcounter.py:117}}
Apr 14 15:32:41 user devstack@n-api.service[61876]: DEBUG dbcounter [-] [61876] Writing DB stats nova_cell1:SELECT=3 {{(pid=61876) stat_writer /usr/local/lib/python3.10/dist-packages/dbcounter.py:117}}
Apr 14 15:32:41 user devstack@n-api.service[61876]: DEBUG dbcounter [-] [61876] Writing DB stats nova_cell0:SELECT=3 {{(pid=61876) stat_writer /usr/local/lib/python3.10/dist-packages/dbcounter.py:117}}
Apr 14 15:32:41 user devstack@n-api.service[61876]: DEBUG dbcounter [-] [61876] Writing DB stats nova_cell0:SELECT=3 {{(pid=61876) stat_writer /usr/local/lib/python3.10/dist-packages/dbcounter.py:117}}
Apr 14 15:32:41 user devstack@n-api.service[61876]: DEBUG nova.api.openstack.wsgi [None req-2ceed932-0c8a-4d6d-9d96-eab998d03443 admin admin] Action: 'create', calling method: >, body: {"flavor": {"vcpus": 1, "disk": 1, "OS-FLV-EXT-DATA:ephemeral": 0, "os-flavor-access:is_public": true, "rxtx_factor": 1.0, "name": "m1.tiny", "ram": 512, "id": "1", "swap": 0}} {{(pid=61876) _process_stack /opt/stack/nova/nova/api/openstack/wsgi.py:511}}
Apr 14 15:32:41 user devstack@n-api.service[61876]: INFO nova.api.openstack.requestlog [None req-2ceed932-0c8a-4d6d-9d96-eab998d03443 admin admin] 10.0.0.210 "POST /compute/v2.1/flavors" status: 200 len: 400 microversion: 2.61 time: 0.310388
Apr 14 15:32:41 user devstack@n-api.service[61876]: [pid: 61876|app: 0|req: 7/22] 10.0.0.210 () {64 vars in 1276 bytes} [Fri Apr 14 15:32:41 2023] POST /compute/v2.1/flavors => generated 400 bytes in 312 msecs (HTTP/1.1 200) 9 headers in 359 bytes (1 switches on core 0)
Apr 14 15:32:41 user devstack@n-api.service[61874]: DEBUG nova.api.openstack.wsgi [None req-0a113a7e-b048-4823-b616-b6ff72d34acc admin admin] Action: 'create', calling method: >, body: {"extra_specs": {"hw_rng:allowed": "True"}} {{(pid=61874) _process_stack /opt/stack/nova/nova/api/openstack/wsgi.py:511}}
Apr 14 15:32:41 user devstack@n-api.service[61874]: INFO nova.api.openstack.requestlog [None req-0a113a7e-b048-4823-b616-b6ff72d34acc admin admin] 10.0.0.210 "POST /compute/v2.1/flavors/1/os-extra_specs" status: 200 len: 43 microversion: 2.61 time: 0.041293
Apr 14 15:32:41 user devstack@n-api.service[61874]: [pid: 61874|app: 0|req: 9/23] 10.0.0.210 () {64 vars in 1326 bytes} [Fri Apr 14 15:32:41 2023] POST /compute/v2.1/flavors/1/os-extra_specs => generated 43 bytes in 43 msecs (HTTP/1.1 200) 9 headers in 358 bytes (1 switches on core 0)
Apr 14 15:32:43 user devstack@n-api.service[61875]: DEBUG nova.api.openstack.wsgi [None req-bafef21f-4bfa-4cea-b3f7-56fc3be43632 admin admin] Calling method '>' {{(pid=61875) _process_stack /opt/stack/nova/nova/api/openstack/wsgi.py:513}}
Apr 14 15:32:43 user devstack@n-api.service[61875]: INFO nova.api.openstack.requestlog [None req-bafef21f-4bfa-4cea-b3f7-56fc3be43632 admin admin] 10.0.0.210 "GET /compute/v2.1" status: 200 len: 387 microversion: 2.1 time: 0.002182
Apr 14 15:32:43 user devstack@n-api.service[61875]: [pid: 61875|app: 0|req: 8/24] 10.0.0.210 () {54 vars in 924 bytes} [Fri Apr 14 15:32:43 2023] GET /compute/v2.1 => generated 387 bytes in 4 msecs (HTTP/1.1 200) 9 headers in 357 bytes (1 switches on core 0)
Apr 14 15:32:43 user devstack@n-api.service[61876]: DEBUG nova.api.openstack.wsgi [None req-a74ec433-f916-4ea0-a6aa-70a1f365888e admin admin] Action: 'create', calling method: >, body: {"flavor": {"os-flavor-access:is_public": true, "vcpus": 1, "disk": 20, "rxtx_factor": 1.0, "id": "2", "ram": 2048, "OS-FLV-EXT-DATA:ephemeral": 0, "name": "m1.small", "swap": 0}} {{(pid=61876) _process_stack /opt/stack/nova/nova/api/openstack/wsgi.py:511}}
Apr 14 15:32:43 user devstack@n-api.service[61876]: INFO nova.api.openstack.requestlog [None req-a74ec433-f916-4ea0-a6aa-70a1f365888e admin admin] 10.0.0.210 "POST /compute/v2.1/flavors" status: 200 len: 403 microversion: 2.61 time: 0.068800
Apr 14 15:32:43 user devstack@n-api.service[61876]: [pid: 61876|app: 0|req: 8/25] 10.0.0.210 () {64 vars in 1276 bytes} [Fri Apr 14 15:32:43 2023] POST /compute/v2.1/flavors => generated 403 bytes in 70 msecs (HTTP/1.1 200) 9 headers in 359 bytes (1 switches on core 0)
Apr 14 15:32:43 user devstack@n-api.service[61874]: DEBUG nova.api.openstack.wsgi [None req-0155b5d6-329a-4d66-bd9b-6365f2f09a8c admin admin] Action: 'create', calling method: >, body: {"extra_specs": {"hw_rng:allowed": "True"}} {{(pid=61874) _process_stack /opt/stack/nova/nova/api/openstack/wsgi.py:511}}
Apr 14 15:32:43 user devstack@n-api.service[61874]: INFO nova.api.openstack.requestlog [None req-0155b5d6-329a-4d66-bd9b-6365f2f09a8c admin admin] 10.0.0.210 "POST /compute/v2.1/flavors/2/os-extra_specs" status: 200 len: 43 microversion: 2.61 time: 0.044369
Apr 14 15:32:43 user devstack@n-api.service[61874]: [pid: 61874|app: 0|req: 10/26] 10.0.0.210 () {64 vars in 1326 bytes} [Fri Apr 14 15:32:43 2023] POST /compute/v2.1/flavors/2/os-extra_specs => generated 43 bytes in 46 msecs (HTTP/1.1 200) 9 headers in 358 bytes (1 switches on core 0)
Apr 14 15:32:45 user devstack@n-api.service[61875]: DEBUG nova.api.openstack.wsgi [None req-bafef21f-4bfa-4cea-b3f7-56fc3be43632 admin admin] Calling method '>' {{(pid=61875) _process_stack /opt/stack/nova/nova/api/openstack/wsgi.py:513}}
Apr 14 15:32:45 user devstack@n-api.service[61875]: INFO nova.api.openstack.requestlog [None req-bafef21f-4bfa-4cea-b3f7-56fc3be43632 admin admin] 10.0.0.210 "GET /compute/v2.1" status: 200 len: 387 microversion: 2.1 time: 0.001540
Apr 14 15:32:45 user devstack@n-api.service[61875]: [pid: 61875|app: 0|req: 9/27] 10.0.0.210 () {54 vars in 924 bytes} [Fri Apr 14 15:32:45 2023] GET /compute/v2.1 => generated 387 bytes in 2 msecs (HTTP/1.1 200) 9 headers in 357 bytes (1 switches on core 0)
Apr 14 15:32:45 user devstack@n-api.service[61876]: DEBUG nova.api.openstack.wsgi [None req-61183425-fcca-4e4d-a1eb-4e1786cb9cec admin admin] Action: 'create', calling method: >, body: {"flavor": {"swap": 0, "name": "m1.medium", "rxtx_factor": 1.0, "ram": 4096, "os-flavor-access:is_public": true, "disk": 40, "id": "3", "OS-FLV-EXT-DATA:ephemeral": 0, "vcpus": 2}} {{(pid=61876) _process_stack /opt/stack/nova/nova/api/openstack/wsgi.py:511}}
Apr 14 15:32:45 user devstack@n-api.service[61876]: INFO nova.api.openstack.requestlog [None req-61183425-fcca-4e4d-a1eb-4e1786cb9cec admin admin] 10.0.0.210 "POST /compute/v2.1/flavors" status: 200 len: 404 microversion: 2.61 time: 0.065525
Apr 14 15:32:45 user devstack@n-api.service[61876]: [pid: 61876|app: 0|req: 9/28] 10.0.0.210 () {64 vars in 1276 bytes} [Fri Apr 14 15:32:45 2023] POST /compute/v2.1/flavors => generated 404 bytes in 67 msecs (HTTP/1.1 200) 9 headers in 359 bytes (1 switches on core 0)
Apr 14 15:32:45 user devstack@n-api.service[61874]: DEBUG nova.api.openstack.wsgi [None req-bce30294-c453-4a45-8f36-75fae950cb1d admin admin] Action: 'create', calling method: >, body: {"extra_specs": {"hw_rng:allowed": "True"}} {{(pid=61874) _process_stack /opt/stack/nova/nova/api/openstack/wsgi.py:511}}
Apr 14 15:32:45 user devstack@n-api.service[61874]: INFO nova.api.openstack.requestlog [None req-bce30294-c453-4a45-8f36-75fae950cb1d admin admin] 10.0.0.210 "POST /compute/v2.1/flavors/3/os-extra_specs" status: 200 len: 43 microversion: 2.61 time: 0.026480
Apr 14 15:32:45 user devstack@n-api.service[61874]: [pid: 61874|app: 0|req: 11/29] 10.0.0.210 () {64 vars in 1326 bytes} [Fri Apr 14 15:32:45 2023] POST /compute/v2.1/flavors/3/os-extra_specs => generated 43 bytes in 28 msecs (HTTP/1.1 200) 9 headers in 358 bytes (1 switches on core 0)
Apr 14 15:32:47 user devstack@n-api.service[61875]: DEBUG nova.api.openstack.wsgi [None req-bafef21f-4bfa-4cea-b3f7-56fc3be43632 admin admin] Calling method '>' {{(pid=61875) _process_stack /opt/stack/nova/nova/api/openstack/wsgi.py:513}}
Apr 14 15:32:47 user devstack@n-api.service[61875]: INFO nova.api.openstack.requestlog [None req-bafef21f-4bfa-4cea-b3f7-56fc3be43632 admin admin] 10.0.0.210 "GET /compute/v2.1" status: 200 len: 387 microversion: 2.1 time: 0.001357
Apr 14 15:32:47 user devstack@n-api.service[61875]: [pid: 61875|app: 0|req: 10/30] 10.0.0.210 () {54 vars in 924 bytes} [Fri Apr 14 15:32:47 2023] GET /compute/v2.1 => generated 387 bytes in 2 msecs (HTTP/1.1 200) 9 headers in 357 bytes (1 switches on core 0)
Apr 14 15:32:47 user devstack@n-api.service[61876]: DEBUG nova.api.openstack.wsgi [None req-23542cdc-c8dc-4640-9fdd-2ec62a304bf2 admin admin] Action: 'create', calling method: >, body: {"flavor": {"OS-FLV-EXT-DATA:ephemeral": 0, "name": "m1.large", "disk": 80, "swap": 0, "os-flavor-access:is_public": true, "rxtx_factor": 1.0, "id": "4", "ram": 8192, "vcpus": 4}} {{(pid=61876) _process_stack /opt/stack/nova/nova/api/openstack/wsgi.py:511}}
Apr 14 15:32:47 user devstack@n-api.service[61876]: INFO nova.api.openstack.requestlog [None req-23542cdc-c8dc-4640-9fdd-2ec62a304bf2 admin admin] 10.0.0.210 "POST /compute/v2.1/flavors" status: 200 len: 403 microversion: 2.61 time: 0.064078
Apr 14 15:32:47 user devstack@n-api.service[61876]: [pid: 61876|app: 0|req: 10/31] 10.0.0.210 () {64 vars in 1276 bytes} [Fri Apr 14 15:32:47 2023] POST /compute/v2.1/flavors => generated 403 bytes in 66 msecs (HTTP/1.1 200) 9 headers in 359 bytes (1 switches on core 0)
Apr 14 15:32:47 user devstack@n-api.service[61874]: DEBUG nova.api.openstack.wsgi [None req-0313f4d1-fd5f-4fe8-9828-87adc6756db9 admin admin] Action: 'create', calling method: >, body: {"extra_specs": {"hw_rng:allowed": "True"}} {{(pid=61874) _process_stack /opt/stack/nova/nova/api/openstack/wsgi.py:511}}
Apr 14 15:32:48 user devstack@n-api.service[61874]: INFO nova.api.openstack.requestlog [None req-0313f4d1-fd5f-4fe8-9828-87adc6756db9 admin admin] 10.0.0.210 "POST /compute/v2.1/flavors/4/os-extra_specs" status: 200 len: 43 microversion: 2.61 time: 0.023356
Apr 14 15:32:48 user devstack@n-api.service[61874]: [pid: 61874|app: 0|req: 12/32] 10.0.0.210 () {64 vars in 1326 bytes} [Fri Apr 14 15:32:47 2023] POST /compute/v2.1/flavors/4/os-extra_specs => generated 43 bytes in 24 msecs (HTTP/1.1 200) 9 headers in 358 bytes (1 switches on core 0)
Apr 14 15:32:49 user devstack@n-api.service[61875]: DEBUG nova.api.openstack.wsgi [None req-bafef21f-4bfa-4cea-b3f7-56fc3be43632 admin admin] Calling method '>' {{(pid=61875) _process_stack /opt/stack/nova/nova/api/openstack/wsgi.py:513}}
Apr 14 15:32:49 user devstack@n-api.service[61875]: INFO nova.api.openstack.requestlog [None req-bafef21f-4bfa-4cea-b3f7-56fc3be43632 admin admin] 10.0.0.210 "GET /compute/v2.1" status: 200 len: 387 microversion: 2.1 time: 0.001356
Apr 14 15:32:49 user devstack@n-api.service[61875]: [pid: 61875|app: 0|req: 11/33] 10.0.0.210 () {54 vars in 924 bytes} [Fri Apr 14 15:32:49 2023] GET /compute/v2.1 => generated 387 bytes in 2 msecs (HTTP/1.1 200) 9 headers in 357 bytes (1 switches on core 0)
Apr 14 15:32:50 user devstack@n-api.service[61876]: DEBUG nova.api.openstack.wsgi [None req-6380312b-9ddd-4645-b275-c6197668a6a2 admin admin] Action: 'create', calling method: >, body: {"flavor": {"disk": 160, "os-flavor-access:is_public": true, "rxtx_factor": 1.0, "id": "5", "ram": 16384, "OS-FLV-EXT-DATA:ephemeral": 0, "vcpus": 8, "swap": 0, "name": "m1.xlarge"}} {{(pid=61876) _process_stack /opt/stack/nova/nova/api/openstack/wsgi.py:511}}
Apr 14 15:32:50 user devstack@n-api.service[61876]: INFO nova.api.openstack.requestlog [None req-6380312b-9ddd-4645-b275-c6197668a6a2 admin admin] 10.0.0.210 "POST /compute/v2.1/flavors" status: 200 len: 406 microversion: 2.61 time: 0.060384
Apr 14 15:32:50 user devstack@n-api.service[61876]: [pid: 61876|app: 0|req: 11/34] 10.0.0.210 () {64 vars in 1276 bytes} [Fri Apr 14 15:32:49 2023] POST /compute/v2.1/flavors => generated 406 bytes in 61 msecs (HTTP/1.1 200) 9 headers in 359 bytes (1 switches on core 0)
Apr 14 15:32:50 user devstack@n-api.service[61874]: DEBUG nova.api.openstack.wsgi [None req-46c614b5-f568-481c-b4b5-f01a6e893a89 admin admin] Action: 'create', calling method: >, body: {"extra_specs": {"hw_rng:allowed": "True"}} {{(pid=61874) _process_stack /opt/stack/nova/nova/api/openstack/wsgi.py:511}}
Apr 14 15:32:50 user devstack@n-api.service[61874]: INFO nova.api.openstack.requestlog [None req-46c614b5-f568-481c-b4b5-f01a6e893a89 admin admin] 10.0.0.210 "POST /compute/v2.1/flavors/5/os-extra_specs" status: 200 len: 43 microversion: 2.61 time: 0.024167
Apr 14 15:32:50 user devstack@n-api.service[61874]: [pid: 61874|app: 0|req: 13/35] 10.0.0.210 () {64 vars in 1326 bytes} [Fri Apr 14 15:32:50 2023] POST /compute/v2.1/flavors/5/os-extra_specs => generated 43 bytes in 25 msecs (HTTP/1.1 200) 9 headers in 358 bytes (1 switches on core 0)
Apr 14 15:33:20 user devstack@n-api.service[61875]: DEBUG nova.api.openstack.wsgi [None req-bafef21f-4bfa-4cea-b3f7-56fc3be43632 admin admin] Calling method '>' {{(pid=61875) _process_stack /opt/stack/nova/nova/api/openstack/wsgi.py:513}}
Apr 14 15:33:20 user devstack@n-api.service[61875]: INFO nova.api.openstack.requestlog [None req-bafef21f-4bfa-4cea-b3f7-56fc3be43632 admin admin] 10.0.0.210 "GET /compute/v2.1" status: 200 len: 387 microversion: 2.1 time: 0.001583
Apr 14 15:33:20 user devstack@n-api.service[61875]: [pid: 61875|app: 0|req: 12/36] 10.0.0.210 () {58 vars in 1006 bytes} [Fri Apr 14 15:33:20 2023] GET /compute/v2.1 => generated 387 bytes in 2 msecs (HTTP/1.1 200) 9 headers in 357 bytes (1 switches on core 0)
Apr 14 15:33:20 user devstack@n-api.service[61876]: DEBUG dbcounter [-] [61876] Writing DB stats nova_api:SELECT=15,nova_api:INSERT=5 {{(pid=61876) stat_writer /usr/local/lib/python3.10/dist-packages/dbcounter.py:117}}
Apr 14 15:33:20 user devstack@n-api.service[61876]: DEBUG nova.api.openstack.wsgi [None req-b4dffa55-4fcd-460d-9b1f-f5707eae7253 admin admin] Calling method '>' {{(pid=61876) _process_stack /opt/stack/nova/nova/api/openstack/wsgi.py:513}}
Apr 14 15:33:20 user devstack@n-api.service[61876]: DEBUG oslo_concurrency.lockutils [None req-b4dffa55-4fcd-460d-9b1f-f5707eae7253 admin admin] Acquiring lock "00000000-0000-0000-0000-000000000000" by "nova.context.set_target_cell..get_or_set_cached_cell_and_set_connections" {{(pid=61876) inner /usr/local/lib/python3.10/dist-packages/oslo_concurrency/lockutils.py:404}}
Apr 14 15:33:20 user devstack@n-api.service[61876]: DEBUG oslo_concurrency.lockutils [None req-b4dffa55-4fcd-460d-9b1f-f5707eae7253 admin admin] Lock "00000000-0000-0000-0000-000000000000" acquired by "nova.context.set_target_cell..get_or_set_cached_cell_and_set_connections" :: waited 0.001s {{(pid=61876) inner /usr/local/lib/python3.10/dist-packages/oslo_concurrency/lockutils.py:409}}
Apr 14 15:33:20 user devstack@n-api.service[61876]: DEBUG oslo_concurrency.lockutils [None req-b4dffa55-4fcd-460d-9b1f-f5707eae7253 admin admin] Lock "00000000-0000-0000-0000-000000000000" "released" by "nova.context.set_target_cell..get_or_set_cached_cell_and_set_connections" :: held 0.000s {{(pid=61876) inner /usr/local/lib/python3.10/dist-packages/oslo_concurrency/lockutils.py:423}}
Apr 14 15:33:20 user devstack@n-api.service[61876]: DEBUG oslo_concurrency.lockutils [None req-b4dffa55-4fcd-460d-9b1f-f5707eae7253 admin admin] Acquiring lock "8cc55bcf-99b1-4c25-9d98-1bcd635e51a5" by "nova.context.set_target_cell..get_or_set_cached_cell_and_set_connections" {{(pid=61876) inner /usr/local/lib/python3.10/dist-packages/oslo_concurrency/lockutils.py:404}}
Apr 14 15:33:20 user devstack@n-api.service[61876]: DEBUG oslo_concurrency.lockutils [None req-b4dffa55-4fcd-460d-9b1f-f5707eae7253 admin admin] Lock "8cc55bcf-99b1-4c25-9d98-1bcd635e51a5" acquired by "nova.context.set_target_cell..get_or_set_cached_cell_and_set_connections" :: waited 0.000s {{(pid=61876) inner /usr/local/lib/python3.10/dist-packages/oslo_concurrency/lockutils.py:409}}
Apr 14 15:33:20 user devstack@n-api.service[61876]: DEBUG oslo_concurrency.lockutils [None req-b4dffa55-4fcd-460d-9b1f-f5707eae7253 admin admin] Lock "8cc55bcf-99b1-4c25-9d98-1bcd635e51a5" "released" by "nova.context.set_target_cell..get_or_set_cached_cell_and_set_connections" :: held 0.000s {{(pid=61876) inner /usr/local/lib/python3.10/dist-packages/oslo_concurrency/lockutils.py:423}}
Apr 14 15:33:20 user devstack@n-api.service[61876]: INFO nova.api.openstack.requestlog [None req-b4dffa55-4fcd-460d-9b1f-f5707eae7253 admin admin] 10.0.0.210 "GET /compute/v2.1/os-services?binary=nova-compute&host=user" status: 200 len: 247 microversion: 2.69 time: 0.140839
Apr 14 15:33:20 user devstack@n-api.service[61876]: [pid: 61876|app: 0|req: 12/37] 10.0.0.210 () {64 vars in 1388 bytes} [Fri Apr 14 15:33:20 2023] GET /compute/v2.1/os-services?binary=nova-compute&host=user => generated 247 bytes in 144 msecs (HTTP/1.1 200) 9 headers in 359 bytes (1 switches on core 0)
Apr 14 15:33:53 user devstack@n-api.service[61874]: DEBUG nova.api.openstack.wsgi [None req-46c614b5-f568-481c-b4b5-f01a6e893a89 admin admin] Calling method '>' {{(pid=61874) _process_stack /opt/stack/nova/nova/api/openstack/wsgi.py:513}}
Apr 14 15:33:53 user devstack@n-api.service[61874]: INFO nova.api.openstack.requestlog [None req-46c614b5-f568-481c-b4b5-f01a6e893a89 admin admin] 10.0.0.210 "GET /compute/v2.1" status: 200 len: 387 microversion: 2.1 time: 0.002040
Apr 14 15:33:53 user devstack@n-api.service[61874]: [pid: 61874|app: 0|req: 14/38] 10.0.0.210 () {58 vars in 1006 bytes} [Fri Apr 14 15:33:53 2023] GET /compute/v2.1 => generated 387 bytes in 4 msecs (HTTP/1.1 200) 9 headers in 357 bytes (1 switches on core 0)
Apr 14 15:33:53 user devstack@n-api.service[61875]: DEBUG dbcounter [-] [61875] Writing DB stats nova_api:SELECT=32,nova_api:SAVEPOINT=5,nova_api:INSERT=5,nova_api:RELEASE=5 {{(pid=61875) stat_writer /usr/local/lib/python3.10/dist-packages/dbcounter.py:117}}
Apr 14 15:33:53 user devstack@n-api.service[61875]: DEBUG nova.api.openstack.wsgi [None req-aee7323a-d0a6-467f-a35b-bf14df7444bb admin admin] Calling method '>' {{(pid=61875) _process_stack /opt/stack/nova/nova/api/openstack/wsgi.py:513}}
Apr 14 15:33:53 user devstack@n-api.service[61875]: INFO nova.api.openstack.requestlog [None req-aee7323a-d0a6-467f-a35b-bf14df7444bb admin admin] 10.0.0.210 "GET /compute/v2.1/flavors/detail?is_public=True" status: 200 len: 4182 microversion: 2.61 time: 0.064845
Apr 14 15:33:53 user devstack@n-api.service[61875]: [pid: 61875|app: 0|req: 13/39] 10.0.0.210 () {64 vars in 1367 bytes} [Fri Apr 14 15:33:53 2023] GET /compute/v2.1/flavors/detail?is_public=True => generated 4182 bytes in 66 msecs (HTTP/1.1 200) 9 headers in 360 bytes (1 switches on core 0)
Apr 14 15:33:57 user devstack@n-api.service[61876]: DEBUG nova.api.openstack.wsgi [None req-b4dffa55-4fcd-460d-9b1f-f5707eae7253 admin admin] Calling method '>' {{(pid=61876) _process_stack /opt/stack/nova/nova/api/openstack/wsgi.py:513}}
Apr 14 15:33:57 user devstack@n-api.service[61876]: INFO nova.api.openstack.requestlog [None req-b4dffa55-4fcd-460d-9b1f-f5707eae7253 admin admin] 10.0.0.210 "GET /compute/v2.1" status: 200 len: 387 microversion: 2.1 time: 0.001730
Apr 14 15:33:57 user devstack@n-api.service[61876]: [pid: 61876|app: 0|req: 13/40] 10.0.0.210 () {58 vars in 1006 bytes} [Fri Apr 14 15:33:57 2023] GET /compute/v2.1 => generated 387 bytes in 3 msecs (HTTP/1.1 200) 9 headers in 357 bytes (1 switches on core 0)
Apr 14 15:33:57 user devstack@n-api.service[61874]: DEBUG dbcounter [-] [61874] Writing DB stats nova_api:SELECT=47,nova_api:INSERT=10,nova_api:SAVEPOINT=5,nova_api:RELEASE=5 {{(pid=61874) stat_writer /usr/local/lib/python3.10/dist-packages/dbcounter.py:117}}
Apr 14 15:33:57 user devstack@n-api.service[61874]: DEBUG nova.api.openstack.wsgi [None req-bd131ab5-6b36-401a-b40b-f50f3dd15391 admin admin] Action: 'create', calling method: >, body: {"flavor": {"os-flavor-access:is_public": true, "vcpus": 1, "name": "m1.nano", "rxtx_factor": 1.0, "swap": 0, "OS-FLV-EXT-DATA:ephemeral": 0, "ram": 128, "id": "42", "disk": 1}} {{(pid=61874) _process_stack /opt/stack/nova/nova/api/openstack/wsgi.py:511}}
Apr 14 15:33:57 user devstack@n-api.service[61874]: INFO nova.api.openstack.requestlog [None req-bd131ab5-6b36-401a-b40b-f50f3dd15391 admin admin] 10.0.0.210 "POST /compute/v2.1/flavors" status: 200 len: 403 microversion: 2.61 time: 0.066152
Apr 14 15:33:57 user devstack@n-api.service[61874]: [pid: 61874|app: 0|req: 15/41] 10.0.0.210 () {68 vars in 1358 bytes} [Fri Apr 14 15:33:57 2023] POST /compute/v2.1/flavors => generated 403 bytes in 67 msecs (HTTP/1.1 200) 9 headers in 359 bytes (1 switches on core 0)
Apr 14 15:33:57 user devstack@n-api.service[61875]: DEBUG nova.api.openstack.wsgi [None req-dca75f3c-0921-4970-a8cf-678c6e4c479e admin admin] Action: 'create', calling method: >, body: {"extra_specs": {"hw_rng:allowed": "True"}} {{(pid=61875) _process_stack /opt/stack/nova/nova/api/openstack/wsgi.py:511}}
Apr 14 15:33:57 user devstack@n-api.service[61875]: INFO nova.api.openstack.requestlog [None req-dca75f3c-0921-4970-a8cf-678c6e4c479e admin admin] 10.0.0.210 "POST /compute/v2.1/flavors/42/os-extra_specs" status: 200 len: 43 microversion: 2.61 time: 0.027535
Apr 14 15:33:57 user devstack@n-api.service[61875]: [pid: 61875|app: 0|req: 14/42] 10.0.0.210 () {68 vars in 1411 bytes} [Fri Apr 14 15:33:57 2023] POST /compute/v2.1/flavors/42/os-extra_specs => generated 43 bytes in 29 msecs (HTTP/1.1 200) 9 headers in 358 bytes (2 switches on core 0)
Apr 14 15:34:01 user devstack@n-api.service[61876]: DEBUG nova.api.openstack.wsgi [None req-b4dffa55-4fcd-460d-9b1f-f5707eae7253 admin admin] Calling method '>' {{(pid=61876) _process_stack /opt/stack/nova/nova/api/openstack/wsgi.py:513}}
Apr 14 15:34:01 user devstack@n-api.service[61876]: INFO nova.api.openstack.requestlog [None req-b4dffa55-4fcd-460d-9b1f-f5707eae7253 admin admin] 10.0.0.210 "GET /compute/v2.1" status: 200 len: 387 microversion: 2.1 time: 0.001496
Apr 14 15:34:01 user devstack@n-api.service[61876]: [pid: 61876|app: 0|req: 14/43] 10.0.0.210 () {58 vars in 1006 bytes} [Fri Apr 14 15:34:01 2023] GET /compute/v2.1 => generated 387 bytes in 2 msecs (HTTP/1.1 200) 9 headers in 357 bytes (1 switches on core 0)
Apr 14 15:34:01 user devstack@n-api.service[61874]: DEBUG nova.api.openstack.wsgi [None req-2aebfeb4-c982-4cd1-9bfc-c4a27b8f3cf0 admin admin] Action: 'create', calling method: >, body: {"flavor": {"disk": 1, "name": "m1.micro", "swap": 0, "id": "84", "vcpus": 1, "os-flavor-access:is_public": true, "ram": 192, "rxtx_factor": 1.0, "OS-FLV-EXT-DATA:ephemeral": 0}} {{(pid=61874) _process_stack /opt/stack/nova/nova/api/openstack/wsgi.py:511}}
Apr 14 15:34:01 user devstack@n-api.service[61874]: INFO nova.api.openstack.requestlog [None req-2aebfeb4-c982-4cd1-9bfc-c4a27b8f3cf0 admin admin] 10.0.0.210 "POST /compute/v2.1/flavors" status: 200 len: 404 microversion: 2.61 time: 0.065332
Apr 14 15:34:01 user devstack@n-api.service[61874]: [pid: 61874|app: 0|req: 16/44] 10.0.0.210 () {68 vars in 1358 bytes} [Fri Apr 14 15:34:01 2023] POST /compute/v2.1/flavors => generated 404 bytes in 67 msecs (HTTP/1.1 200) 9 headers in 359 bytes (1 switches on core 0)
Apr 14 15:34:01 user devstack@n-api.service[61875]: DEBUG nova.api.openstack.wsgi [None req-a282ba51-acc3-4d91-b98a-d3b700aaafb0 admin admin] Action: 'create', calling method: >, body: {"extra_specs": {"hw_rng:allowed": "True"}} {{(pid=61875) _process_stack /opt/stack/nova/nova/api/openstack/wsgi.py:511}}
Apr 14 15:34:01 user devstack@n-api.service[61875]: INFO nova.api.openstack.requestlog [None req-a282ba51-acc3-4d91-b98a-d3b700aaafb0 admin admin] 10.0.0.210 "POST /compute/v2.1/flavors/84/os-extra_specs" status: 200 len: 43 microversion: 2.61 time: 0.023828
Apr 14 15:34:01 user devstack@n-api.service[61875]: [pid: 61875|app: 0|req: 15/45] 10.0.0.210 () {68 vars in 1411 bytes} [Fri Apr 14 15:34:01 2023] POST /compute/v2.1/flavors/84/os-extra_specs => generated 43 bytes in 25 msecs (HTTP/1.1 200) 9 headers in 358 bytes (1 switches on core 0)
Apr 14 15:36:28 user devstack@n-api.service[61876]: DEBUG dbcounter [-] [61876] Writing DB stats nova_cell0:SELECT=2 {{(pid=61876) stat_writer /usr/local/lib/python3.10/dist-packages/dbcounter.py:117}}
Apr 14 15:36:28 user devstack@n-api.service[61876]: DEBUG dbcounter [-] [61876] Writing DB stats nova_cell1:SELECT=2 {{(pid=61876) stat_writer /usr/local/lib/python3.10/dist-packages/dbcounter.py:117}}
Apr 14 15:36:28 user devstack@n-api.service[61876]: DEBUG dbcounter [-] [61876] Writing DB stats nova_api:SELECT=4 {{(pid=61876) stat_writer /usr/local/lib/python3.10/dist-packages/dbcounter.py:117}}
Apr 14 15:36:28 user devstack@n-api.service[61876]: DEBUG nova.api.openstack.wsgi [None req-ce3aa29f-70f2-4537-a464-dbcaacd6e170 tempest-DeleteServersTestJSON-182432264 tempest-DeleteServersTestJSON-182432264-project-member] Action: 'create', calling method: >, body: {"server": {"name": "tempest-DeleteServersTestJSON-server-725322254", "imageRef": "e3a0daa8-78ae-44af-8756-1fad21c352f3", "flavorRef": "42", "networks": [{"uuid": "ea6d4df1-4011-4c69-88e2-db5315873558"}]}} {{(pid=61876) _process_stack /opt/stack/nova/nova/api/openstack/wsgi.py:511}}
Apr 14 15:36:28 user devstack@n-api.service[61876]: DEBUG nova.network.neutron [None req-ce3aa29f-70f2-4537-a464-dbcaacd6e170 tempest-DeleteServersTestJSON-182432264 tempest-DeleteServersTestJSON-182432264-project-member] validate_networks() for [('ea6d4df1-4011-4c69-88e2-db5315873558', None, None, None, None, None)] {{(pid=61876) validate_networks /opt/stack/nova/nova/network/neutron.py:2636}}
Apr 14 15:36:29 user devstack@n-api.service[61874]: DEBUG dbcounter [-] [61874] Writing DB stats nova_api:SELECT=6,nova_api:INSERT=2 {{(pid=61874) stat_writer /usr/local/lib/python3.10/dist-packages/dbcounter.py:117}}
Apr 14 15:36:30 user devstack@n-api.service[61874]: DEBUG nova.api.openstack.wsgi [None req-c5305b67-bfa0-420f-b6bd-f6cf06e4d5ee tempest-ServersNegativeTestJSON-443911091 tempest-ServersNegativeTestJSON-443911091-project-member] Action: 'create', calling method: >, body: {"server": {"name": "tempest-ServersNegativeTestJSON-server-1469009849", "imageRef": "e3a0daa8-78ae-44af-8756-1fad21c352f3", "flavorRef": "42", "networks": [{"uuid": "dd14d44b-4a04-4aa4-9dfd-1933f29c3a40"}]}} {{(pid=61874) _process_stack /opt/stack/nova/nova/api/openstack/wsgi.py:511}}
Apr 14 15:36:30 user devstack@n-api.service[61874]: DEBUG nova.network.neutron [None req-c5305b67-bfa0-420f-b6bd-f6cf06e4d5ee tempest-ServersNegativeTestJSON-443911091 tempest-ServersNegativeTestJSON-443911091-project-member] validate_networks() for [('dd14d44b-4a04-4aa4-9dfd-1933f29c3a40', None, None, None, None, None)] {{(pid=61874) validate_networks /opt/stack/nova/nova/network/neutron.py:2636}}
Apr 14 15:36:31 user devstack@n-api.service[61876]: DEBUG nova.virt.hardware [None req-ce3aa29f-70f2-4537-a464-dbcaacd6e170 tempest-DeleteServersTestJSON-182432264 tempest-DeleteServersTestJSON-182432264-project-member] Flavor limits 0:0:0 {{(pid=61876) get_cpu_topology_constraints /opt/stack/nova/nova/virt/hardware.py:343}}
Apr 14 15:36:31 user devstack@n-api.service[61876]: DEBUG nova.virt.hardware [None req-ce3aa29f-70f2-4537-a464-dbcaacd6e170 tempest-DeleteServersTestJSON-182432264 tempest-DeleteServersTestJSON-182432264-project-member] Image limits 0:0:0 {{(pid=61876) get_cpu_topology_constraints /opt/stack/nova/nova/virt/hardware.py:347}}
Apr 14 15:36:31 user devstack@n-api.service[61876]: DEBUG nova.virt.hardware [None req-ce3aa29f-70f2-4537-a464-dbcaacd6e170 tempest-DeleteServersTestJSON-182432264 tempest-DeleteServersTestJSON-182432264-project-member] Flavor pref 0:0:0 {{(pid=61876) get_cpu_topology_constraints /opt/stack/nova/nova/virt/hardware.py:383}}
Apr 14 15:36:31 user devstack@n-api.service[61876]: DEBUG nova.virt.hardware [None req-ce3aa29f-70f2-4537-a464-dbcaacd6e170 tempest-DeleteServersTestJSON-182432264 tempest-DeleteServersTestJSON-182432264-project-member] Image pref 0:0:0 {{(pid=61876) get_cpu_topology_constraints /opt/stack/nova/nova/virt/hardware.py:387}}
Apr 14 15:36:31 user devstack@n-api.service[61876]: DEBUG nova.virt.hardware [None req-ce3aa29f-70f2-4537-a464-dbcaacd6e170 tempest-DeleteServersTestJSON-182432264 tempest-DeleteServersTestJSON-182432264-project-member] Chose sockets=0, cores=0, threads=0; limits were sockets=65536, cores=65536, threads=65536 {{(pid=61876) get_cpu_topology_constraints /opt/stack/nova/nova/virt/hardware.py:425}}
Apr 14 15:36:31 user devstack@n-api.service[61876]: DEBUG oslo_concurrency.lockutils [None req-ce3aa29f-70f2-4537-a464-dbcaacd6e170 tempest-DeleteServersTestJSON-182432264 tempest-DeleteServersTestJSON-182432264-project-member] Acquiring lock "00000000-0000-0000-0000-000000000000" by "nova.context.set_target_cell..get_or_set_cached_cell_and_set_connections" {{(pid=61876) inner /usr/local/lib/python3.10/dist-packages/oslo_concurrency/lockutils.py:404}}
Apr 14 15:36:31 user devstack@n-api.service[61876]: DEBUG oslo_concurrency.lockutils [None req-ce3aa29f-70f2-4537-a464-dbcaacd6e170 tempest-DeleteServersTestJSON-182432264 tempest-DeleteServersTestJSON-182432264-project-member] Lock "00000000-0000-0000-0000-000000000000" acquired by "nova.context.set_target_cell..get_or_set_cached_cell_and_set_connections" :: waited 0.001s {{(pid=61876) inner /usr/local/lib/python3.10/dist-packages/oslo_concurrency/lockutils.py:409}}
Apr 14 15:36:31 user devstack@n-api.service[61876]: DEBUG oslo_concurrency.lockutils [None req-ce3aa29f-70f2-4537-a464-dbcaacd6e170 tempest-DeleteServersTestJSON-182432264 tempest-DeleteServersTestJSON-182432264-project-member] Lock "00000000-0000-0000-0000-000000000000" "released" by "nova.context.set_target_cell..get_or_set_cached_cell_and_set_connections" :: held 0.000s {{(pid=61876) inner /usr/local/lib/python3.10/dist-packages/oslo_concurrency/lockutils.py:423}}
Apr 14 15:36:31 user devstack@n-api.service[61876]: DEBUG oslo_concurrency.lockutils [None req-ce3aa29f-70f2-4537-a464-dbcaacd6e170 tempest-DeleteServersTestJSON-182432264 tempest-DeleteServersTestJSON-182432264-project-member] Acquiring lock "8cc55bcf-99b1-4c25-9d98-1bcd635e51a5" by "nova.context.set_target_cell..get_or_set_cached_cell_and_set_connections" {{(pid=61876) inner /usr/local/lib/python3.10/dist-packages/oslo_concurrency/lockutils.py:404}}
Apr 14 15:36:31 user devstack@n-api.service[61876]: DEBUG oslo_concurrency.lockutils [None req-ce3aa29f-70f2-4537-a464-dbcaacd6e170 tempest-DeleteServersTestJSON-182432264 tempest-DeleteServersTestJSON-182432264-project-member] Lock "8cc55bcf-99b1-4c25-9d98-1bcd635e51a5" acquired by "nova.context.set_target_cell..get_or_set_cached_cell_and_set_connections" :: waited 0.000s {{(pid=61876) inner /usr/local/lib/python3.10/dist-packages/oslo_concurrency/lockutils.py:409}}
Apr 14 15:36:31 user devstack@n-api.service[61876]: DEBUG oslo_concurrency.lockutils [None req-ce3aa29f-70f2-4537-a464-dbcaacd6e170 tempest-DeleteServersTestJSON-182432264 tempest-DeleteServersTestJSON-182432264-project-member] Lock "8cc55bcf-99b1-4c25-9d98-1bcd635e51a5" "released" by "nova.context.set_target_cell..get_or_set_cached_cell_and_set_connections" :: held 0.000s {{(pid=61876) inner /usr/local/lib/python3.10/dist-packages/oslo_concurrency/lockutils.py:423}}
Apr 14 15:36:31 user devstack@n-api.service[61876]: DEBUG nova.quota [None req-ce3aa29f-70f2-4537-a464-dbcaacd6e170 tempest-DeleteServersTestJSON-182432264 tempest-DeleteServersTestJSON-182432264-project-member] Getting quotas for project ef8097227d514468b100a6a637bb6287. Resources: {'instances', 'ram', 'cores'} {{(pid=61876) _get_quotas /opt/stack/nova/nova/quota.py:393}}
Apr 14 15:36:31 user devstack@n-api.service[61876]: DEBUG nova.quota [None req-ce3aa29f-70f2-4537-a464-dbcaacd6e170 tempest-DeleteServersTestJSON-182432264 tempest-DeleteServersTestJSON-182432264-project-member] Getting quotas for user 556b4bd256ee41398d5fd89ef2191550 and project ef8097227d514468b100a6a637bb6287. Resources: {'instances', 'ram', 'cores'} {{(pid=61876) _get_quotas /opt/stack/nova/nova/quota.py:383}}
Apr 14 15:36:31 user devstack@n-api.service[61876]: DEBUG nova.compute.api [None req-ce3aa29f-70f2-4537-a464-dbcaacd6e170 tempest-DeleteServersTestJSON-182432264 tempest-DeleteServersTestJSON-182432264-project-member] Going to run 1 instances... {{(pid=61876) _provision_instances /opt/stack/nova/nova/compute/api.py:1403}}
Apr 14 15:36:31 user devstack@n-api.service[61876]: DEBUG nova.compute.api [None req-ce3aa29f-70f2-4537-a464-dbcaacd6e170 tempest-DeleteServersTestJSON-182432264 tempest-DeleteServersTestJSON-182432264-project-member] [instance: c66b5102-c56e-4209-afb2-c2594b271af6] block_device_mapping [BlockDeviceMapping(attachment_id=,boot_index=0,connection_info=None,created_at=,delete_on_termination=True,deleted=,deleted_at=,destination_type='local',device_name=None,device_type='disk',disk_bus=None,encrypted=False,encryption_format=None,encryption_options=None,encryption_secret_uuid=None,guest_format=None,id=,image_id='e3a0daa8-78ae-44af-8756-1fad21c352f3',instance=,instance_uuid=,no_device=False,snapshot_id=None,source_type='image',tag=None,updated_at=,uuid=,volume_id=None,volume_size=None,volume_type=None)] {{(pid=61876) _bdm_validate_set_size_and_instance /opt/stack/nova/nova/compute/api.py:1864}}
Apr 14 15:36:31 user devstack@n-api.service[61876]: INFO nova.api.openstack.requestlog [None req-ce3aa29f-70f2-4537-a464-dbcaacd6e170 tempest-DeleteServersTestJSON-182432264 tempest-DeleteServersTestJSON-182432264-project-member] 10.0.0.210 "POST /compute/v2.1/servers" status: 202 len: 378 microversion: 2.1 time: 3.282925
Apr 14 15:36:31 user devstack@n-api.service[61876]: [pid: 61876|app: 0|req: 15/46] 10.0.0.210 () {64 vars in 1224 bytes} [Fri Apr 14 15:36:28 2023] POST /compute/v2.1/servers => generated 378 bytes in 3284 msecs (HTTP/1.1 202) 10 headers in 450 bytes (1 switches on core 0)
Apr 14 15:36:31 user devstack@n-api.service[61875]: DEBUG nova.api.openstack.wsgi [None req-60726339-6baf-4176-b652-5ce00ff50e74 tempest-DeleteServersTestJSON-182432264 tempest-DeleteServersTestJSON-182432264-project-member] Calling method '>' {{(pid=61875) _process_stack /opt/stack/nova/nova/api/openstack/wsgi.py:513}}
Apr 14 15:36:31 user devstack@n-api.service[61875]: DEBUG nova.compute.api [None req-60726339-6baf-4176-b652-5ce00ff50e74 tempest-DeleteServersTestJSON-182432264 tempest-DeleteServersTestJSON-182432264-project-member] [instance: c66b5102-c56e-4209-afb2-c2594b271af6] Fetching instance by UUID {{(pid=61875) get /opt/stack/nova/nova/compute/api.py:2977}}
Apr 14 15:36:31 user devstack@n-api.service[61875]: DEBUG dbcounter [-] [61875] Writing DB stats nova_api:SELECT=14,nova_api:SAVEPOINT=2,nova_api:INSERT=2,nova_api:RELEASE=2 {{(pid=61875) stat_writer /usr/local/lib/python3.10/dist-packages/dbcounter.py:117}}
Apr 14 15:36:31 user devstack@n-api.service[61875]: DEBUG nova.policy [None req-60726339-6baf-4176-b652-5ce00ff50e74 tempest-DeleteServersTestJSON-182432264 tempest-DeleteServersTestJSON-182432264-project-member] Policy check for os_compute_api:os-extended-server-attributes failed with credentials {'is_admin': False, 'user_id': '556b4bd256ee41398d5fd89ef2191550', 'user_domain_id': 'default', 'system_scope': None, 'domain_id': None, 'project_id': 'ef8097227d514468b100a6a637bb6287', 'project_domain_id': 'default', 'roles': ['reader', 'member'], 'is_admin_project': True, 'service_user_id': None, 'service_user_domain_id': None, 'service_project_id': None, 'service_project_domain_id': None, 'service_roles': []} {{(pid=61875) authorize /opt/stack/nova/nova/policy.py:203}}
Apr 14 15:36:31 user devstack@n-api.service[61875]: INFO nova.api.openstack.requestlog [None req-60726339-6baf-4176-b652-5ce00ff50e74 tempest-DeleteServersTestJSON-182432264 tempest-DeleteServersTestJSON-182432264-project-member] 10.0.0.210 "GET /compute/v2.1/servers/c66b5102-c56e-4209-afb2-c2594b271af6" status: 200 len: 1208 microversion: 2.1 time: 0.563792
Apr 14 15:36:31 user devstack@n-api.service[61875]: [pid: 61875|app: 0|req: 16/47] 10.0.0.210 () {62 vars in 1313 bytes} [Fri Apr 14 15:36:31 2023] GET /compute/v2.1/servers/c66b5102-c56e-4209-afb2-c2594b271af6 => generated 1208 bytes in 566 msecs (HTTP/1.1 200) 9 headers in 358 bytes (1 switches on core 0)
Apr 14 15:36:32 user devstack@n-api.service[61876]: DEBUG nova.api.openstack.wsgi [None req-e8ace72d-1d13-4a60-8ed6-47660d872284 tempest-ServerBootFromVolumeStableRescueTest-756745587 tempest-ServerBootFromVolumeStableRescueTest-756745587-project-member] Action: 'create', calling method: >, body: {"server": {"name": "tempest-ServerBootFromVolumeStableRescueTest-server-1391704245", "imageRef": "e3a0daa8-78ae-44af-8756-1fad21c352f3", "flavorRef": "42", "networks": [{"uuid": "7c17386f-ee51-4b70-936e-ca90f2fb5615"}]}} {{(pid=61876) _process_stack /opt/stack/nova/nova/api/openstack/wsgi.py:511}}
Apr 14 15:36:32 user devstack@n-api.service[61876]: DEBUG nova.network.neutron [None req-e8ace72d-1d13-4a60-8ed6-47660d872284 tempest-ServerBootFromVolumeStableRescueTest-756745587 tempest-ServerBootFromVolumeStableRescueTest-756745587-project-member] validate_networks() for [('7c17386f-ee51-4b70-936e-ca90f2fb5615', None, None, None, None, None)] {{(pid=61876) validate_networks /opt/stack/nova/nova/network/neutron.py:2636}}
Apr 14 15:36:33 user devstack@n-api.service[61874]: DEBUG nova.virt.hardware [None req-c5305b67-bfa0-420f-b6bd-f6cf06e4d5ee tempest-ServersNegativeTestJSON-443911091 tempest-ServersNegativeTestJSON-443911091-project-member] Flavor limits 0:0:0 {{(pid=61874) get_cpu_topology_constraints /opt/stack/nova/nova/virt/hardware.py:343}}
Apr 14 15:36:33 user devstack@n-api.service[61874]: DEBUG nova.virt.hardware [None req-c5305b67-bfa0-420f-b6bd-f6cf06e4d5ee tempest-ServersNegativeTestJSON-443911091 tempest-ServersNegativeTestJSON-443911091-project-member] Image limits 0:0:0 {{(pid=61874) get_cpu_topology_constraints /opt/stack/nova/nova/virt/hardware.py:347}}
Apr 14 15:36:33 user devstack@n-api.service[61874]: DEBUG nova.virt.hardware [None req-c5305b67-bfa0-420f-b6bd-f6cf06e4d5ee tempest-ServersNegativeTestJSON-443911091 tempest-ServersNegativeTestJSON-443911091-project-member] Flavor pref 0:0:0 {{(pid=61874) get_cpu_topology_constraints /opt/stack/nova/nova/virt/hardware.py:383}}
Apr 14 15:36:33 user devstack@n-api.service[61874]: DEBUG nova.virt.hardware [None req-c5305b67-bfa0-420f-b6bd-f6cf06e4d5ee tempest-ServersNegativeTestJSON-443911091 tempest-ServersNegativeTestJSON-443911091-project-member] Image pref 0:0:0 {{(pid=61874) get_cpu_topology_constraints /opt/stack/nova/nova/virt/hardware.py:387}}
Apr 14 15:36:33 user devstack@n-api.service[61874]: DEBUG nova.virt.hardware [None req-c5305b67-bfa0-420f-b6bd-f6cf06e4d5ee tempest-ServersNegativeTestJSON-443911091 tempest-ServersNegativeTestJSON-443911091-project-member] Chose sockets=0, cores=0, threads=0; limits were sockets=65536, cores=65536, threads=65536 {{(pid=61874) get_cpu_topology_constraints /opt/stack/nova/nova/virt/hardware.py:425}}
Apr 14 15:36:33 user devstack@n-api.service[61874]: DEBUG oslo_concurrency.lockutils [None req-c5305b67-bfa0-420f-b6bd-f6cf06e4d5ee tempest-ServersNegativeTestJSON-443911091 tempest-ServersNegativeTestJSON-443911091-project-member] Acquiring lock "00000000-0000-0000-0000-000000000000" by "nova.context.set_target_cell..get_or_set_cached_cell_and_set_connections" {{(pid=61874) inner /usr/local/lib/python3.10/dist-packages/oslo_concurrency/lockutils.py:404}}
Apr 14 15:36:33 user devstack@n-api.service[61874]: DEBUG oslo_concurrency.lockutils [None req-c5305b67-bfa0-420f-b6bd-f6cf06e4d5ee tempest-ServersNegativeTestJSON-443911091 tempest-ServersNegativeTestJSON-443911091-project-member] Lock "00000000-0000-0000-0000-000000000000" acquired by "nova.context.set_target_cell..get_or_set_cached_cell_and_set_connections" :: waited 0.001s {{(pid=61874) inner /usr/local/lib/python3.10/dist-packages/oslo_concurrency/lockutils.py:409}}
Apr 14 15:36:33 user devstack@n-api.service[61874]: DEBUG oslo_concurrency.lockutils [None req-c5305b67-bfa0-420f-b6bd-f6cf06e4d5ee tempest-ServersNegativeTestJSON-443911091 tempest-ServersNegativeTestJSON-443911091-project-member] Lock "00000000-0000-0000-0000-000000000000" "released" by "nova.context.set_target_cell..get_or_set_cached_cell_and_set_connections" :: held 0.000s {{(pid=61874) inner /usr/local/lib/python3.10/dist-packages/oslo_concurrency/lockutils.py:423}}
Apr 14 15:36:33 user devstack@n-api.service[61874]: DEBUG oslo_concurrency.lockutils [None req-c5305b67-bfa0-420f-b6bd-f6cf06e4d5ee tempest-ServersNegativeTestJSON-443911091 tempest-ServersNegativeTestJSON-443911091-project-member] Acquiring lock "8cc55bcf-99b1-4c25-9d98-1bcd635e51a5" by "nova.context.set_target_cell..get_or_set_cached_cell_and_set_connections" {{(pid=61874) inner /usr/local/lib/python3.10/dist-packages/oslo_concurrency/lockutils.py:404}}
Apr 14 15:36:33 user devstack@n-api.service[61874]: DEBUG oslo_concurrency.lockutils [None req-c5305b67-bfa0-420f-b6bd-f6cf06e4d5ee tempest-ServersNegativeTestJSON-443911091 tempest-ServersNegativeTestJSON-443911091-project-member] Lock "8cc55bcf-99b1-4c25-9d98-1bcd635e51a5" acquired by "nova.context.set_target_cell..get_or_set_cached_cell_and_set_connections" :: waited 0.000s {{(pid=61874) inner /usr/local/lib/python3.10/dist-packages/oslo_concurrency/lockutils.py:409}}
Apr 14 15:36:33 user devstack@n-api.service[61874]: DEBUG oslo_concurrency.lockutils [None req-c5305b67-bfa0-420f-b6bd-f6cf06e4d5ee tempest-ServersNegativeTestJSON-443911091 tempest-ServersNegativeTestJSON-443911091-project-member] Lock "8cc55bcf-99b1-4c25-9d98-1bcd635e51a5" "released" by "nova.context.set_target_cell..get_or_set_cached_cell_and_set_connections" :: held 0.000s {{(pid=61874) inner /usr/local/lib/python3.10/dist-packages/oslo_concurrency/lockutils.py:423}}
