Apr 18 18:32:53 user devstack@keystone.service[42753]: DEBUG keystone.server.flask.request_processing.req_logging [None req-ffec3ae8-e7a7-48aa-a4c9-c126102370c2 None admin] SCRIPT_NAME: `/identity` {{(pid=42753) log_request_info /opt/stack/keystone/keystone/server/flask/request_processing/req_logging.py:28}}
Apr 18 18:32:53 user devstack@keystone.service[42753]: DEBUG keystone.server.flask.request_processing.req_logging [None req-ffec3ae8-e7a7-48aa-a4c9-c126102370c2 None admin] PATH_INFO: `/v3/users/55a354c3d3c744eda638172041bce62c` {{(pid=42753) log_request_info /opt/stack/keystone/keystone/server/flask/request_processing/req_logging.py:29}}
Apr 18 18:32:53 user devstack@keystone.service[42753]: DEBUG keystone.common.rbac_enforcer.enforcer [None req-ffec3ae8-e7a7-48aa-a4c9-c126102370c2 None admin] RBAC: Authorizing `identity:get_user(user_id=55a354c3d3c744eda638172041bce62c)` {{(pid=42753) enforce_call /opt/stack/keystone/keystone/common/rbac_enforcer/enforcer.py:449}}
Apr 18 18:32:53 user devstack@keystone.service[42753]: DEBUG keystone.common.rbac_enforcer.enforcer [None req-ffec3ae8-e7a7-48aa-a4c9-c126102370c2 None admin] RBAC: Authorization granted {{(pid=42753) enforce_call /opt/stack/keystone/keystone/common/rbac_enforcer/enforcer.py:457}}
Apr 18 18:32:53 user devstack@keystone.service[42753]: [pid: 42753|app: 0|req: 27/82] 10.0.0.210 () {56 vars in 1172 bytes} [Tue Apr 18 18:32:53 2023] GET /identity/v3/users/55a354c3d3c744eda638172041bce62c => generated 274 bytes in 121 msecs (HTTP/1.1 200) 5 headers in 177 bytes (1 switches on core 0)
Apr 18 18:32:53 user devstack@keystone.service[42751]: [pid: 42751|app: 0|req: 28/83] 10.0.0.210 () {58 vars in 1434 bytes} [Tue Apr 18 18:32:53 2023] PUT /identity/v3/projects/62b8a43a3c824b179ff58346a7f40a61/users/f1b7c0a1c6324766a3ec18dd200cb526/roles/6bc1d19cf9094a6897c93bdaffcb4543 => generated 0 bytes in 155 msecs (HTTP/1.1 204) 3 headers in 132 bytes (0 switches on core 0)
Apr 18 18:32:53 user devstack@keystone.service[42753]: DEBUG keystone.server.flask.request_processing.middleware.auth_context [None req-ffec3ae8-e7a7-48aa-a4c9-c126102370c2 None admin] Authenticating user token {{(pid=42753) process_request /usr/local/lib/python3.10/dist-packages/keystonemiddleware/auth_token/__init__.py:406}}
Apr 18 18:32:53 user devstack@keystone.service[42752]: DEBUG keystone.server.flask.request_processing.middleware.auth_context [None req-bb09afb9-fee3-4747-abd6-f460042886fa None admin] Validating token access rules against request {{(pid=42752) validate_allowed_request /usr/local/lib/python3.10/dist-packages/keystonemiddleware/auth_token/__init__.py:544}}
Apr 18 18:32:53 user devstack@keystone.service[42752]: DEBUG keystone.server.flask.request_processing.middleware.auth_context [None req-2013949e-1606-46db-9b04-2d2874130d00 None admin] RBAC: auth_context: {'token': , 'domain_id': None, 'trust_id': None, 'trustor_id': None, 'trustee_id': None, 'domain_name': None, 'group_ids': [], 'user_id': 'f1b7c0a1c6324766a3ec18dd200cb526', 'user_domain_id': 'default', 'system_scope': 'all', 'project_id': None, 'project_domain_id': None, 'roles': ['admin', 'member', 'reader'], 'is_admin_project': True, 'service_user_id': None, 'service_user_domain_id': None, 'service_project_id': None, 'service_project_domain_id': None, 'service_roles': []} {{(pid=42752) fill_context /opt/stack/keystone/keystone/server/flask/request_processing/middleware/auth_context.py:478}}
Apr 18 18:32:53 user devstack@keystone.service[42752]: DEBUG keystone.server.flask.request_processing.req_logging [None req-2013949e-1606-46db-9b04-2d2874130d00 None admin] REQUEST_METHOD: `PUT` {{(pid=42752) log_request_info /opt/stack/keystone/keystone/server/flask/request_processing/req_logging.py:27}}
Apr 18 18:32:53 user devstack@keystone.service[42752]: DEBUG keystone.server.flask.request_processing.req_logging [None req-2013949e-1606-46db-9b04-2d2874130d00 None admin] SCRIPT_NAME: `/identity` {{(pid=42752) log_request_info /opt/stack/keystone/keystone/server/flask/request_processing/req_logging.py:28}}
Apr 18 18:32:53 user devstack@keystone.service[42752]: DEBUG keystone.server.flask.request_processing.req_logging [None req-2013949e-1606-46db-9b04-2d2874130d00 None admin] PATH_INFO: `/v3/projects/62b8a43a3c824b179ff58346a7f40a61/users/55a354c3d3c744eda638172041bce62c/roles/8e9f13452f304fd8b44fbd8fcb8b47b3` {{(pid=42752) log_request_info /opt/stack/keystone/keystone/server/flask/request_processing/req_logging.py:29}}
Apr 18 18:32:53 user devstack@keystone.service[42752]: DEBUG keystone.common.rbac_enforcer.enforcer [None req-2013949e-1606-46db-9b04-2d2874130d00 None admin] RBAC: Authorizing `identity:create_grant(project_id=62b8a43a3c824b179ff58346a7f40a61, user_id=55a354c3d3c744eda638172041bce62c, role_id=8e9f13452f304fd8b44fbd8fcb8b47b3)` {{(pid=42752) enforce_call /opt/stack/keystone/keystone/common/rbac_enforcer/enforcer.py:449}}
Apr 18 18:32:53 user devstack@keystone.service[42752]: DEBUG keystone.common.rbac_enforcer.enforcer [None req-2013949e-1606-46db-9b04-2d2874130d00 None admin] RBAC: Authorization granted {{(pid=42752) enforce_call /opt/stack/keystone/keystone/common/rbac_enforcer/enforcer.py:457}}
Apr 18 18:32:53 user devstack@keystone.service[42752]: [pid: 42752|app: 0|req: 29/84] 10.0.0.210 () {58 vars in 1434 bytes} [Tue Apr 18 18:32:53 2023] PUT /identity/v3/projects/62b8a43a3c824b179ff58346a7f40a61/users/55a354c3d3c744eda638172041bce62c/roles/8e9f13452f304fd8b44fbd8fcb8b47b3 => generated 0 bytes in 194 msecs (HTTP/1.1 204) 3 headers in 132 bytes (0 switches on core 0)
Apr 18 18:32:53 user devstack@keystone.service[42753]: DEBUG dbcounter [-] [42753] Writing DB stats keystone:SELECT=100 {{(pid=42753) stat_writer /usr/local/lib/python3.10/dist-packages/dbcounter.py:117}}
Apr 18 18:32:53 user devstack@keystone.service[42753]: DEBUG keystone.server.flask.request_processing.middleware.auth_context [None req-ffec3ae8-e7a7-48aa-a4c9-c126102370c2 None admin] Validating token access rules against request {{(pid=42753) validate_allowed_request /usr/local/lib/python3.10/dist-packages/keystonemiddleware/auth_token/__init__.py:544}}
Apr 18 18:32:54 user devstack@keystone.service[42753]: DEBUG keystone.server.flask.request_processing.middleware.auth_context [None req-aa98b03c-493d-40c0-b876-ab4cfe1427cb None admin] RBAC: auth_context: {'token': , 'domain_id': None, 'trust_id': None, 'trustor_id': None, 'trustee_id': None, 'domain_name': None, 'group_ids': [], 'user_id': 'f1b7c0a1c6324766a3ec18dd200cb526', 'user_domain_id': 'default', 'system_scope': 'all', 'project_id': None, 'project_domain_id': None, 'roles': ['admin', 'member', 'reader'], 'is_admin_project': True, 'service_user_id': None, 'service_user_domain_id': None, 'service_project_id': None, 'service_project_domain_id': None, 'service_roles': []} {{(pid=42753) fill_context /opt/stack/keystone/keystone/server/flask/request_processing/middleware/auth_context.py:478}}
Apr 18 18:32:54 user devstack@keystone.service[42753]: DEBUG keystone.server.flask.request_processing.req_logging [None req-aa98b03c-493d-40c0-b876-ab4cfe1427cb None admin] REQUEST_METHOD: `GET` {{(pid=42753) log_request_info /opt/stack/keystone/keystone/server/flask/request_processing/req_logging.py:27}}
Apr 18 18:32:54 user devstack@keystone.service[42753]: DEBUG keystone.server.flask.request_processing.req_logging [None req-aa98b03c-493d-40c0-b876-ab4cfe1427cb None admin] SCRIPT_NAME: `/identity` {{(pid=42753) log_request_info /opt/stack/keystone/keystone/server/flask/request_processing/req_logging.py:28}}
Apr 18 18:32:54 user devstack@keystone.service[42753]: DEBUG keystone.server.flask.request_processing.req_logging [None req-aa98b03c-493d-40c0-b876-ab4cfe1427cb None admin] PATH_INFO: `/v3/projects/1b7f513082ca41a49c9f4945b581434a` {{(pid=42753) log_request_info /opt/stack/keystone/keystone/server/flask/request_processing/req_logging.py:29}}
Apr 18 18:32:54 user devstack@keystone.service[42753]: DEBUG keystone.common.rbac_enforcer.enforcer [None req-aa98b03c-493d-40c0-b876-ab4cfe1427cb None admin] RBAC: Authorizing `identity:get_project(project_id=1b7f513082ca41a49c9f4945b581434a)` {{(pid=42753) enforce_call /opt/stack/keystone/keystone/common/rbac_enforcer/enforcer.py:449}}
Apr 18 18:32:54 user devstack@keystone.service[42753]: DEBUG keystone.common.rbac_enforcer.enforcer [None req-aa98b03c-493d-40c0-b876-ab4cfe1427cb None admin] RBAC: Authorization granted {{(pid=42753) enforce_call /opt/stack/keystone/keystone/common/rbac_enforcer/enforcer.py:457}}
Apr 18 18:32:54 user devstack@keystone.service[42753]: [pid: 42753|app: 0|req: 28/85] 10.0.0.210 () {56 vars in 1181 bytes} [Tue Apr 18 18:32:53 2023] GET /identity/v3/projects/1b7f513082ca41a49c9f4945b581434a => generated 311 bytes in 154 msecs (HTTP/1.1 200) 5 headers in 177 bytes (1 switches on core 0)
Apr 18 18:32:54 user devstack@keystone.service[42751]: DEBUG keystone.server.flask.request_processing.middleware.auth_context [None req-ceeec4f6-d3a4-4b22-b54d-0ed3b286b03c None admin] Authenticating user token {{(pid=42751) process_request /usr/local/lib/python3.10/dist-packages/keystonemiddleware/auth_token/__init__.py:406}}
Apr 18 18:32:54 user devstack@keystone.service[42751]: DEBUG dbcounter [-] [42751] Writing DB stats keystone:SELECT=99,keystone:INSERT=1 {{(pid=42751) stat_writer /usr/local/lib/python3.10/dist-packages/dbcounter.py:117}}
Apr 18 18:32:54 user devstack@keystone.service[42751]: DEBUG keystone.server.flask.request_processing.middleware.auth_context [None req-ceeec4f6-d3a4-4b22-b54d-0ed3b286b03c None admin] Validating token access rules against request {{(pid=42751) validate_allowed_request /usr/local/lib/python3.10/dist-packages/keystonemiddleware/auth_token/__init__.py:544}}
Apr 18 18:32:54 user devstack@keystone.service[42751]: DEBUG keystone.server.flask.request_processing.middleware.auth_context [None req-435a6b64-031a-40ec-8e1b-904deaa146de None admin] RBAC: auth_context: {'token': , 'domain_id': None, 'trust_id': None, 'trustor_id': None, 'trustee_id': None, 'domain_name': None, 'group_ids': [], 'user_id': 'f1b7c0a1c6324766a3ec18dd200cb526', 'user_domain_id': 'default', 'system_scope': 'all', 'project_id': None, 'project_domain_id': None, 'roles': ['admin', 'member', 'reader'], 'is_admin_project': True, 'service_user_id': None, 'service_user_domain_id': None, 'service_project_id': None, 'service_project_domain_id': None, 'service_roles': []} {{(pid=42751) fill_context /opt/stack/keystone/keystone/server/flask/request_processing/middleware/auth_context.py:478}}
Apr 18 18:32:54 user devstack@keystone.service[42751]: DEBUG keystone.server.flask.request_processing.req_logging [None req-435a6b64-031a-40ec-8e1b-904deaa146de None admin] REQUEST_METHOD: `PUT` {{(pid=42751) log_request_info /opt/stack/keystone/keystone/server/flask/request_processing/req_logging.py:27}}
Apr 18 18:32:54 user devstack@keystone.service[42751]: DEBUG keystone.server.flask.request_processing.req_logging [None req-435a6b64-031a-40ec-8e1b-904deaa146de None admin] SCRIPT_NAME: `/identity` {{(pid=42751) log_request_info /opt/stack/keystone/keystone/server/flask/request_processing/req_logging.py:28}}
Apr 18 18:32:54 user devstack@keystone.service[42751]: DEBUG keystone.server.flask.request_processing.req_logging [None req-435a6b64-031a-40ec-8e1b-904deaa146de None admin] PATH_INFO: `/v3/projects/1b7f513082ca41a49c9f4945b581434a/users/55a354c3d3c744eda638172041bce62c/roles/7058366a9fca443e9f44c95d078fcd58` {{(pid=42751) log_request_info /opt/stack/keystone/keystone/server/flask/request_processing/req_logging.py:29}}
Apr 18 18:32:54 user devstack@keystone.service[42751]: DEBUG keystone.common.rbac_enforcer.enforcer [None req-435a6b64-031a-40ec-8e1b-904deaa146de None admin] RBAC: Authorizing `identity:create_grant(project_id=1b7f513082ca41a49c9f4945b581434a, user_id=55a354c3d3c744eda638172041bce62c, role_id=7058366a9fca443e9f44c95d078fcd58)` {{(pid=42751) enforce_call /opt/stack/keystone/keystone/common/rbac_enforcer/enforcer.py:449}}
Apr 18 18:32:54 user devstack@keystone.service[42751]: DEBUG keystone.common.rbac_enforcer.enforcer [None req-435a6b64-031a-40ec-8e1b-904deaa146de None admin] RBAC: Authorization granted {{(pid=42751) enforce_call /opt/stack/keystone/keystone/common/rbac_enforcer/enforcer.py:457}}
Apr 18 18:32:54 user devstack@keystone.service[42751]: [pid: 42751|app: 0|req: 29/86] 10.0.0.210 () {58 vars in 1434 bytes} [Tue Apr 18 18:32:54 2023] PUT /identity/v3/projects/1b7f513082ca41a49c9f4945b581434a/users/55a354c3d3c744eda638172041bce62c/roles/7058366a9fca443e9f44c95d078fcd58 => generated 0 bytes in 148 msecs (HTTP/1.1 204) 3 headers in 132 bytes (0 switches on core 0)
Apr 18 18:32:55 user devstack@keystone.service[42752]: DEBUG keystone.server.flask.request_processing.req_logging [None req-17a8289c-a978-493a-a170-b9920f557b81 None None] REQUEST_METHOD: `GET` {{(pid=42752) log_request_info /opt/stack/keystone/keystone/server/flask/request_processing/req_logging.py:27}}
Apr 18 18:32:55 user devstack@keystone.service[42752]: DEBUG keystone.server.flask.request_processing.req_logging [None req-17a8289c-a978-493a-a170-b9920f557b81 None None] SCRIPT_NAME: `/identity` {{(pid=42752) log_request_info /opt/stack/keystone/keystone/server/flask/request_processing/req_logging.py:28}}
Apr 18 18:32:55 user devstack@keystone.service[42752]: DEBUG keystone.server.flask.request_processing.req_logging [None req-17a8289c-a978-493a-a170-b9920f557b81 None None] PATH_INFO: `/` {{(pid=42752) log_request_info /opt/stack/keystone/keystone/server/flask/request_processing/req_logging.py:29}}
Apr 18 18:32:55 user devstack@keystone.service[42752]: [pid: 42752|app: 0|req: 30/87] 10.0.0.210 () {54 vars in 920 bytes} [Tue Apr 18 18:32:55 2023] GET /identity => generated 269 bytes in 3 msecs (HTTP/1.1 300) 6 headers in 233 bytes (1 switches on core 0)
Apr 18 18:32:55 user devstack@keystone.service[42753]: DEBUG keystone.server.flask.request_processing.req_logging [None req-b1bdd177-5820-4922-936c-71d6f0515929 None None] REQUEST_METHOD: `POST` {{(pid=42753) log_request_info /opt/stack/keystone/keystone/server/flask/request_processing/req_logging.py:27}}
Apr 18 18:32:55 user devstack@keystone.service[42753]: DEBUG keystone.server.flask.request_processing.req_logging [None req-b1bdd177-5820-4922-936c-71d6f0515929 None None] SCRIPT_NAME: `/identity` {{(pid=42753) log_request_info /opt/stack/keystone/keystone/server/flask/request_processing/req_logging.py:28}}
Apr 18 18:32:55 user devstack@keystone.service[42753]: DEBUG keystone.server.flask.request_processing.req_logging [None req-b1bdd177-5820-4922-936c-71d6f0515929 None None] PATH_INFO: `/v3/auth/tokens` {{(pid=42753) log_request_info /opt/stack/keystone/keystone/server/flask/request_processing/req_logging.py:29}}
Apr 18 18:32:55 user devstack@keystone.service[42753]: WARNING keystone.common.password_hashing [None req-b1bdd177-5820-4922-936c-71d6f0515929 None None] Truncating password to algorithm specific maximum length 54 characters.
Apr 18 18:32:55 user devstack@keystone.service[42753]: DEBUG keystone.auth.core [None req-b1bdd177-5820-4922-936c-71d6f0515929 None None] MFA Rules not processed for user `f1b7c0a1c6324766a3ec18dd200cb526`. Rule list: `[]` (Enabled: `True`). {{(pid=42753) check_auth_methods_against_rules /opt/stack/keystone/keystone/auth/core.py:438}}
Apr 18 18:32:55 user devstack@keystone.service[42753]: DEBUG keystone.common.fernet_utils [None req-b1bdd177-5820-4922-936c-71d6f0515929 None None] Loaded 2 Fernet keys from /etc/keystone/fernet-keys/, but `[fernet_tokens] max_active_keys = 3`; perhaps there have not been enough key rotations to reach `max_active_keys` yet? {{(pid=42753) load_keys /opt/stack/keystone/keystone/common/fernet_utils.py:286}}
Apr 18 18:32:55 user devstack@keystone.service[42753]: [pid: 42753|app: 0|req: 29/88] 10.0.0.210 () {58 vars in 1017 bytes} [Tue Apr 18 18:32:55 2023] POST /identity/v3/auth/tokens => generated 798 bytes in 80 msecs (HTTP/1.1 201) 6 headers in 363 bytes (1 switches on core 0)
Apr 18 18:32:55 user devstack@keystone.service[42751]: DEBUG keystone.server.flask.request_processing.middleware.auth_context [None req-435a6b64-031a-40ec-8e1b-904deaa146de None admin] Authenticating user token {{(pid=42751) process_request /usr/local/lib/python3.10/dist-packages/keystonemiddleware/auth_token/__init__.py:406}}
Apr 18 18:32:55 user devstack@keystone.service[42751]: DEBUG keystone.server.flask.request_processing.middleware.auth_context [None req-435a6b64-031a-40ec-8e1b-904deaa146de None admin] Validating token access rules against request {{(pid=42751) validate_allowed_request /usr/local/lib/python3.10/dist-packages/keystonemiddleware/auth_token/__init__.py:544}}
Apr 18 18:32:55 user devstack@keystone.service[42752]: DEBUG keystone.server.flask.request_processing.req_logging [None req-568976ca-fa86-46bc-a9d8-f98850478fe2 None None] REQUEST_METHOD: `GET` {{(pid=42752) log_request_info /opt/stack/keystone/keystone/server/flask/request_processing/req_logging.py:27}}
Apr 18 18:32:55 user devstack@keystone.service[42752]: DEBUG keystone.server.flask.request_processing.req_logging [None req-568976ca-fa86-46bc-a9d8-f98850478fe2 None None] SCRIPT_NAME: `/identity` {{(pid=42752) log_request_info /opt/stack/keystone/keystone/server/flask/request_processing/req_logging.py:28}}
Apr 18 18:32:55 user devstack@keystone.service[42752]: DEBUG keystone.server.flask.request_processing.req_logging [None req-568976ca-fa86-46bc-a9d8-f98850478fe2 None None] PATH_INFO: `/` {{(pid=42752) log_request_info /opt/stack/keystone/keystone/server/flask/request_processing/req_logging.py:29}}
Apr 18 18:32:55 user devstack@keystone.service[42752]: [pid: 42752|app: 0|req: 31/89] 10.0.0.210 () {54 vars in 920 bytes} [Tue Apr 18 18:32:55 2023] GET /identity => generated 269 bytes in 3 msecs (HTTP/1.1 300) 6 headers in 233 bytes (1 switches on core 0)
Apr 18 18:32:55 user devstack@keystone.service[42753]: DEBUG keystone.server.flask.request_processing.req_logging [None req-1f1d8264-92ac-44d1-966d-624022417437 None None] REQUEST_METHOD: `POST` {{(pid=42753) log_request_info /opt/stack/keystone/keystone/server/flask/request_processing/req_logging.py:27}}
Apr 18 18:32:55 user devstack@keystone.service[42753]: DEBUG keystone.server.flask.request_processing.req_logging [None req-1f1d8264-92ac-44d1-966d-624022417437 None None] SCRIPT_NAME: `/identity` {{(pid=42753) log_request_info /opt/stack/keystone/keystone/server/flask/request_processing/req_logging.py:28}}
Apr 18 18:32:55 user devstack@keystone.service[42753]: DEBUG keystone.server.flask.request_processing.req_logging [None req-1f1d8264-92ac-44d1-966d-624022417437 None None] PATH_INFO: `/v3/auth/tokens` {{(pid=42753) log_request_info /opt/stack/keystone/keystone/server/flask/request_processing/req_logging.py:29}}
Apr 18 18:32:55 user devstack@keystone.service[42752]: DEBUG keystone.server.flask.request_processing.req_logging [None req-3b16dfc5-0f1e-4ed7-94df-969843a1e186 None None] REQUEST_METHOD: `GET` {{(pid=42752) log_request_info /opt/stack/keystone/keystone/server/flask/request_processing/req_logging.py:27}}
Apr 18 18:32:55 user devstack@keystone.service[42752]: DEBUG keystone.server.flask.request_processing.req_logging [None req-3b16dfc5-0f1e-4ed7-94df-969843a1e186 None None] SCRIPT_NAME: `/identity` {{(pid=42752) log_request_info /opt/stack/keystone/keystone/server/flask/request_processing/req_logging.py:28}}
Apr 18 18:32:55 user devstack@keystone.service[42752]: DEBUG keystone.server.flask.request_processing.req_logging [None req-3b16dfc5-0f1e-4ed7-94df-969843a1e186 None None] PATH_INFO: `/` {{(pid=42752) log_request_info /opt/stack/keystone/keystone/server/flask/request_processing/req_logging.py:29}}
Apr 18 18:32:55 user devstack@keystone.service[42752]: [pid: 42752|app: 0|req: 32/90] 10.0.0.210 () {54 vars in 920 bytes} [Tue Apr 18 18:32:55 2023] GET /identity => generated 269 bytes in 2 msecs (HTTP/1.1 300) 6 headers in 233 bytes (1 switches on core 0)
Apr 18 18:32:55 user devstack@keystone.service[42752]: DEBUG keystone.server.flask.request_processing.req_logging [None req-4b06f9bb-9cc9-4ce6-8172-8ec286d107b0 None None] REQUEST_METHOD: `POST` {{(pid=42752) log_request_info /opt/stack/keystone/keystone/server/flask/request_processing/req_logging.py:27}}
Apr 18 18:32:55 user devstack@keystone.service[42752]: DEBUG keystone.server.flask.request_processing.req_logging [None req-4b06f9bb-9cc9-4ce6-8172-8ec286d107b0 None None] SCRIPT_NAME: `/identity` {{(pid=42752) log_request_info /opt/stack/keystone/keystone/server/flask/request_processing/req_logging.py:28}}
Apr 18 18:32:55 user devstack@keystone.service[42752]: DEBUG keystone.server.flask.request_processing.req_logging [None req-4b06f9bb-9cc9-4ce6-8172-8ec286d107b0 None None] PATH_INFO: `/v3/auth/tokens` {{(pid=42752) log_request_info /opt/stack/keystone/keystone/server/flask/request_processing/req_logging.py:29}}
Apr 18 18:32:55 user devstack@keystone.service[42753]: WARNING keystone.common.password_hashing [None req-1f1d8264-92ac-44d1-966d-624022417437 None None] Truncating password to algorithm specific maximum length 54 characters.
Apr 18 18:32:55 user devstack@keystone.service[42751]: DEBUG keystone.server.flask.request_processing.middleware.auth_context [None req-cb3fc64a-db2e-4084-9e2e-fad8af30471d None admin] RBAC: auth_context: {'token': , 'domain_id': None, 'trust_id': None, 'trustor_id': None, 'trustee_id': None, 'domain_name': None, 'group_ids': [], 'user_id': 'f1b7c0a1c6324766a3ec18dd200cb526', 'user_domain_id': 'default', 'system_scope': 'all', 'project_id': None, 'project_domain_id': None, 'roles': ['admin', 'member', 'reader'], 'is_admin_project': True, 'service_user_id': None, 'service_user_domain_id': None, 'service_project_id': None, 'service_project_domain_id': None, 'service_roles': []} {{(pid=42751) fill_context /opt/stack/keystone/keystone/server/flask/request_processing/middleware/auth_context.py:478}}
Apr 18 18:32:55 user devstack@keystone.service[42751]: DEBUG keystone.server.flask.request_processing.req_logging [None req-cb3fc64a-db2e-4084-9e2e-fad8af30471d None admin] REQUEST_METHOD: `GET` {{(pid=42751) log_request_info /opt/stack/keystone/keystone/server/flask/request_processing/req_logging.py:27}}
Apr 18 18:32:55 user devstack@keystone.service[42751]: DEBUG keystone.server.flask.request_processing.req_logging [None req-cb3fc64a-db2e-4084-9e2e-fad8af30471d None admin] SCRIPT_NAME: `/identity` {{(pid=42751) log_request_info /opt/stack/keystone/keystone/server/flask/request_processing/req_logging.py:28}}
Apr 18 18:32:55 user devstack@keystone.service[42751]: DEBUG keystone.server.flask.request_processing.req_logging [None req-cb3fc64a-db2e-4084-9e2e-fad8af30471d None admin] PATH_INFO: `/v3/roles/member` {{(pid=42751) log_request_info /opt/stack/keystone/keystone/server/flask/request_processing/req_logging.py:29}}
Apr 18 18:32:55 user devstack@keystone.service[42753]: DEBUG keystone.auth.core [None req-1f1d8264-92ac-44d1-966d-624022417437 None None] MFA Rules not processed for user `f1b7c0a1c6324766a3ec18dd200cb526`. Rule list: `[]` (Enabled: `True`). {{(pid=42753) check_auth_methods_against_rules /opt/stack/keystone/keystone/auth/core.py:438}}
Apr 18 18:32:55 user devstack@keystone.service[42753]: DEBUG keystone.common.fernet_utils [None req-1f1d8264-92ac-44d1-966d-624022417437 None None] Loaded 2 Fernet keys from /etc/keystone/fernet-keys/, but `[fernet_tokens] max_active_keys = 3`; perhaps there have not been enough key rotations to reach `max_active_keys` yet? {{(pid=42753) load_keys /opt/stack/keystone/keystone/common/fernet_utils.py:286}}
Apr 18 18:32:55 user devstack@keystone.service[42751]: DEBUG keystone.common.rbac_enforcer.enforcer [None req-cb3fc64a-db2e-4084-9e2e-fad8af30471d None admin] Extracting inferred target data resulted in "NOT FOUND (404)". {{(pid=42751) enforce_call /opt/stack/keystone/keystone/common/rbac_enforcer/enforcer.py:409}}
Apr 18 18:32:55 user devstack@keystone.service[42751]: ERROR keystone.server.flask.application [None req-cb3fc64a-db2e-4084-9e2e-fad8af30471d None admin] Could not find role: member.: keystone.exception.RoleNotFound: Could not find role: member.
Apr 18 18:32:55 user devstack@keystone.service[42751]: ERROR keystone.server.flask.application
Traceback (most recent call last):
Apr 18 18:32:55 user devstack@keystone.service[42751]: ERROR keystone.server.flask.application
File "/usr/local/lib/python3.10/dist-packages/flask/app.py", line 1823, in full_dispatch_request
Apr 18 18:32:55 user devstack@keystone.service[42751]: ERROR keystone.server.flask.application rv = self.dispatch_request()
Apr 18 18:32:55 user devstack@keystone.service[42751]: ERROR keystone.server.flask.application
File "/usr/local/lib/python3.10/dist-packages/flask/app.py", line 1799, in dispatch_request
Apr 18 18:32:55 user devstack@keystone.service[42751]: ERROR keystone.server.flask.application return self.ensure_sync(self.view_functions[rule.endpoint])(**view_args)
Apr 18 18:32:55 user devstack@keystone.service[42751]: ERROR keystone.server.flask.application
File "/usr/local/lib/python3.10/dist-packages/flask_restful/__init__.py", line 467, in wrapper
Apr 18 18:32:55 user devstack@keystone.service[42751]: ERROR keystone.server.flask.application resp = resource(*args, **kwargs)
Apr 18 18:32:55 user devstack@keystone.service[42751]: ERROR keystone.server.flask.application
File "/usr/local/lib/python3.10/dist-packages/flask/views.py", line 107, in view
Apr 18 18:32:55 user devstack@keystone.service[42751]: ERROR keystone.server.flask.application return current_app.ensure_sync(self.dispatch_request)(**kwargs)
Apr 18 18:32:55 user devstack@keystone.service[42751]: ERROR keystone.server.flask.application
File "/usr/local/lib/python3.10/dist-packages/flask_restful/__init__.py", line 582, in dispatch_request
Apr 18 18:32:55 user devstack@keystone.service[42751]: ERROR keystone.server.flask.application resp = meth(*args, **kwargs)
Apr 18 18:32:55 user devstack@keystone.service[42751]: ERROR keystone.server.flask.application
File "/opt/stack/keystone/keystone/api/roles.py", line 50, in get
Apr 18 18:32:55 user devstack@keystone.service[42751]: ERROR keystone.server.flask.application return self._get_role(role_id)
Apr 18 18:32:55 user devstack@keystone.service[42751]: ERROR keystone.server.flask.application
File "/opt/stack/keystone/keystone/api/roles.py", line 70, in _get_role
Apr 18 18:32:55 user devstack@keystone.service[42751]: ERROR keystone.server.flask.application ENFORCER.enforce_call(action='identity:get_role')
Apr 18 18:32:55 user devstack@keystone.service[42751]: ERROR keystone.server.flask.application
File "/opt/stack/keystone/keystone/common/rbac_enforcer/enforcer.py", line 402, in enforce_call
Apr 18 18:32:55 user devstack@keystone.service[42751]: ERROR keystone.server.flask.application policy_dict.update(cls._extract_member_target_data(
Apr 18 18:32:55 user devstack@keystone.service[42751]: ERROR keystone.server.flask.application
File "/opt/stack/keystone/keystone/common/rbac_enforcer/enforcer.py", line 234, in _extract_member_target_data
Apr 18 18:32:55 user devstack@keystone.service[42751]: ERROR keystone.server.flask.application member_name: func(flask.request.view_args[key])
Apr 18 18:32:55 user devstack@keystone.service[42751]: ERROR keystone.server.flask.application
File "/opt/stack/keystone/keystone/common/manager.py", line 115, in wrapped
Apr 18 18:32:55 user devstack@keystone.service[42751]: ERROR keystone.server.flask.application __ret_val = __f(*args, **kwargs)
Apr 18 18:32:55 user devstack@keystone.service[42751]: ERROR keystone.server.flask.application
File "/usr/local/lib/python3.10/dist-packages/decorator.py", line 232, in fun
Apr 18 18:32:55 user devstack@keystone.service[42751]: ERROR keystone.server.flask.application return caller(func, *(extras + args), **kw)
Apr 18 18:32:55 user devstack@keystone.service[42751]: ERROR keystone.server.flask.application
File "/usr/local/lib/python3.10/dist-packages/dogpile/cache/region.py", line 1577, in get_or_create_for_user_func
Apr 18 18:32:55 user devstack@keystone.service[42751]: ERROR keystone.server.flask.application return self.get_or_create(
Apr 18 18:32:55 user devstack@keystone.service[42751]: ERROR keystone.server.flask.application
File "/usr/local/lib/python3.10/dist-packages/dogpile/cache/region.py", line 1042, in get_or_create
Apr 18 18:32:55 user devstack@keystone.service[42751]: ERROR keystone.server.flask.application with Lock(
Apr 18 18:32:55 user devstack@keystone.service[42751]: ERROR keystone.server.flask.application
File "/usr/local/lib/python3.10/dist-packages/dogpile/lock.py", line 185, in __enter__
Apr 18 18:32:55 user devstack@keystone.service[42751]: ERROR keystone.server.flask.application return self._enter()
Apr 18 18:32:55 user devstack@keystone.service[42751]: ERROR keystone.server.flask.application
File "/usr/local/lib/python3.10/dist-packages/dogpile/lock.py", line 94, in _enter
Apr 18 18:32:55 user devstack@keystone.service[42751]: ERROR keystone.server.flask.application generated = self._enter_create(value, createdtime)
Apr 18 18:32:55 user devstack@keystone.service[42751]: ERROR keystone.server.flask.application
File "/usr/local/lib/python3.10/dist-packages/dogpile/lock.py", line 178, in _enter_create
Apr 18 18:32:55 user devstack@keystone.service[42751]: ERROR keystone.server.flask.application return self.creator()
Apr 18 18:32:55 user devstack@keystone.service[42751]: ERROR keystone.server.flask.application
File "/usr/local/lib/python3.10/dist-packages/dogpile/cache/region.py", line 995, in gen_value
Apr 18 18:32:55 user devstack@keystone.service[42751]: ERROR keystone.server.flask.application created_value = creator(
Apr 18 18:32:55 user devstack@keystone.service[42751]: ERROR keystone.server.flask.application
File "/opt/stack/keystone/keystone/assignment/core.py", line 1276, in get_role
Apr 18 18:32:55 user devstack@keystone.service[42751]: ERROR keystone.server.flask.application return self.driver.get_role(role_id)
Apr 18 18:32:55 user devstack@keystone.service[42751]: ERROR keystone.server.flask.application
File "/opt/stack/keystone/keystone/assignment/role_backends/sql.py", line 70, in get_role
Apr 18 18:32:55 user devstack@keystone.service[42751]: ERROR keystone.server.flask.application return self._get_role(session, role_id).to_dict()
Apr 18 18:32:55 user devstack@keystone.service[42751]: ERROR keystone.server.flask.application
File "/opt/stack/keystone/keystone/assignment/role_backends/sql.py", line 65, in _get_role
Apr 18 18:32:55 user devstack@keystone.service[42751]: ERROR keystone.server.flask.application raise exception.RoleNotFound(role_id=role_id)
Apr 18 18:32:55 user devstack@keystone.service[42751]: ERROR keystone.server.flask.application keystone.exception.RoleNotFound: Could not find role: member.
Apr 18 18:32:55 user devstack@keystone.service[42751]: ERROR keystone.server.flask.application
Apr 18 18:32:55 user devstack@keystone.service[42752]: WARNING keystone.common.password_hashing [None req-4b06f9bb-9cc9-4ce6-8172-8ec286d107b0 None None] Truncating password to algorithm specific maximum length 54 characters.
Apr 18 18:32:55 user devstack@keystone.service[42751]: [pid: 42751|app: 0|req: 30/91] 10.0.0.210 () {56 vars in 1094 bytes} [Tue Apr 18 18:32:55 2023] GET /identity/v3/roles/member => generated 84 bytes in 136 msecs (HTTP/1.1 404) 5 headers in 183 bytes (1 switches on core 0)
Apr 18 18:32:55 user devstack@keystone.service[42751]: DEBUG keystone.server.flask.request_processing.req_logging [None req-6f95500a-046e-4e8e-b24c-8c571e65f23b None None] REQUEST_METHOD: `GET` {{(pid=42751) log_request_info /opt/stack/keystone/keystone/server/flask/request_processing/req_logging.py:27}}
Apr 18 18:32:55 user devstack@keystone.service[42751]: DEBUG keystone.server.flask.request_processing.req_logging [None req-6f95500a-046e-4e8e-b24c-8c571e65f23b None None] SCRIPT_NAME: `/identity` {{(pid=42751) log_request_info /opt/stack/keystone/keystone/server/flask/request_processing/req_logging.py:28}}
Apr 18 18:32:55 user devstack@keystone.service[42751]: DEBUG keystone.server.flask.request_processing.req_logging [None req-6f95500a-046e-4e8e-b24c-8c571e65f23b None None] PATH_INFO: `/` {{(pid=42751) log_request_info /opt/stack/keystone/keystone/server/flask/request_processing/req_logging.py:29}}
Apr 18 18:32:55 user devstack@keystone.service[42751]: [pid: 42751|app: 0|req: 31/92] 10.0.0.210 () {54 vars in 920 bytes} [Tue Apr 18 18:32:55 2023] GET /identity => generated 269 bytes in 3 msecs (HTTP/1.1 300) 6 headers in 233 bytes (1 switches on core 0)
Apr 18 18:32:55 user devstack@keystone.service[42752]: DEBUG keystone.auth.core [None req-4b06f9bb-9cc9-4ce6-8172-8ec286d107b0 None None] MFA Rules not processed for user `f1b7c0a1c6324766a3ec18dd200cb526`. Rule list: `[]` (Enabled: `True`). {{(pid=42752) check_auth_methods_against_rules /opt/stack/keystone/keystone/auth/core.py:438}}
Apr 18 18:32:55 user devstack@keystone.service[42751]: DEBUG keystone.server.flask.request_processing.middleware.auth_context [None req-6f95500a-046e-4e8e-b24c-8c571e65f23b None None] Authenticating user token {{(pid=42751) process_request /usr/local/lib/python3.10/dist-packages/keystonemiddleware/auth_token/__init__.py:406}}
Apr 18 18:32:55 user devstack@keystone.service[42752]: DEBUG keystone.common.fernet_utils [None req-4b06f9bb-9cc9-4ce6-8172-8ec286d107b0 None None] Loaded 2 Fernet keys from /etc/keystone/fernet-keys/, but `[fernet_tokens] max_active_keys = 3`; perhaps there have not been enough key rotations to reach `max_active_keys` yet? {{(pid=42752) load_keys /opt/stack/keystone/keystone/common/fernet_utils.py:286}}
Apr 18 18:32:55 user devstack@keystone.service[42751]: DEBUG dbcounter [-] [42751] Writing DB stats keystone:SELECT=99,keystone:INSERT=1 {{(pid=42751) stat_writer /usr/local/lib/python3.10/dist-packages/dbcounter.py:117}}
Apr 18 18:32:55 user devstack@keystone.service[42752]: DEBUG dbcounter [-] [42752] Writing DB stats keystone:SELECT=96,keystone:INSERT=4 {{(pid=42752) stat_writer /usr/local/lib/python3.10/dist-packages/dbcounter.py:117}}
Apr 18 18:32:55 user devstack@keystone.service[42753]: [pid: 42753|app: 0|req: 30/93] 10.0.0.210 () {58 vars in 1017 bytes} [Tue Apr 18 18:32:55 2023] POST /identity/v3/auth/tokens => generated 798 bytes in 81 msecs (HTTP/1.1 201) 6 headers in 363 bytes (1 switches on core 0)
Apr 18 18:32:55 user devstack@keystone.service[42753]: DEBUG keystone.server.flask.request_processing.req_logging [None req-4c0b2bbc-e4bc-4c59-bb0a-ee2b7f8cf0cb None None] REQUEST_METHOD: `POST` {{(pid=42753) log_request_info /opt/stack/keystone/keystone/server/flask/request_processing/req_logging.py:27}}
Apr 18 18:32:55 user devstack@keystone.service[42753]: DEBUG keystone.server.flask.request_processing.req_logging [None req-4c0b2bbc-e4bc-4c59-bb0a-ee2b7f8cf0cb None None] SCRIPT_NAME: `/identity` {{(pid=42753) log_request_info /opt/stack/keystone/keystone/server/flask/request_processing/req_logging.py:28}}
Apr 18 18:32:55 user devstack@keystone.service[42753]: DEBUG keystone.server.flask.request_processing.req_logging [None req-4c0b2bbc-e4bc-4c59-bb0a-ee2b7f8cf0cb None None] PATH_INFO: `/v3/auth/tokens` {{(pid=42753) log_request_info /opt/stack/keystone/keystone/server/flask/request_processing/req_logging.py:29}}
Apr 18 18:32:55 user devstack@keystone.service[42753]: WARNING keystone.common.password_hashing [None req-4c0b2bbc-e4bc-4c59-bb0a-ee2b7f8cf0cb None None] Truncating password to algorithm specific maximum length 54 characters.
Apr 18 18:32:55 user devstack@keystone.service[42753]: DEBUG keystone.auth.core [None req-4c0b2bbc-e4bc-4c59-bb0a-ee2b7f8cf0cb None None] MFA Rules not processed for user `f1b7c0a1c6324766a3ec18dd200cb526`. Rule list: `[]` (Enabled: `True`). {{(pid=42753) check_auth_methods_against_rules /opt/stack/keystone/keystone/auth/core.py:438}}
Apr 18 18:32:55 user devstack@keystone.service[42753]: DEBUG keystone.common.fernet_utils [None req-4c0b2bbc-e4bc-4c59-bb0a-ee2b7f8cf0cb None None] Loaded 2 Fernet keys from /etc/keystone/fernet-keys/, but `[fernet_tokens] max_active_keys = 3`; perhaps there have not been enough key rotations to reach `max_active_keys` yet? {{(pid=42753) load_keys /opt/stack/keystone/keystone/common/fernet_utils.py:286}}
Apr 18 18:32:55 user devstack@keystone.service[42753]: DEBUG dbcounter [-] [42753] Writing DB stats keystone:SELECT=100 {{(pid=42753) stat_writer /usr/local/lib/python3.10/dist-packages/dbcounter.py:117}}
Apr 18 18:32:55 user devstack@keystone.service[42752]: [pid: 42752|app: 0|req: 33/94] 10.0.0.210 () {58 vars in 1017 bytes} [Tue Apr 18 18:32:55 2023] POST /identity/v3/auth/tokens => generated 798 bytes in 102 msecs (HTTP/1.1 201) 6 headers in 363 bytes (1 switches on core 0)
Apr 18 18:32:55 user devstack@keystone.service[42752]: DEBUG keystone.server.flask.request_processing.req_logging [None req-d70981b2-7b33-4cac-99d4-1ff173a618fe None None] REQUEST_METHOD: `GET` {{(pid=42752) log_request_info /opt/stack/keystone/keystone/server/flask/request_processing/req_logging.py:27}}
Apr 18 18:32:55 user devstack@keystone.service[42752]: DEBUG keystone.server.flask.request_processing.req_logging [None req-d70981b2-7b33-4cac-99d4-1ff173a618fe None None] SCRIPT_NAME: `/identity` {{(pid=42752) log_request_info /opt/stack/keystone/keystone/server/flask/request_processing/req_logging.py:28}}
Apr 18 18:32:55 user devstack@keystone.service[42752]: DEBUG keystone.server.flask.request_processing.req_logging [None req-d70981b2-7b33-4cac-99d4-1ff173a618fe None None] PATH_INFO: `/` {{(pid=42752) log_request_info /opt/stack/keystone/keystone/server/flask/request_processing/req_logging.py:29}}
Apr 18 18:32:55 user devstack@keystone.service[42752]: [pid: 42752|app: 0|req: 34/95] 10.0.0.210 () {54 vars in 920 bytes} [Tue Apr 18 18:32:55 2023] GET /identity => generated 269 bytes in 3 msecs (HTTP/1.1 300) 6 headers in 233 bytes (1 switches on core 0)
Apr 18 18:32:55 user devstack@keystone.service[42752]: DEBUG keystone.server.flask.request_processing.req_logging [None req-4f786295-08ba-4e88-a2f8-1eccb0e5cb38 None None] REQUEST_METHOD: `POST` {{(pid=42752) log_request_info /opt/stack/keystone/keystone/server/flask/request_processing/req_logging.py:27}}
Apr 18 18:32:55 user devstack@keystone.service[42752]: DEBUG keystone.server.flask.request_processing.req_logging [None req-4f786295-08ba-4e88-a2f8-1eccb0e5cb38 None None] SCRIPT_NAME: `/identity` {{(pid=42752) log_request_info /opt/stack/keystone/keystone/server/flask/request_processing/req_logging.py:28}}
Apr 18 18:32:55 user devstack@keystone.service[42752]: DEBUG keystone.server.flask.request_processing.req_logging [None req-4f786295-08ba-4e88-a2f8-1eccb0e5cb38 None None] PATH_INFO: `/v3/auth/tokens` {{(pid=42752) log_request_info /opt/stack/keystone/keystone/server/flask/request_processing/req_logging.py:29}}
Apr 18 18:32:55 user devstack@keystone.service[42751]: DEBUG keystone.server.flask.request_processing.middleware.auth_context [None req-6f95500a-046e-4e8e-b24c-8c571e65f23b None None] Validating token access rules against request {{(pid=42751) validate_allowed_request /usr/local/lib/python3.10/dist-packages/keystonemiddleware/auth_token/__init__.py:544}}
Apr 18 18:32:55 user devstack@keystone.service[42752]: WARNING keystone.common.password_hashing [None req-4f786295-08ba-4e88-a2f8-1eccb0e5cb38 None None] Truncating password to algorithm specific maximum length 54 characters.
Apr 18 18:32:55 user devstack@keystone.service[42752]: DEBUG keystone.auth.core [None req-4f786295-08ba-4e88-a2f8-1eccb0e5cb38 None None] MFA Rules not processed for user `f1b7c0a1c6324766a3ec18dd200cb526`. Rule list: `[]` (Enabled: `True`). {{(pid=42752) check_auth_methods_against_rules /opt/stack/keystone/keystone/auth/core.py:438}}
Apr 18 18:32:55 user devstack@keystone.service[42752]: DEBUG keystone.common.fernet_utils [None req-4f786295-08ba-4e88-a2f8-1eccb0e5cb38 None None] Loaded 2 Fernet keys from /etc/keystone/fernet-keys/, but `[fernet_tokens] max_active_keys = 3`; perhaps there have not been enough key rotations to reach `max_active_keys` yet? {{(pid=42752) load_keys /opt/stack/keystone/keystone/common/fernet_utils.py:286}}
Apr 18 18:32:55 user devstack@keystone.service[42753]: [pid: 42753|app: 0|req: 31/96] 10.0.0.210 () {58 vars in 1017 bytes} [Tue Apr 18 18:32:55 2023] POST /identity/v3/auth/tokens => generated 798 bytes in 75 msecs (HTTP/1.1 201) 6 headers in 363 bytes (1 switches on core 0)
Apr 18 18:32:55 user devstack@keystone.service[42751]: DEBUG keystone.server.flask.request_processing.middleware.auth_context [None req-a2c9a201-fd27-4120-a2b8-3925f777cfc0 None admin] RBAC: auth_context: {'token': , 'domain_id': None, 'trust_id': None, 'trustor_id': None, 'trustee_id': None, 'domain_name': None, 'group_ids': [], 'user_id': 'f1b7c0a1c6324766a3ec18dd200cb526', 'user_domain_id': 'default', 'system_scope': 'all', 'project_id': None, 'project_domain_id': None, 'roles': ['admin', 'member', 'reader'], 'is_admin_project': True, 'service_user_id': None, 'service_user_domain_id': None, 'service_project_id': None, 'service_project_domain_id': None, 'service_roles': []} {{(pid=42751) fill_context /opt/stack/keystone/keystone/server/flask/request_processing/middleware/auth_context.py:478}}
Apr 18 18:32:55 user devstack@keystone.service[42751]: DEBUG keystone.server.flask.request_processing.req_logging [None req-a2c9a201-fd27-4120-a2b8-3925f777cfc0 None admin] REQUEST_METHOD: `GET` {{(pid=42751) log_request_info /opt/stack/keystone/keystone/server/flask/request_processing/req_logging.py:27}}
Apr 18 18:32:55 user devstack@keystone.service[42751]: DEBUG keystone.server.flask.request_processing.req_logging [None req-a2c9a201-fd27-4120-a2b8-3925f777cfc0 None admin] SCRIPT_NAME: `/identity` {{(pid=42751) log_request_info /opt/stack/keystone/keystone/server/flask/request_processing/req_logging.py:28}}
Apr 18 18:32:55 user devstack@keystone.service[42751]: DEBUG keystone.server.flask.request_processing.req_logging [None req-a2c9a201-fd27-4120-a2b8-3925f777cfc0 None admin] PATH_INFO: `/v3/roles` {{(pid=42751) log_request_info /opt/stack/keystone/keystone/server/flask/request_processing/req_logging.py:29}}
Apr 18 18:32:55 user devstack@keystone.service[42751]: DEBUG keystone.common.rbac_enforcer.enforcer [None req-a2c9a201-fd27-4120-a2b8-3925f777cfc0 None admin] RBAC: Adding query filter params (name=member) {{(pid=42751) _extract_filter_values /opt/stack/keystone/keystone/common/rbac_enforcer/enforcer.py:167}}
Apr 18 18:32:55 user devstack@keystone.service[42751]: DEBUG keystone.common.rbac_enforcer.enforcer [None req-a2c9a201-fd27-4120-a2b8-3925f777cfc0 None admin] RBAC: Authorizing `identity:list_roles()` {{(pid=42751) enforce_call /opt/stack/keystone/keystone/common/rbac_enforcer/enforcer.py:449}}
Apr 18 18:32:55 user devstack@keystone.service[42751]: DEBUG keystone.common.rbac_enforcer.enforcer [None req-a2c9a201-fd27-4120-a2b8-3925f777cfc0 None admin] RBAC: Authorization granted {{(pid=42751) enforce_call /opt/stack/keystone/keystone/common/rbac_enforcer/enforcer.py:457}}
Apr 18 18:32:55 user devstack@keystone.service[42751]: [pid: 42751|app: 0|req: 32/97] 10.0.0.210 () {56 vars in 1096 bytes} [Tue Apr 18 18:32:55 2023] GET /identity/v3/roles?name=member => generated 339 bytes in 132 msecs (HTTP/1.1 200) 5 headers in 177 bytes (2 switches on core 0)
Apr 18 18:32:55 user devstack@keystone.service[42753]: DEBUG keystone.server.flask.request_processing.middleware.auth_context [None req-4c0b2bbc-e4bc-4c59-bb0a-ee2b7f8cf0cb None None] Authenticating user token {{(pid=42753) process_request /usr/local/lib/python3.10/dist-packages/keystonemiddleware/auth_token/__init__.py:406}}
Apr 18 18:32:55 user devstack@keystone.service[42752]: [pid: 42752|app: 0|req: 35/98] 10.0.0.210 () {58 vars in 1017 bytes} [Tue Apr 18 18:32:55 2023] POST /identity/v3/auth/tokens => generated 798 bytes in 76 msecs (HTTP/1.1 201) 6 headers in 363 bytes (2 switches on core 0)
Apr 18 18:32:55 user devstack@keystone.service[42753]: DEBUG keystone.server.flask.request_processing.middleware.auth_context [None req-4c0b2bbc-e4bc-4c59-bb0a-ee2b7f8cf0cb None None] Validating token access rules against request {{(pid=42753) validate_allowed_request /usr/local/lib/python3.10/dist-packages/keystonemiddleware/auth_token/__init__.py:544}}
Apr 18 18:32:55 user devstack@keystone.service[42751]: DEBUG keystone.server.flask.request_processing.middleware.auth_context [None req-a2c9a201-fd27-4120-a2b8-3925f777cfc0 None admin] Authenticating user token {{(pid=42751) process_request /usr/local/lib/python3.10/dist-packages/keystonemiddleware/auth_token/__init__.py:406}}
Apr 18 18:32:55 user devstack@keystone.service[42753]: DEBUG keystone.server.flask.request_processing.middleware.auth_context [None req-e63b4669-d489-4df0-b731-99987bb0758d None admin] RBAC: auth_context: {'token': , 'domain_id': None, 'trust_id': None, 'trustor_id': None, 'trustee_id': None, 'domain_name': None, 'group_ids': [], 'user_id': 'f1b7c0a1c6324766a3ec18dd200cb526', 'user_domain_id': 'default', 'system_scope': 'all', 'project_id': None, 'project_domain_id': None, 'roles': ['admin', 'member', 'reader'], 'is_admin_project': True, 'service_user_id': None, 'service_user_domain_id': None, 'service_project_id': None, 'service_project_domain_id': None, 'service_roles': []} {{(pid=42753) fill_context /opt/stack/keystone/keystone/server/flask/request_processing/middleware/auth_context.py:478}}
Apr 18 18:32:55 user devstack@keystone.service[42753]: DEBUG keystone.server.flask.request_processing.req_logging [None req-e63b4669-d489-4df0-b731-99987bb0758d None admin] REQUEST_METHOD: `GET` {{(pid=42753) log_request_info /opt/stack/keystone/keystone/server/flask/request_processing/req_logging.py:27}}
Apr 18 18:32:55 user devstack@keystone.service[42753]: DEBUG keystone.server.flask.request_processing.req_logging [None req-e63b4669-d489-4df0-b731-99987bb0758d None admin] SCRIPT_NAME: `/identity` {{(pid=42753) log_request_info /opt/stack/keystone/keystone/server/flask/request_processing/req_logging.py:28}}
Apr 18 18:32:55 user devstack@keystone.service[42753]: DEBUG keystone.server.flask.request_processing.req_logging [None req-e63b4669-d489-4df0-b731-99987bb0758d None admin] PATH_INFO: `/v3/users/55a354c3d3c744eda638172041bce62c` {{(pid=42753) log_request_info /opt/stack/keystone/keystone/server/flask/request_processing/req_logging.py:29}}
Apr 18 18:32:55 user devstack@keystone.service[42753]: DEBUG keystone.common.rbac_enforcer.enforcer [None req-e63b4669-d489-4df0-b731-99987bb0758d None admin] RBAC: Authorizing `identity:get_user(user_id=55a354c3d3c744eda638172041bce62c)` {{(pid=42753) enforce_call /opt/stack/keystone/keystone/common/rbac_enforcer/enforcer.py:449}}
Apr 18 18:32:55 user devstack@keystone.service[42753]: DEBUG keystone.common.rbac_enforcer.enforcer [None req-e63b4669-d489-4df0-b731-99987bb0758d None admin] RBAC: Authorization granted {{(pid=42753) enforce_call /opt/stack/keystone/keystone/common/rbac_enforcer/enforcer.py:457}}
Apr 18 18:32:55 user devstack@keystone.service[42753]: [pid: 42753|app: 0|req: 32/99] 10.0.0.210 () {56 vars in 1172 bytes} [Tue Apr 18 18:32:55 2023] GET /identity/v3/users/55a354c3d3c744eda638172041bce62c => generated 274 bytes in 139 msecs (HTTP/1.1 200) 5 headers in 177 bytes (1 switches on core 0)
Apr 18 18:32:55 user devstack@keystone.service[42752]: DEBUG keystone.server.flask.request_processing.middleware.auth_context [None req-4f786295-08ba-4e88-a2f8-1eccb0e5cb38 None None] Authenticating user token {{(pid=42752) process_request /usr/local/lib/python3.10/dist-packages/keystonemiddleware/auth_token/__init__.py:406}}
Apr 18 18:32:55 user devstack@keystone.service[42753]: DEBUG keystone.server.flask.request_processing.middleware.auth_context [None req-e63b4669-d489-4df0-b731-99987bb0758d None admin] Authenticating user token {{(pid=42753) process_request /usr/local/lib/python3.10/dist-packages/keystonemiddleware/auth_token/__init__.py:406}}
Apr 18 18:32:55 user devstack@keystone.service[42753]: DEBUG dbcounter [-] [42753] Writing DB stats keystone:SELECT=100 {{(pid=42753) stat_writer /usr/local/lib/python3.10/dist-packages/dbcounter.py:117}}
Apr 18 18:32:55 user devstack@keystone.service[42751]: DEBUG dbcounter [-] [42751] Writing DB stats keystone:SELECT=100 {{(pid=42751) stat_writer /usr/local/lib/python3.10/dist-packages/dbcounter.py:117}}
Apr 18 18:32:55 user devstack@keystone.service[42751]: DEBUG keystone.server.flask.request_processing.middleware.auth_context [None req-a2c9a201-fd27-4120-a2b8-3925f777cfc0 None admin] Validating token access rules against request {{(pid=42751) validate_allowed_request /usr/local/lib/python3.10/dist-packages/keystonemiddleware/auth_token/__init__.py:544}}
Apr 18 18:32:55 user devstack@keystone.service[42752]: DEBUG dbcounter [-] [42752] Writing DB stats keystone:SELECT=100 {{(pid=42752) stat_writer /usr/local/lib/python3.10/dist-packages/dbcounter.py:117}}
Apr 18 18:32:55 user devstack@keystone.service[42752]: DEBUG keystone.server.flask.request_processing.middleware.auth_context [None req-4f786295-08ba-4e88-a2f8-1eccb0e5cb38 None None] Validating token access rules against request {{(pid=42752) validate_allowed_request /usr/local/lib/python3.10/dist-packages/keystonemiddleware/auth_token/__init__.py:544}}
