Aug 14 12:01:40 user devstack@g-api.service[75816]: DEBUG glance.common.config [None req-c707ae86-0303-4812-89f8-137dc9e9b8f0 None None] barbican.keyfile = None {{(pid=75816) log_opt_values /opt/stack/data/venv/lib/python3.10/site-packages/oslo_config/cfg.py:2609}}
Aug 14 12:01:40 user devstack@g-api.service[75816]: DEBUG glance.common.config [None req-c707ae86-0303-4812-89f8-137dc9e9b8f0 None None] barbican.number_of_retries = 60 {{(pid=75816) log_opt_values /opt/stack/data/venv/lib/python3.10/site-packages/oslo_config/cfg.py:2609}}
Aug 14 12:01:40 user devstack@g-api.service[75816]: DEBUG glance.common.config [None req-c707ae86-0303-4812-89f8-137dc9e9b8f0 None None] barbican.retry_delay = 1 {{(pid=75816) log_opt_values /opt/stack/data/venv/lib/python3.10/site-packages/oslo_config/cfg.py:2609}}
Aug 14 12:01:40 user devstack@g-api.service[75816]: DEBUG glance.common.config [None req-c707ae86-0303-4812-89f8-137dc9e9b8f0 None None] barbican.send_service_user_token = False {{(pid=75816) log_opt_values /opt/stack/data/venv/lib/python3.10/site-packages/oslo_config/cfg.py:2609}}
Aug 14 12:01:40 user devstack@g-api.service[75816]: DEBUG glance.common.config [None req-c707ae86-0303-4812-89f8-137dc9e9b8f0 None None] barbican.split_loggers = False {{(pid=75816) log_opt_values /opt/stack/data/venv/lib/python3.10/site-packages/oslo_config/cfg.py:2609}}
Aug 14 12:01:40 user devstack@g-api.service[75816]: DEBUG glance.common.config [None req-c707ae86-0303-4812-89f8-137dc9e9b8f0 None None] barbican.timeout = None {{(pid=75816) log_opt_values /opt/stack/data/venv/lib/python3.10/site-packages/oslo_config/cfg.py:2609}}
Aug 14 12:01:40 user devstack@g-api.service[75816]: DEBUG glance.common.config [None req-c707ae86-0303-4812-89f8-137dc9e9b8f0 None None] barbican.verify_ssl = True {{(pid=75816) log_opt_values /opt/stack/data/venv/lib/python3.10/site-packages/oslo_config/cfg.py:2609}}
Aug 14 12:01:40 user devstack@g-api.service[75816]: DEBUG glance.common.config [None req-c707ae86-0303-4812-89f8-137dc9e9b8f0 None None] barbican.verify_ssl_path = None {{(pid=75816) log_opt_values /opt/stack/data/venv/lib/python3.10/site-packages/oslo_config/cfg.py:2609}}
Aug 14 12:01:40 user devstack@g-api.service[75816]: DEBUG glance.common.config [None req-c707ae86-0303-4812-89f8-137dc9e9b8f0 None None] barbican_service_user.auth_section = None {{(pid=75816) log_opt_values /opt/stack/data/venv/lib/python3.10/site-packages/oslo_config/cfg.py:2609}}
Aug 14 12:01:40 user devstack@g-api.service[75816]: DEBUG glance.common.config [None req-c707ae86-0303-4812-89f8-137dc9e9b8f0 None None] barbican_service_user.auth_type = None {{(pid=75816) log_opt_values /opt/stack/data/venv/lib/python3.10/site-packages/oslo_config/cfg.py:2609}}
Aug 14 12:01:40 user devstack@g-api.service[75816]: DEBUG glance.common.config [None req-c707ae86-0303-4812-89f8-137dc9e9b8f0 None None] barbican_service_user.cafile = None {{(pid=75816) log_opt_values /opt/stack/data/venv/lib/python3.10/site-packages/oslo_config/cfg.py:2609}}
Aug 14 12:01:40 user devstack@g-api.service[75816]: DEBUG glance.common.config [None req-c707ae86-0303-4812-89f8-137dc9e9b8f0 None None] barbican_service_user.certfile = None {{(pid=75816) log_opt_values /opt/stack/data/venv/lib/python3.10/site-packages/oslo_config/cfg.py:2609}}
Aug 14 12:01:40 user devstack@g-api.service[75816]: DEBUG glance.common.config [None req-c707ae86-0303-4812-89f8-137dc9e9b8f0 None None] barbican_service_user.collect_timing = False {{(pid=75816) log_opt_values /opt/stack/data/venv/lib/python3.10/site-packages/oslo_config/cfg.py:2609}}
Aug 14 12:01:40 user devstack@g-api.service[75816]: DEBUG glance.common.config [None req-c707ae86-0303-4812-89f8-137dc9e9b8f0 None None] barbican_service_user.insecure = False {{(pid=75816) log_opt_values /opt/stack/data/venv/lib/python3.10/site-packages/oslo_config/cfg.py:2609}}
Aug 14 12:01:40 user devstack@g-api.service[75816]: DEBUG glance.common.config [None req-c707ae86-0303-4812-89f8-137dc9e9b8f0 None None] barbican_service_user.keyfile = None {{(pid=75816) log_opt_values /opt/stack/data/venv/lib/python3.10/site-packages/oslo_config/cfg.py:2609}}
Aug 14 12:01:40 user devstack@g-api.service[75816]: DEBUG glance.common.config [None req-c707ae86-0303-4812-89f8-137dc9e9b8f0 None None] barbican_service_user.split_loggers = False {{(pid=75816) log_opt_values /opt/stack/data/venv/lib/python3.10/site-packages/oslo_config/cfg.py:2609}}
Aug 14 12:01:40 user devstack@g-api.service[75816]: DEBUG glance.common.config [None req-c707ae86-0303-4812-89f8-137dc9e9b8f0 None None] barbican_service_user.timeout = None {{(pid=75816) log_opt_values /opt/stack/data/venv/lib/python3.10/site-packages/oslo_config/cfg.py:2609}}
Aug 14 12:01:40 user devstack@g-api.service[75816]: DEBUG glance.common.config [None req-c707ae86-0303-4812-89f8-137dc9e9b8f0 None None] healthcheck.backends = ['disable_by_file'] {{(pid=75816) log_opt_values /opt/stack/data/venv/lib/python3.10/site-packages/oslo_config/cfg.py:2609}}
Aug 14 12:01:40 user devstack@g-api.service[75816]: DEBUG glance.common.config [None req-c707ae86-0303-4812-89f8-137dc9e9b8f0 None None] healthcheck.detailed = False {{(pid=75816) log_opt_values /opt/stack/data/venv/lib/python3.10/site-packages/oslo_config/cfg.py:2609}}
Aug 14 12:01:40 user devstack@g-api.service[75816]: DEBUG glance.common.config [None req-c707ae86-0303-4812-89f8-137dc9e9b8f0 None None] healthcheck.disable_by_file_path = None {{(pid=75816) log_opt_values /opt/stack/data/venv/lib/python3.10/site-packages/oslo_config/cfg.py:2609}}
Aug 14 12:01:40 user devstack@g-api.service[75816]: DEBUG glance.common.config [None req-c707ae86-0303-4812-89f8-137dc9e9b8f0 None None] healthcheck.path = /healthcheck {{(pid=75816) log_opt_values /opt/stack/data/venv/lib/python3.10/site-packages/oslo_config/cfg.py:2609}}
Aug 14 12:01:40 user devstack@g-api.service[75816]: DEBUG glance.common.config [None req-c707ae86-0303-4812-89f8-137dc9e9b8f0 None None] ******************************************************************************** {{(pid=75816) log_opt_values /opt/stack/data/venv/lib/python3.10/site-packages/oslo_config/cfg.py:2613}}
Aug 14 12:01:40 user devstack@g-api.service[75816]: WSGI app 0 (mountpoint='') ready in 4 seconds on interpreter 0x55b556c630a0 pid: 75816 (default app)
Aug 14 12:01:45 user devstack@g-api.service[75814]: DEBUG glance.api.middleware.version_negotiation [None req-52122a35-71b1-4fdc-815f-ac2e2d0b85d6 None None] Determining version of request: GET / Accept: application/json {{(pid=75814) process_request /opt/stack/glance/glance/api/middleware/version_negotiation.py:44}}
Aug 14 12:01:45 user devstack@g-api.service[75814]: DEBUG glance.api.middleware.version_negotiation [None req-52122a35-71b1-4fdc-815f-ac2e2d0b85d6 None None] Using url versioning {{(pid=75814) process_request /opt/stack/glance/glance/api/middleware/version_negotiation.py:57}}
Aug 14 12:01:45 user devstack@g-api.service[75814]: DEBUG glance.api.middleware.version_negotiation [None req-52122a35-71b1-4fdc-815f-ac2e2d0b85d6 None None] Unknown version. Returning version choices. {{(pid=75814) process_request /opt/stack/glance/glance/api/middleware/version_negotiation.py:64}}
Aug 14 12:01:45 user devstack@g-api.service[75814]: [pid: 75814|app: 0|req: 2/2] 127.0.0.1 () {34 vars in 498 bytes} [Mon Aug 14 12:01:45 2023] GET / => generated 1287 bytes in 2 msecs (HTTP/1.1 300) 3 headers in 106 bytes (1 switches on core 0)
Aug 14 12:01:45 user devstack@g-api.service[75815]: DEBUG glance.api.middleware.version_negotiation [None req-f4bb5461-3d3b-4752-8c1e-9e94db234f30 None None] Determining version of request: POST /v2/images Accept: */* {{(pid=75815) process_request /opt/stack/glance/glance/api/middleware/version_negotiation.py:44}}
Aug 14 12:01:45 user devstack@g-api.service[75815]: DEBUG glance.api.middleware.version_negotiation [None req-f4bb5461-3d3b-4752-8c1e-9e94db234f30 None None] Using url versioning {{(pid=75815) process_request /opt/stack/glance/glance/api/middleware/version_negotiation.py:57}}
Aug 14 12:01:45 user devstack@g-api.service[75815]: DEBUG glance.api.middleware.version_negotiation [None req-f4bb5461-3d3b-4752-8c1e-9e94db234f30 None None] Matched version: v2 {{(pid=75815) process_request /opt/stack/glance/glance/api/middleware/version_negotiation.py:69}}
Aug 14 12:01:45 user devstack@g-api.service[75815]: DEBUG glance.api.middleware.version_negotiation [None req-f4bb5461-3d3b-4752-8c1e-9e94db234f30 None None] new path /v2/images {{(pid=75815) process_request /opt/stack/glance/glance/api/middleware/version_negotiation.py:70}}
Aug 14 12:01:46 user devstack@g-api.service[75815]: INFO dbcounter [None req-c13c9843-14af-4476-90e5-1c3e5a1557f8 admin admin] Registered counter for database glance
Aug 14 12:01:46 user devstack@g-api.service[75815]: DEBUG oslo_db.sqlalchemy.engines [None req-c13c9843-14af-4476-90e5-1c3e5a1557f8 admin admin] MySQL server mode set to STRICT_TRANS_TABLES,STRICT_ALL_TABLES,NO_ZERO_IN_DATE,NO_ZERO_DATE,ERROR_FOR_DIVISION_BY_ZERO,TRADITIONAL,NO_ENGINE_SUBSTITUTION {{(pid=75815) _check_effective_sql_mode /opt/stack/data/venv/lib/python3.10/site-packages/oslo_db/sqlalchemy/engines.py:335}}
Aug 14 12:01:46 user devstack@g-api.service[75815]: DEBUG dbcounter [-] [75815] Writer thread running {{(pid=75815) stat_writer /opt/stack/data/venv/lib/python3.10/site-packages/dbcounter.py:102}}
Aug 14 12:01:46 user devstack@g-api.service[75815]: [pid: 75815|app: 0|req: 1/3] 127.0.0.1 () {40 vars in 761 bytes} [Mon Aug 14 12:01:45 2023] POST /v2/images => generated 807 bytes in 1105 msecs (HTTP/1.1 201) 6 headers in 314 bytes (1 switches on core 0)
Aug 14 12:01:46 user devstack@g-api.service[75816]: DEBUG glance.api.middleware.version_negotiation [None req-c707ae86-0303-4812-89f8-137dc9e9b8f0 None None] Determining version of request: PUT /v2/images/f1c1bbe4-a191-4a75-9890-606d22f47ada/file Accept: {{(pid=75816) process_request /opt/stack/glance/glance/api/middleware/version_negotiation.py:44}}
Aug 14 12:01:46 user devstack@g-api.service[75816]: DEBUG glance.api.middleware.version_negotiation [None req-c707ae86-0303-4812-89f8-137dc9e9b8f0 None None] Using url versioning {{(pid=75816) process_request /opt/stack/glance/glance/api/middleware/version_negotiation.py:57}}
Aug 14 12:01:46 user devstack@g-api.service[75816]: DEBUG glance.api.middleware.version_negotiation [None req-c707ae86-0303-4812-89f8-137dc9e9b8f0 None None] Matched version: v2 {{(pid=75816) process_request /opt/stack/glance/glance/api/middleware/version_negotiation.py:69}}
Aug 14 12:01:46 user devstack@g-api.service[75816]: DEBUG glance.api.middleware.version_negotiation [None req-c707ae86-0303-4812-89f8-137dc9e9b8f0 None None] new path /v2/images/f1c1bbe4-a191-4a75-9890-606d22f47ada/file {{(pid=75816) process_request /opt/stack/glance/glance/api/middleware/version_negotiation.py:70}}
Aug 14 12:01:46 user devstack@g-api.service[75816]: INFO dbcounter [None req-573b2892-5ae9-4f86-ac50-4a3972837f0c admin admin] Registered counter for database glance
Aug 14 12:01:46 user devstack@g-api.service[75816]: DEBUG oslo_db.sqlalchemy.engines [None req-573b2892-5ae9-4f86-ac50-4a3972837f0c admin admin] MySQL server mode set to STRICT_TRANS_TABLES,STRICT_ALL_TABLES,NO_ZERO_IN_DATE,NO_ZERO_DATE,ERROR_FOR_DIVISION_BY_ZERO,TRADITIONAL,NO_ENGINE_SUBSTITUTION {{(pid=75816) _check_effective_sql_mode /opt/stack/data/venv/lib/python3.10/site-packages/oslo_db/sqlalchemy/engines.py:335}}
Aug 14 12:01:46 user devstack@g-api.service[75816]: DEBUG dbcounter [-] [75816] Writer thread running {{(pid=75816) stat_writer /opt/stack/data/venv/lib/python3.10/site-packages/dbcounter.py:102}}
Aug 14 12:01:47 user devstack@g-api.service[75816]: INFO glance.api.v2.image_data [None req-573b2892-5ae9-4f86-ac50-4a3972837f0c admin admin] Unable to create trust: no such option collect_timing in group [keystone_authtoken] Use the existing user token.
Aug 14 12:01:47 user devstack@g-api.service[75816]: DEBUG glance.location [None req-573b2892-5ae9-4f86-ac50-4a3972837f0c admin admin] Enabling in-flight format inspection for qcow2 {{(pid=75816) set_data /opt/stack/glance/glance/location.py:581}}
Aug 14 12:01:48 user devstack@g-api.service[75816]: DEBUG glance_store._drivers.filesystem [None req-573b2892-5ae9-4f86-ac50-4a3972837f0c admin admin] Wrote 21430272 bytes to /opt/stack/data/glance/images/f1c1bbe4-a191-4a75-9890-606d22f47ada with checksum c8fc807773e5354afe61636071771906 and multihash 1103b92ce8ad966e41235a4de260deb791ff571670c0342666c8582fbb9caefe6af07ebb11d34f44f8414b609b29c1bdf1d72ffa6faa39c88e8721d09847952b {{(pid=75816) add /opt/stack/data/venv/lib/python3.10/site-packages/glance_store/_drivers/filesystem.py:773}}
Aug 14 12:01:48 user devstack@g-api.service[75816]: INFO glance.location [None req-573b2892-5ae9-4f86-ac50-4a3972837f0c admin admin] Image format matched and virtual size computed: 117440512
Aug 14 12:01:48 user devstack@g-api.service[75816]: DEBUG glance_store.backend [None req-573b2892-5ae9-4f86-ac50-4a3972837f0c admin admin] Skipping store.set_acls... not implemented. {{(pid=75816) set_acls /opt/stack/data/venv/lib/python3.10/site-packages/glance_store/backend.py:508}}
Aug 14 12:01:48 user devstack@g-api.service[75816]: [pid: 75816|app: 0|req: 1/4] 127.0.0.1 () {40 vars in 854 bytes} [Mon Aug 14 12:01:46 2023] PUT /v2/images/f1c1bbe4-a191-4a75-9890-606d22f47ada/file => generated 0 bytes in 1798 msecs (HTTP/1.1 204) 4 headers in 171 bytes (1 switches on core 0)
Aug 14 12:01:56 user devstack@g-api.service[75815]: DEBUG dbcounter [-] [75815] Writing DB stats glance:SELECT=9,glance:INSERT=5 {{(pid=75815) stat_writer /opt/stack/data/venv/lib/python3.10/site-packages/dbcounter.py:115}}
Aug 14 12:01:58 user devstack@g-api.service[75816]: DEBUG dbcounter [-] [75816] Writing DB stats glance:SELECT=28,glance:UPDATE=2,glance:INSERT=1 {{(pid=75816) stat_writer /opt/stack/data/venv/lib/python3.10/site-packages/dbcounter.py:115}}
Aug 14 12:02:40 user devstack@g-api.service[75814]: DEBUG glance.api.middleware.version_negotiation [None req-52122a35-71b1-4fdc-815f-ac2e2d0b85d6 None None] Determining version of request: GET / Accept: application/json {{(pid=75814) process_request /opt/stack/glance/glance/api/middleware/version_negotiation.py:44}}
Aug 14 12:02:40 user devstack@g-api.service[75814]: DEBUG glance.api.middleware.version_negotiation [None req-52122a35-71b1-4fdc-815f-ac2e2d0b85d6 None None] Using url versioning {{(pid=75814) process_request /opt/stack/glance/glance/api/middleware/version_negotiation.py:57}}
Aug 14 12:02:40 user devstack@g-api.service[75814]: DEBUG glance.api.middleware.version_negotiation [None req-52122a35-71b1-4fdc-815f-ac2e2d0b85d6 None None] Unknown version. Returning version choices. {{(pid=75814) process_request /opt/stack/glance/glance/api/middleware/version_negotiation.py:64}}
Aug 14 12:02:40 user devstack@g-api.service[75814]: [pid: 75814|app: 0|req: 3/5] 127.0.0.1 () {34 vars in 498 bytes} [Mon Aug 14 12:02:40 2023] GET / => generated 1287 bytes in 4 msecs (HTTP/1.1 300) 3 headers in 106 bytes (1 switches on core 0)
Aug 14 12:02:40 user devstack@g-api.service[75815]: DEBUG glance.api.middleware.version_negotiation [None req-c13c9843-14af-4476-90e5-1c3e5a1557f8 admin admin] Determining version of request: GET /v2/images Accept: application/json {{(pid=75815) process_request /opt/stack/glance/glance/api/middleware/version_negotiation.py:44}}
Aug 14 12:02:40 user devstack@g-api.service[75815]: DEBUG glance.api.middleware.version_negotiation [None req-c13c9843-14af-4476-90e5-1c3e5a1557f8 admin admin] Using url versioning {{(pid=75815) process_request /opt/stack/glance/glance/api/middleware/version_negotiation.py:57}}
Aug 14 12:02:40 user devstack@g-api.service[75815]: DEBUG glance.api.middleware.version_negotiation [None req-c13c9843-14af-4476-90e5-1c3e5a1557f8 admin admin] Matched version: v2 {{(pid=75815) process_request /opt/stack/glance/glance/api/middleware/version_negotiation.py:69}}
Aug 14 12:02:40 user devstack@g-api.service[75815]: DEBUG glance.api.middleware.version_negotiation [None req-c13c9843-14af-4476-90e5-1c3e5a1557f8 admin admin] new path /v2/images {{(pid=75815) process_request /opt/stack/glance/glance/api/middleware/version_negotiation.py:70}}
Aug 14 12:02:40 user devstack@g-api.service[75815]: [pid: 75815|app: 0|req: 2/6] 127.0.0.1 () {36 vars in 720 bytes} [Mon Aug 14 12:02:40 2023] GET /v2/images => generated 1045 bytes in 85 msecs (HTTP/1.1 200) 4 headers in 158 bytes (1 switches on core 0)
Aug 14 12:02:50 user devstack@g-api.service[75815]: DEBUG dbcounter [-] [75815] Writing DB stats glance:SELECT=2 {{(pid=75815) stat_writer /opt/stack/data/venv/lib/python3.10/site-packages/dbcounter.py:115}}
Aug 14 12:04:16 user devstack@g-api.service[75816]: DEBUG glance.api.middleware.version_negotiation [None req-573b2892-5ae9-4f86-ac50-4a3972837f0c admin admin] Determining version of request: GET /v1 Accept: application/json {{(pid=75816) process_request /opt/stack/glance/glance/api/middleware/version_negotiation.py:44}}
Aug 14 12:04:16 user devstack@g-api.service[75816]: DEBUG glance.api.middleware.version_negotiation [None req-573b2892-5ae9-4f86-ac50-4a3972837f0c admin admin] Using url versioning {{(pid=75816) process_request /opt/stack/glance/glance/api/middleware/version_negotiation.py:57}}
Aug 14 12:04:16 user devstack@g-api.service[75816]: DEBUG glance.api.middleware.version_negotiation [None req-573b2892-5ae9-4f86-ac50-4a3972837f0c admin admin] Unknown version. Returning version choices. {{(pid=75816) process_request /opt/stack/glance/glance/api/middleware/version_negotiation.py:64}}
Aug 14 12:04:16 user devstack@g-api.service[75816]: [pid: 75816|app: 0|req: 2/7] 127.0.0.1 () {38 vars in 678 bytes} [Mon Aug 14 12:04:16 2023] GET /v1 => generated 1287 bytes in 3 msecs (HTTP/1.1 300) 3 headers in 106 bytes (1 switches on core 0)
Aug 14 12:05:24 user devstack@g-api.service[75814]: DEBUG glance.api.middleware.version_negotiation [None req-52122a35-71b1-4fdc-815f-ac2e2d0b85d6 None None] Determining version of request: GET / Accept: application/json {{(pid=75814) process_request /opt/stack/glance/glance/api/middleware/version_negotiation.py:44}}
Aug 14 12:05:24 user devstack@g-api.service[75814]: DEBUG glance.api.middleware.version_negotiation [None req-52122a35-71b1-4fdc-815f-ac2e2d0b85d6 None None] Using url versioning {{(pid=75814) process_request /opt/stack/glance/glance/api/middleware/version_negotiation.py:57}}
Aug 14 12:05:24 user devstack@g-api.service[75814]: DEBUG glance.api.middleware.version_negotiation [None req-52122a35-71b1-4fdc-815f-ac2e2d0b85d6 None None] Unknown version. Returning version choices. {{(pid=75814) process_request /opt/stack/glance/glance/api/middleware/version_negotiation.py:64}}
Aug 14 12:05:24 user devstack@g-api.service[75814]: [pid: 75814|app: 0|req: 4/8] 127.0.0.1 () {34 vars in 485 bytes} [Mon Aug 14 12:05:24 2023] GET / => generated 1287 bytes in 2 msecs (HTTP/1.1 300) 3 headers in 106 bytes (1 switches on core 0)
Aug 14 12:05:24 user devstack@g-api.service[75815]: DEBUG glance.api.middleware.version_negotiation [None req-3934fbd5-acb4-4f60-ad48-ed88cc4cc44c admin admin] Determining version of request: GET /v2/images/f1c1bbe4-a191-4a75-9890-606d22f47ada Accept: */* {{(pid=75815) process_request /opt/stack/glance/glance/api/middleware/version_negotiation.py:44}}
Aug 14 12:05:24 user devstack@g-api.service[75815]: DEBUG glance.api.middleware.version_negotiation [None req-3934fbd5-acb4-4f60-ad48-ed88cc4cc44c admin admin] Using url versioning {{(pid=75815) process_request /opt/stack/glance/glance/api/middleware/version_negotiation.py:57}}
Aug 14 12:05:24 user devstack@g-api.service[75815]: DEBUG glance.api.middleware.version_negotiation [None req-3934fbd5-acb4-4f60-ad48-ed88cc4cc44c admin admin] Matched version: v2 {{(pid=75815) process_request /opt/stack/glance/glance/api/middleware/version_negotiation.py:69}}
Aug 14 12:05:24 user devstack@g-api.service[75815]: DEBUG glance.api.middleware.version_negotiation [None req-3934fbd5-acb4-4f60-ad48-ed88cc4cc44c admin admin] new path /v2/images/f1c1bbe4-a191-4a75-9890-606d22f47ada {{(pid=75815) process_request /opt/stack/glance/glance/api/middleware/version_negotiation.py:70}}
Aug 14 12:05:24 user devstack@g-api.service[75815]: WARNING keystonemiddleware.auth_token [None req-3934fbd5-acb4-4f60-ad48-ed88cc4cc44c admin admin] A valid token was submitted as a service token, but it was not a valid service token. This is incorrect but backwards compatible behaviour. This will be removed in future releases.
Aug 14 12:05:24 user devstack@g-api.service[75815]: [pid: 75815|app: 0|req: 3/9] 127.0.0.1 () {42 vars in 1041 bytes} [Mon Aug 14 12:05:24 2023] GET /v2/images/f1c1bbe4-a191-4a75-9890-606d22f47ada => generated 976 bytes in 45 msecs (HTTP/1.1 200) 4 headers in 157 bytes (1 switches on core 0)
Aug 14 12:05:24 user devstack@g-api.service[75816]: DEBUG glance.api.middleware.version_negotiation [None req-573b2892-5ae9-4f86-ac50-4a3972837f0c admin admin] Determining version of request: GET /v2/schemas/image Accept: */* {{(pid=75816) process_request /opt/stack/glance/glance/api/middleware/version_negotiation.py:44}}
Aug 14 12:05:24 user devstack@g-api.service[75816]: DEBUG glance.api.middleware.version_negotiation [None req-573b2892-5ae9-4f86-ac50-4a3972837f0c admin admin] Using url versioning {{(pid=75816) process_request /opt/stack/glance/glance/api/middleware/version_negotiation.py:57}}
Aug 14 12:05:24 user devstack@g-api.service[75816]: DEBUG glance.api.middleware.version_negotiation [None req-573b2892-5ae9-4f86-ac50-4a3972837f0c admin admin] Matched version: v2 {{(pid=75816) process_request /opt/stack/glance/glance/api/middleware/version_negotiation.py:69}}
Aug 14 12:05:24 user devstack@g-api.service[75816]: DEBUG glance.api.middleware.version_negotiation [None req-573b2892-5ae9-4f86-ac50-4a3972837f0c admin admin] new path /v2/schemas/image {{(pid=75816) process_request /opt/stack/glance/glance/api/middleware/version_negotiation.py:70}}
Aug 14 12:05:24 user devstack@g-api.service[75816]: WARNING keystonemiddleware.auth_token [None req-573b2892-5ae9-4f86-ac50-4a3972837f0c admin admin] A valid token was submitted as a service token, but it was not a valid service token. This is incorrect but backwards compatible behaviour. This will be removed in future releases.
Aug 14 12:05:24 user devstack@g-api.service[75816]: [pid: 75816|app: 0|req: 3/10] 127.0.0.1 () {42 vars in 981 bytes} [Mon Aug 14 12:05:24 2023] GET /v2/schemas/image => generated 6083 bytes in 8 msecs (HTTP/1.1 200) 4 headers in 158 bytes (1 switches on core 0)
Aug 14 12:05:29 user devstack@g-api.service[75814]: DEBUG glance.api.middleware.version_negotiation [None req-52122a35-71b1-4fdc-815f-ac2e2d0b85d6 None None] Determining version of request: GET / Accept: application/json {{(pid=75814) process_request /opt/stack/glance/glance/api/middleware/version_negotiation.py:44}}
Aug 14 12:05:29 user devstack@g-api.service[75814]: DEBUG glance.api.middleware.version_negotiation [None req-52122a35-71b1-4fdc-815f-ac2e2d0b85d6 None None] Using url versioning {{(pid=75814) process_request /opt/stack/glance/glance/api/middleware/version_negotiation.py:57}}
Aug 14 12:05:29 user devstack@g-api.service[75814]: DEBUG glance.api.middleware.version_negotiation [None req-52122a35-71b1-4fdc-815f-ac2e2d0b85d6 None None] Unknown version. Returning version choices. {{(pid=75814) process_request /opt/stack/glance/glance/api/middleware/version_negotiation.py:64}}
Aug 14 12:05:29 user devstack@g-api.service[75814]: [pid: 75814|app: 0|req: 5/11] 127.0.0.1 () {34 vars in 485 bytes} [Mon Aug 14 12:05:29 2023] GET / => generated 1287 bytes in 3 msecs (HTTP/1.1 300) 3 headers in 106 bytes (1 switches on core 0)
Aug 14 12:05:29 user devstack@g-api.service[75815]: DEBUG glance.api.middleware.version_negotiation [None req-d500958a-5539-4c90-887a-0b0142856b89 tempest-DeleteServersTestJSON-673020177 tempest-DeleteServersTestJSON-673020177-project-member] Determining version of request: GET /v2/images/f1c1bbe4-a191-4a75-9890-606d22f47ada Accept: */* {{(pid=75815) process_request /opt/stack/glance/glance/api/middleware/version_negotiation.py:44}}
Aug 14 12:05:29 user devstack@g-api.service[75815]: DEBUG glance.api.middleware.version_negotiation [None req-d500958a-5539-4c90-887a-0b0142856b89 tempest-DeleteServersTestJSON-673020177 tempest-DeleteServersTestJSON-673020177-project-member] Using url versioning {{(pid=75815) process_request /opt/stack/glance/glance/api/middleware/version_negotiation.py:57}}
Aug 14 12:05:29 user devstack@g-api.service[75815]: DEBUG glance.api.middleware.version_negotiation [None req-d500958a-5539-4c90-887a-0b0142856b89 tempest-DeleteServersTestJSON-673020177 tempest-DeleteServersTestJSON-673020177-project-member] Matched version: v2 {{(pid=75815) process_request /opt/stack/glance/glance/api/middleware/version_negotiation.py:69}}
Aug 14 12:05:29 user devstack@g-api.service[75815]: DEBUG glance.api.middleware.version_negotiation [None req-d500958a-5539-4c90-887a-0b0142856b89 tempest-DeleteServersTestJSON-673020177 tempest-DeleteServersTestJSON-673020177-project-member] new path /v2/images/f1c1bbe4-a191-4a75-9890-606d22f47ada {{(pid=75815) process_request /opt/stack/glance/glance/api/middleware/version_negotiation.py:70}}
Aug 14 12:05:29 user devstack@g-api.service[75815]: [pid: 75815|app: 0|req: 4/12] 127.0.0.1 () {42 vars in 1041 bytes} [Mon Aug 14 12:05:29 2023] GET /v2/images/f1c1bbe4-a191-4a75-9890-606d22f47ada => generated 976 bytes in 37 msecs (HTTP/1.1 200) 4 headers in 157 bytes (1 switches on core 0)
Aug 14 12:05:29 user devstack@g-api.service[75816]: DEBUG glance.api.middleware.version_negotiation [None req-d500958a-5539-4c90-887a-0b0142856b89 tempest-DeleteServersTestJSON-673020177 tempest-DeleteServersTestJSON-673020177-project-member] Determining version of request: GET /v2/schemas/image Accept: */* {{(pid=75816) process_request /opt/stack/glance/glance/api/middleware/version_negotiation.py:44}}
Aug 14 12:05:29 user devstack@g-api.service[75816]: DEBUG glance.api.middleware.version_negotiation [None req-d500958a-5539-4c90-887a-0b0142856b89 tempest-DeleteServersTestJSON-673020177 tempest-DeleteServersTestJSON-673020177-project-member] Using url versioning {{(pid=75816) process_request /opt/stack/glance/glance/api/middleware/version_negotiation.py:57}}
Aug 14 12:05:29 user devstack@g-api.service[75816]: DEBUG glance.api.middleware.version_negotiation [None req-d500958a-5539-4c90-887a-0b0142856b89 tempest-DeleteServersTestJSON-673020177 tempest-DeleteServersTestJSON-673020177-project-member] Matched version: v2 {{(pid=75816) process_request /opt/stack/glance/glance/api/middleware/version_negotiation.py:69}}
Aug 14 12:05:29 user devstack@g-api.service[75816]: DEBUG glance.api.middleware.version_negotiation [None req-d500958a-5539-4c90-887a-0b0142856b89 tempest-DeleteServersTestJSON-673020177 tempest-DeleteServersTestJSON-673020177-project-member] new path /v2/schemas/image {{(pid=75816) process_request /opt/stack/glance/glance/api/middleware/version_negotiation.py:70}}
Aug 14 12:05:29 user devstack@g-api.service[75816]: [pid: 75816|app: 0|req: 4/13] 127.0.0.1 () {42 vars in 981 bytes} [Mon Aug 14 12:05:29 2023] GET /v2/schemas/image => generated 6083 bytes in 8 msecs (HTTP/1.1 200) 4 headers in 158 bytes (1 switches on core 0)
Aug 14 12:05:29 user devstack@g-api.service[75814]: DEBUG glance.api.middleware.version_negotiation [None req-52122a35-71b1-4fdc-815f-ac2e2d0b85d6 None None] Determining version of request: GET /v2/images/f1c1bbe4-a191-4a75-9890-606d22f47ada Accept: */* {{(pid=75814) process_request /opt/stack/glance/glance/api/middleware/version_negotiation.py:44}}
Aug 14 12:05:29 user devstack@g-api.service[75814]: DEBUG glance.api.middleware.version_negotiation [None req-52122a35-71b1-4fdc-815f-ac2e2d0b85d6 None None] Using url versioning {{(pid=75814) process_request /opt/stack/glance/glance/api/middleware/version_negotiation.py:57}}
Aug 14 12:05:29 user devstack@g-api.service[75814]: DEBUG glance.api.middleware.version_negotiation [None req-52122a35-71b1-4fdc-815f-ac2e2d0b85d6 None None] Matched version: v2 {{(pid=75814) process_request /opt/stack/glance/glance/api/middleware/version_negotiation.py:69}}
Aug 14 12:05:29 user devstack@g-api.service[75814]: DEBUG glance.api.middleware.version_negotiation [None req-52122a35-71b1-4fdc-815f-ac2e2d0b85d6 None None] new path /v2/images/f1c1bbe4-a191-4a75-9890-606d22f47ada {{(pid=75814) process_request /opt/stack/glance/glance/api/middleware/version_negotiation.py:70}}
Aug 14 12:05:29 user devstack@g-api.service[75814]: WARNING keystonemiddleware.auth_token [None req-52122a35-71b1-4fdc-815f-ac2e2d0b85d6 None None] A valid token was submitted as a service token, but it was not a valid service token. This is incorrect but backwards compatible behaviour. This will be removed in future releases.
Aug 14 12:05:29 user devstack@g-api.service[75814]: INFO dbcounter [None req-d500958a-5539-4c90-887a-0b0142856b89 tempest-DeleteServersTestJSON-673020177 tempest-DeleteServersTestJSON-673020177-project-member] Registered counter for database glance
Aug 14 12:05:29 user devstack@g-api.service[75814]: DEBUG oslo_db.sqlalchemy.engines [None req-d500958a-5539-4c90-887a-0b0142856b89 tempest-DeleteServersTestJSON-673020177 tempest-DeleteServersTestJSON-673020177-project-member] MySQL server mode set to STRICT_TRANS_TABLES,STRICT_ALL_TABLES,NO_ZERO_IN_DATE,NO_ZERO_DATE,ERROR_FOR_DIVISION_BY_ZERO,TRADITIONAL,NO_ENGINE_SUBSTITUTION {{(pid=75814) _check_effective_sql_mode /opt/stack/data/venv/lib/python3.10/site-packages/oslo_db/sqlalchemy/engines.py:335}}
Aug 14 12:05:29 user devstack@g-api.service[75814]: DEBUG dbcounter [-] [75814] Writer thread running {{(pid=75814) stat_writer /opt/stack/data/venv/lib/python3.10/site-packages/dbcounter.py:102}}
Aug 14 12:05:29 user devstack@g-api.service[75814]: [pid: 75814|app: 0|req: 6/14] 127.0.0.1 () {42 vars in 1041 bytes} [Mon Aug 14 12:05:29 2023] GET /v2/images/f1c1bbe4-a191-4a75-9890-606d22f47ada => generated 976 bytes in 389 msecs (HTTP/1.1 200) 4 headers in 157 bytes (1 switches on core 0)
Aug 14 12:05:29 user devstack@g-api.service[75815]: DEBUG glance.api.middleware.version_negotiation [None req-63be3c64-563b-4c35-8d26-fc37706846ab tempest-AttachVolumeShelveTestJSON-192114773 tempest-AttachVolumeShelveTestJSON-192114773-project-member] Determining version of request: GET /v2/images/f1c1bbe4-a191-4a75-9890-606d22f47ada/file Accept: */* {{(pid=75815) process_request /opt/stack/glance/glance/api/middleware/version_negotiation.py:44}}
Aug 14 12:05:29 user devstack@g-api.service[75815]: DEBUG glance.api.middleware.version_negotiation [None req-63be3c64-563b-4c35-8d26-fc37706846ab tempest-AttachVolumeShelveTestJSON-192114773 tempest-AttachVolumeShelveTestJSON-192114773-project-member] Using url versioning {{(pid=75815) process_request /opt/stack/glance/glance/api/middleware/version_negotiation.py:57}}
Aug 14 12:05:29 user devstack@g-api.service[75815]: DEBUG glance.api.middleware.version_negotiation [None req-63be3c64-563b-4c35-8d26-fc37706846ab tempest-AttachVolumeShelveTestJSON-192114773 tempest-AttachVolumeShelveTestJSON-192114773-project-member] Matched version: v2 {{(pid=75815) process_request /opt/stack/glance/glance/api/middleware/version_negotiation.py:69}}
Aug 14 12:05:29 user devstack@g-api.service[75815]: DEBUG glance.api.middleware.version_negotiation [None req-63be3c64-563b-4c35-8d26-fc37706846ab tempest-AttachVolumeShelveTestJSON-192114773 tempest-AttachVolumeShelveTestJSON-192114773-project-member] new path /v2/images/f1c1bbe4-a191-4a75-9890-606d22f47ada/file {{(pid=75815) process_request /opt/stack/glance/glance/api/middleware/version_negotiation.py:70}}
Aug 14 12:05:29 user devstack@g-api.service[75815]: DEBUG glance_store._drivers.filesystem [None req-d500958a-5539-4c90-887a-0b0142856b89 tempest-DeleteServersTestJSON-673020177 tempest-DeleteServersTestJSON-673020177-project-member] Found image at /opt/stack/data/glance/images/f1c1bbe4-a191-4a75-9890-606d22f47ada. Returning in ChunkedFile. {{(pid=75815) get /opt/stack/data/venv/lib/python3.10/site-packages/glance_store/_drivers/filesystem.py:614}}
Aug 14 12:05:29 user devstack@g-api.service[75815]: DEBUG glance.image_cache [None req-d500958a-5539-4c90-887a-0b0142856b89 tempest-DeleteServersTestJSON-673020177 tempest-DeleteServersTestJSON-673020177-project-member] Tee'ing image 'f1c1bbe4-a191-4a75-9890-606d22f47ada' into cache {{(pid=75815) get_caching_iter /opt/stack/glance/glance/image_cache/__init__.py:343}}
Aug 14 12:05:30 user devstack@g-api.service[75815]: DEBUG glance.image_cache.drivers.sqlite [None req-d500958a-5539-4c90-887a-0b0142856b89 tempest-DeleteServersTestJSON-673020177 tempest-DeleteServersTestJSON-673020177-project-member] Fetch finished, moving '/opt/stack/data/glance/cache/incomplete/f1c1bbe4-a191-4a75-9890-606d22f47ada' to '/opt/stack/data/glance/cache/f1c1bbe4-a191-4a75-9890-606d22f47ada' {{(pid=75815) commit /opt/stack/glance/glance/image_cache/drivers/sqlite.py:324}}
Aug 14 12:05:30 user devstack@g-api.service[75815]: [pid: 75815|app: 0|req: 5/15] 127.0.0.1 () {42 vars in 1051 bytes} [Mon Aug 14 12:05:29 2023] GET /v2/images/f1c1bbe4-a191-4a75-9890-606d22f47ada/file => generated 21430272 bytes in 284 msecs (HTTP/1.1 200) 4 headers in 191 bytes (327 switches on core 0)
Aug 14 12:05:31 user devstack@g-api.service[75816]: DEBUG glance.api.middleware.version_negotiation [None req-63be3c64-563b-4c35-8d26-fc37706846ab tempest-AttachVolumeShelveTestJSON-192114773 tempest-AttachVolumeShelveTestJSON-192114773-project-member] Determining version of request: GET / Accept: application/json {{(pid=75816) process_request /opt/stack/glance/glance/api/middleware/version_negotiation.py:44}}
Aug 14 12:05:31 user devstack@g-api.service[75816]: DEBUG glance.api.middleware.version_negotiation [None req-63be3c64-563b-4c35-8d26-fc37706846ab tempest-AttachVolumeShelveTestJSON-192114773 tempest-AttachVolumeShelveTestJSON-192114773-project-member] Using url versioning {{(pid=75816) process_request /opt/stack/glance/glance/api/middleware/version_negotiation.py:57}}
Aug 14 12:05:31 user devstack@g-api.service[75816]: DEBUG glance.api.middleware.version_negotiation [None req-63be3c64-563b-4c35-8d26-fc37706846ab tempest-AttachVolumeShelveTestJSON-192114773 tempest-AttachVolumeShelveTestJSON-192114773-project-member] Unknown version. Returning version choices. {{(pid=75816) process_request /opt/stack/glance/glance/api/middleware/version_negotiation.py:64}}
Aug 14 12:05:31 user devstack@g-api.service[75816]: [pid: 75816|app: 0|req: 5/16] 127.0.0.1 () {34 vars in 485 bytes} [Mon Aug 14 12:05:31 2023] GET / => generated 1287 bytes in 3 msecs (HTTP/1.1 300) 3 headers in 106 bytes (1 switches on core 0)
Aug 14 12:05:31 user devstack@g-api.service[75814]: DEBUG glance.api.middleware.version_negotiation [None req-d500958a-5539-4c90-887a-0b0142856b89 tempest-DeleteServersTestJSON-673020177 tempest-DeleteServersTestJSON-673020177-project-member] Determining version of request: GET /v2/images/f1c1bbe4-a191-4a75-9890-606d22f47ada Accept: */* {{(pid=75814) process_request /opt/stack/glance/glance/api/middleware/version_negotiation.py:44}}
Aug 14 12:05:31 user devstack@g-api.service[75814]: DEBUG glance.api.middleware.version_negotiation [None req-d500958a-5539-4c90-887a-0b0142856b89 tempest-DeleteServersTestJSON-673020177 tempest-DeleteServersTestJSON-673020177-project-member] Using url versioning {{(pid=75814) process_request /opt/stack/glance/glance/api/middleware/version_negotiation.py:57}}
Aug 14 12:05:31 user devstack@g-api.service[75814]: DEBUG glance.api.middleware.version_negotiation [None req-d500958a-5539-4c90-887a-0b0142856b89 tempest-DeleteServersTestJSON-673020177 tempest-DeleteServersTestJSON-673020177-project-member] Matched version: v2 {{(pid=75814) process_request /opt/stack/glance/glance/api/middleware/version_negotiation.py:69}}
Aug 14 12:05:31 user devstack@g-api.service[75814]: DEBUG glance.api.middleware.version_negotiation [None req-d500958a-5539-4c90-887a-0b0142856b89 tempest-DeleteServersTestJSON-673020177 tempest-DeleteServersTestJSON-673020177-project-member] new path /v2/images/f1c1bbe4-a191-4a75-9890-606d22f47ada {{(pid=75814) process_request /opt/stack/glance/glance/api/middleware/version_negotiation.py:70}}
Aug 14 12:05:31 user devstack@g-api.service[75814]: [pid: 75814|app: 0|req: 7/17] 127.0.0.1 () {42 vars in 1041 bytes} [Mon Aug 14 12:05:31 2023] GET /v2/images/f1c1bbe4-a191-4a75-9890-606d22f47ada => generated 976 bytes in 22 msecs (HTTP/1.1 200) 4 headers in 157 bytes (1 switches on core 0)
Aug 14 12:05:31 user devstack@g-api.service[75815]: DEBUG glance.api.middleware.version_negotiation [None req-d500958a-5539-4c90-887a-0b0142856b89 tempest-DeleteServersTestJSON-673020177 tempest-DeleteServersTestJSON-673020177-project-member] Determining version of request: GET /v2/schemas/image Accept: */* {{(pid=75815) process_request /opt/stack/glance/glance/api/middleware/version_negotiation.py:44}}
Aug 14 12:05:31 user devstack@g-api.service[75815]: DEBUG glance.api.middleware.version_negotiation [None req-d500958a-5539-4c90-887a-0b0142856b89 tempest-DeleteServersTestJSON-673020177 tempest-DeleteServersTestJSON-673020177-project-member] Using url versioning {{(pid=75815) process_request /opt/stack/glance/glance/api/middleware/version_negotiation.py:57}}
Aug 14 12:05:31 user devstack@g-api.service[75815]: DEBUG glance.api.middleware.version_negotiation [None req-d500958a-5539-4c90-887a-0b0142856b89 tempest-DeleteServersTestJSON-673020177 tempest-DeleteServersTestJSON-673020177-project-member] Matched version: v2 {{(pid=75815) process_request /opt/stack/glance/glance/api/middleware/version_negotiation.py:69}}
Aug 14 12:05:31 user devstack@g-api.service[75815]: DEBUG glance.api.middleware.version_negotiation [None req-d500958a-5539-4c90-887a-0b0142856b89 tempest-DeleteServersTestJSON-673020177 tempest-DeleteServersTestJSON-673020177-project-member] new path /v2/schemas/image {{(pid=75815) process_request /opt/stack/glance/glance/api/middleware/version_negotiation.py:70}}
Aug 14 12:05:31 user devstack@g-api.service[75815]: [pid: 75815|app: 0|req: 6/18] 127.0.0.1 () {42 vars in 981 bytes} [Mon Aug 14 12:05:31 2023] GET /v2/schemas/image => generated 6083 bytes in 6 msecs (HTTP/1.1 200) 4 headers in 158 bytes (1 switches on core 0)
Aug 14 12:05:36 user devstack@g-api.service[75816]: DEBUG glance.api.middleware.version_negotiation [None req-63be3c64-563b-4c35-8d26-fc37706846ab tempest-AttachVolumeShelveTestJSON-192114773 tempest-AttachVolumeShelveTestJSON-192114773-project-member] Determining version of request: GET /v2/images/f1c1bbe4-a191-4a75-9890-606d22f47ada Accept: application/json {{(pid=75816) process_request /opt/stack/glance/glance/api/middleware/version_negotiation.py:44}}
Aug 14 12:05:36 user devstack@g-api.service[75816]: DEBUG glance.api.middleware.version_negotiation [None req-63be3c64-563b-4c35-8d26-fc37706846ab tempest-AttachVolumeShelveTestJSON-192114773 tempest-AttachVolumeShelveTestJSON-192114773-project-member] Using url versioning {{(pid=75816) process_request /opt/stack/glance/glance/api/middleware/version_negotiation.py:57}}
Aug 14 12:05:36 user devstack@g-api.service[75816]: DEBUG glance.api.middleware.version_negotiation [None req-63be3c64-563b-4c35-8d26-fc37706846ab tempest-AttachVolumeShelveTestJSON-192114773 tempest-AttachVolumeShelveTestJSON-192114773-project-member] Matched version: v2 {{(pid=75816) process_request /opt/stack/glance/glance/api/middleware/version_negotiation.py:69}}
Aug 14 12:05:36 user devstack@g-api.service[75816]: DEBUG glance.api.middleware.version_negotiation [None req-63be3c64-563b-4c35-8d26-fc37706846ab tempest-AttachVolumeShelveTestJSON-192114773 tempest-AttachVolumeShelveTestJSON-192114773-project-member] new path /v2/images/f1c1bbe4-a191-4a75-9890-606d22f47ada {{(pid=75816) process_request /opt/stack/glance/glance/api/middleware/version_negotiation.py:70}}
Aug 14 12:05:36 user devstack@g-api.service[75816]: [pid: 75816|app: 0|req: 6/19] 127.0.0.1 () {38 vars in 766 bytes} [Mon Aug 14 12:05:36 2023] GET /v2/images/f1c1bbe4-a191-4a75-9890-606d22f47ada => generated 976 bytes in 225 msecs (HTTP/1.1 200) 4 headers in 157 bytes (1 switches on core 0)
Aug 14 12:05:36 user devstack@g-api.service[75814]: DEBUG glance.api.middleware.version_negotiation [None req-ffaf5dd6-faba-41d8-93dc-21ce42f2c6fe tempest-ServerStableDeviceRescueTest-1299098448 tempest-ServerStableDeviceRescueTest-1299098448-project-member] Determining version of request: GET /v2/images/f1c1bbe4-a191-4a75-9890-606d22f47ada/file Accept: application/json {{(pid=75814) process_request /opt/stack/glance/glance/api/middleware/version_negotiation.py:44}}
Aug 14 12:05:36 user devstack@g-api.service[75814]: DEBUG glance.api.middleware.version_negotiation [None req-ffaf5dd6-faba-41d8-93dc-21ce42f2c6fe tempest-ServerStableDeviceRescueTest-1299098448 tempest-ServerStableDeviceRescueTest-1299098448-project-member] Using url versioning {{(pid=75814) process_request /opt/stack/glance/glance/api/middleware/version_negotiation.py:57}}
Aug 14 12:05:36 user devstack@g-api.service[75814]: DEBUG glance.api.middleware.version_negotiation [None req-ffaf5dd6-faba-41d8-93dc-21ce42f2c6fe tempest-ServerStableDeviceRescueTest-1299098448 tempest-ServerStableDeviceRescueTest-1299098448-project-member] Matched version: v2 {{(pid=75814) process_request /opt/stack/glance/glance/api/middleware/version_negotiation.py:69}}
Aug 14 12:05:36 user devstack@g-api.service[75814]: DEBUG glance.api.middleware.version_negotiation [None req-ffaf5dd6-faba-41d8-93dc-21ce42f2c6fe tempest-ServerStableDeviceRescueTest-1299098448 tempest-ServerStableDeviceRescueTest-1299098448-project-member] new path /v2/images/f1c1bbe4-a191-4a75-9890-606d22f47ada/file {{(pid=75814) process_request /opt/stack/glance/glance/api/middleware/version_negotiation.py:70}}
Aug 14 12:05:36 user devstack@g-api.service[75814]: DEBUG glance.api.middleware.cache [None req-294a89dd-989f-4308-aced-d12aac221279 tempest-AttachSCSIVolumeTestJSON-403150293 tempest-AttachSCSIVolumeTestJSON-403150293-project-admin] Cache hit for image 'f1c1bbe4-a191-4a75-9890-606d22f47ada' {{(pid=75814) process_request /opt/stack/glance/glance/api/middleware/cache.py:160}}
Aug 14 12:05:36 user devstack@g-api.service[75815]: DEBUG glance.api.middleware.version_negotiation [None req-ffaf5dd6-faba-41d8-93dc-21ce42f2c6fe tempest-ServerStableDeviceRescueTest-1299098448 tempest-ServerStableDeviceRescueTest-1299098448-project-member] Determining version of request: POST /v2/images Accept: application/json {{(pid=75815) process_request /opt/stack/glance/glance/api/middleware/version_negotiation.py:44}}
Aug 14 12:05:36 user devstack@g-api.service[75815]: DEBUG glance.api.middleware.version_negotiation [None req-ffaf5dd6-faba-41d8-93dc-21ce42f2c6fe tempest-ServerStableDeviceRescueTest-1299098448 tempest-ServerStableDeviceRescueTest-1299098448-project-member] Using url versioning {{(pid=75815) process_request /opt/stack/glance/glance/api/middleware/version_negotiation.py:57}}
Aug 14 12:05:36 user devstack@g-api.service[75815]: DEBUG glance.api.middleware.version_negotiation [None req-ffaf5dd6-faba-41d8-93dc-21ce42f2c6fe tempest-ServerStableDeviceRescueTest-1299098448 tempest-ServerStableDeviceRescueTest-1299098448-project-member] Matched version: v2 {{(pid=75815) process_request /opt/stack/glance/glance/api/middleware/version_negotiation.py:69}}
Aug 14 12:05:36 user devstack@g-api.service[75815]: DEBUG glance.api.middleware.version_negotiation [None req-ffaf5dd6-faba-41d8-93dc-21ce42f2c6fe tempest-ServerStableDeviceRescueTest-1299098448 tempest-ServerStableDeviceRescueTest-1299098448-project-member] new path /v2/images {{(pid=75815) process_request /opt/stack/glance/glance/api/middleware/version_negotiation.py:70}}
Aug 14 12:05:37 user devstack@g-api.service[75815]: [pid: 75815|app: 0|req: 7/20] 127.0.0.1 () {40 vars in 714 bytes} [Mon Aug 14 12:05:36 2023] POST /v2/images => generated 690 bytes in 991 msecs (HTTP/1.1 201) 6 headers in 314 bytes (1 switches on core 0)
Aug 14 12:05:37 user devstack@g-api.service[75816]: DEBUG glance.api.middleware.version_negotiation [None req-df642420-ad2c-4059-95df-0647ae104626 tempest-AttachSCSIVolumeTestJSON-403150293 tempest-AttachSCSIVolumeTestJSON-403150293-project-admin] Determining version of request: PUT /v2/images/7938dfef-d3eb-4eb4-8adb-886a305d18cd/file Accept: {{(pid=75816) process_request /opt/stack/glance/glance/api/middleware/version_negotiation.py:44}}
Aug 14 12:05:37 user devstack@g-api.service[75816]: DEBUG glance.api.middleware.version_negotiation [None req-df642420-ad2c-4059-95df-0647ae104626 tempest-AttachSCSIVolumeTestJSON-403150293 tempest-AttachSCSIVolumeTestJSON-403150293-project-admin] Using url versioning {{(pid=75816) process_request /opt/stack/glance/glance/api/middleware/version_negotiation.py:57}}
Aug 14 12:05:37 user devstack@g-api.service[75816]: DEBUG glance.api.middleware.version_negotiation [None req-df642420-ad2c-4059-95df-0647ae104626 tempest-AttachSCSIVolumeTestJSON-403150293 tempest-AttachSCSIVolumeTestJSON-403150293-project-admin] Matched version: v2 {{(pid=75816) process_request /opt/stack/glance/glance/api/middleware/version_negotiation.py:69}}
Aug 14 12:05:37 user devstack@g-api.service[75816]: DEBUG glance.api.middleware.version_negotiation [None req-df642420-ad2c-4059-95df-0647ae104626 tempest-AttachSCSIVolumeTestJSON-403150293 tempest-AttachSCSIVolumeTestJSON-403150293-project-admin] new path /v2/images/7938dfef-d3eb-4eb4-8adb-886a305d18cd/file {{(pid=75816) process_request /opt/stack/glance/glance/api/middleware/version_negotiation.py:70}}
Aug 14 12:05:37 user devstack@g-api.service[75814]: [pid: 75814|app: 0|req: 8/21] 127.0.0.1 () {38 vars in 776 bytes} [Mon Aug 14 12:05:36 2023] GET /v2/images/f1c1bbe4-a191-4a75-9890-606d22f47ada/file => generated 21430272 bytes in 1095 msecs (HTTP/1.1 200) 5 headers in 217 bytes (333 switches on core 0)
Aug 14 12:05:38 user devstack@g-api.service[75816]: INFO glance.api.v2.image_data [None req-af1a15e7-e75e-4544-b658-c3ec5f0a4803 tempest-AttachSCSIVolumeTestJSON-403150293 tempest-AttachSCSIVolumeTestJSON-403150293-project-admin] Unable to create trust: no such option collect_timing in group [keystone_authtoken] Use the existing user token.
Aug 14 12:05:39 user devstack@g-api.service[75816]: DEBUG glance.location [None req-af1a15e7-e75e-4544-b658-c3ec5f0a4803 tempest-AttachSCSIVolumeTestJSON-403150293 tempest-AttachSCSIVolumeTestJSON-403150293-project-admin] Enabling in-flight format inspection for qcow2 {{(pid=75816) set_data /opt/stack/glance/glance/location.py:581}}
Aug 14 12:05:39 user devstack@g-api.service[75816]: DEBUG glance_store._drivers.filesystem [None req-af1a15e7-e75e-4544-b658-c3ec5f0a4803 tempest-AttachSCSIVolumeTestJSON-403150293 tempest-AttachSCSIVolumeTestJSON-403150293-project-admin] Wrote 21430272 bytes to /opt/stack/data/glance/images/7938dfef-d3eb-4eb4-8adb-886a305d18cd with checksum c8fc807773e5354afe61636071771906 and multihash 1103b92ce8ad966e41235a4de260deb791ff571670c0342666c8582fbb9caefe6af07ebb11d34f44f8414b609b29c1bdf1d72ffa6faa39c88e8721d09847952b {{(pid=75816) add /opt/stack/data/venv/lib/python3.10/site-packages/glance_store/_drivers/filesystem.py:773}}
Aug 14 12:05:39 user devstack@g-api.service[75816]: INFO glance.location [None req-af1a15e7-e75e-4544-b658-c3ec5f0a4803 tempest-AttachSCSIVolumeTestJSON-403150293 tempest-AttachSCSIVolumeTestJSON-403150293-project-admin] Image format matched and virtual size computed: 117440512
Aug 14 12:05:39 user devstack@g-api.service[75816]: DEBUG glance_store.backend [None req-af1a15e7-e75e-4544-b658-c3ec5f0a4803 tempest-AttachSCSIVolumeTestJSON-403150293 tempest-AttachSCSIVolumeTestJSON-403150293-project-admin] Skipping store.set_acls... not implemented. {{(pid=75816) set_acls /opt/stack/data/venv/lib/python3.10/site-packages/glance_store/backend.py:508}}
Aug 14 12:05:39 user devstack@g-api.service[75816]: [pid: 75816|app: 0|req: 7/22] 127.0.0.1 () {38 vars in 786 bytes} [Mon Aug 14 12:05:37 2023] PUT /v2/images/7938dfef-d3eb-4eb4-8adb-886a305d18cd/file => generated 0 bytes in 2063 msecs (HTTP/1.1 204) 4 headers in 171 bytes (1 switches on core 0)
Aug 14 12:05:44 user devstack@g-api.service[75815]: DEBUG glance.api.middleware.version_negotiation [None req-834d8c28-5947-4114-b603-d2889adb8107 tempest-AttachSCSIVolumeTestJSON-403150293 tempest-AttachSCSIVolumeTestJSON-403150293-project-admin] Determining version of request: GET /v2/images/7938dfef-d3eb-4eb4-8adb-886a305d18cd Accept: */* {{(pid=75815) process_request /opt/stack/glance/glance/api/middleware/version_negotiation.py:44}}
Aug 14 12:05:45 user devstack@g-api.service[75815]: DEBUG glance.api.middleware.version_negotiation [None req-834d8c28-5947-4114-b603-d2889adb8107 tempest-AttachSCSIVolumeTestJSON-403150293 tempest-AttachSCSIVolumeTestJSON-403150293-project-admin] Using url versioning {{(pid=75815) process_request /opt/stack/glance/glance/api/middleware/version_negotiation.py:57}}
Aug 14 12:05:45 user devstack@g-api.service[75815]: DEBUG glance.api.middleware.version_negotiation [None req-834d8c28-5947-4114-b603-d2889adb8107 tempest-AttachSCSIVolumeTestJSON-403150293 tempest-AttachSCSIVolumeTestJSON-403150293-project-admin] Matched version: v2 {{(pid=75815) process_request /opt/stack/glance/glance/api/middleware/version_negotiation.py:69}}
Aug 14 12:05:45 user devstack@g-api.service[75815]: DEBUG glance.api.middleware.version_negotiation [None req-834d8c28-5947-4114-b603-d2889adb8107 tempest-AttachSCSIVolumeTestJSON-403150293 tempest-AttachSCSIVolumeTestJSON-403150293-project-admin] new path /v2/images/7938dfef-d3eb-4eb4-8adb-886a305d18cd {{(pid=75815) process_request /opt/stack/glance/glance/api/middleware/version_negotiation.py:70}}
